Jul 23 10:05:46 devstack devstack@keystone.service[44103]: DEBUG keystone.server.flask.request_processing.req_logging [None req-4cdf5d4e-c7f4-4df7-b446-e26356b0efd8 None None] REQUEST_METHOD: `GET` {{(pid=44103) log_request_info /opt/stack/keystone/keystone/server/flask/request_processing/req_logging.py:26}}
Jul 23 10:05:46 devstack devstack@keystone.service[44103]: DEBUG keystone.server.flask.request_processing.req_logging [None req-4cdf5d4e-c7f4-4df7-b446-e26356b0efd8 None None] SCRIPT_NAME: `/identity` {{(pid=44103) log_request_info /opt/stack/keystone/keystone/server/flask/request_processing/req_logging.py:27}}
Jul 23 10:05:46 devstack devstack@keystone.service[44103]: DEBUG keystone.server.flask.request_processing.req_logging [None req-4cdf5d4e-c7f4-4df7-b446-e26356b0efd8 None None] PATH_INFO: `/` {{(pid=44103) log_request_info /opt/stack/keystone/keystone/server/flask/request_processing/req_logging.py:28}}
Jul 23 10:05:46 devstack devstack@keystone.service[44103]: [pid: 44103|app: 0|req: 1/2] 192.168.122.141 () {54 vars in 928 bytes} [Thu Jul 23 10:05:46 2026] GET /identity => generated 274 bytes in 6 msecs (HTTP/1.1 300) 6 headers in 238 bytes (1 switches on core 0)
Jul 23 10:05:46 devstack devstack@keystone.service[44102]: DEBUG keystone.server.flask.request_processing.req_logging [None req-e310ec0c-66df-4aca-a351-facdeada8a4a None None] REQUEST_METHOD: `POST` {{(pid=44102) log_request_info /opt/stack/keystone/keystone/server/flask/request_processing/req_logging.py:26}}
Jul 23 10:05:46 devstack devstack@keystone.service[44102]: DEBUG keystone.server.flask.request_processing.req_logging [None req-e310ec0c-66df-4aca-a351-facdeada8a4a None None] SCRIPT_NAME: `/identity` {{(pid=44102) log_request_info /opt/stack/keystone/keystone/server/flask/request_processing/req_logging.py:27}}
Jul 23 10:05:46 devstack devstack@keystone.service[44102]: DEBUG keystone.server.flask.request_processing.req_logging [None req-e310ec0c-66df-4aca-a351-facdeada8a4a None None] PATH_INFO: `/v3/auth/tokens` {{(pid=44102) log_request_info /opt/stack/keystone/keystone/server/flask/request_processing/req_logging.py:28}}
Jul 23 10:05:46 devstack devstack@keystone.service[44102]: INFO dbcounter [None req-e310ec0c-66df-4aca-a351-facdeada8a4a None None] Registered counter for database keystone
Jul 23 10:05:47 devstack devstack@keystone.service[44102]: DEBUG oslo_db.sqlalchemy.engines [None req-e310ec0c-66df-4aca-a351-facdeada8a4a None None] MySQL server mode set to STRICT_TRANS_TABLES,STRICT_ALL_TABLES,NO_ZERO_IN_DATE,NO_ZERO_DATE,ERROR_FOR_DIVISION_BY_ZERO,TRADITIONAL,NO_ENGINE_SUBSTITUTION {{(pid=44102) _check_effective_sql_mode /opt/stack/data/venv/lib/python3.12/site-packages/oslo_db/sqlalchemy/engines.py:325}}
Jul 23 10:05:47 devstack devstack@keystone.service[44102]: DEBUG dbcounter [-] [44102] Writer thread running {{(pid=44102) stat_writer /opt/stack/data/venv/lib/python3.12/site-packages/dbcounter.py:102}}
Jul 23 10:05:47 devstack devstack@keystone.service[44102]: WARNING keystone.common.password_hashing [None req-e310ec0c-66df-4aca-a351-facdeada8a4a None None] Truncating password to algorithm specific maximum length 72 characters.
Jul 23 10:05:47 devstack devstack@keystone.service[44102]: DEBUG keystone.auth.core [None req-e310ec0c-66df-4aca-a351-facdeada8a4a None None] MFA Rules not processed for user `67a49299ef6841388151cd1fcccb67e7`. Rule list: `[]` (Enabled: `True`). {{(pid=44102) check_auth_methods_against_rules /opt/stack/keystone/keystone/auth/core.py:476}}
Jul 23 10:05:47 devstack devstack@keystone.service[44102]: DEBUG keystone.common.fernet_utils [None req-e310ec0c-66df-4aca-a351-facdeada8a4a None None] Loaded 2 Fernet keys from /etc/keystone/fernet-keys/, but `[fernet_tokens] max_active_keys = 3`; perhaps there have not been enough key rotations to reach `max_active_keys` yet? {{(pid=44102) load_keys /opt/stack/keystone/keystone/common/fernet_utils.py:297}}
Jul 23 10:05:47 devstack devstack@keystone.service[44102]: [pid: 44102|app: 0|req: 2/3] 192.168.122.141 () {58 vars in 1025 bytes} [Thu Jul 23 10:05:46 2026] POST /identity/v3/auth/tokens => generated 981 bytes in 695 msecs (HTTP/1.1 201) 6 headers in 384 bytes (1 switches on core 0)
Jul 23 10:05:48 devstack devstack@keystone.service[44103]: DEBUG keystone.server.flask.request_processing.middleware.auth_context [None req-4cdf5d4e-c7f4-4df7-b446-e26356b0efd8 None None] Authenticating user token {{(pid=44103) process_request /opt/stack/data/venv/lib/python3.12/site-packages/keystonemiddleware/auth_token/__init__.py:406}}
Jul 23 10:05:48 devstack devstack@keystone.service[44103]: INFO dbcounter [None req-4cdf5d4e-c7f4-4df7-b446-e26356b0efd8 None None] Registered counter for database keystone
Jul 23 10:05:48 devstack devstack@keystone.service[44103]: DEBUG oslo_db.sqlalchemy.engines [None req-4cdf5d4e-c7f4-4df7-b446-e26356b0efd8 None None] MySQL server mode set to STRICT_TRANS_TABLES,STRICT_ALL_TABLES,NO_ZERO_IN_DATE,NO_ZERO_DATE,ERROR_FOR_DIVISION_BY_ZERO,TRADITIONAL,NO_ENGINE_SUBSTITUTION {{(pid=44103) _check_effective_sql_mode /opt/stack/data/venv/lib/python3.12/site-packages/oslo_db/sqlalchemy/engines.py:325}}
Jul 23 10:05:48 devstack devstack@keystone.service[44103]: DEBUG dbcounter [-] [44103] Writer thread running {{(pid=44103) stat_writer /opt/stack/data/venv/lib/python3.12/site-packages/dbcounter.py:102}}
Jul 23 10:05:48 devstack devstack@keystone.service[44103]: DEBUG keystone.server.flask.request_processing.middleware.auth_context [None req-4cdf5d4e-c7f4-4df7-b446-e26356b0efd8 None None] Validating token access rules against request {{(pid=44103) validate_allowed_request /opt/stack/data/venv/lib/python3.12/site-packages/keystonemiddleware/auth_token/__init__.py:544}}
Jul 23 10:05:48 devstack devstack@keystone.service[44103]: DEBUG keystone.server.flask.request_processing.middleware.auth_context [None req-7af07fa4-08be-415f-8f57-df756dfad363 admin admin] RBAC: auth_context: {'token': , 'domain_id': None, 'trust_id': None, 'trustor_id': None, 'trustee_id': None, 'domain_name': None, 'group_ids': [], 'user_id': '67a49299ef6841388151cd1fcccb67e7', 'user_domain_id': 'default', 'system_scope': None, 'project_id': '359297b5991b4337891145d831945b27', 'project_domain_id': 'default', 'roles': ['reader', 'admin', 'manager', 'member'], 'is_admin_project': True, 'service_user_id': None, 'service_user_domain_id': None, 'service_project_id': None, 'service_project_domain_id': None, 'service_roles': []} {{(pid=44103) fill_context /opt/stack/keystone/keystone/server/flask/request_processing/middleware/auth_context.py:516}}
Jul 23 10:05:48 devstack devstack@keystone.service[44103]: DEBUG keystone.server.flask.request_processing.req_logging [None req-7af07fa4-08be-415f-8f57-df756dfad363 admin admin] REQUEST_METHOD: `GET` {{(pid=44103) log_request_info /opt/stack/keystone/keystone/server/flask/request_processing/req_logging.py:26}}
Jul 23 10:05:48 devstack devstack@keystone.service[44103]: DEBUG keystone.server.flask.request_processing.req_logging [None req-7af07fa4-08be-415f-8f57-df756dfad363 admin admin] SCRIPT_NAME: `/identity` {{(pid=44103) log_request_info /opt/stack/keystone/keystone/server/flask/request_processing/req_logging.py:27}}
Jul 23 10:05:48 devstack devstack@keystone.service[44103]: DEBUG keystone.server.flask.request_processing.req_logging [None req-7af07fa4-08be-415f-8f57-df756dfad363 admin admin] PATH_INFO: `/v3/projects/admin` {{(pid=44103) log_request_info /opt/stack/keystone/keystone/server/flask/request_processing/req_logging.py:28}}
Jul 23 10:05:48 devstack devstack@keystone.service[44103]: DEBUG keystone.common.rbac_enforcer.enforcer [None req-7af07fa4-08be-415f-8f57-df756dfad363 admin admin] RBAC: Authorizing `identity:get_project(project_id=admin)` {{(pid=44103) enforce_call /opt/stack/keystone/keystone/common/rbac_enforcer/enforcer.py:501}}
Jul 23 10:05:48 devstack devstack@keystone.service[44103]: WARNING keystone.common.rbac_enforcer.enforcer [None req-7af07fa4-08be-415f-8f57-df756dfad363 admin admin] Deprecated policy rules found. Use oslopolicy-policy-generator and oslopolicy-policy-upgrade to detect and resolve deprecated policies in your configuration.
Jul 23 10:05:48 devstack devstack@keystone.service[44103]: DEBUG keystone.common.rbac_enforcer.enforcer [None req-7af07fa4-08be-415f-8f57-df756dfad363 admin admin] RBAC: Authorization granted {{(pid=44103) enforce_call /opt/stack/keystone/keystone/common/rbac_enforcer/enforcer.py:512}}
Jul 23 10:05:48 devstack devstack@keystone.service[44103]: DEBUG keystone.server.flask.application [None req-7af07fa4-08be-415f-8f57-df756dfad363 admin admin] Could not find project: admin. {{(pid=44103) _handle_keystone_exception /opt/stack/keystone/keystone/server/flask/application.py:146}}
Jul 23 10:05:48 devstack devstack@keystone.service[44103]: [pid: 44103|app: 0|req: 2/4] 192.168.122.141 () {56 vars in 1171 bytes} [Thu Jul 23 10:05:48 2026] GET /identity/v3/projects/admin => generated 86 bytes in 513 msecs (HTTP/1.1 404) 5 headers in 183 bytes (1 switches on core 0)
Jul 23 10:05:48 devstack devstack@keystone.service[44102]: DEBUG keystone.server.flask.request_processing.middleware.auth_context [None req-e310ec0c-66df-4aca-a351-facdeada8a4a None None] Authenticating user token {{(pid=44102) process_request /opt/stack/data/venv/lib/python3.12/site-packages/keystonemiddleware/auth_token/__init__.py:406}}
Jul 23 10:05:48 devstack devstack@keystone.service[44102]: DEBUG keystone.server.flask.request_processing.middleware.auth_context [None req-e310ec0c-66df-4aca-a351-facdeada8a4a None None] Validating token access rules against request {{(pid=44102) validate_allowed_request /opt/stack/data/venv/lib/python3.12/site-packages/keystonemiddleware/auth_token/__init__.py:544}}
Jul 23 10:05:48 devstack devstack@keystone.service[44102]: DEBUG keystone.server.flask.request_processing.middleware.auth_context [None req-36964b64-e917-4f25-adce-4fe3a832b917 admin admin] RBAC: auth_context: {'token': , 'domain_id': None, 'trust_id': None, 'trustor_id': None, 'trustee_id': None, 'domain_name': None, 'group_ids': [], 'user_id': '67a49299ef6841388151cd1fcccb67e7', 'user_domain_id': 'default', 'system_scope': None, 'project_id': '359297b5991b4337891145d831945b27', 'project_domain_id': 'default', 'roles': ['reader', 'admin', 'manager', 'member'], 'is_admin_project': True, 'service_user_id': None, 'service_user_domain_id': None, 'service_project_id': None, 'service_project_domain_id': None, 'service_roles': []} {{(pid=44102) fill_context /opt/stack/keystone/keystone/server/flask/request_processing/middleware/auth_context.py:516}}
Jul 23 10:05:48 devstack devstack@keystone.service[44102]: DEBUG keystone.server.flask.request_processing.req_logging [None req-36964b64-e917-4f25-adce-4fe3a832b917 admin admin] REQUEST_METHOD: `GET` {{(pid=44102) log_request_info /opt/stack/keystone/keystone/server/flask/request_processing/req_logging.py:26}}
Jul 23 10:05:48 devstack devstack@keystone.service[44102]: DEBUG keystone.server.flask.request_processing.req_logging [None req-36964b64-e917-4f25-adce-4fe3a832b917 admin admin] SCRIPT_NAME: `/identity` {{(pid=44102) log_request_info /opt/stack/keystone/keystone/server/flask/request_processing/req_logging.py:27}}
Jul 23 10:05:48 devstack devstack@keystone.service[44102]: DEBUG keystone.server.flask.request_processing.req_logging [None req-36964b64-e917-4f25-adce-4fe3a832b917 admin admin] PATH_INFO: `/v3/projects` {{(pid=44102) log_request_info /opt/stack/keystone/keystone/server/flask/request_processing/req_logging.py:28}}
Jul 23 10:05:48 devstack devstack@keystone.service[44102]: DEBUG keystone.common.rbac_enforcer.enforcer [None req-36964b64-e917-4f25-adce-4fe3a832b917 admin admin] RBAC: Adding query filter params (name=admin) {{(pid=44102) _extract_filter_values /opt/stack/keystone/keystone/common/rbac_enforcer/enforcer.py:176}}
Jul 23 10:05:48 devstack devstack@keystone.service[44102]: DEBUG keystone.common.rbac_enforcer.enforcer [None req-36964b64-e917-4f25-adce-4fe3a832b917 admin admin] RBAC: Authorizing `identity:list_projects()` {{(pid=44102) enforce_call /opt/stack/keystone/keystone/common/rbac_enforcer/enforcer.py:501}}
Jul 23 10:05:48 devstack devstack@keystone.service[44102]: WARNING keystone.common.rbac_enforcer.enforcer [None req-36964b64-e917-4f25-adce-4fe3a832b917 admin admin] Deprecated policy rules found. Use oslopolicy-policy-generator and oslopolicy-policy-upgrade to detect and resolve deprecated policies in your configuration.
Jul 23 10:05:48 devstack devstack@keystone.service[44102]: DEBUG keystone.common.rbac_enforcer.enforcer [None req-36964b64-e917-4f25-adce-4fe3a832b917 admin admin] RBAC: Authorization granted {{(pid=44102) enforce_call /opt/stack/keystone/keystone/common/rbac_enforcer/enforcer.py:512}}
Jul 23 10:05:48 devstack devstack@keystone.service[44102]: [pid: 44102|app: 0|req: 3/5] 192.168.122.141 () {56 vars in 1187 bytes} [Thu Jul 23 10:05:48 2026] GET /identity/v3/projects?name=admin => generated 460 bytes in 100 msecs (HTTP/1.1 200) 5 headers in 177 bytes (1 switches on core 0)
Jul 23 10:05:48 devstack devstack@keystone.service[44103]: DEBUG keystone.server.flask.request_processing.middleware.auth_context [None req-7af07fa4-08be-415f-8f57-df756dfad363 admin admin] Authenticating user token {{(pid=44103) process_request /opt/stack/data/venv/lib/python3.12/site-packages/keystonemiddleware/auth_token/__init__.py:406}}
Jul 23 10:05:48 devstack devstack@keystone.service[44103]: DEBUG keystone.server.flask.request_processing.middleware.auth_context [None req-7af07fa4-08be-415f-8f57-df756dfad363 admin admin] Validating token access rules against request {{(pid=44103) validate_allowed_request /opt/stack/data/venv/lib/python3.12/site-packages/keystonemiddleware/auth_token/__init__.py:544}}
Jul 23 10:05:48 devstack devstack@keystone.service[44103]: DEBUG keystone.server.flask.request_processing.middleware.auth_context [None req-7e3a0248-17ed-47be-a139-a720c52cec86 admin admin] RBAC: auth_context: {'token': , 'domain_id': None, 'trust_id': None, 'trustor_id': None, 'trustee_id': None, 'domain_name': None, 'group_ids': [], 'user_id': '67a49299ef6841388151cd1fcccb67e7', 'user_domain_id': 'default', 'system_scope': None, 'project_id': '359297b5991b4337891145d831945b27', 'project_domain_id': 'default', 'roles': ['reader', 'admin', 'manager', 'member'], 'is_admin_project': True, 'service_user_id': None, 'service_user_domain_id': None, 'service_project_id': None, 'service_project_domain_id': None, 'service_roles': []} {{(pid=44103) fill_context /opt/stack/keystone/keystone/server/flask/request_processing/middleware/auth_context.py:516}}
Jul 23 10:05:48 devstack devstack@keystone.service[44103]: DEBUG keystone.server.flask.request_processing.req_logging [None req-7e3a0248-17ed-47be-a139-a720c52cec86 admin admin] REQUEST_METHOD: `GET` {{(pid=44103) log_request_info /opt/stack/keystone/keystone/server/flask/request_processing/req_logging.py:26}}
Jul 23 10:05:48 devstack devstack@keystone.service[44103]: DEBUG keystone.server.flask.request_processing.req_logging [None req-7e3a0248-17ed-47be-a139-a720c52cec86 admin admin] SCRIPT_NAME: `/identity` {{(pid=44103) log_request_info /opt/stack/keystone/keystone/server/flask/request_processing/req_logging.py:27}}
Jul 23 10:05:48 devstack devstack@keystone.service[44103]: DEBUG keystone.server.flask.request_processing.req_logging [None req-7e3a0248-17ed-47be-a139-a720c52cec86 admin admin] PATH_INFO: `/v3/projects/359297b5991b4337891145d831945b27` {{(pid=44103) log_request_info /opt/stack/keystone/keystone/server/flask/request_processing/req_logging.py:28}}
Jul 23 10:05:48 devstack devstack@keystone.service[44103]: DEBUG keystone.common.rbac_enforcer.enforcer [None req-7e3a0248-17ed-47be-a139-a720c52cec86 admin admin] RBAC: Authorizing `identity:get_project(project_id=359297b5991b4337891145d831945b27)` {{(pid=44103) enforce_call /opt/stack/keystone/keystone/common/rbac_enforcer/enforcer.py:501}}
Jul 23 10:05:48 devstack devstack@keystone.service[44103]: DEBUG keystone.common.rbac_enforcer.enforcer [None req-7e3a0248-17ed-47be-a139-a720c52cec86 admin admin] RBAC: Authorization granted {{(pid=44103) enforce_call /opt/stack/keystone/keystone/common/rbac_enforcer/enforcer.py:512}}
Jul 23 10:05:48 devstack devstack@keystone.service[44103]: [pid: 44103|app: 0|req: 3/6] 192.168.122.141 () {56 vars in 1252 bytes} [Thu Jul 23 10:05:48 2026] GET /identity/v3/projects/359297b5991b4337891145d831945b27 => generated 348 bytes in 27 msecs (HTTP/1.1 200) 5 headers in 177 bytes (1 switches on core 0)
Jul 23 10:05:51 devstack devstack@keystone.service[44102]: DEBUG keystone.server.flask.request_processing.req_logging [None req-b7bbcaf9-e3ef-428c-8a1b-5e85336fea11 None None] REQUEST_METHOD: `GET` {{(pid=44102) log_request_info /opt/stack/keystone/keystone/server/flask/request_processing/req_logging.py:26}}
Jul 23 10:05:51 devstack devstack@keystone.service[44102]: DEBUG keystone.server.flask.request_processing.req_logging [None req-b7bbcaf9-e3ef-428c-8a1b-5e85336fea11 None None] SCRIPT_NAME: `/identity` {{(pid=44102) log_request_info /opt/stack/keystone/keystone/server/flask/request_processing/req_logging.py:27}}
Jul 23 10:05:51 devstack devstack@keystone.service[44102]: DEBUG keystone.server.flask.request_processing.req_logging [None req-b7bbcaf9-e3ef-428c-8a1b-5e85336fea11 None None] PATH_INFO: `/` {{(pid=44102) log_request_info /opt/stack/keystone/keystone/server/flask/request_processing/req_logging.py:28}}
Jul 23 10:05:51 devstack devstack@keystone.service[44102]: [pid: 44102|app: 0|req: 4/7] 192.168.122.141 () {54 vars in 928 bytes} [Thu Jul 23 10:05:51 2026] GET /identity => generated 274 bytes in 3 msecs (HTTP/1.1 300) 6 headers in 238 bytes (1 switches on core 0)
Jul 23 10:05:51 devstack devstack@keystone.service[44103]: DEBUG keystone.server.flask.request_processing.req_logging [None req-0f7c2206-d68e-4cc8-8502-fcf3d64917d4 None None] REQUEST_METHOD: `POST` {{(pid=44103) log_request_info /opt/stack/keystone/keystone/server/flask/request_processing/req_logging.py:26}}
Jul 23 10:05:51 devstack devstack@keystone.service[44103]: DEBUG keystone.server.flask.request_processing.req_logging [None req-0f7c2206-d68e-4cc8-8502-fcf3d64917d4 None None] SCRIPT_NAME: `/identity` {{(pid=44103) log_request_info /opt/stack/keystone/keystone/server/flask/request_processing/req_logging.py:27}}
Jul 23 10:05:51 devstack devstack@keystone.service[44103]: DEBUG keystone.server.flask.request_processing.req_logging [None req-0f7c2206-d68e-4cc8-8502-fcf3d64917d4 None None] PATH_INFO: `/v3/auth/tokens` {{(pid=44103) log_request_info /opt/stack/keystone/keystone/server/flask/request_processing/req_logging.py:28}}
Jul 23 10:05:51 devstack devstack@keystone.service[44103]: WARNING keystone.common.password_hashing [None req-0f7c2206-d68e-4cc8-8502-fcf3d64917d4 None None] Truncating password to algorithm specific maximum length 72 characters.
Jul 23 10:05:51 devstack devstack@keystone.service[44103]: DEBUG keystone.auth.core [None req-0f7c2206-d68e-4cc8-8502-fcf3d64917d4 None None] MFA Rules not processed for user `67a49299ef6841388151cd1fcccb67e7`. Rule list: `[]` (Enabled: `True`). {{(pid=44103) check_auth_methods_against_rules /opt/stack/keystone/keystone/auth/core.py:476}}
Jul 23 10:05:51 devstack devstack@keystone.service[44103]: DEBUG keystone.common.fernet_utils [None req-0f7c2206-d68e-4cc8-8502-fcf3d64917d4 None None] Loaded 2 Fernet keys from /etc/keystone/fernet-keys/, but `[fernet_tokens] max_active_keys = 3`; perhaps there have not been enough key rotations to reach `max_active_keys` yet? {{(pid=44103) load_keys /opt/stack/keystone/keystone/common/fernet_utils.py:297}}
Jul 23 10:05:51 devstack devstack@keystone.service[44103]: [pid: 44103|app: 0|req: 4/8] 192.168.122.141 () {58 vars in 1025 bytes} [Thu Jul 23 10:05:51 2026] POST /identity/v3/auth/tokens => generated 981 bytes in 74 msecs (HTTP/1.1 201) 6 headers in 384 bytes (1 switches on core 0)
Jul 23 10:05:51 devstack devstack@keystone.service[44102]: DEBUG keystone.server.flask.request_processing.middleware.auth_context [None req-b7bbcaf9-e3ef-428c-8a1b-5e85336fea11 None None] Authenticating user token {{(pid=44102) process_request /opt/stack/data/venv/lib/python3.12/site-packages/keystonemiddleware/auth_token/__init__.py:406}}
Jul 23 10:05:51 devstack devstack@keystone.service[44102]: DEBUG keystone.server.flask.request_processing.middleware.auth_context [None req-b7bbcaf9-e3ef-428c-8a1b-5e85336fea11 None None] Validating token access rules against request {{(pid=44102) validate_allowed_request /opt/stack/data/venv/lib/python3.12/site-packages/keystonemiddleware/auth_token/__init__.py:544}}
Jul 23 10:05:51 devstack devstack@keystone.service[44102]: DEBUG keystone.server.flask.request_processing.middleware.auth_context [None req-fa6aa78f-b8b0-43f2-9b4d-cc1d3c501402 admin admin] RBAC: auth_context: {'token': , 'domain_id': None, 'trust_id': None, 'trustor_id': None, 'trustee_id': None, 'domain_name': None, 'group_ids': [], 'user_id': '67a49299ef6841388151cd1fcccb67e7', 'user_domain_id': 'default', 'system_scope': None, 'project_id': '359297b5991b4337891145d831945b27', 'project_domain_id': 'default', 'roles': ['reader', 'admin', 'manager', 'member'], 'is_admin_project': True, 'service_user_id': None, 'service_user_domain_id': None, 'service_project_id': None, 'service_project_domain_id': None, 'service_roles': []} {{(pid=44102) fill_context /opt/stack/keystone/keystone/server/flask/request_processing/middleware/auth_context.py:516}}
Jul 23 10:05:51 devstack devstack@keystone.service[44102]: DEBUG keystone.server.flask.request_processing.req_logging [None req-fa6aa78f-b8b0-43f2-9b4d-cc1d3c501402 admin admin] REQUEST_METHOD: `GET` {{(pid=44102) log_request_info /opt/stack/keystone/keystone/server/flask/request_processing/req_logging.py:26}}
Jul 23 10:05:51 devstack devstack@keystone.service[44102]: DEBUG keystone.server.flask.request_processing.req_logging [None req-fa6aa78f-b8b0-43f2-9b4d-cc1d3c501402 admin admin] SCRIPT_NAME: `/identity` {{(pid=44102) log_request_info /opt/stack/keystone/keystone/server/flask/request_processing/req_logging.py:27}}
Jul 23 10:05:51 devstack devstack@keystone.service[44102]: DEBUG keystone.server.flask.request_processing.req_logging [None req-fa6aa78f-b8b0-43f2-9b4d-cc1d3c501402 admin admin] PATH_INFO: `/v3/users/admin` {{(pid=44102) log_request_info /opt/stack/keystone/keystone/server/flask/request_processing/req_logging.py:28}}
Jul 23 10:05:51 devstack devstack@keystone.service[44102]: DEBUG keystone.common.rbac_enforcer.enforcer [None req-fa6aa78f-b8b0-43f2-9b4d-cc1d3c501402 admin admin] RBAC: Authorizing `identity:get_user(user_id=admin)` {{(pid=44102) enforce_call /opt/stack/keystone/keystone/common/rbac_enforcer/enforcer.py:501}}
Jul 23 10:05:51 devstack devstack@keystone.service[44102]: DEBUG keystone.common.rbac_enforcer.enforcer [None req-fa6aa78f-b8b0-43f2-9b4d-cc1d3c501402 admin admin] RBAC: Authorization granted {{(pid=44102) enforce_call /opt/stack/keystone/keystone/common/rbac_enforcer/enforcer.py:512}}
Jul 23 10:05:51 devstack devstack@keystone.service[44102]: DEBUG keystone.server.flask.application [None req-fa6aa78f-b8b0-43f2-9b4d-cc1d3c501402 admin admin] Could not find user: admin. {{(pid=44102) _handle_keystone_exception /opt/stack/keystone/keystone/server/flask/application.py:146}}
Jul 23 10:05:51 devstack devstack@keystone.service[44102]: [pid: 44102|app: 0|req: 5/9] 192.168.122.141 () {56 vars in 1162 bytes} [Thu Jul 23 10:05:51 2026] GET /identity/v3/users/admin => generated 83 bytes in 62 msecs (HTTP/1.1 404) 5 headers in 183 bytes (1 switches on core 0)
Jul 23 10:05:51 devstack devstack@keystone.service[44103]: DEBUG keystone.server.flask.request_processing.middleware.auth_context [None req-0f7c2206-d68e-4cc8-8502-fcf3d64917d4 None None] Authenticating user token {{(pid=44103) process_request /opt/stack/data/venv/lib/python3.12/site-packages/keystonemiddleware/auth_token/__init__.py:406}}
Jul 23 10:05:51 devstack devstack@keystone.service[44103]: DEBUG keystone.server.flask.request_processing.middleware.auth_context [None req-0f7c2206-d68e-4cc8-8502-fcf3d64917d4 None None] Validating token access rules against request {{(pid=44103) validate_allowed_request /opt/stack/data/venv/lib/python3.12/site-packages/keystonemiddleware/auth_token/__init__.py:544}}
Jul 23 10:05:51 devstack devstack@keystone.service[44103]: DEBUG keystone.server.flask.request_processing.middleware.auth_context [None req-28cb5137-1861-4332-8f11-074490b60157 admin admin] RBAC: auth_context: {'token': , 'domain_id': None, 'trust_id': None, 'trustor_id': None, 'trustee_id': None, 'domain_name': None, 'group_ids': [], 'user_id': '67a49299ef6841388151cd1fcccb67e7', 'user_domain_id': 'default', 'system_scope': None, 'project_id': '359297b5991b4337891145d831945b27', 'project_domain_id': 'default', 'roles': ['reader', 'admin', 'manager', 'member'], 'is_admin_project': True, 'service_user_id': None, 'service_user_domain_id': None, 'service_project_id': None, 'service_project_domain_id': None, 'service_roles': []} {{(pid=44103) fill_context /opt/stack/keystone/keystone/server/flask/request_processing/middleware/auth_context.py:516}}
Jul 23 10:05:51 devstack devstack@keystone.service[44103]: DEBUG keystone.server.flask.request_processing.req_logging [None req-28cb5137-1861-4332-8f11-074490b60157 admin admin] REQUEST_METHOD: `GET` {{(pid=44103) log_request_info /opt/stack/keystone/keystone/server/flask/request_processing/req_logging.py:26}}
Jul 23 10:05:51 devstack devstack@keystone.service[44103]: DEBUG keystone.server.flask.request_processing.req_logging [None req-28cb5137-1861-4332-8f11-074490b60157 admin admin] SCRIPT_NAME: `/identity` {{(pid=44103) log_request_info /opt/stack/keystone/keystone/server/flask/request_processing/req_logging.py:27}}
Jul 23 10:05:51 devstack devstack@keystone.service[44103]: DEBUG keystone.server.flask.request_processing.req_logging [None req-28cb5137-1861-4332-8f11-074490b60157 admin admin] PATH_INFO: `/v3/users` {{(pid=44103) log_request_info /opt/stack/keystone/keystone/server/flask/request_processing/req_logging.py:28}}
Jul 23 10:05:51 devstack devstack@keystone.service[44103]: DEBUG keystone.common.rbac_enforcer.enforcer [None req-28cb5137-1861-4332-8f11-074490b60157 admin admin] RBAC: Adding query filter params (name=admin) {{(pid=44103) _extract_filter_values /opt/stack/keystone/keystone/common/rbac_enforcer/enforcer.py:176}}
Jul 23 10:05:51 devstack devstack@keystone.service[44103]: DEBUG keystone.common.rbac_enforcer.enforcer [None req-28cb5137-1861-4332-8f11-074490b60157 admin admin] RBAC: Authorizing `identity:list_users()` {{(pid=44103) enforce_call /opt/stack/keystone/keystone/common/rbac_enforcer/enforcer.py:501}}
Jul 23 10:05:51 devstack devstack@keystone.service[44103]: DEBUG keystone.common.rbac_enforcer.enforcer [None req-28cb5137-1861-4332-8f11-074490b60157 admin admin] RBAC: Authorization granted {{(pid=44103) enforce_call /opt/stack/keystone/keystone/common/rbac_enforcer/enforcer.py:512}}
Jul 23 10:05:51 devstack devstack@keystone.service[44103]: [pid: 44103|app: 0|req: 5/10] 192.168.122.141 () {56 vars in 1178 bytes} [Thu Jul 23 10:05:51 2026] GET /identity/v3/users?name=admin => generated 360 bytes in 74 msecs (HTTP/1.1 200) 5 headers in 177 bytes (1 switches on core 0)
Jul 23 10:05:54 devstack devstack@keystone.service[44102]: DEBUG keystone.server.flask.request_processing.req_logging [None req-e1976f9c-545e-4308-9690-57da8878256f None None] REQUEST_METHOD: `GET` {{(pid=44102) log_request_info /opt/stack/keystone/keystone/server/flask/request_processing/req_logging.py:26}}
Jul 23 10:05:54 devstack devstack@keystone.service[44102]: DEBUG keystone.server.flask.request_processing.req_logging [None req-e1976f9c-545e-4308-9690-57da8878256f None None] SCRIPT_NAME: `/identity` {{(pid=44102) log_request_info /opt/stack/keystone/keystone/server/flask/request_processing/req_logging.py:27}}
Jul 23 10:05:54 devstack devstack@keystone.service[44102]: DEBUG keystone.server.flask.request_processing.req_logging [None req-e1976f9c-545e-4308-9690-57da8878256f None None] PATH_INFO: `/` {{(pid=44102) log_request_info /opt/stack/keystone/keystone/server/flask/request_processing/req_logging.py:28}}
Jul 23 10:05:54 devstack devstack@keystone.service[44102]: [pid: 44102|app: 0|req: 6/11] 192.168.122.141 () {54 vars in 928 bytes} [Thu Jul 23 10:05:54 2026] GET /identity => generated 274 bytes in 3 msecs (HTTP/1.1 300) 6 headers in 238 bytes (1 switches on core 0)
Jul 23 10:05:54 devstack devstack@keystone.service[44103]: DEBUG keystone.server.flask.request_processing.req_logging [None req-cf5bb6fe-88d2-440e-8f96-f07a58f855ab None None] REQUEST_METHOD: `POST` {{(pid=44103) log_request_info /opt/stack/keystone/keystone/server/flask/request_processing/req_logging.py:26}}
Jul 23 10:05:54 devstack devstack@keystone.service[44103]: DEBUG keystone.server.flask.request_processing.req_logging [None req-cf5bb6fe-88d2-440e-8f96-f07a58f855ab None None] SCRIPT_NAME: `/identity` {{(pid=44103) log_request_info /opt/stack/keystone/keystone/server/flask/request_processing/req_logging.py:27}}
Jul 23 10:05:54 devstack devstack@keystone.service[44103]: DEBUG keystone.server.flask.request_processing.req_logging [None req-cf5bb6fe-88d2-440e-8f96-f07a58f855ab None None] PATH_INFO: `/v3/auth/tokens` {{(pid=44103) log_request_info /opt/stack/keystone/keystone/server/flask/request_processing/req_logging.py:28}}
Jul 23 10:05:54 devstack devstack@keystone.service[44102]: DEBUG keystone.server.flask.request_processing.req_logging [None req-3bb47080-0ab9-49fa-a879-2fa5ac707d6f None None] REQUEST_METHOD: `GET` {{(pid=44102) log_request_info /opt/stack/keystone/keystone/server/flask/request_processing/req_logging.py:26}}
Jul 23 10:05:54 devstack devstack@keystone.service[44102]: DEBUG keystone.server.flask.request_processing.req_logging [None req-3bb47080-0ab9-49fa-a879-2fa5ac707d6f None None] SCRIPT_NAME: `/identity` {{(pid=44102) log_request_info /opt/stack/keystone/keystone/server/flask/request_processing/req_logging.py:27}}
Jul 23 10:05:54 devstack devstack@keystone.service[44102]: DEBUG keystone.server.flask.request_processing.req_logging [None req-3bb47080-0ab9-49fa-a879-2fa5ac707d6f None None] PATH_INFO: `/` {{(pid=44102) log_request_info /opt/stack/keystone/keystone/server/flask/request_processing/req_logging.py:28}}
Jul 23 10:05:54 devstack devstack@keystone.service[44102]: [pid: 44102|app: 0|req: 7/12] 192.168.122.141 () {54 vars in 928 bytes} [Thu Jul 23 10:05:54 2026] GET /identity => generated 274 bytes in 5 msecs (HTTP/1.1 300) 6 headers in 238 bytes (2 switches on core 0)
Jul 23 10:05:54 devstack devstack@keystone.service[44102]: DEBUG keystone.server.flask.request_processing.req_logging [None req-149f3ed2-eb71-4206-a28f-07f27a7ca73b None None] REQUEST_METHOD: `POST` {{(pid=44102) log_request_info /opt/stack/keystone/keystone/server/flask/request_processing/req_logging.py:26}}
Jul 23 10:05:54 devstack devstack@keystone.service[44102]: DEBUG keystone.server.flask.request_processing.req_logging [None req-149f3ed2-eb71-4206-a28f-07f27a7ca73b None None] SCRIPT_NAME: `/identity` {{(pid=44102) log_request_info /opt/stack/keystone/keystone/server/flask/request_processing/req_logging.py:27}}
Jul 23 10:05:54 devstack devstack@keystone.service[44102]: DEBUG keystone.server.flask.request_processing.req_logging [None req-149f3ed2-eb71-4206-a28f-07f27a7ca73b None None] PATH_INFO: `/v3/auth/tokens` {{(pid=44102) log_request_info /opt/stack/keystone/keystone/server/flask/request_processing/req_logging.py:28}}
Jul 23 10:05:54 devstack devstack@keystone.service[44103]: WARNING keystone.common.password_hashing [None req-cf5bb6fe-88d2-440e-8f96-f07a58f855ab None None] Truncating password to algorithm specific maximum length 72 characters.
Jul 23 10:05:54 devstack devstack@keystone.service[44103]: DEBUG keystone.auth.core [None req-cf5bb6fe-88d2-440e-8f96-f07a58f855ab None None] MFA Rules not processed for user `67a49299ef6841388151cd1fcccb67e7`. Rule list: `[]` (Enabled: `True`). {{(pid=44103) check_auth_methods_against_rules /opt/stack/keystone/keystone/auth/core.py:476}}
Jul 23 10:05:54 devstack devstack@keystone.service[44103]: DEBUG keystone.common.fernet_utils [None req-cf5bb6fe-88d2-440e-8f96-f07a58f855ab None None] Loaded 2 Fernet keys from /etc/keystone/fernet-keys/, but `[fernet_tokens] max_active_keys = 3`; perhaps there have not been enough key rotations to reach `max_active_keys` yet? {{(pid=44103) load_keys /opt/stack/keystone/keystone/common/fernet_utils.py:297}}
Jul 23 10:05:54 devstack devstack@keystone.service[44102]: WARNING keystone.common.password_hashing [None req-149f3ed2-eb71-4206-a28f-07f27a7ca73b None None] Truncating password to algorithm specific maximum length 72 characters.
Jul 23 10:05:54 devstack devstack@keystone.service[44102]: DEBUG keystone.auth.core [None req-149f3ed2-eb71-4206-a28f-07f27a7ca73b None None] MFA Rules not processed for user `67a49299ef6841388151cd1fcccb67e7`. Rule list: `[]` (Enabled: `True`). {{(pid=44102) check_auth_methods_against_rules /opt/stack/keystone/keystone/auth/core.py:476}}
Jul 23 10:05:54 devstack devstack@keystone.service[44102]: DEBUG keystone.common.fernet_utils [None req-149f3ed2-eb71-4206-a28f-07f27a7ca73b None None] Loaded 2 Fernet keys from /etc/keystone/fernet-keys/, but `[fernet_tokens] max_active_keys = 3`; perhaps there have not been enough key rotations to reach `max_active_keys` yet? {{(pid=44102) load_keys /opt/stack/keystone/keystone/common/fernet_utils.py:297}}
Jul 23 10:05:54 devstack devstack@keystone.service[44103]: [pid: 44103|app: 0|req: 6/13] 192.168.122.141 () {58 vars in 1025 bytes} [Thu Jul 23 10:05:54 2026] POST /identity/v3/auth/tokens => generated 866 bytes in 176 msecs (HTTP/1.1 201) 6 headers in 363 bytes (3 switches on core 0)
Jul 23 10:05:54 devstack devstack@keystone.service[44102]: [pid: 44102|app: 0|req: 8/14] 192.168.122.141 () {58 vars in 1025 bytes} [Thu Jul 23 10:05:54 2026] POST /identity/v3/auth/tokens => generated 866 bytes in 158 msecs (HTTP/1.1 201) 6 headers in 363 bytes (2 switches on core 0)
Jul 23 10:05:55 devstack devstack@keystone.service[44103]: DEBUG keystone.server.flask.request_processing.middleware.auth_context [None req-cf5bb6fe-88d2-440e-8f96-f07a58f855ab None None] Authenticating user token {{(pid=44103) process_request /opt/stack/data/venv/lib/python3.12/site-packages/keystonemiddleware/auth_token/__init__.py:406}}
Jul 23 10:05:55 devstack devstack@keystone.service[44102]: DEBUG keystone.server.flask.request_processing.middleware.auth_context [None req-149f3ed2-eb71-4206-a28f-07f27a7ca73b None None] Authenticating user token {{(pid=44102) process_request /opt/stack/data/venv/lib/python3.12/site-packages/keystonemiddleware/auth_token/__init__.py:406}}
Jul 23 10:05:55 devstack devstack@keystone.service[44102]: DEBUG keystone.server.flask.request_processing.middleware.auth_context [None req-149f3ed2-eb71-4206-a28f-07f27a7ca73b None None] Validating token access rules against request {{(pid=44102) validate_allowed_request /opt/stack/data/venv/lib/python3.12/site-packages/keystonemiddleware/auth_token/__init__.py:544}}
Jul 23 10:05:55 devstack devstack@keystone.service[44103]: DEBUG keystone.server.flask.request_processing.middleware.auth_context [None req-cf5bb6fe-88d2-440e-8f96-f07a58f855ab None None] Validating token access rules against request {{(pid=44103) validate_allowed_request /opt/stack/data/venv/lib/python3.12/site-packages/keystonemiddleware/auth_token/__init__.py:544}}
Jul 23 10:05:55 devstack devstack@keystone.service[44103]: DEBUG keystone.server.flask.request_processing.middleware.auth_context [None req-0027ed8f-e367-460e-88f7-e239130ae745 None admin] RBAC: auth_context: {'token': , 'domain_id': None, 'trust_id': None, 'trustor_id': None, 'trustee_id': None, 'domain_name': None, 'group_ids': [], 'user_id': '67a49299ef6841388151cd1fcccb67e7', 'user_domain_id': 'default', 'system_scope': 'all', 'project_id': None, 'project_domain_id': None, 'roles': ['admin', 'manager', 'member', 'reader'], 'is_admin_project': True, 'service_user_id': None, 'service_user_domain_id': None, 'service_project_id': None, 'service_project_domain_id': None, 'service_roles': []} {{(pid=44103) fill_context /opt/stack/keystone/keystone/server/flask/request_processing/middleware/auth_context.py:516}}
Jul 23 10:05:55 devstack devstack@keystone.service[44102]: DEBUG keystone.server.flask.request_processing.middleware.auth_context [None req-bf977900-f12d-47ab-a0f4-75f99ecac7df None admin] RBAC: auth_context: {'token': , 'domain_id': None, 'trust_id': None, 'trustor_id': None, 'trustee_id': None, 'domain_name': None, 'group_ids': [], 'user_id': '67a49299ef6841388151cd1fcccb67e7', 'user_domain_id': 'default', 'system_scope': 'all', 'project_id': None, 'project_domain_id': None, 'roles': ['admin', 'manager', 'member', 'reader'], 'is_admin_project': True, 'service_user_id': None, 'service_user_domain_id': None, 'service_project_id': None, 'service_project_domain_id': None, 'service_roles': []} {{(pid=44102) fill_context /opt/stack/keystone/keystone/server/flask/request_processing/middleware/auth_context.py:516}}
Jul 23 10:05:55 devstack devstack@keystone.service[44103]: DEBUG keystone.server.flask.request_processing.req_logging [None req-0027ed8f-e367-460e-88f7-e239130ae745 None admin] REQUEST_METHOD: `GET` {{(pid=44103) log_request_info /opt/stack/keystone/keystone/server/flask/request_processing/req_logging.py:26}}
Jul 23 10:05:55 devstack devstack@keystone.service[44102]: DEBUG keystone.server.flask.request_processing.req_logging [None req-bf977900-f12d-47ab-a0f4-75f99ecac7df None admin] REQUEST_METHOD: `POST` {{(pid=44102) log_request_info /opt/stack/keystone/keystone/server/flask/request_processing/req_logging.py:26}}
Jul 23 10:05:55 devstack devstack@keystone.service[44103]: DEBUG keystone.server.flask.request_processing.req_logging [None req-0027ed8f-e367-460e-88f7-e239130ae745 None admin] SCRIPT_NAME: `/identity` {{(pid=44103) log_request_info /opt/stack/keystone/keystone/server/flask/request_processing/req_logging.py:27}}
Jul 23 10:05:55 devstack devstack@keystone.service[44102]: DEBUG keystone.server.flask.request_processing.req_logging [None req-bf977900-f12d-47ab-a0f4-75f99ecac7df None admin] SCRIPT_NAME: `/identity` {{(pid=44102) log_request_info /opt/stack/keystone/keystone/server/flask/request_processing/req_logging.py:27}}
Jul 23 10:05:55 devstack devstack@keystone.service[44103]: DEBUG keystone.server.flask.request_processing.req_logging [None req-0027ed8f-e367-460e-88f7-e239130ae745 None admin] PATH_INFO: `/v3/roles/admin` {{(pid=44103) log_request_info /opt/stack/keystone/keystone/server/flask/request_processing/req_logging.py:28}}
Jul 23 10:05:55 devstack devstack@keystone.service[44102]: DEBUG keystone.server.flask.request_processing.req_logging [None req-bf977900-f12d-47ab-a0f4-75f99ecac7df None admin] PATH_INFO: `/v3/domains` {{(pid=44102) log_request_info /opt/stack/keystone/keystone/server/flask/request_processing/req_logging.py:28}}
Jul 23 10:05:55 devstack devstack@keystone.service[44102]: DEBUG keystone.common.rbac_enforcer.enforcer [None req-bf977900-f12d-47ab-a0f4-75f99ecac7df None admin] RBAC: Authorizing `identity:create_domain()` {{(pid=44102) enforce_call /opt/stack/keystone/keystone/common/rbac_enforcer/enforcer.py:501}}
Jul 23 10:05:55 devstack devstack@keystone.service[44102]: DEBUG keystone.common.rbac_enforcer.enforcer [None req-bf977900-f12d-47ab-a0f4-75f99ecac7df None admin] RBAC: Authorization granted {{(pid=44102) enforce_call /opt/stack/keystone/keystone/common/rbac_enforcer/enforcer.py:512}}
Jul 23 10:05:55 devstack devstack@keystone.service[44102]: DEBUG keystone.common.sql.core [None req-bf977900-f12d-47ab-a0f4-75f99ecac7df None admin] Conflict project: (pymysql.err.IntegrityError) (1062, "Duplicate entry '<>-Default' for key 'project.ixu_project_name_domain_id'")
Jul 23 10:05:55 devstack devstack@keystone.service[44102]: [SQL: INSERT INTO project (id, name, domain_id, description, enabled, extra, parent_id, is_domain) VALUES (%(id)s, %(name)s, %(domain_id)s, %(description)s, %(enabled)s, %(extra)s, %(parent_id)s, %(is_domain)s)]
Jul 23 10:05:55 devstack devstack@keystone.service[44102]: [parameters: {'id': '88b8c050f95344c8867b1f1a3ca600e0', 'name': 'Default', 'domain_id': '<>', 'description': '', 'enabled': 1, 'extra': '{}', 'parent_id': None, 'is_domain': 1}]
Jul 23 10:05:55 devstack devstack@keystone.service[44102]: (Background on this error at: https://sqlalche.me/e/20/gkpj) {{(pid=44102) wrapper /opt/stack/keystone/keystone/common/sql/core.py:580}}
Jul 23 10:05:55 devstack devstack@keystone.service[44103]: DEBUG keystone.common.rbac_enforcer.enforcer [None req-0027ed8f-e367-460e-88f7-e239130ae745 None admin] Extracting inferred target data resulted in "NOT FOUND (404)". {{(pid=44103) enforce_call /opt/stack/keystone/keystone/common/rbac_enforcer/enforcer.py:445}}
Jul 23 10:05:55 devstack devstack@keystone.service[44103]: DEBUG keystone.server.flask.application [None req-0027ed8f-e367-460e-88f7-e239130ae745 None admin] Could not find role: admin. {{(pid=44103) _handle_keystone_exception /opt/stack/keystone/keystone/server/flask/application.py:146}}
Jul 23 10:05:55 devstack devstack@keystone.service[44103]: [pid: 44103|app: 0|req: 7/15] 192.168.122.141 () {56 vars in 1141 bytes} [Thu Jul 23 10:05:55 2026] GET /identity/v3/roles/admin => generated 83 bytes in 177 msecs (HTTP/1.1 404) 5 headers in 183 bytes (1 switches on core 0)
Jul 23 10:05:55 devstack devstack@keystone.service[44103]: DEBUG keystone.server.flask.request_processing.middleware.auth_context [None req-0027ed8f-e367-460e-88f7-e239130ae745 None admin] Authenticating user token {{(pid=44103) process_request /opt/stack/data/venv/lib/python3.12/site-packages/keystonemiddleware/auth_token/__init__.py:406}}
Jul 23 10:05:55 devstack devstack@keystone.service[44102]: ERROR keystone.server.flask.application [None req-bf977900-f12d-47ab-a0f4-75f99ecac7df None admin] Conflict occurred attempting to store project - it is not permitted to have two projects acting as domains with the same name: Default.: keystone.exception.Conflict: Conflict occurred attempting to store project - it is not permitted to have two projects acting as domains with the same name: Default.
Jul 23 10:05:55 devstack devstack@keystone.service[44102]: ERROR keystone.server.flask.application
Traceback (most recent call last):
Jul 23 10:05:55 devstack devstack@keystone.service[44102]: ERROR keystone.server.flask.application
File "/opt/stack/data/venv/lib/python3.12/site-packages/sqlalchemy/engine/base.py", line 1969, in _exec_single_context
Jul 23 10:05:55 devstack devstack@keystone.service[44102]: ERROR keystone.server.flask.application self.dialect.do_execute(
Jul 23 10:05:55 devstack devstack@keystone.service[44102]: ERROR keystone.server.flask.application
File "/opt/stack/data/venv/lib/python3.12/site-packages/sqlalchemy/engine/default.py", line 952, in do_execute
Jul 23 10:05:55 devstack devstack@keystone.service[44102]: ERROR keystone.server.flask.application cursor.execute(statement, parameters)
Jul 23 10:05:55 devstack devstack@keystone.service[44102]: ERROR keystone.server.flask.application
File "/opt/stack/data/venv/lib/python3.12/site-packages/pymysql/cursors.py", line 159, in execute
Jul 23 10:05:55 devstack devstack@keystone.service[44102]: ERROR keystone.server.flask.application result = self._query(query)
Jul 23 10:05:55 devstack devstack@keystone.service[44102]: ERROR keystone.server.flask.application ^^^^^^^^^^^^^^^^^^
Jul 23 10:05:55 devstack devstack@keystone.service[44102]: ERROR keystone.server.flask.application
File "/opt/stack/data/venv/lib/python3.12/site-packages/pymysql/cursors.py", line 330, in _query
Jul 23 10:05:55 devstack devstack@keystone.service[44102]: ERROR keystone.server.flask.application conn.query(q)
Jul 23 10:05:55 devstack devstack@keystone.service[44102]: ERROR keystone.server.flask.application
File "/opt/stack/data/venv/lib/python3.12/site-packages/pymysql/connections.py", line 582, in query
Jul 23 10:05:55 devstack devstack@keystone.service[44102]: ERROR keystone.server.flask.application self._affected_rows = self._read_query_result(unbuffered=unbuffered)
Jul 23 10:05:55 devstack devstack@keystone.service[44102]: ERROR keystone.server.flask.application ^^^^^^^^^^^^^^^^^^^^^^^^^^^^^^^^^^^^^^^^^^^^^^
Jul 23 10:05:55 devstack devstack@keystone.service[44102]: ERROR keystone.server.flask.application
File "/opt/stack/data/venv/lib/python3.12/site-packages/pymysql/connections.py", line 847, in _read_query_result
Jul 23 10:05:55 devstack devstack@keystone.service[44102]: ERROR keystone.server.flask.application result.read()
Jul 23 10:05:55 devstack devstack@keystone.service[44102]: ERROR keystone.server.flask.application
File "/opt/stack/data/venv/lib/python3.12/site-packages/pymysql/connections.py", line 1245, in read
Jul 23 10:05:55 devstack devstack@keystone.service[44102]: ERROR keystone.server.flask.application first_packet = self.connection._read_packet()
Jul 23 10:05:55 devstack devstack@keystone.service[44102]: ERROR keystone.server.flask.application ^^^^^^^^^^^^^^^^^^^^^^^^^^^^^^
Jul 23 10:05:55 devstack devstack@keystone.service[44102]: ERROR keystone.server.flask.application
File "/opt/stack/data/venv/lib/python3.12/site-packages/pymysql/connections.py", line 803, in _read_packet
Jul 23 10:05:55 devstack devstack@keystone.service[44102]: ERROR keystone.server.flask.application packet.raise_for_error()
Jul 23 10:05:55 devstack devstack@keystone.service[44102]: ERROR keystone.server.flask.application
File "/opt/stack/data/venv/lib/python3.12/site-packages/pymysql/protocol.py", line 219, in raise_for_error
Jul 23 10:05:55 devstack devstack@keystone.service[44102]: ERROR keystone.server.flask.application err.raise_mysql_exception(self._data)
Jul 23 10:05:55 devstack devstack@keystone.service[44102]: ERROR keystone.server.flask.application
File "/opt/stack/data/venv/lib/python3.12/site-packages/pymysql/err.py", line 154, in raise_mysql_exception
Jul 23 10:05:55 devstack devstack@keystone.service[44102]: ERROR keystone.server.flask.application raise errorclass(errno, errval, sqlstate=sqlstate)
Jul 23 10:05:55 devstack devstack@keystone.service[44102]: ERROR keystone.server.flask.application pymysql.err.IntegrityError: (1062, "Duplicate entry '<>-Default' for key 'project.ixu_project_name_domain_id'")
Jul 23 10:05:55 devstack devstack@keystone.service[44102]: ERROR keystone.server.flask.application
Jul 23 10:05:55 devstack devstack@keystone.service[44102]: ERROR keystone.server.flask.application The above exception was the direct cause of the following exception:
Jul 23 10:05:55 devstack devstack@keystone.service[44102]: ERROR keystone.server.flask.application
Jul 23 10:05:55 devstack devstack@keystone.service[44102]: ERROR keystone.server.flask.application
Traceback (most recent call last):
Jul 23 10:05:55 devstack devstack@keystone.service[44102]: ERROR keystone.server.flask.application
File "/opt/stack/keystone/keystone/common/sql/core.py", line 575, in wrapper
Jul 23 10:05:55 devstack devstack@keystone.service[44102]: ERROR keystone.server.flask.application return method(*args, **kwargs)
Jul 23 10:05:55 devstack devstack@keystone.service[44102]: ERROR keystone.server.flask.application ^^^^^^^^^^^^^^^^^^^^^^^
Jul 23 10:05:55 devstack devstack@keystone.service[44102]: ERROR keystone.server.flask.application
File "/opt/stack/keystone/keystone/resource/backends/sql.py", line 278, in create_project
Jul 23 10:05:55 devstack devstack@keystone.service[44102]: ERROR keystone.server.flask.application with sql.session_for_write() as session:
Jul 23 10:05:55 devstack devstack@keystone.service[44102]: ERROR keystone.server.flask.application
File "/usr/lib/python3.12/contextlib.py", line 144, in __exit__
Jul 23 10:05:55 devstack devstack@keystone.service[44102]: ERROR keystone.server.flask.application next(self.gen)
Jul 23 10:05:55 devstack devstack@keystone.service[44102]: ERROR keystone.server.flask.application
File "/opt/stack/data/venv/lib/python3.12/site-packages/oslo_db/sqlalchemy/enginefacade.py", line 1175, in _transaction_scope
Jul 23 10:05:55 devstack devstack@keystone.service[44102]: ERROR keystone.server.flask.application with current._produce_block(
Jul 23 10:05:55 devstack devstack@keystone.service[44102]: ERROR keystone.server.flask.application
File "/usr/lib/python3.12/contextlib.py", line 144, in __exit__
Jul 23 10:05:55 devstack devstack@keystone.service[44102]: ERROR keystone.server.flask.application next(self.gen)
Jul 23 10:05:55 devstack devstack@keystone.service[44102]: ERROR keystone.server.flask.application
File "/opt/stack/data/venv/lib/python3.12/site-packages/oslo_db/sqlalchemy/enginefacade.py", line 837, in _session
Jul 23 10:05:55 devstack devstack@keystone.service[44102]: ERROR keystone.server.flask.application with excutils.save_and_reraise_exception():
Jul 23 10:05:55 devstack devstack@keystone.service[44102]: ERROR keystone.server.flask.application
File "/opt/stack/data/venv/lib/python3.12/site-packages/oslo_utils/excutils.py", line 266, in __exit__
Jul 23 10:05:55 devstack devstack@keystone.service[44102]: ERROR keystone.server.flask.application self.force_reraise()
Jul 23 10:05:55 devstack devstack@keystone.service[44102]: ERROR keystone.server.flask.application
File "/opt/stack/data/venv/lib/python3.12/site-packages/oslo_utils/excutils.py", line 232, in force_reraise
Jul 23 10:05:55 devstack devstack@keystone.service[44102]: ERROR keystone.server.flask.application raise self.value
Jul 23 10:05:55 devstack devstack@keystone.service[44102]: ERROR keystone.server.flask.application
File "/opt/stack/data/venv/lib/python3.12/site-packages/oslo_db/sqlalchemy/enginefacade.py", line 835, in _session
