Aug 19 17:22:33 devstack sudo[97508]: quobyte : PWD=/ ; USER=root ; COMMAND=/opt/stack/data/venv/bin/cinder-rootwrap /etc/cinder/rootwrap.conf env LC_ALL=C qemu-img info -f qcow2 --output=json --force-share /opt/stack/data/cinder/mnt/d54cca7bbd6a794e0089170d44fed99c/volume-04eb65b2-1dd4-41df-8235-95ee05b25867.d7f4c556-846d-4882-bfd9-40909da6c401
Aug 19 17:22:33 devstack sudo[97508]: pam_unix(sudo:session): session opened for user root(uid=0) by (uid=1000)
Aug 19 17:22:33 devstack sudo[97508]: pam_unix(sudo:session): session closed for user root
Aug 19 17:22:33 devstack cinder-volume[94153]: DEBUG oslo_concurrency.processutils [None req-d1e91a5b-180f-4c19-b029-b1ce5e3386c4 tempest-SnapshotsActionsTest-1375467054 None] CMD "/opt/stack/data/venv/bin/python3.12 -m oslo_concurrency.prlimit --as=1073741824 --cpu=60 -- sudo cinder-rootwrap /etc/cinder/rootwrap.conf env LC_ALL=C qemu-img info -f qcow2 --output=json --force-share /opt/stack/data/cinder/mnt/d54cca7bbd6a794e0089170d44fed99c/volume-04eb65b2-1dd4-41df-8235-95ee05b25867.d7f4c556-846d-4882-bfd9-40909da6c401" returned: 0 in 0.570s {{(pid=94153) execute /opt/stack/data/venv/lib/python3.12/site-packages/oslo_concurrency/processutils.py:468}}
Aug 19 17:22:33 devstack cinder-volume[94153]: DEBUG cinder.volume.drivers.remotefs [None req-d1e91a5b-180f-4c19-b029-b1ce5e3386c4 tempest-SnapshotsActionsTest-1375467054 None] Fetching qemu-img info with special backing_file_template: (/opt/stack/data/cinder/mnt/[0-9a-f]+/)?(volume-04eb65b2-1dd4-41df-8235-95ee05b25867(.(tmp-snap-)?[0-9a-f-]+)?|volume_from_snapshot_cache/(tmp-snap-)?[0-9a-f-]+(.(child-|parent-)[0-9a-f-]+)?)$ {{(pid=94153) _qemu_img_info_base /opt/stack/cinder/cinder/volume/drivers/remotefs.py:896}}
Aug 19 17:22:33 devstack cinder-volume[94153]: DEBUG oslo.privsep.daemon [-] privsep: reply[7e3b7933-a439-48a6-8191-7be1fc45d873]: (4, 'qcow2') {{(pid=95366) _call_back /opt/stack/data/venv/lib/python3.12/site-packages/oslo_privsep/daemon.py:580}}
Aug 19 17:22:33 devstack cinder-volume[94153]: DEBUG oslo_concurrency.processutils [None req-d1e91a5b-180f-4c19-b029-b1ce5e3386c4 tempest-SnapshotsActionsTest-1375467054 None] Running cmd (subprocess): /opt/stack/data/venv/bin/python3.12 -m oslo_concurrency.prlimit --as=1073741824 --cpu=60 -- sudo cinder-rootwrap /etc/cinder/rootwrap.conf env LC_ALL=C qemu-img info -f qcow2 --output=json --force-share /opt/stack/data/cinder/mnt/d54cca7bbd6a794e0089170d44fed99c/volume-04eb65b2-1dd4-41df-8235-95ee05b25867.ef16bd47-756a-496c-bdb6-39c21da5abc8 {{(pid=94153) execute /opt/stack/data/venv/lib/python3.12/site-packages/oslo_concurrency/processutils.py:440}}
Aug 19 17:22:33 devstack sudo[97521]: quobyte : PWD=/ ; USER=root ; COMMAND=/opt/stack/data/venv/bin/cinder-rootwrap /etc/cinder/rootwrap.conf env LC_ALL=C qemu-img info -f qcow2 --output=json --force-share /opt/stack/data/cinder/mnt/d54cca7bbd6a794e0089170d44fed99c/volume-04eb65b2-1dd4-41df-8235-95ee05b25867.ef16bd47-756a-496c-bdb6-39c21da5abc8
Aug 19 17:22:33 devstack sudo[97521]: pam_unix(sudo:session): session opened for user root(uid=0) by (uid=1000)
Aug 19 17:22:34 devstack sudo[97521]: pam_unix(sudo:session): session closed for user root
Aug 19 17:22:34 devstack cinder-volume[94153]: DEBUG oslo_concurrency.processutils [None req-d1e91a5b-180f-4c19-b029-b1ce5e3386c4 tempest-SnapshotsActionsTest-1375467054 None] CMD "/opt/stack/data/venv/bin/python3.12 -m oslo_concurrency.prlimit --as=1073741824 --cpu=60 -- sudo cinder-rootwrap /etc/cinder/rootwrap.conf env LC_ALL=C qemu-img info -f qcow2 --output=json --force-share /opt/stack/data/cinder/mnt/d54cca7bbd6a794e0089170d44fed99c/volume-04eb65b2-1dd4-41df-8235-95ee05b25867.ef16bd47-756a-496c-bdb6-39c21da5abc8" returned: 0 in 0.552s {{(pid=94153) execute /opt/stack/data/venv/lib/python3.12/site-packages/oslo_concurrency/processutils.py:468}}
Aug 19 17:22:34 devstack cinder-volume[94153]: DEBUG cinder.volume.drivers.remotefs [None req-d1e91a5b-180f-4c19-b029-b1ce5e3386c4 tempest-SnapshotsActionsTest-1375467054 None] Fetching qemu-img info with special backing_file_template: (/opt/stack/data/cinder/mnt/[0-9a-f]+/)?(volume-04eb65b2-1dd4-41df-8235-95ee05b25867(.(tmp-snap-)?[0-9a-f-]+)?|volume_from_snapshot_cache/(tmp-snap-)?[0-9a-f-]+(.(child-|parent-)[0-9a-f-]+)?)$ {{(pid=94153) _qemu_img_info_base /opt/stack/cinder/cinder/volume/drivers/remotefs.py:896}}
Aug 19 17:22:34 devstack cinder-volume[94153]: DEBUG oslo_concurrency.processutils [None req-d1e91a5b-180f-4c19-b029-b1ce5e3386c4 tempest-SnapshotsActionsTest-1375467054 None] Running cmd (subprocess): sudo cinder-rootwrap /etc/cinder/rootwrap.conf qemu-img commit -d /opt/stack/data/cinder/mnt/d54cca7bbd6a794e0089170d44fed99c/volume-04eb65b2-1dd4-41df-8235-95ee05b25867.d7f4c556-846d-4882-bfd9-40909da6c401 {{(pid=94153) execute /opt/stack/data/venv/lib/python3.12/site-packages/oslo_concurrency/processutils.py:440}}
Aug 19 17:22:34 devstack sudo[97528]: quobyte : PWD=/ ; USER=root ; COMMAND=/opt/stack/data/venv/bin/cinder-rootwrap /etc/cinder/rootwrap.conf qemu-img commit -d /opt/stack/data/cinder/mnt/d54cca7bbd6a794e0089170d44fed99c/volume-04eb65b2-1dd4-41df-8235-95ee05b25867.d7f4c556-846d-4882-bfd9-40909da6c401
Aug 19 17:22:34 devstack sudo[97528]: pam_unix(sudo:session): session opened for user root(uid=0) by (uid=1000)
Aug 19 17:22:34 devstack cinder-volume[94153]: INFO cinder.volume.manager [req-9911cf68-77ee-4839-92d6-4f2a75e3d769 req-07385926-764c-4abf-bc39-d9754214d23a tempest-DeleteServersTestJSON-1182134103 None] Terminate volume connection completed successfully.
Aug 19 17:22:34 devstack cinder-volume[94153]: DEBUG cinder.volume.manager [req-9911cf68-77ee-4839-92d6-4f2a75e3d769 req-07385926-764c-4abf-bc39-d9754214d23a tempest-DeleteServersTestJSON-1182134103 None] Deleting attachment 42cad14e-0d66-4ac4-be48-486438493047. {{(pid=94153) attachment_delete /opt/stack/cinder/cinder/volume/manager.py:5055}}
Aug 19 17:22:34 devstack sudo[97528]: pam_unix(sudo:session): session closed for user root
Aug 19 17:22:34 devstack cinder-volume[94153]: DEBUG oslo_concurrency.processutils [None req-d1e91a5b-180f-4c19-b029-b1ce5e3386c4 tempest-SnapshotsActionsTest-1375467054 None] CMD "sudo cinder-rootwrap /etc/cinder/rootwrap.conf qemu-img commit -d /opt/stack/data/cinder/mnt/d54cca7bbd6a794e0089170d44fed99c/volume-04eb65b2-1dd4-41df-8235-95ee05b25867.d7f4c556-846d-4882-bfd9-40909da6c401" returned: 0 in 0.687s {{(pid=94153) execute /opt/stack/data/venv/lib/python3.12/site-packages/oslo_concurrency/processutils.py:468}}
Aug 19 17:22:34 devstack cinder-volume[94153]: DEBUG oslo_concurrency.processutils [None req-d1e91a5b-180f-4c19-b029-b1ce5e3386c4 tempest-SnapshotsActionsTest-1375467054 None] Running cmd (subprocess): sudo cinder-rootwrap /etc/cinder/rootwrap.conf rm -f /opt/stack/data/cinder/mnt/d54cca7bbd6a794e0089170d44fed99c/volume-04eb65b2-1dd4-41df-8235-95ee05b25867.d7f4c556-846d-4882-bfd9-40909da6c401 {{(pid=94153) execute /opt/stack/data/venv/lib/python3.12/site-packages/oslo_concurrency/processutils.py:440}}
Aug 19 17:22:35 devstack sudo[97541]: quobyte : PWD=/ ; USER=root ; COMMAND=/opt/stack/data/venv/bin/cinder-rootwrap /etc/cinder/rootwrap.conf rm -f /opt/stack/data/cinder/mnt/d54cca7bbd6a794e0089170d44fed99c/volume-04eb65b2-1dd4-41df-8235-95ee05b25867.d7f4c556-846d-4882-bfd9-40909da6c401
Aug 19 17:22:35 devstack sudo[97541]: pam_unix(sudo:session): session opened for user root(uid=0) by (uid=1000)
Aug 19 17:22:35 devstack sudo[97541]: pam_unix(sudo:session): session closed for user root
Aug 19 17:22:35 devstack cinder-volume[94153]: DEBUG oslo_concurrency.processutils [None req-d1e91a5b-180f-4c19-b029-b1ce5e3386c4 tempest-SnapshotsActionsTest-1375467054 None] CMD "sudo cinder-rootwrap /etc/cinder/rootwrap.conf rm -f /opt/stack/data/cinder/mnt/d54cca7bbd6a794e0089170d44fed99c/volume-04eb65b2-1dd4-41df-8235-95ee05b25867.d7f4c556-846d-4882-bfd9-40909da6c401" returned: 0 in 0.356s {{(pid=94153) execute /opt/stack/data/venv/lib/python3.12/site-packages/oslo_concurrency/processutils.py:468}}
Aug 19 17:22:35 devstack cinder-volume[94153]: DEBUG cinder.coordination [None req-d1e91a5b-180f-4c19-b029-b1ce5e3386c4 tempest-SnapshotsActionsTest-1375467054 None] Lock "cinder-quobyte-d7f4c556-846d-4882-bfd9-40909da6c401" released by "_delete_snapshot" :: held 2.346s {{(pid=94153) __release /opt/stack/cinder/cinder/coordination.py:152}}
Aug 19 17:22:35 devstack cinder-volume[94153]: DEBUG cinder.coordination [None req-d1e91a5b-180f-4c19-b029-b1ce5e3386c4 tempest-SnapshotsActionsTest-1375467054 None] Lock "cinder-quobyte-04eb65b2-1dd4-41df-8235-95ee05b25867" released by "delete_snapshot" :: held 2.401s {{(pid=94153) __release /opt/stack/cinder/cinder/coordination.py:152}}
Aug 19 17:22:35 devstack cinder-volume[94153]: WARNING cinder.quota [None req-d1e91a5b-180f-4c19-b029-b1ce5e3386c4 tempest-SnapshotsActionsTest-1375467054 None] Deprecated: Default quota for resource: snapshots_QuobyteHD is set by the default quota flag: quota_snapshots_QuobyteHD, it is now deprecated. Please use the default quota class for default quota.
Aug 19 17:22:35 devstack cinder-volume[94153]: DEBUG cinder.quota [None req-d1e91a5b-180f-4c19-b029-b1ce5e3386c4 tempest-SnapshotsActionsTest-1375467054 None] Created reservations ['5e915b95-9563-4991-a0ac-8cdff0085205', '7844ee59-f250-4d66-9c56-766d4cb4da94', '9e16c920-6d41-40a8-8351-77ab887d05f7', '5f0b42a7-e142-478b-9440-3bd07fca30bd'] {{(pid=94153) reserve /opt/stack/cinder/cinder/quota.py:752}}
Aug 19 17:22:35 devstack cinder-volume[94153]: INFO cinder.volume.manager [None req-d1e91a5b-180f-4c19-b029-b1ce5e3386c4 tempest-SnapshotsActionsTest-1375467054 None] Delete snapshot completed successfully.
Aug 19 17:22:35 devstack cinder-volume[94153]: DEBUG cinder.coordination [None req-d1e91a5b-180f-4c19-b029-b1ce5e3386c4 tempest-SnapshotsActionsTest-1375467054 None] Lock "cinder-d7f4c556-846d-4882-bfd9-40909da6c401-delete_snapshot" released by "delete_snapshot" :: held 2.598s {{(pid=94153) __release /opt/stack/cinder/cinder/coordination.py:152}}
Aug 19 17:22:35 devstack cinder-volume[94153]: DEBUG cinder.coordination [None req-d4c5a8ea-b602-4dc9-99bf-4eae1e92c04c tempest-DeleteServersTestJSON-1182134103 None] Acquiring lock "cinder-f5cb4c2e-1323-4097-9253-56f7c154b684-delete_volume" by "delete_volume" {{(pid=94153) __acquire /opt/stack/cinder/cinder/coordination.py:138}}
Aug 19 17:22:35 devstack cinder-volume[94153]: DEBUG cinder.coordination [None req-d4c5a8ea-b602-4dc9-99bf-4eae1e92c04c tempest-DeleteServersTestJSON-1182134103 None] Lock "cinder-f5cb4c2e-1323-4097-9253-56f7c154b684-delete_volume" acquired by "delete_volume" :: waited 0.019s {{(pid=94153) __acquire /opt/stack/cinder/cinder/coordination.py:141}}
Aug 19 17:22:35 devstack cinder-volume[94153]: DEBUG cinder.coordination [None req-d4c5a8ea-b602-4dc9-99bf-4eae1e92c04c tempest-DeleteServersTestJSON-1182134103 None] Acquiring lock "cinder-quobyte-f5cb4c2e-1323-4097-9253-56f7c154b684" by "delete_volume" {{(pid=94153) __acquire /opt/stack/cinder/cinder/coordination.py:138}}
Aug 19 17:22:35 devstack cinder-volume[94153]: DEBUG cinder.coordination [None req-d4c5a8ea-b602-4dc9-99bf-4eae1e92c04c tempest-DeleteServersTestJSON-1182134103 None] Lock "cinder-quobyte-f5cb4c2e-1323-4097-9253-56f7c154b684" acquired by "delete_volume" :: waited 0.021s {{(pid=94153) __acquire /opt/stack/cinder/cinder/coordination.py:141}}
Aug 19 17:22:35 devstack cinder-volume[94153]: DEBUG oslo.privsep.daemon [-] privsep: reply[4f0975e6-4dbc-4418-9aed-d2b4f661993e]: (4, 'qcow2') {{(pid=95366) _call_back /opt/stack/data/venv/lib/python3.12/site-packages/oslo_privsep/daemon.py:580}}
Aug 19 17:22:35 devstack cinder-volume[94153]: DEBUG oslo_concurrency.processutils [None req-d4c5a8ea-b602-4dc9-99bf-4eae1e92c04c tempest-DeleteServersTestJSON-1182134103 None] Running cmd (subprocess): /opt/stack/data/venv/bin/python3.12 -m oslo_concurrency.prlimit --as=1073741824 --cpu=60 -- sudo cinder-rootwrap /etc/cinder/rootwrap.conf env LC_ALL=C qemu-img info -f qcow2 --output=json --force-share /opt/stack/data/cinder/mnt/d54cca7bbd6a794e0089170d44fed99c/volume-f5cb4c2e-1323-4097-9253-56f7c154b684 {{(pid=94153) execute /opt/stack/data/venv/lib/python3.12/site-packages/oslo_concurrency/processutils.py:440}}
Aug 19 17:22:36 devstack sudo[97546]: quobyte : PWD=/ ; USER=root ; COMMAND=/opt/stack/data/venv/bin/cinder-rootwrap /etc/cinder/rootwrap.conf env LC_ALL=C qemu-img info -f qcow2 --output=json --force-share /opt/stack/data/cinder/mnt/d54cca7bbd6a794e0089170d44fed99c/volume-f5cb4c2e-1323-4097-9253-56f7c154b684
Aug 19 17:22:36 devstack sudo[97546]: pam_unix(sudo:session): session opened for user root(uid=0) by (uid=1000)
Aug 19 17:22:36 devstack sudo[97546]: pam_unix(sudo:session): session closed for user root
Aug 19 17:22:36 devstack cinder-volume[94153]: DEBUG oslo_concurrency.processutils [None req-d4c5a8ea-b602-4dc9-99bf-4eae1e92c04c tempest-DeleteServersTestJSON-1182134103 None] CMD "/opt/stack/data/venv/bin/python3.12 -m oslo_concurrency.prlimit --as=1073741824 --cpu=60 -- sudo cinder-rootwrap /etc/cinder/rootwrap.conf env LC_ALL=C qemu-img info -f qcow2 --output=json --force-share /opt/stack/data/cinder/mnt/d54cca7bbd6a794e0089170d44fed99c/volume-f5cb4c2e-1323-4097-9253-56f7c154b684" returned: 0 in 0.536s {{(pid=94153) execute /opt/stack/data/venv/lib/python3.12/site-packages/oslo_concurrency/processutils.py:468}}
Aug 19 17:22:36 devstack cinder-volume[94153]: DEBUG oslo_concurrency.processutils [None req-d4c5a8ea-b602-4dc9-99bf-4eae1e92c04c tempest-DeleteServersTestJSON-1182134103 None] Running cmd (subprocess): sudo cinder-rootwrap /etc/cinder/rootwrap.conf rm -f /opt/stack/data/cinder/mnt/d54cca7bbd6a794e0089170d44fed99c/volume-f5cb4c2e-1323-4097-9253-56f7c154b684 {{(pid=94153) execute /opt/stack/data/venv/lib/python3.12/site-packages/oslo_concurrency/processutils.py:440}}
Aug 19 17:22:36 devstack sudo[97551]: quobyte : PWD=/ ; USER=root ; COMMAND=/opt/stack/data/venv/bin/cinder-rootwrap /etc/cinder/rootwrap.conf rm -f /opt/stack/data/cinder/mnt/d54cca7bbd6a794e0089170d44fed99c/volume-f5cb4c2e-1323-4097-9253-56f7c154b684
Aug 19 17:22:36 devstack sudo[97551]: pam_unix(sudo:session): session opened for user root(uid=0) by (uid=1000)
Aug 19 17:22:36 devstack cinder-volume[94153]: DEBUG oslo_concurrency.lockutils [None req-0d8964f2-553c-407e-b88e-9b0e47dfe5f5 tempest-SnapshotsActionsTest-1058199867 None] Acquiring lock "quobyte" by "cinder.volume.drivers.quobyte.QuobyteDriver.create_snapshot" {{(pid=94153) inner /opt/stack/data/venv/lib/python3.12/site-packages/oslo_concurrency/lockutils.py:512}}
Aug 19 17:22:36 devstack cinder-volume[94153]: DEBUG oslo_concurrency.lockutils [None req-0d8964f2-553c-407e-b88e-9b0e47dfe5f5 tempest-SnapshotsActionsTest-1058199867 None] Lock "quobyte" acquired by "cinder.volume.drivers.quobyte.QuobyteDriver.create_snapshot" :: waited 0.001s {{(pid=94153) inner /opt/stack/data/venv/lib/python3.12/site-packages/oslo_concurrency/lockutils.py:525}}
Aug 19 17:22:36 devstack cinder-volume[94153]: DEBUG cinder.volume.drivers.remotefs [None req-0d8964f2-553c-407e-b88e-9b0e47dfe5f5 tempest-SnapshotsActionsTest-1058199867 None] Creating offline snapshot 70ab537d-dfa0-402a-a1c3-a9dc95db48d1 of volume 04eb65b2-1dd4-41df-8235-95ee05b25867 {{(pid=94153) _create_snapshot /opt/stack/cinder/cinder/volume/drivers/remotefs.py:1816}}
Aug 19 17:22:36 devstack cinder-volume[94153]: DEBUG oslo.privsep.daemon [-] privsep: reply[373e8b1a-be3b-477f-90a1-d6e85595c94b]: (4, 'qcow2') {{(pid=95366) _call_back /opt/stack/data/venv/lib/python3.12/site-packages/oslo_privsep/daemon.py:580}}
Aug 19 17:22:36 devstack cinder-volume[94153]: DEBUG oslo_concurrency.processutils [None req-0d8964f2-553c-407e-b88e-9b0e47dfe5f5 tempest-SnapshotsActionsTest-1058199867 None] Running cmd (subprocess): /opt/stack/data/venv/bin/python3.12 -m oslo_concurrency.prlimit --as=1073741824 --cpu=60 -- sudo cinder-rootwrap /etc/cinder/rootwrap.conf env LC_ALL=C qemu-img info -f qcow2 --output=json --force-share /opt/stack/data/cinder/mnt/d54cca7bbd6a794e0089170d44fed99c/volume-04eb65b2-1dd4-41df-8235-95ee05b25867.ef16bd47-756a-496c-bdb6-39c21da5abc8 {{(pid=94153) execute /opt/stack/data/venv/lib/python3.12/site-packages/oslo_concurrency/processutils.py:440}}
Aug 19 17:22:36 devstack sudo[97551]: pam_unix(sudo:session): session closed for user root
Aug 19 17:22:36 devstack cinder-volume[94153]: DEBUG oslo_concurrency.processutils [None req-d4c5a8ea-b602-4dc9-99bf-4eae1e92c04c tempest-DeleteServersTestJSON-1182134103 None] CMD "sudo cinder-rootwrap /etc/cinder/rootwrap.conf rm -f /opt/stack/data/cinder/mnt/d54cca7bbd6a794e0089170d44fed99c/volume-f5cb4c2e-1323-4097-9253-56f7c154b684" returned: 0 in 0.378s {{(pid=94153) execute /opt/stack/data/venv/lib/python3.12/site-packages/oslo_concurrency/processutils.py:468}}
Aug 19 17:22:36 devstack cinder-volume[94153]: DEBUG cinder.coordination [None req-d4c5a8ea-b602-4dc9-99bf-4eae1e92c04c tempest-DeleteServersTestJSON-1182134103 None] Lock "cinder-quobyte-f5cb4c2e-1323-4097-9253-56f7c154b684" released by "delete_volume" :: held 0.966s {{(pid=94153) __release /opt/stack/cinder/cinder/coordination.py:152}}
Aug 19 17:22:36 devstack sudo[97553]: quobyte : PWD=/ ; USER=root ; COMMAND=/opt/stack/data/venv/bin/cinder-rootwrap /etc/cinder/rootwrap.conf env LC_ALL=C qemu-img info -f qcow2 --output=json --force-share /opt/stack/data/cinder/mnt/d54cca7bbd6a794e0089170d44fed99c/volume-04eb65b2-1dd4-41df-8235-95ee05b25867.ef16bd47-756a-496c-bdb6-39c21da5abc8
Aug 19 17:22:36 devstack sudo[97553]: pam_unix(sudo:session): session opened for user root(uid=0) by (uid=1000)
Aug 19 17:22:36 devstack cinder-volume[94153]: DEBUG cinder.quota [None req-d4c5a8ea-b602-4dc9-99bf-4eae1e92c04c tempest-DeleteServersTestJSON-1182134103 None] Created reservations ['f7e9b41c-e04b-4182-8322-f8f6e95d9cff', '0feab037-7572-43e1-9e4b-fadb3da26f3e', '2a40fd4f-78bf-4991-a745-1693a3064d1e', 'c69322a3-c83b-4561-9f34-fc4ed3562751'] {{(pid=94153) reserve /opt/stack/cinder/cinder/quota.py:752}}
Aug 19 17:22:37 devstack cinder-volume[94153]: DEBUG oslo_concurrency.lockutils [None req-d4c5a8ea-b602-4dc9-99bf-4eae1e92c04c tempest-DeleteServersTestJSON-1182134103 None] Acquiring lock "quobyte_ensure" by "cinder.volume.drivers.quobyte.QuobyteDriver._ensure_shares_mounted" {{(pid=94153) inner /opt/stack/data/venv/lib/python3.12/site-packages/oslo_concurrency/lockutils.py:512}}
Aug 19 17:22:37 devstack cinder-volume[94153]: DEBUG oslo_concurrency.lockutils [None req-d4c5a8ea-b602-4dc9-99bf-4eae1e92c04c tempest-DeleteServersTestJSON-1182134103 None] Lock "quobyte_ensure" acquired by "cinder.volume.drivers.quobyte.QuobyteDriver._ensure_shares_mounted" :: waited 0.001s {{(pid=94153) inner /opt/stack/data/venv/lib/python3.12/site-packages/oslo_concurrency/lockutils.py:525}}
Aug 19 17:22:37 devstack cinder-volume[94153]: DEBUG cinder.volume.drivers.quobyte [None req-d4c5a8ea-b602-4dc9-99bf-4eae1e92c04c tempest-DeleteServersTestJSON-1182134103 None] Quobyte Volume URL set to: {'osci02.corp.quobyte.com/cinder-vol-047918de-4c21-42bf-abe6-2647ca7df42d': None} {{(pid=94153) _load_shares_config /opt/stack/cinder/cinder/volume/drivers/quobyte.py:665}}
Aug 19 17:22:37 devstack cinder-volume[94153]: DEBUG cinder.volume.drivers.quobyte [None req-d4c5a8ea-b602-4dc9-99bf-4eae1e92c04c tempest-DeleteServersTestJSON-1182134103 None] Available shares ['osci02.corp.quobyte.com/cinder-vol-047918de-4c21-42bf-abe6-2647ca7df42d'] {{(pid=94153) _ensure_shares_mounted /opt/stack/cinder/cinder/volume/drivers/quobyte.py:695}}
Aug 19 17:22:37 devstack cinder-volume[94153]: DEBUG oslo_concurrency.lockutils [None req-d4c5a8ea-b602-4dc9-99bf-4eae1e92c04c tempest-DeleteServersTestJSON-1182134103 None] Lock "quobyte_ensure" "released" by "cinder.volume.drivers.quobyte.QuobyteDriver._ensure_shares_mounted" :: held 0.010s {{(pid=94153) inner /opt/stack/data/venv/lib/python3.12/site-packages/oslo_concurrency/lockutils.py:544}}
Aug 19 17:22:37 devstack cinder-volume[94153]: DEBUG oslo_concurrency.processutils [None req-d4c5a8ea-b602-4dc9-99bf-4eae1e92c04c tempest-DeleteServersTestJSON-1182134103 None] Running cmd (subprocess): sudo cinder-rootwrap /etc/cinder/rootwrap.conf df --portability --block-size 1 /opt/stack/data/cinder/mnt/d54cca7bbd6a794e0089170d44fed99c {{(pid=94153) execute /opt/stack/data/venv/lib/python3.12/site-packages/oslo_concurrency/processutils.py:440}}
Aug 19 17:22:37 devstack sudo[97556]: quobyte : PWD=/ ; USER=root ; COMMAND=/opt/stack/data/venv/bin/cinder-rootwrap /etc/cinder/rootwrap.conf df --portability --block-size 1 /opt/stack/data/cinder/mnt/d54cca7bbd6a794e0089170d44fed99c
Aug 19 17:22:37 devstack sudo[97556]: pam_unix(sudo:session): session opened for user root(uid=0) by (uid=1000)
Aug 19 17:22:37 devstack sudo[97553]: pam_unix(sudo:session): session closed for user root
Aug 19 17:22:37 devstack cinder-volume[94153]: DEBUG oslo_concurrency.processutils [None req-0d8964f2-553c-407e-b88e-9b0e47dfe5f5 tempest-SnapshotsActionsTest-1058199867 None] CMD "/opt/stack/data/venv/bin/python3.12 -m oslo_concurrency.prlimit --as=1073741824 --cpu=60 -- sudo cinder-rootwrap /etc/cinder/rootwrap.conf env LC_ALL=C qemu-img info -f qcow2 --output=json --force-share /opt/stack/data/cinder/mnt/d54cca7bbd6a794e0089170d44fed99c/volume-04eb65b2-1dd4-41df-8235-95ee05b25867.ef16bd47-756a-496c-bdb6-39c21da5abc8" returned: 0 in 0.471s {{(pid=94153) execute /opt/stack/data/venv/lib/python3.12/site-packages/oslo_concurrency/processutils.py:468}}
Aug 19 17:22:37 devstack cinder-volume[94153]: DEBUG cinder.volume.drivers.remotefs [None req-0d8964f2-553c-407e-b88e-9b0e47dfe5f5 tempest-SnapshotsActionsTest-1058199867 None] Fetching qemu-img info with special backing_file_template: (/opt/stack/data/cinder/mnt/[0-9a-f]+/)?(volume-04eb65b2-1dd4-41df-8235-95ee05b25867(.(tmp-snap-)?[0-9a-f-]+)?|volume_from_snapshot_cache/(tmp-snap-)?[0-9a-f-]+(.(child-|parent-)[0-9a-f-]+)?)$ {{(pid=94153) _qemu_img_info_base /opt/stack/cinder/cinder/volume/drivers/remotefs.py:896}}
Aug 19 17:22:37 devstack cinder-volume[94153]: DEBUG oslo_concurrency.processutils [None req-0d8964f2-553c-407e-b88e-9b0e47dfe5f5 tempest-SnapshotsActionsTest-1058199867 None] Running cmd (subprocess): sudo cinder-rootwrap /etc/cinder/rootwrap.conf qemu-img create -f qcow2 -o backing_file=/opt/stack/data/cinder/mnt/d54cca7bbd6a794e0089170d44fed99c/volume-04eb65b2-1dd4-41df-8235-95ee05b25867.ef16bd47-756a-496c-bdb6-39c21da5abc8,backing_fmt=qcow2 /opt/stack/data/cinder/mnt/d54cca7bbd6a794e0089170d44fed99c/volume-04eb65b2-1dd4-41df-8235-95ee05b25867.70ab537d-dfa0-402a-a1c3-a9dc95db48d1 1G {{(pid=94153) execute /opt/stack/data/venv/lib/python3.12/site-packages/oslo_concurrency/processutils.py:440}}
Aug 19 17:22:37 devstack sudo[97562]: quobyte : PWD=/ ; USER=root ; COMMAND=/opt/stack/data/venv/bin/cinder-rootwrap /etc/cinder/rootwrap.conf qemu-img create -f qcow2 -o backing_file=/opt/stack/data/cinder/mnt/d54cca7bbd6a794e0089170d44fed99c/volume-04eb65b2-1dd4-41df-8235-95ee05b25867.ef16bd47-756a-496c-bdb6-39c21da5abc8,backing_fmt=qcow2 /opt/stack/data/cinder/mnt/d54cca7bbd6a794e0089170d44fed99c/volume-04eb65b2-1dd4-41df-8235-95ee05b25867.70ab537d-dfa0-402a-a1c3-a9dc95db48d1 1G
Aug 19 17:22:37 devstack sudo[97562]: pam_unix(sudo:session): session opened for user root(uid=0) by (uid=1000)
Aug 19 17:22:37 devstack sudo[97556]: pam_unix(sudo:session): session closed for user root
Aug 19 17:22:37 devstack cinder-volume[94153]: DEBUG oslo_concurrency.processutils [None req-d4c5a8ea-b602-4dc9-99bf-4eae1e92c04c tempest-DeleteServersTestJSON-1182134103 None] CMD "sudo cinder-rootwrap /etc/cinder/rootwrap.conf df --portability --block-size 1 /opt/stack/data/cinder/mnt/d54cca7bbd6a794e0089170d44fed99c" returned: 0 in 0.304s {{(pid=94153) execute /opt/stack/data/venv/lib/python3.12/site-packages/oslo_concurrency/processutils.py:468}}
Aug 19 17:22:37 devstack cinder-volume[94153]: DEBUG cinder.manager [None req-d4c5a8ea-b602-4dc9-99bf-4eae1e92c04c tempest-DeleteServersTestJSON-1182134103 None] Notifying Schedulers of capabilities ... {{(pid=94153) _publish_service_capabilities /opt/stack/cinder/cinder/manager.py:219}}
Aug 19 17:22:37 devstack cinder-volume[94153]: INFO cinder.volume.manager [None req-d4c5a8ea-b602-4dc9-99bf-4eae1e92c04c tempest-DeleteServersTestJSON-1182134103 None] Deleted volume successfully.
Aug 19 17:22:37 devstack cinder-volume[94153]: DEBUG cinder.coordination [None req-d4c5a8ea-b602-4dc9-99bf-4eae1e92c04c tempest-DeleteServersTestJSON-1182134103 None] Lock "cinder-f5cb4c2e-1323-4097-9253-56f7c154b684-delete_volume" released by "delete_volume" :: held 1.493s {{(pid=94153) __release /opt/stack/cinder/cinder/coordination.py:152}}
Aug 19 17:22:37 devstack sudo[97562]: pam_unix(sudo:session): session closed for user root
Aug 19 17:22:37 devstack cinder-volume[94153]: DEBUG oslo_concurrency.processutils [None req-0d8964f2-553c-407e-b88e-9b0e47dfe5f5 tempest-SnapshotsActionsTest-1058199867 None] CMD "sudo cinder-rootwrap /etc/cinder/rootwrap.conf qemu-img create -f qcow2 -o backing_file=/opt/stack/data/cinder/mnt/d54cca7bbd6a794e0089170d44fed99c/volume-04eb65b2-1dd4-41df-8235-95ee05b25867.ef16bd47-756a-496c-bdb6-39c21da5abc8,backing_fmt=qcow2 /opt/stack/data/cinder/mnt/d54cca7bbd6a794e0089170d44fed99c/volume-04eb65b2-1dd4-41df-8235-95ee05b25867.70ab537d-dfa0-402a-a1c3-a9dc95db48d1 1G" returned: 0 in 0.554s {{(pid=94153) execute /opt/stack/data/venv/lib/python3.12/site-packages/oslo_concurrency/processutils.py:468}}
Aug 19 17:22:37 devstack cinder-volume[94153]: DEBUG oslo_concurrency.processutils [None req-0d8964f2-553c-407e-b88e-9b0e47dfe5f5 tempest-SnapshotsActionsTest-1058199867 None] Running cmd (subprocess): sudo cinder-rootwrap /etc/cinder/rootwrap.conf qemu-img rebase -u -b volume-04eb65b2-1dd4-41df-8235-95ee05b25867.ef16bd47-756a-496c-bdb6-39c21da5abc8 -F qcow2 /opt/stack/data/cinder/mnt/d54cca7bbd6a794e0089170d44fed99c/volume-04eb65b2-1dd4-41df-8235-95ee05b25867.70ab537d-dfa0-402a-a1c3-a9dc95db48d1 {{(pid=94153) execute /opt/stack/data/venv/lib/python3.12/site-packages/oslo_concurrency/processutils.py:440}}
Aug 19 17:22:37 devstack sudo[97569]: quobyte : PWD=/ ; USER=root ; COMMAND=/opt/stack/data/venv/bin/cinder-rootwrap /etc/cinder/rootwrap.conf qemu-img rebase -u -b volume-04eb65b2-1dd4-41df-8235-95ee05b25867.ef16bd47-756a-496c-bdb6-39c21da5abc8 -F qcow2 /opt/stack/data/cinder/mnt/d54cca7bbd6a794e0089170d44fed99c/volume-04eb65b2-1dd4-41df-8235-95ee05b25867.70ab537d-dfa0-402a-a1c3-a9dc95db48d1
Aug 19 17:22:37 devstack sudo[97569]: pam_unix(sudo:session): session opened for user root(uid=0) by (uid=1000)
Aug 19 17:22:38 devstack sudo[97569]: pam_unix(sudo:session): session closed for user root
Aug 19 17:22:38 devstack cinder-volume[94153]: DEBUG oslo_concurrency.processutils [None req-0d8964f2-553c-407e-b88e-9b0e47dfe5f5 tempest-SnapshotsActionsTest-1058199867 None] CMD "sudo cinder-rootwrap /etc/cinder/rootwrap.conf qemu-img rebase -u -b volume-04eb65b2-1dd4-41df-8235-95ee05b25867.ef16bd47-756a-496c-bdb6-39c21da5abc8 -F qcow2 /opt/stack/data/cinder/mnt/d54cca7bbd6a794e0089170d44fed99c/volume-04eb65b2-1dd4-41df-8235-95ee05b25867.70ab537d-dfa0-402a-a1c3-a9dc95db48d1" returned: 0 in 0.369s {{(pid=94153) execute /opt/stack/data/venv/lib/python3.12/site-packages/oslo_concurrency/processutils.py:468}}
Aug 19 17:22:38 devstack cinder-volume[94153]: WARNING cinder.volume.drivers.remotefs [None req-0d8964f2-553c-407e-b88e-9b0e47dfe5f5 tempest-SnapshotsActionsTest-1058199867 None] /opt/stack/data/cinder/mnt/d54cca7bbd6a794e0089170d44fed99c/volume-04eb65b2-1dd4-41df-8235-95ee05b25867.70ab537d-dfa0-402a-a1c3-a9dc95db48d1 is being set with open permissions: ugo+rw
Aug 19 17:22:38 devstack cinder-volume[94153]: DEBUG oslo_concurrency.processutils [None req-0d8964f2-553c-407e-b88e-9b0e47dfe5f5 tempest-SnapshotsActionsTest-1058199867 None] Running cmd (subprocess): sudo cinder-rootwrap /etc/cinder/rootwrap.conf chmod ugo+rw /opt/stack/data/cinder/mnt/d54cca7bbd6a794e0089170d44fed99c/volume-04eb65b2-1dd4-41df-8235-95ee05b25867.70ab537d-dfa0-402a-a1c3-a9dc95db48d1 {{(pid=94153) execute /opt/stack/data/venv/lib/python3.12/site-packages/oslo_concurrency/processutils.py:440}}
Aug 19 17:22:38 devstack sudo[97574]: quobyte : PWD=/ ; USER=root ; COMMAND=/opt/stack/data/venv/bin/cinder-rootwrap /etc/cinder/rootwrap.conf chmod ugo+rw /opt/stack/data/cinder/mnt/d54cca7bbd6a794e0089170d44fed99c/volume-04eb65b2-1dd4-41df-8235-95ee05b25867.70ab537d-dfa0-402a-a1c3-a9dc95db48d1
Aug 19 17:22:38 devstack sudo[97574]: pam_unix(sudo:session): session opened for user root(uid=0) by (uid=1000)
Aug 19 17:22:38 devstack sudo[97574]: pam_unix(sudo:session): session closed for user root
Aug 19 17:22:38 devstack cinder-volume[94153]: DEBUG oslo_concurrency.processutils [None req-0d8964f2-553c-407e-b88e-9b0e47dfe5f5 tempest-SnapshotsActionsTest-1058199867 None] CMD "sudo cinder-rootwrap /etc/cinder/rootwrap.conf chmod ugo+rw /opt/stack/data/cinder/mnt/d54cca7bbd6a794e0089170d44fed99c/volume-04eb65b2-1dd4-41df-8235-95ee05b25867.70ab537d-dfa0-402a-a1c3-a9dc95db48d1" returned: 0 in 0.264s {{(pid=94153) execute /opt/stack/data/venv/lib/python3.12/site-packages/oslo_concurrency/processutils.py:468}}
Aug 19 17:22:38 devstack cinder-volume[94153]: DEBUG oslo_concurrency.lockutils [None req-0d8964f2-553c-407e-b88e-9b0e47dfe5f5 tempest-SnapshotsActionsTest-1058199867 None] Lock "quobyte" "released" by "cinder.volume.drivers.quobyte.QuobyteDriver.create_snapshot" :: held 1.802s {{(pid=94153) inner /opt/stack/data/venv/lib/python3.12/site-packages/oslo_concurrency/lockutils.py:544}}
Aug 19 17:22:38 devstack cinder-volume[94153]: INFO cinder.volume.manager [None req-0d8964f2-553c-407e-b88e-9b0e47dfe5f5 tempest-SnapshotsActionsTest-1058199867 None] Create snapshot completed successfully
Aug 19 17:22:38 devstack cinder-volume[94153]: DEBUG cinder.coordination [None req-f9be0f12-cc73-44c8-a39c-14750c5876fd tempest-SnapshotsActionsTest-1375467054 None] Acquiring lock "cinder-70ab537d-dfa0-402a-a1c3-a9dc95db48d1-delete_snapshot" by "delete_snapshot" {{(pid=94153) __acquire /opt/stack/cinder/cinder/coordination.py:138}}
Aug 19 17:22:38 devstack cinder-volume[94153]: DEBUG cinder.coordination [None req-f9be0f12-cc73-44c8-a39c-14750c5876fd tempest-SnapshotsActionsTest-1375467054 None] Lock "cinder-70ab537d-dfa0-402a-a1c3-a9dc95db48d1-delete_snapshot" acquired by "delete_snapshot" :: waited 0.043s {{(pid=94153) __acquire /opt/stack/cinder/cinder/coordination.py:141}}
Aug 19 17:22:38 devstack cinder-volume[94153]: DEBUG cinder.coordination [None req-f9be0f12-cc73-44c8-a39c-14750c5876fd tempest-SnapshotsActionsTest-1375467054 None] Acquiring lock "cinder-quobyte-04eb65b2-1dd4-41df-8235-95ee05b25867" by "delete_snapshot" {{(pid=94153) __acquire /opt/stack/cinder/cinder/coordination.py:138}}
Aug 19 17:22:39 devstack cinder-volume[94153]: DEBUG cinder.coordination [None req-f9be0f12-cc73-44c8-a39c-14750c5876fd tempest-SnapshotsActionsTest-1375467054 None] Lock "cinder-quobyte-04eb65b2-1dd4-41df-8235-95ee05b25867" acquired by "delete_snapshot" :: waited 0.032s {{(pid=94153) __acquire /opt/stack/cinder/cinder/coordination.py:141}}
Aug 19 17:22:39 devstack cinder-volume[94153]: DEBUG cinder.coordination [None req-f9be0f12-cc73-44c8-a39c-14750c5876fd tempest-SnapshotsActionsTest-1375467054 None] Acquiring lock "cinder-quobyte-70ab537d-dfa0-402a-a1c3-a9dc95db48d1" by "_delete_snapshot" {{(pid=94153) __acquire /opt/stack/cinder/cinder/coordination.py:138}}
Aug 19 17:22:39 devstack cinder-volume[94153]: DEBUG cinder.coordination [None req-f9be0f12-cc73-44c8-a39c-14750c5876fd tempest-SnapshotsActionsTest-1375467054 None] Lock "cinder-quobyte-70ab537d-dfa0-402a-a1c3-a9dc95db48d1" acquired by "_delete_snapshot" :: waited 0.027s {{(pid=94153) __acquire /opt/stack/cinder/cinder/coordination.py:141}}
Aug 19 17:22:39 devstack cinder-volume[94153]: DEBUG cinder.volume.drivers.remotefs [None req-f9be0f12-cc73-44c8-a39c-14750c5876fd tempest-SnapshotsActionsTest-1375467054 None] Deleting offline snapshot 70ab537d-dfa0-402a-a1c3-a9dc95db48d1 of volume 04eb65b2-1dd4-41df-8235-95ee05b25867 {{(pid=94153) _delete_snapshot /opt/stack/cinder/cinder/volume/drivers/remotefs.py:1288}}
Aug 19 17:22:39 devstack cinder-volume[94153]: DEBUG cinder.volume.drivers.remotefs [None req-f9be0f12-cc73-44c8-a39c-14750c5876fd tempest-SnapshotsActionsTest-1375467054 None] snapshot_file for this snap is: volume-04eb65b2-1dd4-41df-8235-95ee05b25867.70ab537d-dfa0-402a-a1c3-a9dc95db48d1 {{(pid=94153) _delete_snapshot /opt/stack/cinder/cinder/volume/drivers/remotefs.py:1317}}
Aug 19 17:22:39 devstack cinder-volume[94153]: DEBUG oslo.privsep.daemon [-] privsep: reply[67655193-b970-4cac-8324-d6ee21402b5f]: (4, 'qcow2') {{(pid=95366) _call_back /opt/stack/data/venv/lib/python3.12/site-packages/oslo_privsep/daemon.py:580}}
Aug 19 17:22:39 devstack cinder-volume[94153]: DEBUG oslo_concurrency.processutils [None req-f9be0f12-cc73-44c8-a39c-14750c5876fd tempest-SnapshotsActionsTest-1375467054 None] Running cmd (subprocess): /opt/stack/data/venv/bin/python3.12 -m oslo_concurrency.prlimit --as=1073741824 --cpu=60 -- sudo cinder-rootwrap /etc/cinder/rootwrap.conf env LC_ALL=C qemu-img info -f qcow2 --output=json --force-share /opt/stack/data/cinder/mnt/d54cca7bbd6a794e0089170d44fed99c/volume-04eb65b2-1dd4-41df-8235-95ee05b25867.70ab537d-dfa0-402a-a1c3-a9dc95db48d1 {{(pid=94153) execute /opt/stack/data/venv/lib/python3.12/site-packages/oslo_concurrency/processutils.py:440}}
Aug 19 17:22:39 devstack sudo[97579]: quobyte : PWD=/ ; USER=root ; COMMAND=/opt/stack/data/venv/bin/cinder-rootwrap /etc/cinder/rootwrap.conf env LC_ALL=C qemu-img info -f qcow2 --output=json --force-share /opt/stack/data/cinder/mnt/d54cca7bbd6a794e0089170d44fed99c/volume-04eb65b2-1dd4-41df-8235-95ee05b25867.70ab537d-dfa0-402a-a1c3-a9dc95db48d1
Aug 19 17:22:39 devstack sudo[97579]: pam_unix(sudo:session): session opened for user root(uid=0) by (uid=1000)
Aug 19 17:22:39 devstack sudo[97579]: pam_unix(sudo:session): session closed for user root
Aug 19 17:22:39 devstack cinder-volume[94153]: DEBUG oslo_concurrency.processutils [None req-f9be0f12-cc73-44c8-a39c-14750c5876fd tempest-SnapshotsActionsTest-1375467054 None] CMD "/opt/stack/data/venv/bin/python3.12 -m oslo_concurrency.prlimit --as=1073741824 --cpu=60 -- sudo cinder-rootwrap /etc/cinder/rootwrap.conf env LC_ALL=C qemu-img info -f qcow2 --output=json --force-share /opt/stack/data/cinder/mnt/d54cca7bbd6a794e0089170d44fed99c/volume-04eb65b2-1dd4-41df-8235-95ee05b25867.70ab537d-dfa0-402a-a1c3-a9dc95db48d1" returned: 0 in 0.412s {{(pid=94153) execute /opt/stack/data/venv/lib/python3.12/site-packages/oslo_concurrency/processutils.py:468}}
Aug 19 17:22:39 devstack cinder-volume[94153]: DEBUG cinder.volume.drivers.remotefs [None req-f9be0f12-cc73-44c8-a39c-14750c5876fd tempest-SnapshotsActionsTest-1375467054 None] Fetching qemu-img info with special backing_file_template: (/opt/stack/data/cinder/mnt/[0-9a-f]+/)?(volume-04eb65b2-1dd4-41df-8235-95ee05b25867(.(tmp-snap-)?[0-9a-f-]+)?|volume_from_snapshot_cache/(tmp-snap-)?[0-9a-f-]+(.(child-|parent-)[0-9a-f-]+)?)$ {{(pid=94153) _qemu_img_info_base /opt/stack/cinder/cinder/volume/drivers/remotefs.py:896}}
Aug 19 17:22:39 devstack cinder-volume[94153]: DEBUG oslo.privsep.daemon [-] privsep: reply[bcbf65bc-8337-40c4-aa32-edb1f82cb64d]: (4, 'qcow2') {{(pid=95366) _call_back /opt/stack/data/venv/lib/python3.12/site-packages/oslo_privsep/daemon.py:580}}
Aug 19 17:22:39 devstack cinder-volume[94153]: DEBUG oslo_concurrency.processutils [None req-f9be0f12-cc73-44c8-a39c-14750c5876fd tempest-SnapshotsActionsTest-1375467054 None] Running cmd (subprocess): /opt/stack/data/venv/bin/python3.12 -m oslo_concurrency.prlimit --as=1073741824 --cpu=60 -- sudo cinder-rootwrap /etc/cinder/rootwrap.conf env LC_ALL=C qemu-img info -f qcow2 --output=json --force-share /opt/stack/data/cinder/mnt/d54cca7bbd6a794e0089170d44fed99c/volume-04eb65b2-1dd4-41df-8235-95ee05b25867.ef16bd47-756a-496c-bdb6-39c21da5abc8 {{(pid=94153) execute /opt/stack/data/venv/lib/python3.12/site-packages/oslo_concurrency/processutils.py:440}}
Aug 19 17:22:39 devstack sudo[97584]: quobyte : PWD=/ ; USER=root ; COMMAND=/opt/stack/data/venv/bin/cinder-rootwrap /etc/cinder/rootwrap.conf env LC_ALL=C qemu-img info -f qcow2 --output=json --force-share /opt/stack/data/cinder/mnt/d54cca7bbd6a794e0089170d44fed99c/volume-04eb65b2-1dd4-41df-8235-95ee05b25867.ef16bd47-756a-496c-bdb6-39c21da5abc8
Aug 19 17:22:39 devstack sudo[97584]: pam_unix(sudo:session): session opened for user root(uid=0) by (uid=1000)
Aug 19 17:22:39 devstack sudo[97584]: pam_unix(sudo:session): session closed for user root
Aug 19 17:22:39 devstack cinder-volume[94153]: DEBUG oslo_concurrency.processutils [None req-f9be0f12-cc73-44c8-a39c-14750c5876fd tempest-SnapshotsActionsTest-1375467054 None] CMD "/opt/stack/data/venv/bin/python3.12 -m oslo_concurrency.prlimit --as=1073741824 --cpu=60 -- sudo cinder-rootwrap /etc/cinder/rootwrap.conf env LC_ALL=C qemu-img info -f qcow2 --output=json --force-share /opt/stack/data/cinder/mnt/d54cca7bbd6a794e0089170d44fed99c/volume-04eb65b2-1dd4-41df-8235-95ee05b25867.ef16bd47-756a-496c-bdb6-39c21da5abc8" returned: 0 in 0.407s {{(pid=94153) execute /opt/stack/data/venv/lib/python3.12/site-packages/oslo_concurrency/processutils.py:468}}
Aug 19 17:22:39 devstack cinder-volume[94153]: DEBUG cinder.volume.drivers.remotefs [None req-f9be0f12-cc73-44c8-a39c-14750c5876fd tempest-SnapshotsActionsTest-1375467054 None] Fetching qemu-img info with special backing_file_template: (/opt/stack/data/cinder/mnt/[0-9a-f]+/)?(volume-04eb65b2-1dd4-41df-8235-95ee05b25867(.(tmp-snap-)?[0-9a-f-]+)?|volume_from_snapshot_cache/(tmp-snap-)?[0-9a-f-]+(.(child-|parent-)[0-9a-f-]+)?)$ {{(pid=94153) _qemu_img_info_base /opt/stack/cinder/cinder/volume/drivers/remotefs.py:896}}
Aug 19 17:22:39 devstack cinder-volume[94153]: DEBUG oslo_concurrency.processutils [None req-f9be0f12-cc73-44c8-a39c-14750c5876fd tempest-SnapshotsActionsTest-1375467054 None] Running cmd (subprocess): sudo cinder-rootwrap /etc/cinder/rootwrap.conf qemu-img commit -d /opt/stack/data/cinder/mnt/d54cca7bbd6a794e0089170d44fed99c/volume-04eb65b2-1dd4-41df-8235-95ee05b25867.70ab537d-dfa0-402a-a1c3-a9dc95db48d1 {{(pid=94153) execute /opt/stack/data/venv/lib/python3.12/site-packages/oslo_concurrency/processutils.py:440}}
Aug 19 17:22:39 devstack sudo[97589]: quobyte : PWD=/ ; USER=root ; COMMAND=/opt/stack/data/venv/bin/cinder-rootwrap /etc/cinder/rootwrap.conf qemu-img commit -d /opt/stack/data/cinder/mnt/d54cca7bbd6a794e0089170d44fed99c/volume-04eb65b2-1dd4-41df-8235-95ee05b25867.70ab537d-dfa0-402a-a1c3-a9dc95db48d1
Aug 19 17:22:39 devstack sudo[97589]: pam_unix(sudo:session): session opened for user root(uid=0) by (uid=1000)
Aug 19 17:22:40 devstack sudo[97589]: pam_unix(sudo:session): session closed for user root
Aug 19 17:22:40 devstack cinder-volume[94153]: DEBUG oslo_concurrency.processutils [None req-f9be0f12-cc73-44c8-a39c-14750c5876fd tempest-SnapshotsActionsTest-1375467054 None] CMD "sudo cinder-rootwrap /etc/cinder/rootwrap.conf qemu-img commit -d /opt/stack/data/cinder/mnt/d54cca7bbd6a794e0089170d44fed99c/volume-04eb65b2-1dd4-41df-8235-95ee05b25867.70ab537d-dfa0-402a-a1c3-a9dc95db48d1" returned: 0 in 0.494s {{(pid=94153) execute /opt/stack/data/venv/lib/python3.12/site-packages/oslo_concurrency/processutils.py:468}}
Aug 19 17:22:40 devstack cinder-volume[94153]: DEBUG oslo_concurrency.processutils [None req-f9be0f12-cc73-44c8-a39c-14750c5876fd tempest-SnapshotsActionsTest-1375467054 None] Running cmd (subprocess): sudo cinder-rootwrap /etc/cinder/rootwrap.conf rm -f /opt/stack/data/cinder/mnt/d54cca7bbd6a794e0089170d44fed99c/volume-04eb65b2-1dd4-41df-8235-95ee05b25867.70ab537d-dfa0-402a-a1c3-a9dc95db48d1 {{(pid=94153) execute /opt/stack/data/venv/lib/python3.12/site-packages/oslo_concurrency/processutils.py:440}}
Aug 19 17:22:40 devstack sudo[97594]: quobyte : PWD=/ ; USER=root ; COMMAND=/opt/stack/data/venv/bin/cinder-rootwrap /etc/cinder/rootwrap.conf rm -f /opt/stack/data/cinder/mnt/d54cca7bbd6a794e0089170d44fed99c/volume-04eb65b2-1dd4-41df-8235-95ee05b25867.70ab537d-dfa0-402a-a1c3-a9dc95db48d1
Aug 19 17:22:40 devstack sudo[97594]: pam_unix(sudo:session): session opened for user root(uid=0) by (uid=1000)
Aug 19 17:22:40 devstack sudo[97594]: pam_unix(sudo:session): session closed for user root
Aug 19 17:22:40 devstack cinder-volume[94153]: DEBUG oslo_concurrency.processutils [None req-f9be0f12-cc73-44c8-a39c-14750c5876fd tempest-SnapshotsActionsTest-1375467054 None] CMD "sudo cinder-rootwrap /etc/cinder/rootwrap.conf rm -f /opt/stack/data/cinder/mnt/d54cca7bbd6a794e0089170d44fed99c/volume-04eb65b2-1dd4-41df-8235-95ee05b25867.70ab537d-dfa0-402a-a1c3-a9dc95db48d1" returned: 0 in 0.255s {{(pid=94153) execute /opt/stack/data/venv/lib/python3.12/site-packages/oslo_concurrency/processutils.py:468}}
Aug 19 17:22:40 devstack cinder-volume[94153]: DEBUG cinder.coordination [None req-f9be0f12-cc73-44c8-a39c-14750c5876fd tempest-SnapshotsActionsTest-1375467054 None] Lock "cinder-quobyte-70ab537d-dfa0-402a-a1c3-a9dc95db48d1" released by "_delete_snapshot" :: held 1.687s {{(pid=94153) __release /opt/stack/cinder/cinder/coordination.py:152}}
Aug 19 17:22:40 devstack cinder-volume[94153]: DEBUG cinder.coordination [None req-f9be0f12-cc73-44c8-a39c-14750c5876fd tempest-SnapshotsActionsTest-1375467054 None] Lock "cinder-quobyte-04eb65b2-1dd4-41df-8235-95ee05b25867" released by "delete_snapshot" :: held 1.722s {{(pid=94153) __release /opt/stack/cinder/cinder/coordination.py:152}}
Aug 19 17:22:40 devstack cinder-volume[94153]: DEBUG cinder.quota [None req-f9be0f12-cc73-44c8-a39c-14750c5876fd tempest-SnapshotsActionsTest-1375467054 None] Created reservations ['ff5d2453-202d-49cf-8fb1-4a56630c1b01', '2bd44c71-07b2-4e3b-8281-6196245ffe6e', '41ab4678-af28-49d3-921d-6644d4819fcc', 'bc07f650-83e7-412d-9e15-dc3d9f2b6648'] {{(pid=94153) reserve /opt/stack/cinder/cinder/quota.py:752}}
Aug 19 17:22:40 devstack cinder-volume[94153]: INFO cinder.volume.manager [None req-f9be0f12-cc73-44c8-a39c-14750c5876fd tempest-SnapshotsActionsTest-1375467054 None] Delete snapshot completed successfully.
Aug 19 17:22:40 devstack cinder-volume[94153]: DEBUG cinder.coordination [None req-f9be0f12-cc73-44c8-a39c-14750c5876fd tempest-SnapshotsActionsTest-1375467054 None] Lock "cinder-70ab537d-dfa0-402a-a1c3-a9dc95db48d1-delete_snapshot" released by "delete_snapshot" :: held 1.902s {{(pid=94153) __release /opt/stack/cinder/cinder/coordination.py:152}}
Aug 19 17:22:41 devstack cinder-volume[94153]: DEBUG oslo_concurrency.lockutils [None req-91f831ca-251b-49f9-9708-2b949a404840 tempest-SnapshotsActionsTest-1058199867 None] Acquiring lock "quobyte" by "cinder.volume.drivers.quobyte.QuobyteDriver.create_snapshot" {{(pid=94153) inner /opt/stack/data/venv/lib/python3.12/site-packages/oslo_concurrency/lockutils.py:512}}
Aug 19 17:22:41 devstack cinder-volume[94153]: DEBUG oslo_concurrency.lockutils [None req-91f831ca-251b-49f9-9708-2b949a404840 tempest-SnapshotsActionsTest-1058199867 None] Lock "quobyte" acquired by "cinder.volume.drivers.quobyte.QuobyteDriver.create_snapshot" :: waited 0.001s {{(pid=94153) inner /opt/stack/data/venv/lib/python3.12/site-packages/oslo_concurrency/lockutils.py:525}}
Aug 19 17:22:41 devstack cinder-volume[94153]: DEBUG cinder.volume.drivers.remotefs [None req-91f831ca-251b-49f9-9708-2b949a404840 tempest-SnapshotsActionsTest-1058199867 None] Creating offline snapshot fd8e9189-27d6-4e81-a843-335fa01c18d7 of volume 04eb65b2-1dd4-41df-8235-95ee05b25867 {{(pid=94153) _create_snapshot /opt/stack/cinder/cinder/volume/drivers/remotefs.py:1816}}
Aug 19 17:22:41 devstack cinder-volume[94153]: DEBUG oslo.privsep.daemon [-] privsep: reply[0c404d3f-2f3c-4e7c-9ced-ccf1ba891aca]: (4, 'qcow2') {{(pid=95366) _call_back /opt/stack/data/venv/lib/python3.12/site-packages/oslo_privsep/daemon.py:580}}
Aug 19 17:22:41 devstack cinder-volume[94153]: DEBUG oslo_concurrency.processutils [None req-91f831ca-251b-49f9-9708-2b949a404840 tempest-SnapshotsActionsTest-1058199867 None] Running cmd (subprocess): /opt/stack/data/venv/bin/python3.12 -m oslo_concurrency.prlimit --as=1073741824 --cpu=60 -- sudo cinder-rootwrap /etc/cinder/rootwrap.conf env LC_ALL=C qemu-img info -f qcow2 --output=json --force-share /opt/stack/data/cinder/mnt/d54cca7bbd6a794e0089170d44fed99c/volume-04eb65b2-1dd4-41df-8235-95ee05b25867.ef16bd47-756a-496c-bdb6-39c21da5abc8 {{(pid=94153) execute /opt/stack/data/venv/lib/python3.12/site-packages/oslo_concurrency/processutils.py:440}}
Aug 19 17:22:41 devstack sudo[97598]: quobyte : PWD=/ ; USER=root ; COMMAND=/opt/stack/data/venv/bin/cinder-rootwrap /etc/cinder/rootwrap.conf env LC_ALL=C qemu-img info -f qcow2 --output=json --force-share /opt/stack/data/cinder/mnt/d54cca7bbd6a794e0089170d44fed99c/volume-04eb65b2-1dd4-41df-8235-95ee05b25867.ef16bd47-756a-496c-bdb6-39c21da5abc8
Aug 19 17:22:41 devstack sudo[97598]: pam_unix(sudo:session): session opened for user root(uid=0) by (uid=1000)
Aug 19 17:22:42 devstack sudo[97598]: pam_unix(sudo:session): session closed for user root
Aug 19 17:22:42 devstack cinder-volume[94153]: DEBUG oslo_concurrency.processutils [None req-91f831ca-251b-49f9-9708-2b949a404840 tempest-SnapshotsActionsTest-1058199867 None] CMD "/opt/stack/data/venv/bin/python3.12 -m oslo_concurrency.prlimit --as=1073741824 --cpu=60 -- sudo cinder-rootwrap /etc/cinder/rootwrap.conf env LC_ALL=C qemu-img info -f qcow2 --output=json --force-share /opt/stack/data/cinder/mnt/d54cca7bbd6a794e0089170d44fed99c/volume-04eb65b2-1dd4-41df-8235-95ee05b25867.ef16bd47-756a-496c-bdb6-39c21da5abc8" returned: 0 in 0.466s {{(pid=94153) execute /opt/stack/data/venv/lib/python3.12/site-packages/oslo_concurrency/processutils.py:468}}
Aug 19 17:22:42 devstack cinder-volume[94153]: DEBUG cinder.volume.drivers.remotefs [None req-91f831ca-251b-49f9-9708-2b949a404840 tempest-SnapshotsActionsTest-1058199867 None] Fetching qemu-img info with special backing_file_template: (/opt/stack/data/cinder/mnt/[0-9a-f]+/)?(volume-04eb65b2-1dd4-41df-8235-95ee05b25867(.(tmp-snap-)?[0-9a-f-]+)?|volume_from_snapshot_cache/(tmp-snap-)?[0-9a-f-]+(.(child-|parent-)[0-9a-f-]+)?)$ {{(pid=94153) _qemu_img_info_base /opt/stack/cinder/cinder/volume/drivers/remotefs.py:896}}
Aug 19 17:22:42 devstack cinder-volume[94153]: DEBUG oslo_concurrency.processutils [None req-91f831ca-251b-49f9-9708-2b949a404840 tempest-SnapshotsActionsTest-1058199867 None] Running cmd (subprocess): sudo cinder-rootwrap /etc/cinder/rootwrap.conf qemu-img create -f qcow2 -o backing_file=/opt/stack/data/cinder/mnt/d54cca7bbd6a794e0089170d44fed99c/volume-04eb65b2-1dd4-41df-8235-95ee05b25867.ef16bd47-756a-496c-bdb6-39c21da5abc8,backing_fmt=qcow2 /opt/stack/data/cinder/mnt/d54cca7bbd6a794e0089170d44fed99c/volume-04eb65b2-1dd4-41df-8235-95ee05b25867.fd8e9189-27d6-4e81-a843-335fa01c18d7 1G {{(pid=94153) execute /opt/stack/data/venv/lib/python3.12/site-packages/oslo_concurrency/processutils.py:440}}
Aug 19 17:22:42 devstack sudo[97604]: quobyte : PWD=/ ; USER=root ; COMMAND=/opt/stack/data/venv/bin/cinder-rootwrap /etc/cinder/rootwrap.conf qemu-img create -f qcow2 -o backing_file=/opt/stack/data/cinder/mnt/d54cca7bbd6a794e0089170d44fed99c/volume-04eb65b2-1dd4-41df-8235-95ee05b25867.ef16bd47-756a-496c-bdb6-39c21da5abc8,backing_fmt=qcow2 /opt/stack/data/cinder/mnt/d54cca7bbd6a794e0089170d44fed99c/volume-04eb65b2-1dd4-41df-8235-95ee05b25867.fd8e9189-27d6-4e81-a843-335fa01c18d7 1G
Aug 19 17:22:42 devstack sudo[97604]: pam_unix(sudo:session): session opened for user root(uid=0) by (uid=1000)
Aug 19 17:22:42 devstack sudo[97604]: pam_unix(sudo:session): session closed for user root
Aug 19 17:22:42 devstack cinder-volume[94153]: DEBUG oslo_concurrency.processutils [None req-91f831ca-251b-49f9-9708-2b949a404840 tempest-SnapshotsActionsTest-1058199867 None] CMD "sudo cinder-rootwrap /etc/cinder/rootwrap.conf qemu-img create -f qcow2 -o backing_file=/opt/stack/data/cinder/mnt/d54cca7bbd6a794e0089170d44fed99c/volume-04eb65b2-1dd4-41df-8235-95ee05b25867.ef16bd47-756a-496c-bdb6-39c21da5abc8,backing_fmt=qcow2 /opt/stack/data/cinder/mnt/d54cca7bbd6a794e0089170d44fed99c/volume-04eb65b2-1dd4-41df-8235-95ee05b25867.fd8e9189-27d6-4e81-a843-335fa01c18d7 1G" returned: 0 in 0.591s {{(pid=94153) execute /opt/stack/data/venv/lib/python3.12/site-packages/oslo_concurrency/processutils.py:468}}
Aug 19 17:22:42 devstack cinder-volume[94153]: DEBUG oslo_concurrency.processutils [None req-91f831ca-251b-49f9-9708-2b949a404840 tempest-SnapshotsActionsTest-1058199867 None] Running cmd (subprocess): sudo cinder-rootwrap /etc/cinder/rootwrap.conf qemu-img rebase -u -b volume-04eb65b2-1dd4-41df-8235-95ee05b25867.ef16bd47-756a-496c-bdb6-39c21da5abc8 -F qcow2 /opt/stack/data/cinder/mnt/d54cca7bbd6a794e0089170d44fed99c/volume-04eb65b2-1dd4-41df-8235-95ee05b25867.fd8e9189-27d6-4e81-a843-335fa01c18d7 {{(pid=94153) execute /opt/stack/data/venv/lib/python3.12/site-packages/oslo_concurrency/processutils.py:440}}
Aug 19 17:22:42 devstack sudo[97611]: quobyte : PWD=/ ; USER=root ; COMMAND=/opt/stack/data/venv/bin/cinder-rootwrap /etc/cinder/rootwrap.conf qemu-img rebase -u -b volume-04eb65b2-1dd4-41df-8235-95ee05b25867.ef16bd47-756a-496c-bdb6-39c21da5abc8 -F qcow2 /opt/stack/data/cinder/mnt/d54cca7bbd6a794e0089170d44fed99c/volume-04eb65b2-1dd4-41df-8235-95ee05b25867.fd8e9189-27d6-4e81-a843-335fa01c18d7
Aug 19 17:22:42 devstack sudo[97611]: pam_unix(sudo:session): session opened for user root(uid=0) by (uid=1000)
Aug 19 17:22:43 devstack sudo[97611]: pam_unix(sudo:session): session closed for user root
