Jan 13 18:17:05 devstack cinder-volume[82005]: DEBUG cinder.volume.drivers.quobyte [None req-64777662-a62e-4aec-a7d5-061dfa7d5301 tempest-SnapshotMetadataTestJSON-1533473198 None] Available shares ['osci02.corp.quobyte.com/cinder-vol-81cd5a9f-997a-4c88-b231-ad75b9ac0800'] {{(pid=82005) _ensure_shares_mounted /opt/stack/cinder/cinder/volume/drivers/quobyte.py:641}}
Jan 13 18:17:05 devstack cinder-volume[82005]: DEBUG oslo_concurrency.lockutils [None req-64777662-a62e-4aec-a7d5-061dfa7d5301 tempest-SnapshotMetadataTestJSON-1533473198 None] Lock "quobyte_ensure" "released" by "cinder.volume.drivers.quobyte.QuobyteDriver._ensure_shares_mounted" :: held 0.004s {{(pid=82005) inner /opt/stack/data/venv/lib/python3.10/site-packages/oslo_concurrency/lockutils.py:424}}
Jan 13 18:17:05 devstack cinder-volume[82005]: DEBUG cinder.volume.drivers.quobyte [None req-64777662-a62e-4aec-a7d5-061dfa7d5301 tempest-SnapshotMetadataTestJSON-1533473198 None] Selected osci02.corp.quobyte.com/cinder-vol-81cd5a9f-997a-4c88-b231-ad75b9ac0800 as target Quobyte volume. {{(pid=82005) _find_share /opt/stack/cinder/cinder/volume/drivers/quobyte.py:662}}
Jan 13 18:17:05 devstack cinder-volume[82005]: INFO cinder.volume.drivers.remotefs [None req-64777662-a62e-4aec-a7d5-061dfa7d5301 tempest-SnapshotMetadataTestJSON-1533473198 None] casted to osci02.corp.quobyte.com/cinder-vol-81cd5a9f-997a-4c88-b231-ad75b9ac0800
Jan 13 18:17:05 devstack cinder-volume[82005]: DEBUG oslo_concurrency.processutils [None req-64777662-a62e-4aec-a7d5-061dfa7d5301 tempest-SnapshotMetadataTestJSON-1533473198 None] Running cmd (subprocess): sudo cinder-rootwrap /etc/cinder/rootwrap.conf qemu-img create -f qcow2 -o preallocation=metadata /opt/stack/data/cinder/mnt/314ade8845e731dd6bac3ce701afb959/volume-cb112b0e-48b0-4e03-be07-6177a0bfb643 1073741824 {{(pid=82005) execute /opt/stack/data/venv/lib/python3.10/site-packages/oslo_concurrency/processutils.py:349}}
Jan 13 18:17:05 devstack sudo[93494]: quobyte : PWD=/ ; USER=root ; COMMAND=/opt/stack/data/venv/bin/cinder-rootwrap /etc/cinder/rootwrap.conf qemu-img create -f qcow2 -o preallocation=metadata /opt/stack/data/cinder/mnt/314ade8845e731dd6bac3ce701afb959/volume-cb112b0e-48b0-4e03-be07-6177a0bfb643 1073741824
Jan 13 18:17:05 devstack sudo[93494]: pam_unix(sudo:session): session opened for user root(uid=0) by (uid=1000)
Jan 13 18:17:05 devstack cinder-volume[82005]: WARNING cinder.volume.volume_utils [None req-69aff979-976a-44aa-a7e2-44b046da27a8 tempest-GroupSnapshotsTest-1353871725 None] Volume driver (QuobyteDriver 1.1.13) is currently unsupported and may be removed in the next release of OpenStack. Use at your own risk.
Jan 13 18:17:05 devstack cinder-volume[82005]: DEBUG cinder.coordination [None req-69aff979-976a-44aa-a7e2-44b046da27a8 tempest-GroupSnapshotsTest-1353871725 None] Acquiring lock "cinder-quobyte-6af87eb5-0918-44a5-ba97-50df00ab6a8b" by "delete_volume" {{(pid=82005) __acquire /opt/stack/cinder/cinder/coordination.py:143}}
Jan 13 18:17:05 devstack cinder-volume[82005]: DEBUG cinder.coordination [None req-69aff979-976a-44aa-a7e2-44b046da27a8 tempest-GroupSnapshotsTest-1353871725 None] Lock "cinder-quobyte-6af87eb5-0918-44a5-ba97-50df00ab6a8b" acquired by "delete_volume" :: waited 0.024s {{(pid=82005) __acquire /opt/stack/cinder/cinder/coordination.py:146}}
Jan 13 18:17:05 devstack cinder-volume[82005]: DEBUG oslo.privsep.daemon [-] privsep: reply[60c1e16a-bc0a-42ed-84fc-73d0e94a863b]: (4, 'qcow2') {{(pid=83019) _call_back /opt/stack/data/venv/lib/python3.10/site-packages/oslo_privsep/daemon.py:515}}
Jan 13 18:17:05 devstack cinder-volume[82005]: DEBUG oslo_concurrency.processutils [None req-69aff979-976a-44aa-a7e2-44b046da27a8 tempest-GroupSnapshotsTest-1353871725 None] Running cmd (subprocess): /opt/stack/data/venv/bin/python3.10 -m oslo_concurrency.prlimit --as=1073741824 --cpu=60 -- sudo cinder-rootwrap /etc/cinder/rootwrap.conf env LC_ALL=C qemu-img info -f qcow2 --output=json --force-share /opt/stack/data/cinder/mnt/314ade8845e731dd6bac3ce701afb959/volume-6af87eb5-0918-44a5-ba97-50df00ab6a8b {{(pid=82005) execute /opt/stack/data/venv/lib/python3.10/site-packages/oslo_concurrency/processutils.py:349}}
Jan 13 18:17:05 devstack sudo[93505]: quobyte : PWD=/ ; USER=root ; COMMAND=/opt/stack/data/venv/bin/cinder-rootwrap /etc/cinder/rootwrap.conf env LC_ALL=C qemu-img info -f qcow2 --output=json --force-share /opt/stack/data/cinder/mnt/314ade8845e731dd6bac3ce701afb959/volume-6af87eb5-0918-44a5-ba97-50df00ab6a8b
Jan 13 18:17:05 devstack sudo[93505]: pam_unix(sudo:session): session opened for user root(uid=0) by (uid=1000)
Jan 13 18:17:06 devstack sudo[93505]: pam_unix(sudo:session): session closed for user root
Jan 13 18:17:06 devstack cinder-volume[82005]: DEBUG oslo_concurrency.processutils [None req-69aff979-976a-44aa-a7e2-44b046da27a8 tempest-GroupSnapshotsTest-1353871725 None] CMD "/opt/stack/data/venv/bin/python3.10 -m oslo_concurrency.prlimit --as=1073741824 --cpu=60 -- sudo cinder-rootwrap /etc/cinder/rootwrap.conf env LC_ALL=C qemu-img info -f qcow2 --output=json --force-share /opt/stack/data/cinder/mnt/314ade8845e731dd6bac3ce701afb959/volume-6af87eb5-0918-44a5-ba97-50df00ab6a8b" returned: 0 in 0.812s {{(pid=82005) execute /opt/stack/data/venv/lib/python3.10/site-packages/oslo_concurrency/processutils.py:372}}
Jan 13 18:17:06 devstack sudo[93494]: pam_unix(sudo:session): session closed for user root
Jan 13 18:17:06 devstack cinder-volume[82005]: DEBUG oslo_concurrency.processutils [None req-69aff979-976a-44aa-a7e2-44b046da27a8 tempest-GroupSnapshotsTest-1353871725 None] Running cmd (subprocess): sudo cinder-rootwrap /etc/cinder/rootwrap.conf rm -f /opt/stack/data/cinder/mnt/314ade8845e731dd6bac3ce701afb959/volume-6af87eb5-0918-44a5-ba97-50df00ab6a8b {{(pid=82005) execute /opt/stack/data/venv/lib/python3.10/site-packages/oslo_concurrency/processutils.py:349}}
Jan 13 18:17:06 devstack cinder-volume[82005]: DEBUG oslo_concurrency.processutils [None req-64777662-a62e-4aec-a7d5-061dfa7d5301 tempest-SnapshotMetadataTestJSON-1533473198 None] CMD "sudo cinder-rootwrap /etc/cinder/rootwrap.conf qemu-img create -f qcow2 -o preallocation=metadata /opt/stack/data/cinder/mnt/314ade8845e731dd6bac3ce701afb959/volume-cb112b0e-48b0-4e03-be07-6177a0bfb643 1073741824" returned: 0 in 1.533s {{(pid=82005) execute /opt/stack/data/venv/lib/python3.10/site-packages/oslo_concurrency/processutils.py:372}}
Jan 13 18:17:06 devstack sudo[93536]: quobyte : PWD=/ ; USER=root ; COMMAND=/opt/stack/data/venv/bin/cinder-rootwrap /etc/cinder/rootwrap.conf rm -f /opt/stack/data/cinder/mnt/314ade8845e731dd6bac3ce701afb959/volume-6af87eb5-0918-44a5-ba97-50df00ab6a8b
Jan 13 18:17:06 devstack sudo[93536]: pam_unix(sudo:session): session opened for user root(uid=0) by (uid=1000)
Jan 13 18:17:06 devstack cinder-volume[82005]: DEBUG oslo_concurrency.processutils [None req-64777662-a62e-4aec-a7d5-061dfa7d5301 tempest-SnapshotMetadataTestJSON-1533473198 None] Running cmd (subprocess): sudo cinder-rootwrap /etc/cinder/rootwrap.conf chmod ugo+rw /opt/stack/data/cinder/mnt/314ade8845e731dd6bac3ce701afb959/volume-cb112b0e-48b0-4e03-be07-6177a0bfb643 {{(pid=82005) execute /opt/stack/data/venv/lib/python3.10/site-packages/oslo_concurrency/processutils.py:349}}
Jan 13 18:17:06 devstack sudo[93540]: quobyte : PWD=/ ; USER=root ; COMMAND=/opt/stack/data/venv/bin/cinder-rootwrap /etc/cinder/rootwrap.conf chmod ugo+rw /opt/stack/data/cinder/mnt/314ade8845e731dd6bac3ce701afb959/volume-cb112b0e-48b0-4e03-be07-6177a0bfb643
Jan 13 18:17:06 devstack sudo[93540]: pam_unix(sudo:session): session opened for user root(uid=0) by (uid=1000)
Jan 13 18:17:07 devstack sudo[93540]: pam_unix(sudo:session): session closed for user root
Jan 13 18:17:07 devstack cinder-volume[82005]: DEBUG oslo_concurrency.processutils [None req-64777662-a62e-4aec-a7d5-061dfa7d5301 tempest-SnapshotMetadataTestJSON-1533473198 None] CMD "sudo cinder-rootwrap /etc/cinder/rootwrap.conf chmod ugo+rw /opt/stack/data/cinder/mnt/314ade8845e731dd6bac3ce701afb959/volume-cb112b0e-48b0-4e03-be07-6177a0bfb643" returned: 0 in 0.871s {{(pid=82005) execute /opt/stack/data/venv/lib/python3.10/site-packages/oslo_concurrency/processutils.py:372}}
Jan 13 18:17:07 devstack cinder-volume[82005]: DEBUG cinder.volume.drivers.quobyte [None req-64777662-a62e-4aec-a7d5-061dfa7d5301 tempest-SnapshotMetadataTestJSON-1533473198 None] <== create_volume: return (2493ms) {'provider_location': 'osci02.corp.quobyte.com/cinder-vol-81cd5a9f-997a-4c88-b231-ad75b9ac0800'} {{(pid=82005) trace_logging_wrapper /opt/stack/cinder/cinder/volume/volume_utils.py:1523}}
Jan 13 18:17:07 devstack cinder-volume[82005]: DEBUG oslo_concurrency.lockutils [None req-64777662-a62e-4aec-a7d5-061dfa7d5301 tempest-SnapshotMetadataTestJSON-1533473198 None] Lock "quobyte" "released" by "cinder.volume.drivers.quobyte.QuobyteDriver.create_volume" :: held 2.495s {{(pid=82005) inner /opt/stack/data/venv/lib/python3.10/site-packages/oslo_concurrency/lockutils.py:424}}
Jan 13 18:17:07 devstack sudo[93536]: pam_unix(sudo:session): session closed for user root
Jan 13 18:17:07 devstack cinder-volume[82005]: DEBUG oslo_concurrency.processutils [None req-69aff979-976a-44aa-a7e2-44b046da27a8 tempest-GroupSnapshotsTest-1353871725 None] CMD "sudo cinder-rootwrap /etc/cinder/rootwrap.conf rm -f /opt/stack/data/cinder/mnt/314ade8845e731dd6bac3ce701afb959/volume-6af87eb5-0918-44a5-ba97-50df00ab6a8b" returned: 0 in 1.008s {{(pid=82005) execute /opt/stack/data/venv/lib/python3.10/site-packages/oslo_concurrency/processutils.py:372}}
Jan 13 18:17:07 devstack cinder-volume[82005]: DEBUG cinder.volume.manager [None req-64777662-a62e-4aec-a7d5-061dfa7d5301 tempest-SnapshotMetadataTestJSON-1533473198 None] Task 'cinder.volume.flows.manager.create_volume.CreateVolumeFromSpecTask;volume:create' (993a873a-bf38-43a0-a9c9-90ab2d97920f) transitioned into state 'SUCCESS' from state 'RUNNING' with result '{'status': 'creating', 'volume_name': 'volume-cb112b0e-48b0-4e03-be07-6177a0bfb643', 'volume_size': 1}' {{(pid=82005) _task_receiver /opt/stack/data/venv/lib/python3.10/site-packages/taskflow/listeners/logging.py:182}}
Jan 13 18:17:07 devstack cinder-volume[82005]: DEBUG cinder.volume.manager [None req-64777662-a62e-4aec-a7d5-061dfa7d5301 tempest-SnapshotMetadataTestJSON-1533473198 None] Task 'cinder.volume.flows.manager.create_volume.CreateVolumeOnFinishTask;volume:create, create.end' (9ee62d90-d7fa-4150-9bcd-7bbf248aee9c) transitioned into state 'RUNNING' from state 'PENDING' {{(pid=82005) _task_receiver /opt/stack/data/venv/lib/python3.10/site-packages/taskflow/listeners/logging.py:194}}
Jan 13 18:17:07 devstack cinder-volume[82005]: DEBUG cinder.coordination [None req-69aff979-976a-44aa-a7e2-44b046da27a8 tempest-GroupSnapshotsTest-1353871725 None] Lock "cinder-quobyte-6af87eb5-0918-44a5-ba97-50df00ab6a8b" released by "delete_volume" :: held 1.990s {{(pid=82005) __release /opt/stack/cinder/cinder/coordination.py:157}}
Jan 13 18:17:07 devstack cinder-volume[82005]: INFO cinder.volume.flows.manager.create_volume [None req-64777662-a62e-4aec-a7d5-061dfa7d5301 tempest-SnapshotMetadataTestJSON-1533473198 None] Volume volume-cb112b0e-48b0-4e03-be07-6177a0bfb643 (cb112b0e-48b0-4e03-be07-6177a0bfb643): created successfully
Jan 13 18:17:07 devstack cinder-volume[82005]: DEBUG cinder.volume.manager [None req-64777662-a62e-4aec-a7d5-061dfa7d5301 tempest-SnapshotMetadataTestJSON-1533473198 None] Task 'cinder.volume.flows.manager.create_volume.CreateVolumeOnFinishTask;volume:create, create.end' (9ee62d90-d7fa-4150-9bcd-7bbf248aee9c) transitioned into state 'SUCCESS' from state 'RUNNING' with result 'None' {{(pid=82005) _task_receiver /opt/stack/data/venv/lib/python3.10/site-packages/taskflow/listeners/logging.py:182}}
Jan 13 18:17:07 devstack cinder-volume[82005]: DEBUG cinder.volume.manager [None req-64777662-a62e-4aec-a7d5-061dfa7d5301 tempest-SnapshotMetadataTestJSON-1533473198 None] Flow 'volume_create_manager' (45f11db2-c0fd-43da-8951-7e0ddbcdfd2c) transitioned into state 'SUCCESS' from state 'RUNNING' {{(pid=82005) _flow_receiver /opt/stack/data/venv/lib/python3.10/site-packages/taskflow/listeners/logging.py:145}}
Jan 13 18:17:07 devstack cinder-volume[82005]: INFO cinder.volume.manager [None req-64777662-a62e-4aec-a7d5-061dfa7d5301 tempest-SnapshotMetadataTestJSON-1533473198 None] Created volume successfully.
Jan 13 18:17:07 devstack cinder-volume[82005]: DEBUG cinder.quota [None req-69aff979-976a-44aa-a7e2-44b046da27a8 tempest-GroupSnapshotsTest-1353871725 None] Created reservations ['d840d054-8f88-4476-8973-8e43676d89a5'] {{(pid=82005) reserve /opt/stack/cinder/cinder/quota.py:752}}
Jan 13 18:17:07 devstack cinder-volume[82005]: WARNING cinder.db.sqlalchemy.api [None req-69aff979-976a-44aa-a7e2-44b046da27a8 tempest-GroupSnapshotsTest-1353871725 None] Reservation would make usage less than 0 for the following resources, so on commit they will be limited to prevent going below 0: ['gigabytes', 'gigabytes_tempest-GroupSnapshotsTest-volume-type-2070795780']
Jan 13 18:17:07 devstack cinder-volume[82005]: DEBUG cinder.quota [None req-69aff979-976a-44aa-a7e2-44b046da27a8 tempest-GroupSnapshotsTest-1353871725 None] Created reservations ['28b07ebf-0415-481f-85c7-1b2eb1fa5b74', 'b9cc95d1-d5da-4bb2-8698-d7f91c42ebc6', '435e97ad-f5d9-4140-b19c-72b93711c24e', '1e864ac6-773c-4d70-80a6-e0efc6768734'] {{(pid=82005) reserve /opt/stack/cinder/cinder/quota.py:752}}
Jan 13 18:17:07 devstack cinder-volume[82005]: DEBUG oslo_concurrency.lockutils [None req-69aff979-976a-44aa-a7e2-44b046da27a8 tempest-GroupSnapshotsTest-1353871725 None] Acquiring lock "quobyte_ensure" by "cinder.volume.drivers.quobyte.QuobyteDriver._ensure_shares_mounted" {{(pid=82005) inner /opt/stack/data/venv/lib/python3.10/site-packages/oslo_concurrency/lockutils.py:405}}
Jan 13 18:17:07 devstack cinder-volume[82005]: DEBUG oslo_concurrency.lockutils [None req-69aff979-976a-44aa-a7e2-44b046da27a8 tempest-GroupSnapshotsTest-1353871725 None] Lock "quobyte_ensure" acquired by "cinder.volume.drivers.quobyte.QuobyteDriver._ensure_shares_mounted" :: waited 0.002s {{(pid=82005) inner /opt/stack/data/venv/lib/python3.10/site-packages/oslo_concurrency/lockutils.py:410}}
Jan 13 18:17:07 devstack cinder-volume[82005]: DEBUG cinder.volume.drivers.quobyte [None req-69aff979-976a-44aa-a7e2-44b046da27a8 tempest-GroupSnapshotsTest-1353871725 None] Quobyte Volume URL set to: {'osci02.corp.quobyte.com/cinder-vol-81cd5a9f-997a-4c88-b231-ad75b9ac0800': None} {{(pid=82005) _load_shares_config /opt/stack/cinder/cinder/volume/drivers/quobyte.py:611}}
Jan 13 18:17:07 devstack cinder-volume[82005]: DEBUG cinder.volume.drivers.quobyte [None req-69aff979-976a-44aa-a7e2-44b046da27a8 tempest-GroupSnapshotsTest-1353871725 None] Available shares ['osci02.corp.quobyte.com/cinder-vol-81cd5a9f-997a-4c88-b231-ad75b9ac0800'] {{(pid=82005) _ensure_shares_mounted /opt/stack/cinder/cinder/volume/drivers/quobyte.py:641}}
Jan 13 18:17:07 devstack cinder-volume[82005]: DEBUG oslo_concurrency.lockutils [None req-69aff979-976a-44aa-a7e2-44b046da27a8 tempest-GroupSnapshotsTest-1353871725 None] Lock "quobyte_ensure" "released" by "cinder.volume.drivers.quobyte.QuobyteDriver._ensure_shares_mounted" :: held 0.005s {{(pid=82005) inner /opt/stack/data/venv/lib/python3.10/site-packages/oslo_concurrency/lockutils.py:424}}
Jan 13 18:17:07 devstack cinder-volume[82005]: DEBUG oslo_concurrency.processutils [None req-69aff979-976a-44aa-a7e2-44b046da27a8 tempest-GroupSnapshotsTest-1353871725 None] Running cmd (subprocess): sudo cinder-rootwrap /etc/cinder/rootwrap.conf df --portability --block-size 1 /opt/stack/data/cinder/mnt/314ade8845e731dd6bac3ce701afb959 {{(pid=82005) execute /opt/stack/data/venv/lib/python3.10/site-packages/oslo_concurrency/processutils.py:349}}
Jan 13 18:17:07 devstack sudo[93586]: quobyte : PWD=/ ; USER=root ; COMMAND=/opt/stack/data/venv/bin/cinder-rootwrap /etc/cinder/rootwrap.conf df --portability --block-size 1 /opt/stack/data/cinder/mnt/314ade8845e731dd6bac3ce701afb959
Jan 13 18:17:07 devstack sudo[93586]: pam_unix(sudo:session): session opened for user root(uid=0) by (uid=1000)
Jan 13 18:17:08 devstack sudo[93586]: pam_unix(sudo:session): session closed for user root
Jan 13 18:17:08 devstack cinder-volume[82005]: DEBUG oslo_concurrency.processutils [None req-69aff979-976a-44aa-a7e2-44b046da27a8 tempest-GroupSnapshotsTest-1353871725 None] CMD "sudo cinder-rootwrap /etc/cinder/rootwrap.conf df --portability --block-size 1 /opt/stack/data/cinder/mnt/314ade8845e731dd6bac3ce701afb959" returned: 0 in 0.689s {{(pid=82005) execute /opt/stack/data/venv/lib/python3.10/site-packages/oslo_concurrency/processutils.py:372}}
Jan 13 18:17:08 devstack cinder-volume[82005]: DEBUG cinder.manager [None req-69aff979-976a-44aa-a7e2-44b046da27a8 tempest-GroupSnapshotsTest-1353871725 None] Notifying Schedulers of capabilities ... {{(pid=82005) _publish_service_capabilities /opt/stack/cinder/cinder/manager.py:202}}
Jan 13 18:17:08 devstack cinder-volume[82005]: INFO cinder.volume.manager [None req-69aff979-976a-44aa-a7e2-44b046da27a8 tempest-GroupSnapshotsTest-1353871725 None] Delete group completed successfully.
Jan 13 18:17:08 devstack cinder-volume[82005]: WARNING cinder.volume.volume_utils [None req-46f2f343-c257-4a4f-992f-24d31385af0c tempest-GroupSnapshotsTest-1353871725 None] Volume driver (QuobyteDriver 1.1.13) is currently unsupported and may be removed in the next release of OpenStack. Use at your own risk.
Jan 13 18:17:08 devstack cinder-volume[82005]: INFO cinder.volume.manager [None req-46f2f343-c257-4a4f-992f-24d31385af0c tempest-GroupSnapshotsTest-1353871725 None] Group tempest-GroupSnapshotsTest-Group-1190056120: creating
Jan 13 18:17:08 devstack cinder-volume[82005]: INFO cinder.volume.manager [None req-46f2f343-c257-4a4f-992f-24d31385af0c tempest-GroupSnapshotsTest-1353871725 None] Group tempest-GroupSnapshotsTest-Group-1190056120: created successfully
Jan 13 18:17:08 devstack cinder-volume[82005]: WARNING cinder.volume.volume_utils [None req-d5c7c5de-532f-452e-b672-9e19842b9c43 tempest-SnapshotMetadataTestJSON-1533473198 None] Volume driver (QuobyteDriver 1.1.13) is currently unsupported and may be removed in the next release of OpenStack. Use at your own risk.
Jan 13 18:17:08 devstack cinder-volume[82005]: DEBUG oslo_concurrency.lockutils [None req-d5c7c5de-532f-452e-b672-9e19842b9c43 tempest-SnapshotMetadataTestJSON-1533473198 None] Acquiring lock "quobyte" by "cinder.volume.drivers.quobyte.QuobyteDriver.create_snapshot" {{(pid=82005) inner /opt/stack/data/venv/lib/python3.10/site-packages/oslo_concurrency/lockutils.py:405}}
Jan 13 18:17:08 devstack cinder-volume[82005]: DEBUG oslo_concurrency.lockutils [None req-d5c7c5de-532f-452e-b672-9e19842b9c43 tempest-SnapshotMetadataTestJSON-1533473198 None] Lock "quobyte" acquired by "cinder.volume.drivers.quobyte.QuobyteDriver.create_snapshot" :: waited 0.000s {{(pid=82005) inner /opt/stack/data/venv/lib/python3.10/site-packages/oslo_concurrency/lockutils.py:410}}
Jan 13 18:17:08 devstack cinder-volume[82005]: INFO cinder.volume.manager [None req-46f2f343-c257-4a4f-992f-24d31385af0c tempest-GroupSnapshotsTest-1353871725 None] Create group completed successfully.
Jan 13 18:17:08 devstack cinder-volume[82005]: DEBUG cinder.volume.drivers.remotefs [None req-d5c7c5de-532f-452e-b672-9e19842b9c43 tempest-SnapshotMetadataTestJSON-1533473198 None] Creating offline snapshot e57255ef-2ecf-493f-b326-b7ab819261ef of volume cb112b0e-48b0-4e03-be07-6177a0bfb643 {{(pid=82005) _create_snapshot /opt/stack/cinder/cinder/volume/drivers/remotefs.py:1817}}
Jan 13 18:17:08 devstack cinder-volume[82005]: DEBUG oslo.privsep.daemon [-] privsep: reply[2022884d-e5f5-4e57-bb2b-1fdb5cb77907]: (4, 'qcow2') {{(pid=83019) _call_back /opt/stack/data/venv/lib/python3.10/site-packages/oslo_privsep/daemon.py:515}}
Jan 13 18:17:08 devstack cinder-volume[82005]: DEBUG oslo_concurrency.processutils [None req-d5c7c5de-532f-452e-b672-9e19842b9c43 tempest-SnapshotMetadataTestJSON-1533473198 None] Running cmd (subprocess): /opt/stack/data/venv/bin/python3.10 -m oslo_concurrency.prlimit --as=1073741824 --cpu=60 -- sudo cinder-rootwrap /etc/cinder/rootwrap.conf env LC_ALL=C qemu-img info -f qcow2 --output=json --force-share /opt/stack/data/cinder/mnt/314ade8845e731dd6bac3ce701afb959/volume-cb112b0e-48b0-4e03-be07-6177a0bfb643 {{(pid=82005) execute /opt/stack/data/venv/lib/python3.10/site-packages/oslo_concurrency/processutils.py:349}}
Jan 13 18:17:08 devstack sudo[93589]: quobyte : PWD=/ ; USER=root ; COMMAND=/opt/stack/data/venv/bin/cinder-rootwrap /etc/cinder/rootwrap.conf env LC_ALL=C qemu-img info -f qcow2 --output=json --force-share /opt/stack/data/cinder/mnt/314ade8845e731dd6bac3ce701afb959/volume-cb112b0e-48b0-4e03-be07-6177a0bfb643
Jan 13 18:17:08 devstack sudo[93589]: pam_unix(sudo:session): session opened for user root(uid=0) by (uid=1000)
Jan 13 18:17:09 devstack sudo[93589]: pam_unix(sudo:session): session closed for user root
Jan 13 18:17:09 devstack cinder-volume[82005]: DEBUG oslo_concurrency.processutils [None req-d5c7c5de-532f-452e-b672-9e19842b9c43 tempest-SnapshotMetadataTestJSON-1533473198 None] CMD "/opt/stack/data/venv/bin/python3.10 -m oslo_concurrency.prlimit --as=1073741824 --cpu=60 -- sudo cinder-rootwrap /etc/cinder/rootwrap.conf env LC_ALL=C qemu-img info -f qcow2 --output=json --force-share /opt/stack/data/cinder/mnt/314ade8845e731dd6bac3ce701afb959/volume-cb112b0e-48b0-4e03-be07-6177a0bfb643" returned: 0 in 0.642s {{(pid=82005) execute /opt/stack/data/venv/lib/python3.10/site-packages/oslo_concurrency/processutils.py:372}}
Jan 13 18:17:09 devstack cinder-volume[82005]: DEBUG oslo_concurrency.processutils [None req-d5c7c5de-532f-452e-b672-9e19842b9c43 tempest-SnapshotMetadataTestJSON-1533473198 None] Running cmd (subprocess): sudo cinder-rootwrap /etc/cinder/rootwrap.conf qemu-img create -f qcow2 -o backing_file=/opt/stack/data/cinder/mnt/314ade8845e731dd6bac3ce701afb959/volume-cb112b0e-48b0-4e03-be07-6177a0bfb643,backing_fmt=qcow2 /opt/stack/data/cinder/mnt/314ade8845e731dd6bac3ce701afb959/volume-cb112b0e-48b0-4e03-be07-6177a0bfb643.e57255ef-2ecf-493f-b326-b7ab819261ef 1G {{(pid=82005) execute /opt/stack/data/venv/lib/python3.10/site-packages/oslo_concurrency/processutils.py:349}}
Jan 13 18:17:09 devstack sudo[93596]: quobyte : PWD=/ ; USER=root ; COMMAND=/opt/stack/data/venv/bin/cinder-rootwrap /etc/cinder/rootwrap.conf qemu-img create -f qcow2 -o backing_file=/opt/stack/data/cinder/mnt/314ade8845e731dd6bac3ce701afb959/volume-cb112b0e-48b0-4e03-be07-6177a0bfb643,backing_fmt=qcow2 /opt/stack/data/cinder/mnt/314ade8845e731dd6bac3ce701afb959/volume-cb112b0e-48b0-4e03-be07-6177a0bfb643.e57255ef-2ecf-493f-b326-b7ab819261ef 1G
Jan 13 18:17:09 devstack sudo[93596]: pam_unix(sudo:session): session opened for user root(uid=0) by (uid=1000)
Jan 13 18:17:09 devstack cinder-volume[82005]: WARNING cinder.volume.volume_utils [None req-b3675c2f-6b77-496e-9044-c8de0121c80c tempest-GroupSnapshotsTest-1353871725 None] Volume driver (QuobyteDriver 1.1.13) is currently unsupported and may be removed in the next release of OpenStack. Use at your own risk.
Jan 13 18:17:09 devstack cinder-volume[82005]: DEBUG cinder.volume.flows.manager.create_volume [None req-b3675c2f-6b77-496e-9044-c8de0121c80c tempest-GroupSnapshotsTest-1353871725 None] Volume reschedule parameters: True retry: {'num_attempts': 1, 'backends': ['devstack@QuobyteHD#QuobyteHD'], 'hosts': ['devstack@QuobyteHD#QuobyteHD']} {{(pid=82005) get_flow /opt/stack/cinder/cinder/volume/flows/manager/create_volume.py:1388}}
Jan 13 18:17:09 devstack cinder-volume[82005]: DEBUG cinder.volume.manager [None req-b3675c2f-6b77-496e-9044-c8de0121c80c tempest-GroupSnapshotsTest-1353871725 None] Flow 'volume_create_manager' (f0c8606a-4c6c-4f1e-b730-6af99a96dcd7) transitioned into state 'RUNNING' from state 'PENDING' {{(pid=82005) _flow_receiver /opt/stack/data/venv/lib/python3.10/site-packages/taskflow/listeners/logging.py:145}}
Jan 13 18:17:09 devstack cinder-volume[82005]: DEBUG cinder.volume.manager [None req-b3675c2f-6b77-496e-9044-c8de0121c80c tempest-GroupSnapshotsTest-1353871725 None] Task 'cinder.volume.flows.manager.create_volume.ExtractVolumeRefTask;volume:create' (b32a644a-1b95-4b6b-b6ba-401beec392b4) transitioned into state 'RUNNING' from state 'PENDING' {{(pid=82005) _task_receiver /opt/stack/data/venv/lib/python3.10/site-packages/taskflow/listeners/logging.py:194}}
Jan 13 18:17:09 devstack cinder-volume[82005]: DEBUG cinder.volume.manager [None req-b3675c2f-6b77-496e-9044-c8de0121c80c tempest-GroupSnapshotsTest-1353871725 None] Task 'cinder.volume.flows.manager.create_volume.ExtractVolumeRefTask;volume:create' (b32a644a-1b95-4b6b-b6ba-401beec392b4) transitioned into state 'SUCCESS' from state 'RUNNING' with result 'Volume(_name_id=None,admin_metadata=,attach_status='detached',availability_zone='nova',bootable=False,cluster=,cluster_name=None,consistencygroup=,consistencygroup_id=None,created_at=2026-01-13T17:17:10Z,deleted=False,deleted_at=None,display_description=None,display_name='tempest-volume-7633363',ec2_id=None,encryption_key_id=None,glance_metadata=,group=,group_id=d5af8f5f-2398-4892-9e46-d609e7aad1f2,host='devstack@QuobyteHD#QuobyteHD',id=f9a77a92-a207-4559-bac5-95d0b85b0184,launched_at=None,metadata={},migration_status=None,multiattach=False,previous_status=None,project_id='ebbdaec376194581a27aada06b7e0879',provider_auth=None,provider_geometry=None,provider_id=None,provider_location=None,replication_driver_data=None,replication_extended_status=None,replication_status=None,scheduled_at=2026-01-13T17:17:10Z,service_uuid=None,shared_targets=True,size=1,snapshot_id=None,snapshots=,source_volid=None,status='creating',terminated_at=None,updated_at=2026-01-13T17:17:10Z,use_quota=True,user_id='aa33f5138add41bea109ca62ddf37bbf',volume_attachment=VolumeAttachmentList,volume_type=VolumeType(1d7b3407-3b4c-477a-922d-4bd089afe211),volume_type_id=1d7b3407-3b4c-477a-922d-4bd089afe211)' {{(pid=82005) _task_receiver /opt/stack/data/venv/lib/python3.10/site-packages/taskflow/listeners/logging.py:182}}
Jan 13 18:17:09 devstack cinder-volume[82005]: DEBUG cinder.volume.manager [None req-b3675c2f-6b77-496e-9044-c8de0121c80c tempest-GroupSnapshotsTest-1353871725 None] Task 'cinder.volume.flows.manager.create_volume.OnFailureRescheduleTask;volume:create' (034985ad-0f3d-4fb5-aee4-5a0c87786c41) transitioned into state 'RUNNING' from state 'PENDING' {{(pid=82005) _task_receiver /opt/stack/data/venv/lib/python3.10/site-packages/taskflow/listeners/logging.py:194}}
Jan 13 18:17:09 devstack cinder-volume[82005]: DEBUG cinder.volume.manager [None req-b3675c2f-6b77-496e-9044-c8de0121c80c tempest-GroupSnapshotsTest-1353871725 None] Task 'cinder.volume.flows.manager.create_volume.OnFailureRescheduleTask;volume:create' (034985ad-0f3d-4fb5-aee4-5a0c87786c41) transitioned into state 'SUCCESS' from state 'RUNNING' with result 'None' {{(pid=82005) _task_receiver /opt/stack/data/venv/lib/python3.10/site-packages/taskflow/listeners/logging.py:182}}
Jan 13 18:17:09 devstack cinder-volume[82005]: DEBUG cinder.volume.manager [None req-b3675c2f-6b77-496e-9044-c8de0121c80c tempest-GroupSnapshotsTest-1353871725 None] Task 'cinder.volume.flows.manager.create_volume.ExtractVolumeSpecTask;volume:create' (97822ce6-b19b-4acc-a00d-25afafae0b60) transitioned into state 'RUNNING' from state 'PENDING' {{(pid=82005) _task_receiver /opt/stack/data/venv/lib/python3.10/site-packages/taskflow/listeners/logging.py:194}}
Jan 13 18:17:09 devstack cinder-volume[82005]: DEBUG cinder.volume.manager [None req-b3675c2f-6b77-496e-9044-c8de0121c80c tempest-GroupSnapshotsTest-1353871725 None] Task 'cinder.volume.flows.manager.create_volume.ExtractVolumeSpecTask;volume:create' (97822ce6-b19b-4acc-a00d-25afafae0b60) transitioned into state 'SUCCESS' from state 'RUNNING' with result '{'status': 'creating', 'type': 'raw', 'volume_id': 'f9a77a92-a207-4559-bac5-95d0b85b0184', 'volume_name': 'volume-f9a77a92-a207-4559-bac5-95d0b85b0184', 'volume_size': 1}' {{(pid=82005) _task_receiver /opt/stack/data/venv/lib/python3.10/site-packages/taskflow/listeners/logging.py:182}}
Jan 13 18:17:09 devstack cinder-volume[82005]: DEBUG cinder.volume.manager [None req-b3675c2f-6b77-496e-9044-c8de0121c80c tempest-GroupSnapshotsTest-1353871725 None] Task 'cinder.volume.flows.manager.create_volume.NotifyVolumeActionTask;volume:create, create.start' (576443d4-9f89-45a3-9495-d2cedc75b97f) transitioned into state 'RUNNING' from state 'PENDING' {{(pid=82005) _task_receiver /opt/stack/data/venv/lib/python3.10/site-packages/taskflow/listeners/logging.py:194}}
Jan 13 18:17:09 devstack cinder-volume[82005]: DEBUG cinder.volume.manager [None req-b3675c2f-6b77-496e-9044-c8de0121c80c tempest-GroupSnapshotsTest-1353871725 None] Task 'cinder.volume.flows.manager.create_volume.NotifyVolumeActionTask;volume:create, create.start' (576443d4-9f89-45a3-9495-d2cedc75b97f) transitioned into state 'SUCCESS' from state 'RUNNING' with result 'None' {{(pid=82005) _task_receiver /opt/stack/data/venv/lib/python3.10/site-packages/taskflow/listeners/logging.py:182}}
Jan 13 18:17:09 devstack cinder-volume[82005]: DEBUG cinder.volume.manager [None req-b3675c2f-6b77-496e-9044-c8de0121c80c tempest-GroupSnapshotsTest-1353871725 None] Task 'cinder.volume.flows.manager.create_volume.CreateVolumeFromSpecTask;volume:create' (07391a27-4982-4f7f-8263-602ba409f52f) transitioned into state 'RUNNING' from state 'PENDING' {{(pid=82005) _task_receiver /opt/stack/data/venv/lib/python3.10/site-packages/taskflow/listeners/logging.py:194}}
Jan 13 18:17:09 devstack cinder-volume[82005]: INFO cinder.volume.flows.manager.create_volume [None req-b3675c2f-6b77-496e-9044-c8de0121c80c tempest-GroupSnapshotsTest-1353871725 None] Volume f9a77a92-a207-4559-bac5-95d0b85b0184: being created as raw with specification: {'status': 'creating', 'volume_name': 'volume-f9a77a92-a207-4559-bac5-95d0b85b0184', 'volume_size': 1}
Jan 13 18:17:09 devstack cinder-volume[82005]: DEBUG oslo_concurrency.lockutils [None req-b3675c2f-6b77-496e-9044-c8de0121c80c tempest-GroupSnapshotsTest-1353871725 None] Acquiring lock "quobyte" by "cinder.volume.drivers.quobyte.QuobyteDriver.create_volume" {{(pid=82005) inner /opt/stack/data/venv/lib/python3.10/site-packages/oslo_concurrency/lockutils.py:405}}
Jan 13 18:17:09 devstack sudo[93596]: pam_unix(sudo:session): session closed for user root
Jan 13 18:17:09 devstack cinder-volume[82005]: DEBUG oslo_concurrency.processutils [None req-d5c7c5de-532f-452e-b672-9e19842b9c43 tempest-SnapshotMetadataTestJSON-1533473198 None] CMD "sudo cinder-rootwrap /etc/cinder/rootwrap.conf qemu-img create -f qcow2 -o backing_file=/opt/stack/data/cinder/mnt/314ade8845e731dd6bac3ce701afb959/volume-cb112b0e-48b0-4e03-be07-6177a0bfb643,backing_fmt=qcow2 /opt/stack/data/cinder/mnt/314ade8845e731dd6bac3ce701afb959/volume-cb112b0e-48b0-4e03-be07-6177a0bfb643.e57255ef-2ecf-493f-b326-b7ab819261ef 1G" returned: 0 in 0.712s {{(pid=82005) execute /opt/stack/data/venv/lib/python3.10/site-packages/oslo_concurrency/processutils.py:372}}
Jan 13 18:17:09 devstack cinder-volume[82005]: DEBUG oslo_concurrency.processutils [None req-d5c7c5de-532f-452e-b672-9e19842b9c43 tempest-SnapshotMetadataTestJSON-1533473198 None] Running cmd (subprocess): sudo cinder-rootwrap /etc/cinder/rootwrap.conf qemu-img rebase -u -b volume-cb112b0e-48b0-4e03-be07-6177a0bfb643 -F qcow2 /opt/stack/data/cinder/mnt/314ade8845e731dd6bac3ce701afb959/volume-cb112b0e-48b0-4e03-be07-6177a0bfb643.e57255ef-2ecf-493f-b326-b7ab819261ef {{(pid=82005) execute /opt/stack/data/venv/lib/python3.10/site-packages/oslo_concurrency/processutils.py:349}}
Jan 13 18:17:09 devstack sudo[93601]: quobyte : PWD=/ ; USER=root ; COMMAND=/opt/stack/data/venv/bin/cinder-rootwrap /etc/cinder/rootwrap.conf qemu-img rebase -u -b volume-cb112b0e-48b0-4e03-be07-6177a0bfb643 -F qcow2 /opt/stack/data/cinder/mnt/314ade8845e731dd6bac3ce701afb959/volume-cb112b0e-48b0-4e03-be07-6177a0bfb643.e57255ef-2ecf-493f-b326-b7ab819261ef
Jan 13 18:17:09 devstack sudo[93601]: pam_unix(sudo:session): session opened for user root(uid=0) by (uid=1000)
Jan 13 18:17:10 devstack cinder-volume[82005]: DEBUG oslo_service.periodic_task [None req-1d428125-c0f1-4e31-a7b4-4da58a08dc8c None None] Running periodic task VolumeManager.publish_service_capabilities {{(pid=82005) run_periodic_tasks /opt/stack/data/venv/lib/python3.10/site-packages/oslo_service/periodic_task.py:210}}
Jan 13 18:17:10 devstack cinder-volume[82005]: DEBUG oslo_concurrency.lockutils [None req-1d428125-c0f1-4e31-a7b4-4da58a08dc8c None None] Acquiring lock "quobyte_ensure" by "cinder.volume.drivers.quobyte.QuobyteDriver._ensure_shares_mounted" {{(pid=82005) inner /opt/stack/data/venv/lib/python3.10/site-packages/oslo_concurrency/lockutils.py:405}}
Jan 13 18:17:10 devstack cinder-volume[82005]: DEBUG oslo_concurrency.lockutils [None req-1d428125-c0f1-4e31-a7b4-4da58a08dc8c None None] Lock "quobyte_ensure" acquired by "cinder.volume.drivers.quobyte.QuobyteDriver._ensure_shares_mounted" :: waited 0.000s {{(pid=82005) inner /opt/stack/data/venv/lib/python3.10/site-packages/oslo_concurrency/lockutils.py:410}}
Jan 13 18:17:10 devstack cinder-volume[82005]: DEBUG cinder.volume.drivers.quobyte [None req-1d428125-c0f1-4e31-a7b4-4da58a08dc8c None None] Quobyte Volume URL set to: {'osci02.corp.quobyte.com/cinder-vol-81cd5a9f-997a-4c88-b231-ad75b9ac0800': None} {{(pid=82005) _load_shares_config /opt/stack/cinder/cinder/volume/drivers/quobyte.py:611}}
Jan 13 18:17:10 devstack cinder-volume[82005]: DEBUG cinder.volume.drivers.quobyte [None req-1d428125-c0f1-4e31-a7b4-4da58a08dc8c None None] Available shares ['osci02.corp.quobyte.com/cinder-vol-81cd5a9f-997a-4c88-b231-ad75b9ac0800'] {{(pid=82005) _ensure_shares_mounted /opt/stack/cinder/cinder/volume/drivers/quobyte.py:641}}
Jan 13 18:17:10 devstack cinder-volume[82005]: DEBUG oslo_concurrency.lockutils [None req-1d428125-c0f1-4e31-a7b4-4da58a08dc8c None None] Lock "quobyte_ensure" "released" by "cinder.volume.drivers.quobyte.QuobyteDriver._ensure_shares_mounted" :: held 0.013s {{(pid=82005) inner /opt/stack/data/venv/lib/python3.10/site-packages/oslo_concurrency/lockutils.py:424}}
Jan 13 18:17:10 devstack cinder-volume[82005]: DEBUG oslo_concurrency.processutils [None req-1d428125-c0f1-4e31-a7b4-4da58a08dc8c None None] Running cmd (subprocess): sudo cinder-rootwrap /etc/cinder/rootwrap.conf df --portability --block-size 1 /opt/stack/data/cinder/mnt/314ade8845e731dd6bac3ce701afb959 {{(pid=82005) execute /opt/stack/data/venv/lib/python3.10/site-packages/oslo_concurrency/processutils.py:349}}
Jan 13 18:17:10 devstack sudo[93603]: quobyte : PWD=/ ; USER=root ; COMMAND=/opt/stack/data/venv/bin/cinder-rootwrap /etc/cinder/rootwrap.conf df --portability --block-size 1 /opt/stack/data/cinder/mnt/314ade8845e731dd6bac3ce701afb959
Jan 13 18:17:10 devstack sudo[93603]: pam_unix(sudo:session): session opened for user root(uid=0) by (uid=1000)
Jan 13 18:17:10 devstack sudo[93603]: pam_unix(sudo:session): session closed for user root
Jan 13 18:17:10 devstack cinder-volume[82005]: DEBUG oslo_concurrency.processutils [None req-1d428125-c0f1-4e31-a7b4-4da58a08dc8c None None] CMD "sudo cinder-rootwrap /etc/cinder/rootwrap.conf df --portability --block-size 1 /opt/stack/data/cinder/mnt/314ade8845e731dd6bac3ce701afb959" returned: 0 in 0.670s {{(pid=82005) execute /opt/stack/data/venv/lib/python3.10/site-packages/oslo_concurrency/processutils.py:372}}
Jan 13 18:17:10 devstack cinder-volume[82005]: DEBUG cinder.manager [None req-1d428125-c0f1-4e31-a7b4-4da58a08dc8c None None] Notifying Schedulers of capabilities ... {{(pid=82005) _publish_service_capabilities /opt/stack/cinder/cinder/manager.py:202}}
Jan 13 18:17:10 devstack sudo[93601]: pam_unix(sudo:session): session closed for user root
Jan 13 18:17:10 devstack cinder-volume[82005]: DEBUG oslo_concurrency.processutils [None req-d5c7c5de-532f-452e-b672-9e19842b9c43 tempest-SnapshotMetadataTestJSON-1533473198 None] CMD "sudo cinder-rootwrap /etc/cinder/rootwrap.conf qemu-img rebase -u -b volume-cb112b0e-48b0-4e03-be07-6177a0bfb643 -F qcow2 /opt/stack/data/cinder/mnt/314ade8845e731dd6bac3ce701afb959/volume-cb112b0e-48b0-4e03-be07-6177a0bfb643.e57255ef-2ecf-493f-b326-b7ab819261ef" returned: 0 in 1.027s {{(pid=82005) execute /opt/stack/data/venv/lib/python3.10/site-packages/oslo_concurrency/processutils.py:372}}
Jan 13 18:17:10 devstack cinder-volume[82005]: WARNING cinder.volume.drivers.remotefs [None req-d5c7c5de-532f-452e-b672-9e19842b9c43 tempest-SnapshotMetadataTestJSON-1533473198 None] /opt/stack/data/cinder/mnt/314ade8845e731dd6bac3ce701afb959/volume-cb112b0e-48b0-4e03-be07-6177a0bfb643.e57255ef-2ecf-493f-b326-b7ab819261ef is being set with open permissions: ugo+rw
Jan 13 18:17:10 devstack cinder-volume[82005]: DEBUG oslo_concurrency.processutils [None req-d5c7c5de-532f-452e-b672-9e19842b9c43 tempest-SnapshotMetadataTestJSON-1533473198 None] Running cmd (subprocess): sudo cinder-rootwrap /etc/cinder/rootwrap.conf chmod ugo+rw /opt/stack/data/cinder/mnt/314ade8845e731dd6bac3ce701afb959/volume-cb112b0e-48b0-4e03-be07-6177a0bfb643.e57255ef-2ecf-493f-b326-b7ab819261ef {{(pid=82005) execute /opt/stack/data/venv/lib/python3.10/site-packages/oslo_concurrency/processutils.py:349}}
Jan 13 18:17:10 devstack sudo[93610]: quobyte : PWD=/ ; USER=root ; COMMAND=/opt/stack/data/venv/bin/cinder-rootwrap /etc/cinder/rootwrap.conf chmod ugo+rw /opt/stack/data/cinder/mnt/314ade8845e731dd6bac3ce701afb959/volume-cb112b0e-48b0-4e03-be07-6177a0bfb643.e57255ef-2ecf-493f-b326-b7ab819261ef
Jan 13 18:17:10 devstack sudo[93610]: pam_unix(sudo:session): session opened for user root(uid=0) by (uid=1000)
Jan 13 18:17:11 devstack sudo[93610]: pam_unix(sudo:session): session closed for user root
Jan 13 18:17:11 devstack cinder-volume[82005]: DEBUG oslo_concurrency.processutils [None req-d5c7c5de-532f-452e-b672-9e19842b9c43 tempest-SnapshotMetadataTestJSON-1533473198 None] CMD "sudo cinder-rootwrap /etc/cinder/rootwrap.conf chmod ugo+rw /opt/stack/data/cinder/mnt/314ade8845e731dd6bac3ce701afb959/volume-cb112b0e-48b0-4e03-be07-6177a0bfb643.e57255ef-2ecf-493f-b326-b7ab819261ef" returned: 0 in 0.515s {{(pid=82005) execute /opt/stack/data/venv/lib/python3.10/site-packages/oslo_concurrency/processutils.py:372}}
Jan 13 18:17:11 devstack cinder-volume[82005]: DEBUG oslo_concurrency.processutils [None req-d5c7c5de-532f-452e-b672-9e19842b9c43 tempest-SnapshotMetadataTestJSON-1533473198 None] Running cmd (subprocess): sudo cinder-rootwrap /etc/cinder/rootwrap.conf truncate -s0 /opt/stack/data/cinder/mnt/314ade8845e731dd6bac3ce701afb959/volume-cb112b0e-48b0-4e03-be07-6177a0bfb643.info {{(pid=82005) execute /opt/stack/data/venv/lib/python3.10/site-packages/oslo_concurrency/processutils.py:349}}
Jan 13 18:17:11 devstack sudo[93614]: quobyte : PWD=/ ; USER=root ; COMMAND=/opt/stack/data/venv/bin/cinder-rootwrap /etc/cinder/rootwrap.conf truncate -s0 /opt/stack/data/cinder/mnt/314ade8845e731dd6bac3ce701afb959/volume-cb112b0e-48b0-4e03-be07-6177a0bfb643.info
Jan 13 18:17:11 devstack sudo[93614]: pam_unix(sudo:session): session opened for user root(uid=0) by (uid=1000)
Jan 13 18:17:12 devstack sudo[93614]: pam_unix(sudo:session): session closed for user root
Jan 13 18:17:12 devstack cinder-volume[82005]: DEBUG oslo_concurrency.processutils [None req-d5c7c5de-532f-452e-b672-9e19842b9c43 tempest-SnapshotMetadataTestJSON-1533473198 None] CMD "sudo cinder-rootwrap /etc/cinder/rootwrap.conf truncate -s0 /opt/stack/data/cinder/mnt/314ade8845e731dd6bac3ce701afb959/volume-cb112b0e-48b0-4e03-be07-6177a0bfb643.info" returned: 0 in 0.574s {{(pid=82005) execute /opt/stack/data/venv/lib/python3.10/site-packages/oslo_concurrency/processutils.py:372}}
Jan 13 18:17:12 devstack cinder-volume[82005]: WARNING cinder.volume.drivers.remotefs [None req-d5c7c5de-532f-452e-b672-9e19842b9c43 tempest-SnapshotMetadataTestJSON-1533473198 None] /opt/stack/data/cinder/mnt/314ade8845e731dd6bac3ce701afb959/volume-cb112b0e-48b0-4e03-be07-6177a0bfb643.info is being set with open permissions: ugo+rw
Jan 13 18:17:12 devstack cinder-volume[82005]: DEBUG oslo_concurrency.processutils [None req-d5c7c5de-532f-452e-b672-9e19842b9c43 tempest-SnapshotMetadataTestJSON-1533473198 None] Running cmd (subprocess): sudo cinder-rootwrap /etc/cinder/rootwrap.conf chmod ugo+rw /opt/stack/data/cinder/mnt/314ade8845e731dd6bac3ce701afb959/volume-cb112b0e-48b0-4e03-be07-6177a0bfb643.info {{(pid=82005) execute /opt/stack/data/venv/lib/python3.10/site-packages/oslo_concurrency/processutils.py:349}}
Jan 13 18:17:12 devstack sudo[93617]: quobyte : PWD=/ ; USER=root ; COMMAND=/opt/stack/data/venv/bin/cinder-rootwrap /etc/cinder/rootwrap.conf chmod ugo+rw /opt/stack/data/cinder/mnt/314ade8845e731dd6bac3ce701afb959/volume-cb112b0e-48b0-4e03-be07-6177a0bfb643.info
Jan 13 18:17:12 devstack sudo[93617]: pam_unix(sudo:session): session opened for user root(uid=0) by (uid=1000)
Jan 13 18:17:12 devstack sudo[93617]: pam_unix(sudo:session): session closed for user root
Jan 13 18:17:12 devstack cinder-volume[82005]: DEBUG oslo_concurrency.processutils [None req-d5c7c5de-532f-452e-b672-9e19842b9c43 tempest-SnapshotMetadataTestJSON-1533473198 None] CMD "sudo cinder-rootwrap /etc/cinder/rootwrap.conf chmod ugo+rw /opt/stack/data/cinder/mnt/314ade8845e731dd6bac3ce701afb959/volume-cb112b0e-48b0-4e03-be07-6177a0bfb643.info" returned: 0 in 0.537s {{(pid=82005) execute /opt/stack/data/venv/lib/python3.10/site-packages/oslo_concurrency/processutils.py:372}}
Jan 13 18:17:12 devstack cinder-volume[82005]: DEBUG oslo_concurrency.lockutils [None req-d5c7c5de-532f-452e-b672-9e19842b9c43 tempest-SnapshotMetadataTestJSON-1533473198 None] Lock "quobyte" "released" by "cinder.volume.drivers.quobyte.QuobyteDriver.create_snapshot" :: held 4.103s {{(pid=82005) inner /opt/stack/data/venv/lib/python3.10/site-packages/oslo_concurrency/lockutils.py:424}}
Jan 13 18:17:12 devstack cinder-volume[82005]: DEBUG oslo_concurrency.lockutils [None req-b3675c2f-6b77-496e-9044-c8de0121c80c tempest-GroupSnapshotsTest-1353871725 None] Lock "quobyte" acquired by "cinder.volume.drivers.quobyte.QuobyteDriver.create_volume" :: waited 2.737s {{(pid=82005) inner /opt/stack/data/venv/lib/python3.10/site-packages/oslo_concurrency/lockutils.py:410}}
Jan 13 18:17:12 devstack cinder-volume[82005]: DEBUG cinder.volume.drivers.quobyte [None req-b3675c2f-6b77-496e-9044-c8de0121c80c tempest-GroupSnapshotsTest-1353871725 None] ==> create_volume: call "{'self': , 'volume': Volume(_name_id=None,admin_metadata=,attach_status='detached',availability_zone='nova',bootable=False,cluster=,cluster_name=None,consistencygroup=,consistencygroup_id=d5af8f5f-2398-4892-9e46-d609e7aad1f2,created_at=2026-01-13T17:17:10Z,deleted=False,deleted_at=None,display_description=None,display_name='tempest-volume-7633363',ec2_id=None,encryption_key_id=None,glance_metadata=,group=,group_id=d5af8f5f-2398-4892-9e46-d609e7aad1f2,host='devstack@QuobyteHD#QuobyteHD',id=f9a77a92-a207-4559-bac5-95d0b85b0184,launched_at=None,metadata={},migration_status=None,multiattach=False,previous_status=None,project_id='ebbdaec376194581a27aada06b7e0879',provider_auth=None,provider_geometry=None,provider_id=None,provider_location=None,replication_driver_data=None,replication_extended_status=None,replication_status=None,scheduled_at=2026-01-13T17:17:10Z,service_uuid=None,shared_targets=True,size=1,snapshot_id=None,snapshots=,source_volid=None,status='creating',terminated_at=None,updated_at=2026-01-13T17:17:10Z,use_quota=True,user_id='aa33f5138add41bea109ca62ddf37bbf',volume_attachment=VolumeAttachmentList,volume_type=VolumeType(1d7b3407-3b4c-477a-922d-4bd089afe211),volume_type_id=1d7b3407-3b4c-477a-922d-4bd089afe211)}" {{(pid=82005) trace_logging_wrapper /opt/stack/cinder/cinder/volume/volume_utils.py:1498}}
Jan 13 18:17:12 devstack cinder-volume[82005]: DEBUG cinder.volume.drivers.remotefs [None req-b3675c2f-6b77-496e-9044-c8de0121c80c tempest-GroupSnapshotsTest-1353871725 None] Creating volume f9a77a92-a207-4559-bac5-95d0b85b0184 {{(pid=82005) create_volume /opt/stack/cinder/cinder/volume/drivers/remotefs.py:292}}
Jan 13 18:17:12 devstack cinder-volume[82005]: DEBUG oslo_concurrency.lockutils [None req-b3675c2f-6b77-496e-9044-c8de0121c80c tempest-GroupSnapshotsTest-1353871725 None] Acquiring lock "quobyte_ensure" by "cinder.volume.drivers.quobyte.QuobyteDriver._ensure_shares_mounted" {{(pid=82005) inner /opt/stack/data/venv/lib/python3.10/site-packages/oslo_concurrency/lockutils.py:405}}
Jan 13 18:17:12 devstack cinder-volume[82005]: DEBUG oslo_concurrency.lockutils [None req-b3675c2f-6b77-496e-9044-c8de0121c80c tempest-GroupSnapshotsTest-1353871725 None] Lock "quobyte_ensure" acquired by "cinder.volume.drivers.quobyte.QuobyteDriver._ensure_shares_mounted" :: waited 0.000s {{(pid=82005) inner /opt/stack/data/venv/lib/python3.10/site-packages/oslo_concurrency/lockutils.py:410}}
Jan 13 18:17:12 devstack cinder-volume[82005]: DEBUG cinder.volume.drivers.quobyte [None req-b3675c2f-6b77-496e-9044-c8de0121c80c tempest-GroupSnapshotsTest-1353871725 None] Quobyte Volume URL set to: {'osci02.corp.quobyte.com/cinder-vol-81cd5a9f-997a-4c88-b231-ad75b9ac0800': None} {{(pid=82005) _load_shares_config /opt/stack/cinder/cinder/volume/drivers/quobyte.py:611}}
Jan 13 18:17:12 devstack cinder-volume[82005]: DEBUG cinder.volume.drivers.quobyte [None req-b3675c2f-6b77-496e-9044-c8de0121c80c tempest-GroupSnapshotsTest-1353871725 None] Available shares ['osci02.corp.quobyte.com/cinder-vol-81cd5a9f-997a-4c88-b231-ad75b9ac0800'] {{(pid=82005) _ensure_shares_mounted /opt/stack/cinder/cinder/volume/drivers/quobyte.py:641}}
Jan 13 18:17:12 devstack cinder-volume[82005]: DEBUG oslo_concurrency.lockutils [None req-b3675c2f-6b77-496e-9044-c8de0121c80c tempest-GroupSnapshotsTest-1353871725 None] Lock "quobyte_ensure" "released" by "cinder.volume.drivers.quobyte.QuobyteDriver._ensure_shares_mounted" :: held 0.003s {{(pid=82005) inner /opt/stack/data/venv/lib/python3.10/site-packages/oslo_concurrency/lockutils.py:424}}
Jan 13 18:17:12 devstack cinder-volume[82005]: DEBUG cinder.volume.drivers.quobyte [None req-b3675c2f-6b77-496e-9044-c8de0121c80c tempest-GroupSnapshotsTest-1353871725 None] Selected osci02.corp.quobyte.com/cinder-vol-81cd5a9f-997a-4c88-b231-ad75b9ac0800 as target Quobyte volume. {{(pid=82005) _find_share /opt/stack/cinder/cinder/volume/drivers/quobyte.py:662}}
Jan 13 18:17:12 devstack cinder-volume[82005]: INFO cinder.volume.drivers.remotefs [None req-b3675c2f-6b77-496e-9044-c8de0121c80c tempest-GroupSnapshotsTest-1353871725 None] casted to osci02.corp.quobyte.com/cinder-vol-81cd5a9f-997a-4c88-b231-ad75b9ac0800
Jan 13 18:17:12 devstack cinder-volume[82005]: DEBUG oslo_concurrency.processutils [None req-b3675c2f-6b77-496e-9044-c8de0121c80c tempest-GroupSnapshotsTest-1353871725 None] Running cmd (subprocess): sudo cinder-rootwrap /etc/cinder/rootwrap.conf qemu-img create -f qcow2 -o preallocation=metadata /opt/stack/data/cinder/mnt/314ade8845e731dd6bac3ce701afb959/volume-f9a77a92-a207-4559-bac5-95d0b85b0184 1073741824 {{(pid=82005) execute /opt/stack/data/venv/lib/python3.10/site-packages/oslo_concurrency/processutils.py:349}}
Jan 13 18:17:12 devstack cinder-volume[82005]: INFO cinder.volume.manager [None req-d5c7c5de-532f-452e-b672-9e19842b9c43 tempest-SnapshotMetadataTestJSON-1533473198 None] Create snapshot completed successfully
Jan 13 18:17:12 devstack sudo[93621]: quobyte : PWD=/ ; USER=root ; COMMAND=/opt/stack/data/venv/bin/cinder-rootwrap /etc/cinder/rootwrap.conf qemu-img create -f qcow2 -o preallocation=metadata /opt/stack/data/cinder/mnt/314ade8845e731dd6bac3ce701afb959/volume-f9a77a92-a207-4559-bac5-95d0b85b0184 1073741824
Jan 13 18:17:12 devstack sudo[93621]: pam_unix(sudo:session): session opened for user root(uid=0) by (uid=1000)
Jan 13 18:17:13 devstack sudo[93621]: pam_unix(sudo:session): session closed for user root
Jan 13 18:17:13 devstack cinder-volume[82005]: DEBUG oslo_concurrency.processutils [None req-b3675c2f-6b77-496e-9044-c8de0121c80c tempest-GroupSnapshotsTest-1353871725 None] CMD "sudo cinder-rootwrap /etc/cinder/rootwrap.conf qemu-img create -f qcow2 -o preallocation=metadata /opt/stack/data/cinder/mnt/314ade8845e731dd6bac3ce701afb959/volume-f9a77a92-a207-4559-bac5-95d0b85b0184 1073741824" returned: 0 in 0.654s {{(pid=82005) execute /opt/stack/data/venv/lib/python3.10/site-packages/oslo_concurrency/processutils.py:372}}
Jan 13 18:17:13 devstack cinder-volume[82005]: DEBUG oslo_concurrency.processutils [None req-b3675c2f-6b77-496e-9044-c8de0121c80c tempest-GroupSnapshotsTest-1353871725 None] Running cmd (subprocess): sudo cinder-rootwrap /etc/cinder/rootwrap.conf chmod ugo+rw /opt/stack/data/cinder/mnt/314ade8845e731dd6bac3ce701afb959/volume-f9a77a92-a207-4559-bac5-95d0b85b0184 {{(pid=82005) execute /opt/stack/data/venv/lib/python3.10/site-packages/oslo_concurrency/processutils.py:349}}
Jan 13 18:17:13 devstack sudo[93626]: quobyte : PWD=/ ; USER=root ; COMMAND=/opt/stack/data/venv/bin/cinder-rootwrap /etc/cinder/rootwrap.conf chmod ugo+rw /opt/stack/data/cinder/mnt/314ade8845e731dd6bac3ce701afb959/volume-f9a77a92-a207-4559-bac5-95d0b85b0184
Jan 13 18:17:13 devstack sudo[93626]: pam_unix(sudo:session): session opened for user root(uid=0) by (uid=1000)
Jan 13 18:17:13 devstack sudo[93626]: pam_unix(sudo:session): session closed for user root
Jan 13 18:17:13 devstack cinder-volume[82005]: DEBUG oslo_concurrency.processutils [None req-b3675c2f-6b77-496e-9044-c8de0121c80c tempest-GroupSnapshotsTest-1353871725 None] CMD "sudo cinder-rootwrap /etc/cinder/rootwrap.conf chmod ugo+rw /opt/stack/data/cinder/mnt/314ade8845e731dd6bac3ce701afb959/volume-f9a77a92-a207-4559-bac5-95d0b85b0184" returned: 0 in 0.708s {{(pid=82005) execute /opt/stack/data/venv/lib/python3.10/site-packages/oslo_concurrency/processutils.py:372}}
