Feb 20 15:31:35 devstack devstack@keystone.service[40706]: DEBUG keystone.server.flask.common [-] Adding resource routes to API users: ['/users//access_rules/' {}] {{(pid=40706) _add_mapped_resources /opt/stack/keystone/keystone/server/flask/common.py:483}}
Feb 20 15:31:35 devstack devstack@keystone.service[40705]: WSGI app 0 (mountpoint='') ready in 5 seconds on interpreter 0x562e3d5ba1c0 pid: 40705 (default app)
Feb 20 15:31:35 devstack devstack@keystone.service[40705]: DEBUG keystone.server.flask.request_processing.req_logging [None req-588f0981-512c-40f6-94eb-bbcd73066b26 None None] REQUEST_METHOD: `GET` {{(pid=40705) log_request_info /opt/stack/keystone/keystone/server/flask/request_processing/req_logging.py:26}}
Feb 20 15:31:35 devstack devstack@keystone.service[40705]: DEBUG keystone.server.flask.request_processing.req_logging [None req-588f0981-512c-40f6-94eb-bbcd73066b26 None None] SCRIPT_NAME: `/identity` {{(pid=40705) log_request_info /opt/stack/keystone/keystone/server/flask/request_processing/req_logging.py:27}}
Feb 20 15:31:35 devstack devstack@keystone.service[40705]: DEBUG keystone.server.flask.request_processing.req_logging [None req-588f0981-512c-40f6-94eb-bbcd73066b26 None None] PATH_INFO: `/v3` {{(pid=40705) log_request_info /opt/stack/keystone/keystone/server/flask/request_processing/req_logging.py:28}}
Feb 20 15:31:35 devstack devstack@keystone.service[40705]: [pid: 40705|app: 0|req: 1/1] 192.168.122.86 () {50 vars in 798 bytes} [Fri Feb 20 15:31:35 2026] GET /identity/v3/ => generated 258 bytes in 4 msecs (HTTP/1.1 200) 5 headers in 177 bytes (1 switches on core 0)
Feb 20 15:31:35 devstack devstack@keystone.service[40706]: WSGI app 0 (mountpoint='') ready in 5 seconds on interpreter 0x562e3d5ba1c0 pid: 40706 (default app)
Feb 20 15:31:41 devstack devstack@keystone.service[40705]: DEBUG keystone.server.flask.request_processing.req_logging [None req-824cea0d-1316-4f32-bbba-38b82d49fa5f None None] REQUEST_METHOD: `GET` {{(pid=40705) log_request_info /opt/stack/keystone/keystone/server/flask/request_processing/req_logging.py:26}}
Feb 20 15:31:41 devstack devstack@keystone.service[40705]: DEBUG keystone.server.flask.request_processing.req_logging [None req-824cea0d-1316-4f32-bbba-38b82d49fa5f None None] SCRIPT_NAME: `/identity` {{(pid=40705) log_request_info /opt/stack/keystone/keystone/server/flask/request_processing/req_logging.py:27}}
Feb 20 15:31:41 devstack devstack@keystone.service[40705]: DEBUG keystone.server.flask.request_processing.req_logging [None req-824cea0d-1316-4f32-bbba-38b82d49fa5f None None] PATH_INFO: `/` {{(pid=40705) log_request_info /opt/stack/keystone/keystone/server/flask/request_processing/req_logging.py:28}}
Feb 20 15:31:41 devstack devstack@keystone.service[40705]: [pid: 40705|app: 0|req: 2/2] 192.168.122.86 () {54 vars in 935 bytes} [Fri Feb 20 15:31:41 2026] GET /identity => generated 273 bytes in 2 msecs (HTTP/1.1 300) 6 headers in 237 bytes (1 switches on core 0)
Feb 20 15:31:41 devstack devstack@keystone.service[40706]: DEBUG keystone.server.flask.request_processing.req_logging [None req-a70e6cf0-6481-421b-a327-b5e20554346b None None] REQUEST_METHOD: `POST` {{(pid=40706) log_request_info /opt/stack/keystone/keystone/server/flask/request_processing/req_logging.py:26}}
Feb 20 15:31:41 devstack devstack@keystone.service[40706]: DEBUG keystone.server.flask.request_processing.req_logging [None req-a70e6cf0-6481-421b-a327-b5e20554346b None None] SCRIPT_NAME: `/identity` {{(pid=40706) log_request_info /opt/stack/keystone/keystone/server/flask/request_processing/req_logging.py:27}}
Feb 20 15:31:41 devstack devstack@keystone.service[40706]: DEBUG keystone.server.flask.request_processing.req_logging [None req-a70e6cf0-6481-421b-a327-b5e20554346b None None] PATH_INFO: `/v3/auth/tokens` {{(pid=40706) log_request_info /opt/stack/keystone/keystone/server/flask/request_processing/req_logging.py:28}}
Feb 20 15:31:41 devstack devstack@keystone.service[40706]: INFO dbcounter [None req-a70e6cf0-6481-421b-a327-b5e20554346b None None] Registered counter for database keystone
Feb 20 15:31:41 devstack devstack@keystone.service[40706]: DEBUG oslo_db.sqlalchemy.engines [None req-a70e6cf0-6481-421b-a327-b5e20554346b None None] MySQL server mode set to STRICT_TRANS_TABLES,STRICT_ALL_TABLES,NO_ZERO_IN_DATE,NO_ZERO_DATE,ERROR_FOR_DIVISION_BY_ZERO,TRADITIONAL,NO_ENGINE_SUBSTITUTION {{(pid=40706) _check_effective_sql_mode /opt/stack/data/venv/lib/python3.10/site-packages/oslo_db/sqlalchemy/engines.py:325}}
Feb 20 15:31:41 devstack devstack@keystone.service[40706]: DEBUG dbcounter [-] [40706] Writer thread running {{(pid=40706) stat_writer /opt/stack/data/venv/lib/python3.10/site-packages/dbcounter.py:102}}
Feb 20 15:31:41 devstack devstack@keystone.service[40706]: WARNING keystone.common.password_hashing [None req-a70e6cf0-6481-421b-a327-b5e20554346b None None] Truncating password to algorithm specific maximum length 72 characters.
Feb 20 15:31:41 devstack devstack@keystone.service[40706]: DEBUG keystone.auth.core [None req-a70e6cf0-6481-421b-a327-b5e20554346b None None] MFA Rules not processed for user `159bfe612f1649e7ba6e8f9530b9c009`. Rule list: `[]` (Enabled: `True`). {{(pid=40706) check_auth_methods_against_rules /opt/stack/keystone/keystone/auth/core.py:476}}
Feb 20 15:31:41 devstack devstack@keystone.service[40706]: DEBUG keystone.common.fernet_utils [None req-a70e6cf0-6481-421b-a327-b5e20554346b None None] Loaded 2 Fernet keys from /etc/keystone/fernet-keys/, but `[fernet_tokens] max_active_keys = 3`; perhaps there have not been enough key rotations to reach `max_active_keys` yet? {{(pid=40706) load_keys /opt/stack/keystone/keystone/common/fernet_utils.py:297}}
Feb 20 15:31:42 devstack devstack@keystone.service[40706]: [pid: 40706|app: 0|req: 1/3] 192.168.122.86 () {58 vars in 1032 bytes} [Fri Feb 20 15:31:41 2026] POST /identity/v3/auth/tokens => generated 980 bytes in 420 msecs (HTTP/1.1 201) 6 headers in 384 bytes (1 switches on core 0)
Feb 20 15:31:42 devstack devstack@keystone.service[40705]: DEBUG keystone.server.flask.request_processing.middleware.auth_context [None req-824cea0d-1316-4f32-bbba-38b82d49fa5f None None] Authenticating user token {{(pid=40705) process_request /opt/stack/data/venv/lib/python3.10/site-packages/keystonemiddleware/auth_token/__init__.py:407}}
Feb 20 15:31:42 devstack devstack@keystone.service[40705]: INFO dbcounter [None req-824cea0d-1316-4f32-bbba-38b82d49fa5f None None] Registered counter for database keystone
Feb 20 15:31:42 devstack devstack@keystone.service[40705]: DEBUG oslo_db.sqlalchemy.engines [None req-824cea0d-1316-4f32-bbba-38b82d49fa5f None None] MySQL server mode set to STRICT_TRANS_TABLES,STRICT_ALL_TABLES,NO_ZERO_IN_DATE,NO_ZERO_DATE,ERROR_FOR_DIVISION_BY_ZERO,TRADITIONAL,NO_ENGINE_SUBSTITUTION {{(pid=40705) _check_effective_sql_mode /opt/stack/data/venv/lib/python3.10/site-packages/oslo_db/sqlalchemy/engines.py:325}}
Feb 20 15:31:42 devstack devstack@keystone.service[40705]: DEBUG dbcounter [-] [40705] Writer thread running {{(pid=40705) stat_writer /opt/stack/data/venv/lib/python3.10/site-packages/dbcounter.py:102}}
Feb 20 15:31:42 devstack devstack@keystone.service[40705]: DEBUG keystone.server.flask.request_processing.middleware.auth_context [None req-824cea0d-1316-4f32-bbba-38b82d49fa5f None None] Validating token access rules against request {{(pid=40705) validate_allowed_request /opt/stack/data/venv/lib/python3.10/site-packages/keystonemiddleware/auth_token/__init__.py:545}}
Feb 20 15:31:42 devstack devstack@keystone.service[40705]: DEBUG keystone.server.flask.request_processing.middleware.auth_context [None req-644444e6-cd1c-4cc4-b092-74ac8fe30dc8 admin admin] RBAC: auth_context: {'token': , 'domain_id': None, 'trust_id': None, 'trustor_id': None, 'trustee_id': None, 'domain_name': None, 'group_ids': [], 'user_id': '159bfe612f1649e7ba6e8f9530b9c009', 'user_domain_id': 'default', 'system_scope': None, 'project_id': 'a9f6e75300714bfb9454ed06312f7131', 'project_domain_id': 'default', 'roles': ['reader', 'admin', 'member', 'manager'], 'is_admin_project': True, 'service_user_id': None, 'service_user_domain_id': None, 'service_project_id': None, 'service_project_domain_id': None, 'service_roles': []} {{(pid=40705) fill_context /opt/stack/keystone/keystone/server/flask/request_processing/middleware/auth_context.py:509}}
Feb 20 15:31:42 devstack devstack@keystone.service[40705]: DEBUG keystone.server.flask.request_processing.req_logging [None req-644444e6-cd1c-4cc4-b092-74ac8fe30dc8 admin admin] REQUEST_METHOD: `GET` {{(pid=40705) log_request_info /opt/stack/keystone/keystone/server/flask/request_processing/req_logging.py:26}}
Feb 20 15:31:42 devstack devstack@keystone.service[40705]: DEBUG keystone.server.flask.request_processing.req_logging [None req-644444e6-cd1c-4cc4-b092-74ac8fe30dc8 admin admin] SCRIPT_NAME: `/identity` {{(pid=40705) log_request_info /opt/stack/keystone/keystone/server/flask/request_processing/req_logging.py:27}}
Feb 20 15:31:42 devstack devstack@keystone.service[40705]: DEBUG keystone.server.flask.request_processing.req_logging [None req-644444e6-cd1c-4cc4-b092-74ac8fe30dc8 admin admin] PATH_INFO: `/v3/projects/admin` {{(pid=40705) log_request_info /opt/stack/keystone/keystone/server/flask/request_processing/req_logging.py:28}}
Feb 20 15:31:42 devstack devstack@keystone.service[40705]: DEBUG keystone.common.rbac_enforcer.enforcer [None req-644444e6-cd1c-4cc4-b092-74ac8fe30dc8 admin admin] RBAC: Authorizing `identity:get_project(project_id=admin)` {{(pid=40705) enforce_call /opt/stack/keystone/keystone/common/rbac_enforcer/enforcer.py:494}}
Feb 20 15:31:42 devstack devstack@keystone.service[40705]: WARNING keystone.common.rbac_enforcer.enforcer [None req-644444e6-cd1c-4cc4-b092-74ac8fe30dc8 admin admin] Deprecated policy rules found. Use oslopolicy-policy-generator and oslopolicy-policy-upgrade to detect and resolve deprecated policies in your configuration.
Feb 20 15:31:42 devstack devstack@keystone.service[40705]: DEBUG keystone.common.rbac_enforcer.enforcer [None req-644444e6-cd1c-4cc4-b092-74ac8fe30dc8 admin admin] RBAC: Authorization granted {{(pid=40705) enforce_call /opt/stack/keystone/keystone/common/rbac_enforcer/enforcer.py:505}}
Feb 20 15:31:42 devstack devstack@keystone.service[40705]: DEBUG keystone.server.flask.application [None req-644444e6-cd1c-4cc4-b092-74ac8fe30dc8 admin admin] Could not find project: admin. {{(pid=40705) _handle_keystone_exception /opt/stack/keystone/keystone/server/flask/application.py:146}}
Feb 20 15:31:42 devstack devstack@keystone.service[40705]: [pid: 40705|app: 0|req: 3/4] 192.168.122.86 () {56 vars in 1178 bytes} [Fri Feb 20 15:31:42 2026] GET /identity/v3/projects/admin => generated 86 bytes in 298 msecs (HTTP/1.1 404) 5 headers in 183 bytes (1 switches on core 0)
Feb 20 15:31:42 devstack devstack@keystone.service[40706]: DEBUG keystone.server.flask.request_processing.middleware.auth_context [None req-a70e6cf0-6481-421b-a327-b5e20554346b None None] Authenticating user token {{(pid=40706) process_request /opt/stack/data/venv/lib/python3.10/site-packages/keystonemiddleware/auth_token/__init__.py:407}}
Feb 20 15:31:42 devstack devstack@keystone.service[40706]: DEBUG keystone.server.flask.request_processing.middleware.auth_context [None req-a70e6cf0-6481-421b-a327-b5e20554346b None None] Validating token access rules against request {{(pid=40706) validate_allowed_request /opt/stack/data/venv/lib/python3.10/site-packages/keystonemiddleware/auth_token/__init__.py:545}}
Feb 20 15:31:42 devstack devstack@keystone.service[40706]: DEBUG keystone.server.flask.request_processing.middleware.auth_context [None req-2b055d0f-93fe-4688-8d29-40ac30bf3950 admin admin] RBAC: auth_context: {'token': , 'domain_id': None, 'trust_id': None, 'trustor_id': None, 'trustee_id': None, 'domain_name': None, 'group_ids': [], 'user_id': '159bfe612f1649e7ba6e8f9530b9c009', 'user_domain_id': 'default', 'system_scope': None, 'project_id': 'a9f6e75300714bfb9454ed06312f7131', 'project_domain_id': 'default', 'roles': ['reader', 'admin', 'member', 'manager'], 'is_admin_project': True, 'service_user_id': None, 'service_user_domain_id': None, 'service_project_id': None, 'service_project_domain_id': None, 'service_roles': []} {{(pid=40706) fill_context /opt/stack/keystone/keystone/server/flask/request_processing/middleware/auth_context.py:509}}
Feb 20 15:31:42 devstack devstack@keystone.service[40706]: DEBUG keystone.server.flask.request_processing.req_logging [None req-2b055d0f-93fe-4688-8d29-40ac30bf3950 admin admin] REQUEST_METHOD: `GET` {{(pid=40706) log_request_info /opt/stack/keystone/keystone/server/flask/request_processing/req_logging.py:26}}
Feb 20 15:31:42 devstack devstack@keystone.service[40706]: DEBUG keystone.server.flask.request_processing.req_logging [None req-2b055d0f-93fe-4688-8d29-40ac30bf3950 admin admin] SCRIPT_NAME: `/identity` {{(pid=40706) log_request_info /opt/stack/keystone/keystone/server/flask/request_processing/req_logging.py:27}}
Feb 20 15:31:42 devstack devstack@keystone.service[40706]: DEBUG keystone.server.flask.request_processing.req_logging [None req-2b055d0f-93fe-4688-8d29-40ac30bf3950 admin admin] PATH_INFO: `/v3/projects` {{(pid=40706) log_request_info /opt/stack/keystone/keystone/server/flask/request_processing/req_logging.py:28}}
Feb 20 15:31:42 devstack devstack@keystone.service[40706]: DEBUG keystone.common.rbac_enforcer.enforcer [None req-2b055d0f-93fe-4688-8d29-40ac30bf3950 admin admin] RBAC: Adding query filter params (name=admin) {{(pid=40706) _extract_filter_values /opt/stack/keystone/keystone/common/rbac_enforcer/enforcer.py:176}}
Feb 20 15:31:42 devstack devstack@keystone.service[40706]: DEBUG keystone.common.rbac_enforcer.enforcer [None req-2b055d0f-93fe-4688-8d29-40ac30bf3950 admin admin] RBAC: Authorizing `identity:list_projects()` {{(pid=40706) enforce_call /opt/stack/keystone/keystone/common/rbac_enforcer/enforcer.py:494}}
Feb 20 15:31:42 devstack devstack@keystone.service[40706]: WARNING keystone.common.rbac_enforcer.enforcer [None req-2b055d0f-93fe-4688-8d29-40ac30bf3950 admin admin] Deprecated policy rules found. Use oslopolicy-policy-generator and oslopolicy-policy-upgrade to detect and resolve deprecated policies in your configuration.
Feb 20 15:31:42 devstack devstack@keystone.service[40706]: DEBUG keystone.common.rbac_enforcer.enforcer [None req-2b055d0f-93fe-4688-8d29-40ac30bf3950 admin admin] RBAC: Authorization granted {{(pid=40706) enforce_call /opt/stack/keystone/keystone/common/rbac_enforcer/enforcer.py:505}}
Feb 20 15:31:42 devstack devstack@keystone.service[40706]: [pid: 40706|app: 0|req: 2/5] 192.168.122.86 () {56 vars in 1194 bytes} [Fri Feb 20 15:31:42 2026] GET /identity/v3/projects?name=admin => generated 458 bytes in 73 msecs (HTTP/1.1 200) 5 headers in 177 bytes (1 switches on core 0)
Feb 20 15:31:42 devstack devstack@keystone.service[40705]: DEBUG keystone.server.flask.request_processing.middleware.auth_context [None req-644444e6-cd1c-4cc4-b092-74ac8fe30dc8 admin admin] Authenticating user token {{(pid=40705) process_request /opt/stack/data/venv/lib/python3.10/site-packages/keystonemiddleware/auth_token/__init__.py:407}}
Feb 20 15:31:42 devstack devstack@keystone.service[40705]: DEBUG keystone.server.flask.request_processing.middleware.auth_context [None req-644444e6-cd1c-4cc4-b092-74ac8fe30dc8 admin admin] Validating token access rules against request {{(pid=40705) validate_allowed_request /opt/stack/data/venv/lib/python3.10/site-packages/keystonemiddleware/auth_token/__init__.py:545}}
Feb 20 15:31:42 devstack devstack@keystone.service[40705]: DEBUG keystone.server.flask.request_processing.middleware.auth_context [None req-3d4d1777-cf57-431e-b53d-b486861d5e5d admin admin] RBAC: auth_context: {'token': , 'domain_id': None, 'trust_id': None, 'trustor_id': None, 'trustee_id': None, 'domain_name': None, 'group_ids': [], 'user_id': '159bfe612f1649e7ba6e8f9530b9c009', 'user_domain_id': 'default', 'system_scope': None, 'project_id': 'a9f6e75300714bfb9454ed06312f7131', 'project_domain_id': 'default', 'roles': ['reader', 'admin', 'member', 'manager'], 'is_admin_project': True, 'service_user_id': None, 'service_user_domain_id': None, 'service_project_id': None, 'service_project_domain_id': None, 'service_roles': []} {{(pid=40705) fill_context /opt/stack/keystone/keystone/server/flask/request_processing/middleware/auth_context.py:509}}
Feb 20 15:31:42 devstack devstack@keystone.service[40705]: DEBUG keystone.server.flask.request_processing.req_logging [None req-3d4d1777-cf57-431e-b53d-b486861d5e5d admin admin] REQUEST_METHOD: `GET` {{(pid=40705) log_request_info /opt/stack/keystone/keystone/server/flask/request_processing/req_logging.py:26}}
Feb 20 15:31:42 devstack devstack@keystone.service[40705]: DEBUG keystone.server.flask.request_processing.req_logging [None req-3d4d1777-cf57-431e-b53d-b486861d5e5d admin admin] SCRIPT_NAME: `/identity` {{(pid=40705) log_request_info /opt/stack/keystone/keystone/server/flask/request_processing/req_logging.py:27}}
Feb 20 15:31:42 devstack devstack@keystone.service[40705]: DEBUG keystone.server.flask.request_processing.req_logging [None req-3d4d1777-cf57-431e-b53d-b486861d5e5d admin admin] PATH_INFO: `/v3/projects/a9f6e75300714bfb9454ed06312f7131` {{(pid=40705) log_request_info /opt/stack/keystone/keystone/server/flask/request_processing/req_logging.py:28}}
Feb 20 15:31:42 devstack devstack@keystone.service[40705]: DEBUG keystone.common.rbac_enforcer.enforcer [None req-3d4d1777-cf57-431e-b53d-b486861d5e5d admin admin] RBAC: Authorizing `identity:get_project(project_id=a9f6e75300714bfb9454ed06312f7131)` {{(pid=40705) enforce_call /opt/stack/keystone/keystone/common/rbac_enforcer/enforcer.py:494}}
Feb 20 15:31:42 devstack devstack@keystone.service[40705]: DEBUG keystone.common.rbac_enforcer.enforcer [None req-3d4d1777-cf57-431e-b53d-b486861d5e5d admin admin] RBAC: Authorization granted {{(pid=40705) enforce_call /opt/stack/keystone/keystone/common/rbac_enforcer/enforcer.py:505}}
Feb 20 15:31:42 devstack devstack@keystone.service[40705]: [pid: 40705|app: 0|req: 4/6] 192.168.122.86 () {56 vars in 1259 bytes} [Fri Feb 20 15:31:42 2026] GET /identity/v3/projects/a9f6e75300714bfb9454ed06312f7131 => generated 347 bytes in 17 msecs (HTTP/1.1 200) 5 headers in 177 bytes (1 switches on core 0)
Feb 20 15:31:44 devstack devstack@keystone.service[40706]: DEBUG keystone.server.flask.request_processing.req_logging [None req-08b21df6-9f47-4db2-aa65-3662acf22383 None None] REQUEST_METHOD: `GET` {{(pid=40706) log_request_info /opt/stack/keystone/keystone/server/flask/request_processing/req_logging.py:26}}
Feb 20 15:31:44 devstack devstack@keystone.service[40706]: DEBUG keystone.server.flask.request_processing.req_logging [None req-08b21df6-9f47-4db2-aa65-3662acf22383 None None] SCRIPT_NAME: `/identity` {{(pid=40706) log_request_info /opt/stack/keystone/keystone/server/flask/request_processing/req_logging.py:27}}
Feb 20 15:31:44 devstack devstack@keystone.service[40706]: DEBUG keystone.server.flask.request_processing.req_logging [None req-08b21df6-9f47-4db2-aa65-3662acf22383 None None] PATH_INFO: `/` {{(pid=40706) log_request_info /opt/stack/keystone/keystone/server/flask/request_processing/req_logging.py:28}}
Feb 20 15:31:44 devstack devstack@keystone.service[40706]: [pid: 40706|app: 0|req: 3/7] 192.168.122.86 () {54 vars in 935 bytes} [Fri Feb 20 15:31:44 2026] GET /identity => generated 273 bytes in 3 msecs (HTTP/1.1 300) 6 headers in 237 bytes (1 switches on core 0)
Feb 20 15:31:44 devstack devstack@keystone.service[40705]: DEBUG keystone.server.flask.request_processing.req_logging [None req-0f5fd1f0-13e8-4b34-827f-20c38ad10c67 None None] REQUEST_METHOD: `POST` {{(pid=40705) log_request_info /opt/stack/keystone/keystone/server/flask/request_processing/req_logging.py:26}}
Feb 20 15:31:44 devstack devstack@keystone.service[40705]: DEBUG keystone.server.flask.request_processing.req_logging [None req-0f5fd1f0-13e8-4b34-827f-20c38ad10c67 None None] SCRIPT_NAME: `/identity` {{(pid=40705) log_request_info /opt/stack/keystone/keystone/server/flask/request_processing/req_logging.py:27}}
Feb 20 15:31:44 devstack devstack@keystone.service[40705]: DEBUG keystone.server.flask.request_processing.req_logging [None req-0f5fd1f0-13e8-4b34-827f-20c38ad10c67 None None] PATH_INFO: `/v3/auth/tokens` {{(pid=40705) log_request_info /opt/stack/keystone/keystone/server/flask/request_processing/req_logging.py:28}}
Feb 20 15:31:44 devstack devstack@keystone.service[40705]: WARNING keystone.common.password_hashing [None req-0f5fd1f0-13e8-4b34-827f-20c38ad10c67 None None] Truncating password to algorithm specific maximum length 72 characters.
Feb 20 15:31:44 devstack devstack@keystone.service[40705]: DEBUG keystone.auth.core [None req-0f5fd1f0-13e8-4b34-827f-20c38ad10c67 None None] MFA Rules not processed for user `159bfe612f1649e7ba6e8f9530b9c009`. Rule list: `[]` (Enabled: `True`). {{(pid=40705) check_auth_methods_against_rules /opt/stack/keystone/keystone/auth/core.py:476}}
Feb 20 15:31:44 devstack devstack@keystone.service[40705]: DEBUG keystone.common.fernet_utils [None req-0f5fd1f0-13e8-4b34-827f-20c38ad10c67 None None] Loaded 2 Fernet keys from /etc/keystone/fernet-keys/, but `[fernet_tokens] max_active_keys = 3`; perhaps there have not been enough key rotations to reach `max_active_keys` yet? {{(pid=40705) load_keys /opt/stack/keystone/keystone/common/fernet_utils.py:297}}
Feb 20 15:31:44 devstack devstack@keystone.service[40705]: [pid: 40705|app: 0|req: 5/8] 192.168.122.86 () {58 vars in 1032 bytes} [Fri Feb 20 15:31:44 2026] POST /identity/v3/auth/tokens => generated 980 bytes in 55 msecs (HTTP/1.1 201) 6 headers in 384 bytes (1 switches on core 0)
Feb 20 15:31:44 devstack devstack@keystone.service[40706]: DEBUG keystone.server.flask.request_processing.middleware.auth_context [None req-08b21df6-9f47-4db2-aa65-3662acf22383 None None] Authenticating user token {{(pid=40706) process_request /opt/stack/data/venv/lib/python3.10/site-packages/keystonemiddleware/auth_token/__init__.py:407}}
Feb 20 15:31:44 devstack devstack@keystone.service[40706]: DEBUG keystone.server.flask.request_processing.middleware.auth_context [None req-08b21df6-9f47-4db2-aa65-3662acf22383 None None] Validating token access rules against request {{(pid=40706) validate_allowed_request /opt/stack/data/venv/lib/python3.10/site-packages/keystonemiddleware/auth_token/__init__.py:545}}
Feb 20 15:31:44 devstack devstack@keystone.service[40706]: DEBUG keystone.server.flask.request_processing.middleware.auth_context [None req-65822641-4229-4d0b-8623-e04c6fc13a07 admin admin] RBAC: auth_context: {'token': , 'domain_id': None, 'trust_id': None, 'trustor_id': None, 'trustee_id': None, 'domain_name': None, 'group_ids': [], 'user_id': '159bfe612f1649e7ba6e8f9530b9c009', 'user_domain_id': 'default', 'system_scope': None, 'project_id': 'a9f6e75300714bfb9454ed06312f7131', 'project_domain_id': 'default', 'roles': ['reader', 'admin', 'member', 'manager'], 'is_admin_project': True, 'service_user_id': None, 'service_user_domain_id': None, 'service_project_id': None, 'service_project_domain_id': None, 'service_roles': []} {{(pid=40706) fill_context /opt/stack/keystone/keystone/server/flask/request_processing/middleware/auth_context.py:509}}
Feb 20 15:31:44 devstack devstack@keystone.service[40706]: DEBUG keystone.server.flask.request_processing.req_logging [None req-65822641-4229-4d0b-8623-e04c6fc13a07 admin admin] REQUEST_METHOD: `GET` {{(pid=40706) log_request_info /opt/stack/keystone/keystone/server/flask/request_processing/req_logging.py:26}}
Feb 20 15:31:44 devstack devstack@keystone.service[40706]: DEBUG keystone.server.flask.request_processing.req_logging [None req-65822641-4229-4d0b-8623-e04c6fc13a07 admin admin] SCRIPT_NAME: `/identity` {{(pid=40706) log_request_info /opt/stack/keystone/keystone/server/flask/request_processing/req_logging.py:27}}
Feb 20 15:31:44 devstack devstack@keystone.service[40706]: DEBUG keystone.server.flask.request_processing.req_logging [None req-65822641-4229-4d0b-8623-e04c6fc13a07 admin admin] PATH_INFO: `/v3/users/admin` {{(pid=40706) log_request_info /opt/stack/keystone/keystone/server/flask/request_processing/req_logging.py:28}}
Feb 20 15:31:44 devstack devstack@keystone.service[40706]: DEBUG keystone.common.rbac_enforcer.enforcer [None req-65822641-4229-4d0b-8623-e04c6fc13a07 admin admin] RBAC: Authorizing `identity:get_user(user_id=admin)` {{(pid=40706) enforce_call /opt/stack/keystone/keystone/common/rbac_enforcer/enforcer.py:494}}
Feb 20 15:31:44 devstack devstack@keystone.service[40706]: DEBUG keystone.common.rbac_enforcer.enforcer [None req-65822641-4229-4d0b-8623-e04c6fc13a07 admin admin] RBAC: Authorization granted {{(pid=40706) enforce_call /opt/stack/keystone/keystone/common/rbac_enforcer/enforcer.py:505}}
Feb 20 15:31:44 devstack devstack@keystone.service[40706]: DEBUG keystone.server.flask.application [None req-65822641-4229-4d0b-8623-e04c6fc13a07 admin admin] Could not find user: admin. {{(pid=40706) _handle_keystone_exception /opt/stack/keystone/keystone/server/flask/application.py:146}}
Feb 20 15:31:44 devstack devstack@keystone.service[40706]: [pid: 40706|app: 0|req: 4/9] 192.168.122.86 () {56 vars in 1169 bytes} [Fri Feb 20 15:31:44 2026] GET /identity/v3/users/admin => generated 83 bytes in 40 msecs (HTTP/1.1 404) 5 headers in 183 bytes (1 switches on core 0)
Feb 20 15:31:44 devstack devstack@keystone.service[40705]: DEBUG keystone.server.flask.request_processing.middleware.auth_context [None req-0f5fd1f0-13e8-4b34-827f-20c38ad10c67 None None] Authenticating user token {{(pid=40705) process_request /opt/stack/data/venv/lib/python3.10/site-packages/keystonemiddleware/auth_token/__init__.py:407}}
Feb 20 15:31:44 devstack devstack@keystone.service[40705]: DEBUG keystone.server.flask.request_processing.middleware.auth_context [None req-0f5fd1f0-13e8-4b34-827f-20c38ad10c67 None None] Validating token access rules against request {{(pid=40705) validate_allowed_request /opt/stack/data/venv/lib/python3.10/site-packages/keystonemiddleware/auth_token/__init__.py:545}}
Feb 20 15:31:44 devstack devstack@keystone.service[40705]: DEBUG keystone.server.flask.request_processing.middleware.auth_context [None req-d3de4994-2ebb-4123-81b4-7864484684b4 admin admin] RBAC: auth_context: {'token': , 'domain_id': None, 'trust_id': None, 'trustor_id': None, 'trustee_id': None, 'domain_name': None, 'group_ids': [], 'user_id': '159bfe612f1649e7ba6e8f9530b9c009', 'user_domain_id': 'default', 'system_scope': None, 'project_id': 'a9f6e75300714bfb9454ed06312f7131', 'project_domain_id': 'default', 'roles': ['reader', 'admin', 'member', 'manager'], 'is_admin_project': True, 'service_user_id': None, 'service_user_domain_id': None, 'service_project_id': None, 'service_project_domain_id': None, 'service_roles': []} {{(pid=40705) fill_context /opt/stack/keystone/keystone/server/flask/request_processing/middleware/auth_context.py:509}}
Feb 20 15:31:44 devstack devstack@keystone.service[40705]: DEBUG keystone.server.flask.request_processing.req_logging [None req-d3de4994-2ebb-4123-81b4-7864484684b4 admin admin] REQUEST_METHOD: `GET` {{(pid=40705) log_request_info /opt/stack/keystone/keystone/server/flask/request_processing/req_logging.py:26}}
Feb 20 15:31:44 devstack devstack@keystone.service[40705]: DEBUG keystone.server.flask.request_processing.req_logging [None req-d3de4994-2ebb-4123-81b4-7864484684b4 admin admin] SCRIPT_NAME: `/identity` {{(pid=40705) log_request_info /opt/stack/keystone/keystone/server/flask/request_processing/req_logging.py:27}}
Feb 20 15:31:44 devstack devstack@keystone.service[40705]: DEBUG keystone.server.flask.request_processing.req_logging [None req-d3de4994-2ebb-4123-81b4-7864484684b4 admin admin] PATH_INFO: `/v3/users` {{(pid=40705) log_request_info /opt/stack/keystone/keystone/server/flask/request_processing/req_logging.py:28}}
Feb 20 15:31:44 devstack devstack@keystone.service[40705]: DEBUG keystone.common.rbac_enforcer.enforcer [None req-d3de4994-2ebb-4123-81b4-7864484684b4 admin admin] RBAC: Adding query filter params (name=admin) {{(pid=40705) _extract_filter_values /opt/stack/keystone/keystone/common/rbac_enforcer/enforcer.py:176}}
Feb 20 15:31:44 devstack devstack@keystone.service[40705]: DEBUG keystone.common.rbac_enforcer.enforcer [None req-d3de4994-2ebb-4123-81b4-7864484684b4 admin admin] RBAC: Authorizing `identity:list_users()` {{(pid=40705) enforce_call /opt/stack/keystone/keystone/common/rbac_enforcer/enforcer.py:494}}
Feb 20 15:31:44 devstack devstack@keystone.service[40705]: DEBUG keystone.common.rbac_enforcer.enforcer [None req-d3de4994-2ebb-4123-81b4-7864484684b4 admin admin] RBAC: Authorization granted {{(pid=40705) enforce_call /opt/stack/keystone/keystone/common/rbac_enforcer/enforcer.py:505}}
Feb 20 15:31:44 devstack devstack@keystone.service[40705]: [pid: 40705|app: 0|req: 6/10] 192.168.122.86 () {56 vars in 1185 bytes} [Fri Feb 20 15:31:44 2026] GET /identity/v3/users?name=admin => generated 358 bytes in 56 msecs (HTTP/1.1 200) 5 headers in 177 bytes (1 switches on core 0)
Feb 20 15:31:45 devstack devstack@keystone.service[40706]: DEBUG keystone.server.flask.request_processing.req_logging [None req-021b4f7f-66b5-4079-b253-6d630e53d9be None None] REQUEST_METHOD: `GET` {{(pid=40706) log_request_info /opt/stack/keystone/keystone/server/flask/request_processing/req_logging.py:26}}
Feb 20 15:31:45 devstack devstack@keystone.service[40706]: DEBUG keystone.server.flask.request_processing.req_logging [None req-021b4f7f-66b5-4079-b253-6d630e53d9be None None] SCRIPT_NAME: `/identity` {{(pid=40706) log_request_info /opt/stack/keystone/keystone/server/flask/request_processing/req_logging.py:27}}
Feb 20 15:31:45 devstack devstack@keystone.service[40706]: DEBUG keystone.server.flask.request_processing.req_logging [None req-021b4f7f-66b5-4079-b253-6d630e53d9be None None] PATH_INFO: `/` {{(pid=40706) log_request_info /opt/stack/keystone/keystone/server/flask/request_processing/req_logging.py:28}}
Feb 20 15:31:45 devstack devstack@keystone.service[40706]: [pid: 40706|app: 0|req: 5/11] 192.168.122.86 () {54 vars in 935 bytes} [Fri Feb 20 15:31:45 2026] GET /identity => generated 273 bytes in 5 msecs (HTTP/1.1 300) 6 headers in 237 bytes (1 switches on core 0)
Feb 20 15:31:45 devstack devstack@keystone.service[40705]: DEBUG keystone.server.flask.request_processing.req_logging [None req-64e29294-b8a2-490b-a0b8-d1ed01c698a3 None None] REQUEST_METHOD: `POST` {{(pid=40705) log_request_info /opt/stack/keystone/keystone/server/flask/request_processing/req_logging.py:26}}
Feb 20 15:31:45 devstack devstack@keystone.service[40705]: DEBUG keystone.server.flask.request_processing.req_logging [None req-64e29294-b8a2-490b-a0b8-d1ed01c698a3 None None] SCRIPT_NAME: `/identity` {{(pid=40705) log_request_info /opt/stack/keystone/keystone/server/flask/request_processing/req_logging.py:27}}
Feb 20 15:31:45 devstack devstack@keystone.service[40705]: DEBUG keystone.server.flask.request_processing.req_logging [None req-64e29294-b8a2-490b-a0b8-d1ed01c698a3 None None] PATH_INFO: `/v3/auth/tokens` {{(pid=40705) log_request_info /opt/stack/keystone/keystone/server/flask/request_processing/req_logging.py:28}}
Feb 20 15:31:45 devstack devstack@keystone.service[40705]: WARNING keystone.common.password_hashing [None req-64e29294-b8a2-490b-a0b8-d1ed01c698a3 None None] Truncating password to algorithm specific maximum length 72 characters.
Feb 20 15:31:45 devstack devstack@keystone.service[40705]: DEBUG keystone.auth.core [None req-64e29294-b8a2-490b-a0b8-d1ed01c698a3 None None] MFA Rules not processed for user `159bfe612f1649e7ba6e8f9530b9c009`. Rule list: `[]` (Enabled: `True`). {{(pid=40705) check_auth_methods_against_rules /opt/stack/keystone/keystone/auth/core.py:476}}
Feb 20 15:31:45 devstack devstack@keystone.service[40705]: DEBUG keystone.common.fernet_utils [None req-64e29294-b8a2-490b-a0b8-d1ed01c698a3 None None] Loaded 2 Fernet keys from /etc/keystone/fernet-keys/, but `[fernet_tokens] max_active_keys = 3`; perhaps there have not been enough key rotations to reach `max_active_keys` yet? {{(pid=40705) load_keys /opt/stack/keystone/keystone/common/fernet_utils.py:297}}
Feb 20 15:31:45 devstack devstack@keystone.service[40706]: DEBUG keystone.server.flask.request_processing.req_logging [None req-47303349-d87b-47b6-99ed-64bda813107e None None] REQUEST_METHOD: `GET` {{(pid=40706) log_request_info /opt/stack/keystone/keystone/server/flask/request_processing/req_logging.py:26}}
Feb 20 15:31:45 devstack devstack@keystone.service[40706]: DEBUG keystone.server.flask.request_processing.req_logging [None req-47303349-d87b-47b6-99ed-64bda813107e None None] SCRIPT_NAME: `/identity` {{(pid=40706) log_request_info /opt/stack/keystone/keystone/server/flask/request_processing/req_logging.py:27}}
Feb 20 15:31:45 devstack devstack@keystone.service[40706]: DEBUG keystone.server.flask.request_processing.req_logging [None req-47303349-d87b-47b6-99ed-64bda813107e None None] PATH_INFO: `/` {{(pid=40706) log_request_info /opt/stack/keystone/keystone/server/flask/request_processing/req_logging.py:28}}
Feb 20 15:31:45 devstack devstack@keystone.service[40706]: [pid: 40706|app: 0|req: 6/12] 192.168.122.86 () {54 vars in 935 bytes} [Fri Feb 20 15:31:45 2026] GET /identity => generated 273 bytes in 2 msecs (HTTP/1.1 300) 6 headers in 237 bytes (1 switches on core 0)
Feb 20 15:31:45 devstack devstack@keystone.service[40706]: DEBUG keystone.server.flask.request_processing.req_logging [None req-e76a64e6-2386-4898-bb01-c4f38b956246 None None] REQUEST_METHOD: `POST` {{(pid=40706) log_request_info /opt/stack/keystone/keystone/server/flask/request_processing/req_logging.py:26}}
Feb 20 15:31:45 devstack devstack@keystone.service[40706]: DEBUG keystone.server.flask.request_processing.req_logging [None req-e76a64e6-2386-4898-bb01-c4f38b956246 None None] SCRIPT_NAME: `/identity` {{(pid=40706) log_request_info /opt/stack/keystone/keystone/server/flask/request_processing/req_logging.py:27}}
Feb 20 15:31:45 devstack devstack@keystone.service[40706]: DEBUG keystone.server.flask.request_processing.req_logging [None req-e76a64e6-2386-4898-bb01-c4f38b956246 None None] PATH_INFO: `/v3/auth/tokens` {{(pid=40706) log_request_info /opt/stack/keystone/keystone/server/flask/request_processing/req_logging.py:28}}
Feb 20 15:31:45 devstack devstack@keystone.service[40706]: WARNING keystone.common.password_hashing [None req-e76a64e6-2386-4898-bb01-c4f38b956246 None None] Truncating password to algorithm specific maximum length 72 characters.
Feb 20 15:31:45 devstack devstack@keystone.service[40706]: DEBUG keystone.auth.core [None req-e76a64e6-2386-4898-bb01-c4f38b956246 None None] MFA Rules not processed for user `159bfe612f1649e7ba6e8f9530b9c009`. Rule list: `[]` (Enabled: `True`). {{(pid=40706) check_auth_methods_against_rules /opt/stack/keystone/keystone/auth/core.py:476}}
Feb 20 15:31:45 devstack devstack@keystone.service[40706]: DEBUG keystone.common.fernet_utils [None req-e76a64e6-2386-4898-bb01-c4f38b956246 None None] Loaded 2 Fernet keys from /etc/keystone/fernet-keys/, but `[fernet_tokens] max_active_keys = 3`; perhaps there have not been enough key rotations to reach `max_active_keys` yet? {{(pid=40706) load_keys /opt/stack/keystone/keystone/common/fernet_utils.py:297}}
Feb 20 15:31:46 devstack devstack@keystone.service[40705]: [pid: 40705|app: 0|req: 7/13] 192.168.122.86 () {58 vars in 1032 bytes} [Fri Feb 20 15:31:45 2026] POST /identity/v3/auth/tokens => generated 865 bytes in 123 msecs (HTTP/1.1 201) 6 headers in 363 bytes (1 switches on core 0)
Feb 20 15:31:46 devstack devstack@keystone.service[40706]: [pid: 40706|app: 0|req: 7/14] 192.168.122.86 () {58 vars in 1032 bytes} [Fri Feb 20 15:31:45 2026] POST /identity/v3/auth/tokens => generated 865 bytes in 90 msecs (HTTP/1.1 201) 6 headers in 363 bytes (1 switches on core 0)
Feb 20 15:31:46 devstack devstack@keystone.service[40705]: DEBUG keystone.server.flask.request_processing.middleware.auth_context [None req-64e29294-b8a2-490b-a0b8-d1ed01c698a3 None None] Authenticating user token {{(pid=40705) process_request /opt/stack/data/venv/lib/python3.10/site-packages/keystonemiddleware/auth_token/__init__.py:407}}
Feb 20 15:31:46 devstack devstack@keystone.service[40706]: DEBUG keystone.server.flask.request_processing.middleware.auth_context [None req-e76a64e6-2386-4898-bb01-c4f38b956246 None None] Authenticating user token {{(pid=40706) process_request /opt/stack/data/venv/lib/python3.10/site-packages/keystonemiddleware/auth_token/__init__.py:407}}
Feb 20 15:31:46 devstack devstack@keystone.service[40705]: DEBUG keystone.server.flask.request_processing.middleware.auth_context [None req-64e29294-b8a2-490b-a0b8-d1ed01c698a3 None None] Validating token access rules against request {{(pid=40705) validate_allowed_request /opt/stack/data/venv/lib/python3.10/site-packages/keystonemiddleware/auth_token/__init__.py:545}}
Feb 20 15:31:46 devstack devstack@keystone.service[40706]: DEBUG keystone.server.flask.request_processing.middleware.auth_context [None req-e76a64e6-2386-4898-bb01-c4f38b956246 None None] Validating token access rules against request {{(pid=40706) validate_allowed_request /opt/stack/data/venv/lib/python3.10/site-packages/keystonemiddleware/auth_token/__init__.py:545}}
Feb 20 15:31:46 devstack devstack@keystone.service[40705]: DEBUG keystone.server.flask.request_processing.middleware.auth_context [None req-23c1b108-ec56-4f3a-8492-3d9fa0b70870 None admin] RBAC: auth_context: {'token': , 'domain_id': None, 'trust_id': None, 'trustor_id': None, 'trustee_id': None, 'domain_name': None, 'group_ids': [], 'user_id': '159bfe612f1649e7ba6e8f9530b9c009', 'user_domain_id': 'default', 'system_scope': 'all', 'project_id': None, 'project_domain_id': None, 'roles': ['admin', 'manager', 'member', 'reader'], 'is_admin_project': True, 'service_user_id': None, 'service_user_domain_id': None, 'service_project_id': None, 'service_project_domain_id': None, 'service_roles': []} {{(pid=40705) fill_context /opt/stack/keystone/keystone/server/flask/request_processing/middleware/auth_context.py:509}}
Feb 20 15:31:46 devstack devstack@keystone.service[40705]: DEBUG keystone.server.flask.request_processing.req_logging [None req-23c1b108-ec56-4f3a-8492-3d9fa0b70870 None admin] REQUEST_METHOD: `GET` {{(pid=40705) log_request_info /opt/stack/keystone/keystone/server/flask/request_processing/req_logging.py:26}}
Feb 20 15:31:46 devstack devstack@keystone.service[40705]: DEBUG keystone.server.flask.request_processing.req_logging [None req-23c1b108-ec56-4f3a-8492-3d9fa0b70870 None admin] SCRIPT_NAME: `/identity` {{(pid=40705) log_request_info /opt/stack/keystone/keystone/server/flask/request_processing/req_logging.py:27}}
Feb 20 15:31:46 devstack devstack@keystone.service[40705]: DEBUG keystone.server.flask.request_processing.req_logging [None req-23c1b108-ec56-4f3a-8492-3d9fa0b70870 None admin] PATH_INFO: `/v3/roles/admin` {{(pid=40705) log_request_info /opt/stack/keystone/keystone/server/flask/request_processing/req_logging.py:28}}
Feb 20 15:31:46 devstack devstack@keystone.service[40705]: DEBUG keystone.common.rbac_enforcer.enforcer [None req-23c1b108-ec56-4f3a-8492-3d9fa0b70870 None admin] Extracting inferred target data resulted in "NOT FOUND (404)". {{(pid=40705) enforce_call /opt/stack/keystone/keystone/common/rbac_enforcer/enforcer.py:445}}
Feb 20 15:31:46 devstack devstack@keystone.service[40706]: DEBUG keystone.server.flask.request_processing.middleware.auth_context [None req-8fac1ea8-ee19-407f-abfd-0d684bc73da8 None admin] RBAC: auth_context: {'token': , 'domain_id': None, 'trust_id': None, 'trustor_id': None, 'trustee_id': None, 'domain_name': None, 'group_ids': [], 'user_id': '159bfe612f1649e7ba6e8f9530b9c009', 'user_domain_id': 'default', 'system_scope': 'all', 'project_id': None, 'project_domain_id': None, 'roles': ['admin', 'manager', 'member', 'reader'], 'is_admin_project': True, 'service_user_id': None, 'service_user_domain_id': None, 'service_project_id': None, 'service_project_domain_id': None, 'service_roles': []} {{(pid=40706) fill_context /opt/stack/keystone/keystone/server/flask/request_processing/middleware/auth_context.py:509}}
Feb 20 15:31:46 devstack devstack@keystone.service[40705]: DEBUG keystone.server.flask.application [None req-23c1b108-ec56-4f3a-8492-3d9fa0b70870 None admin] Could not find role: admin. {{(pid=40705) _handle_keystone_exception /opt/stack/keystone/keystone/server/flask/application.py:146}}
Feb 20 15:31:46 devstack devstack@keystone.service[40706]: DEBUG keystone.server.flask.request_processing.req_logging [None req-8fac1ea8-ee19-407f-abfd-0d684bc73da8 None admin] REQUEST_METHOD: `POST` {{(pid=40706) log_request_info /opt/stack/keystone/keystone/server/flask/request_processing/req_logging.py:26}}
Feb 20 15:31:46 devstack devstack@keystone.service[40705]: [pid: 40705|app: 0|req: 8/15] 192.168.122.86 () {56 vars in 1148 bytes} [Fri Feb 20 15:31:46 2026] GET /identity/v3/roles/admin => generated 83 bytes in 126 msecs (HTTP/1.1 404) 5 headers in 183 bytes (1 switches on core 0)
Feb 20 15:31:46 devstack devstack@keystone.service[40706]: DEBUG keystone.server.flask.request_processing.req_logging [None req-8fac1ea8-ee19-407f-abfd-0d684bc73da8 None admin] SCRIPT_NAME: `/identity` {{(pid=40706) log_request_info /opt/stack/keystone/keystone/server/flask/request_processing/req_logging.py:27}}
Feb 20 15:31:46 devstack devstack@keystone.service[40706]: DEBUG keystone.server.flask.request_processing.req_logging [None req-8fac1ea8-ee19-407f-abfd-0d684bc73da8 None admin] PATH_INFO: `/v3/domains` {{(pid=40706) log_request_info /opt/stack/keystone/keystone/server/flask/request_processing/req_logging.py:28}}
Feb 20 15:31:46 devstack devstack@keystone.service[40706]: DEBUG keystone.common.rbac_enforcer.enforcer [None req-8fac1ea8-ee19-407f-abfd-0d684bc73da8 None admin] RBAC: Authorizing `identity:create_domain()` {{(pid=40706) enforce_call /opt/stack/keystone/keystone/common/rbac_enforcer/enforcer.py:494}}
Feb 20 15:31:46 devstack devstack@keystone.service[40705]: DEBUG keystone.server.flask.request_processing.middleware.auth_context [None req-23c1b108-ec56-4f3a-8492-3d9fa0b70870 None admin] Authenticating user token {{(pid=40705) process_request /opt/stack/data/venv/lib/python3.10/site-packages/keystonemiddleware/auth_token/__init__.py:407}}
Feb 20 15:31:46 devstack devstack@keystone.service[40706]: DEBUG keystone.common.rbac_enforcer.enforcer [None req-8fac1ea8-ee19-407f-abfd-0d684bc73da8 None admin] RBAC: Authorization granted {{(pid=40706) enforce_call /opt/stack/keystone/keystone/common/rbac_enforcer/enforcer.py:505}}
Feb 20 15:31:46 devstack devstack@keystone.service[40706]: DEBUG keystone.common.sql.core [None req-8fac1ea8-ee19-407f-abfd-0d684bc73da8 None admin] Conflict project: (pymysql.err.IntegrityError) (1062, "Duplicate entry '<>-Default' for key 'project.ixu_project_name_domain_id'")
Feb 20 15:31:46 devstack devstack@keystone.service[40706]: [SQL: INSERT INTO project (id, name, domain_id, description, enabled, extra, parent_id, is_domain) VALUES (%(id)s, %(name)s, %(domain_id)s, %(description)s, %(enabled)s, %(extra)s, %(parent_id)s, %(is_domain)s)]
Feb 20 15:31:46 devstack devstack@keystone.service[40706]: [parameters: {'id': '8793cd54fd024ead99131f0bef693893', 'name': 'Default', 'domain_id': '<>', 'description': '', 'enabled': 1, 'extra': '{}', 'parent_id': None, 'is_domain': 1}]
Feb 20 15:31:46 devstack devstack@keystone.service[40706]: (Background on this error at: https://sqlalche.me/e/20/gkpj) {{(pid=40706) wrapper /opt/stack/keystone/keystone/common/sql/core.py:580}}
Feb 20 15:31:46 devstack devstack@keystone.service[40706]: ERROR keystone.server.flask.application [None req-8fac1ea8-ee19-407f-abfd-0d684bc73da8 None admin] Conflict occurred attempting to store project - it is not permitted to have two projects acting as domains with the same name: Default.: keystone.exception.Conflict: Conflict occurred attempting to store project - it is not permitted to have two projects acting as domains with the same name: Default.
Feb 20 15:31:46 devstack devstack@keystone.service[40706]: ERROR keystone.server.flask.application
Traceback (most recent call last):
Feb 20 15:31:46 devstack devstack@keystone.service[40706]: ERROR keystone.server.flask.application
File "/opt/stack/data/venv/lib/python3.10/site-packages/sqlalchemy/engine/base.py", line 1967, in _exec_single_context
Feb 20 15:31:46 devstack devstack@keystone.service[40706]: ERROR keystone.server.flask.application self.dialect.do_execute(
Feb 20 15:31:46 devstack devstack@keystone.service[40706]: ERROR keystone.server.flask.application
File "/opt/stack/data/venv/lib/python3.10/site-packages/sqlalchemy/engine/default.py", line 951, in do_execute
Feb 20 15:31:46 devstack devstack@keystone.service[40706]: ERROR keystone.server.flask.application cursor.execute(statement, parameters)
Feb 20 15:31:46 devstack devstack@keystone.service[40706]: ERROR keystone.server.flask.application
File "/opt/stack/data/venv/lib/python3.10/site-packages/pymysql/cursors.py", line 153, in execute
Feb 20 15:31:46 devstack devstack@keystone.service[40706]: ERROR keystone.server.flask.application result = self._query(query)
Feb 20 15:31:46 devstack devstack@keystone.service[40706]: ERROR keystone.server.flask.application
File "/opt/stack/data/venv/lib/python3.10/site-packages/pymysql/cursors.py", line 322, in _query
Feb 20 15:31:46 devstack devstack@keystone.service[40706]: ERROR keystone.server.flask.application conn.query(q)
Feb 20 15:31:46 devstack devstack@keystone.service[40706]: ERROR keystone.server.flask.application
File "/opt/stack/data/venv/lib/python3.10/site-packages/pymysql/connections.py", line 575, in query
Feb 20 15:31:46 devstack devstack@keystone.service[40706]: ERROR keystone.server.flask.application self._affected_rows = self._read_query_result(unbuffered=unbuffered)
Feb 20 15:31:46 devstack devstack@keystone.service[40706]: ERROR keystone.server.flask.application
File "/opt/stack/data/venv/lib/python3.10/site-packages/pymysql/connections.py", line 826, in _read_query_result
Feb 20 15:31:46 devstack devstack@keystone.service[40706]: ERROR keystone.server.flask.application result.read()
Feb 20 15:31:46 devstack devstack@keystone.service[40706]: ERROR keystone.server.flask.application
File "/opt/stack/data/venv/lib/python3.10/site-packages/pymysql/connections.py", line 1203, in read
Feb 20 15:31:46 devstack devstack@keystone.service[40706]: ERROR keystone.server.flask.application first_packet = self.connection._read_packet()
Feb 20 15:31:46 devstack devstack@keystone.service[40706]: ERROR keystone.server.flask.application
File "/opt/stack/data/venv/lib/python3.10/site-packages/pymysql/connections.py", line 782, in _read_packet
Feb 20 15:31:46 devstack devstack@keystone.service[40706]: ERROR keystone.server.flask.application packet.raise_for_error()
Feb 20 15:31:46 devstack devstack@keystone.service[40706]: ERROR keystone.server.flask.application
File "/opt/stack/data/venv/lib/python3.10/site-packages/pymysql/protocol.py", line 219, in raise_for_error
Feb 20 15:31:46 devstack devstack@keystone.service[40706]: ERROR keystone.server.flask.application err.raise_mysql_exception(self._data)
Feb 20 15:31:46 devstack devstack@keystone.service[40706]: ERROR keystone.server.flask.application
File "/opt/stack/data/venv/lib/python3.10/site-packages/pymysql/err.py", line 150, in raise_mysql_exception
Feb 20 15:31:46 devstack devstack@keystone.service[40706]: ERROR keystone.server.flask.application raise errorclass(errno, errval)
Feb 20 15:31:46 devstack devstack@keystone.service[40706]: ERROR keystone.server.flask.application pymysql.err.IntegrityError: (1062, "Duplicate entry '<>-Default' for key 'project.ixu_project_name_domain_id'")
Feb 20 15:31:46 devstack devstack@keystone.service[40706]: ERROR keystone.server.flask.application
Feb 20 15:31:46 devstack devstack@keystone.service[40706]: ERROR keystone.server.flask.application The above exception was the direct cause of the following exception:
Feb 20 15:31:46 devstack devstack@keystone.service[40706]: ERROR keystone.server.flask.application
Feb 20 15:31:46 devstack devstack@keystone.service[40706]: ERROR keystone.server.flask.application
Traceback (most recent call last):
Feb 20 15:31:46 devstack devstack@keystone.service[40706]: ERROR keystone.server.flask.application
File "/opt/stack/keystone/keystone/common/sql/core.py", line 575, in wrapper
Feb 20 15:31:46 devstack devstack@keystone.service[40706]: ERROR keystone.server.flask.application return method(*args, **kwargs)
Feb 20 15:31:46 devstack devstack@keystone.service[40706]: ERROR keystone.server.flask.application
File "/opt/stack/keystone/keystone/resource/backends/sql.py", line 278, in create_project
Feb 20 15:31:46 devstack devstack@keystone.service[40706]: ERROR keystone.server.flask.application with sql.session_for_write() as session:
Feb 20 15:31:46 devstack devstack@keystone.service[40706]: ERROR keystone.server.flask.application
File "/usr/lib/python3.10/contextlib.py", line 142, in __exit__
Feb 20 15:31:46 devstack devstack@keystone.service[40706]: ERROR keystone.server.flask.application next(self.gen)
Feb 20 15:31:46 devstack devstack@keystone.service[40706]: ERROR keystone.server.flask.application
File "/opt/stack/data/venv/lib/python3.10/site-packages/oslo_db/sqlalchemy/enginefacade.py", line 1175, in _transaction_scope
Feb 20 15:31:46 devstack devstack@keystone.service[40706]: ERROR keystone.server.flask.application with current._produce_block(
Feb 20 15:31:46 devstack devstack@keystone.service[40706]: ERROR keystone.server.flask.application
File "/usr/lib/python3.10/contextlib.py", line 142, in __exit__
Feb 20 15:31:46 devstack devstack@keystone.service[40706]: ERROR keystone.server.flask.application next(self.gen)
Feb 20 15:31:46 devstack devstack@keystone.service[40706]: ERROR keystone.server.flask.application
