Jul 07 18:01:14 devstack cinder-volume[86972]: INFO cinder.volume.manager [None req-04e60bee-c365-4f0d-8ed7-2d21d467e572 tempest-GroupSnapshotsTest-1768541375 None] Update group completed successfully.
Jul 07 18:01:16 devstack cinder-volume[86972]: INFO cinder.volume.manager [None req-1a01b0c1-0b5b-4df9-9b62-fbf8f45f4c06 tempest-GroupSnapshotsTest-1768541375 None] GroupSnapshot 85225b69-6741-4060-8015-f301a6d9db57: creating.
Jul 07 18:01:16 devstack cinder-volume[86972]: DEBUG cinder.volume.manager [None req-1a01b0c1-0b5b-4df9-9b62-fbf8f45f4c06 tempest-GroupSnapshotsTest-1768541375 None] Group snapshot 85225b69-6741-4060-8015-f301a6d9db57: creating. {{(pid=86972) create_group_snapshot /opt/stack/cinder/cinder/volume/manager.py:4175}}
Jul 07 18:01:16 devstack cinder-volume[86972]: DEBUG oslo_concurrency.lockutils [None req-1a01b0c1-0b5b-4df9-9b62-fbf8f45f4c06 tempest-GroupSnapshotsTest-1768541375 None] Acquiring lock "quobyte" by "cinder.volume.drivers.quobyte.QuobyteDriver.create_snapshot" {{(pid=86972) inner /opt/stack/data/venv/lib/python3.12/site-packages/oslo_concurrency/lockutils.py:511}}
Jul 07 18:01:16 devstack cinder-volume[86972]: DEBUG oslo_concurrency.lockutils [None req-1a01b0c1-0b5b-4df9-9b62-fbf8f45f4c06 tempest-GroupSnapshotsTest-1768541375 None] Lock "quobyte" acquired by "cinder.volume.drivers.quobyte.QuobyteDriver.create_snapshot" :: waited 0.001s {{(pid=86972) inner /opt/stack/data/venv/lib/python3.12/site-packages/oslo_concurrency/lockutils.py:524}}
Jul 07 18:01:16 devstack cinder-volume[86972]: DEBUG cinder.volume.drivers.remotefs [None req-1a01b0c1-0b5b-4df9-9b62-fbf8f45f4c06 tempest-GroupSnapshotsTest-1768541375 None] Creating offline snapshot 753dba83-0804-497d-9492-88b08139006d of volume c8252592-421a-48ba-9aa8-c9638f595b01 {{(pid=86972) _create_snapshot /opt/stack/cinder/cinder/volume/drivers/remotefs.py:1816}}
Jul 07 18:01:16 devstack cinder-volume[86972]: DEBUG oslo.privsep.daemon [-] privsep: reply[92bf5d21-4161-4c31-9ff4-0ebf37bb9c55]: (4, 'qcow2') {{(pid=88280) _call_back /opt/stack/data/venv/lib/python3.12/site-packages/oslo_privsep/daemon.py:580}}
Jul 07 18:01:16 devstack cinder-volume[86972]: DEBUG oslo_concurrency.processutils [None req-1a01b0c1-0b5b-4df9-9b62-fbf8f45f4c06 tempest-GroupSnapshotsTest-1768541375 None] Running cmd (subprocess): /opt/stack/data/venv/bin/python3.12 -m oslo_concurrency.prlimit --as=1073741824 --cpu=60 -- sudo cinder-rootwrap /etc/cinder/rootwrap.conf env LC_ALL=C qemu-img info -f qcow2 --output=json --force-share /opt/stack/data/cinder/mnt/0e8c31569a8e6a066fb30df8cafe1abb/volume-c8252592-421a-48ba-9aa8-c9638f595b01 {{(pid=86972) execute /opt/stack/data/venv/lib/python3.12/site-packages/oslo_concurrency/processutils.py:440}}
Jul 07 18:01:16 devstack sudo[89821]: quobyte : PWD=/ ; USER=root ; COMMAND=/opt/stack/data/venv/bin/cinder-rootwrap /etc/cinder/rootwrap.conf env LC_ALL=C qemu-img info -f qcow2 --output=json --force-share /opt/stack/data/cinder/mnt/0e8c31569a8e6a066fb30df8cafe1abb/volume-c8252592-421a-48ba-9aa8-c9638f595b01
Jul 07 18:01:16 devstack sudo[89821]: pam_unix(sudo:session): session opened for user root(uid=0) by (uid=1000)
Jul 07 18:01:17 devstack sudo[89821]: pam_unix(sudo:session): session closed for user root
Jul 07 18:01:17 devstack cinder-volume[86972]: DEBUG oslo_concurrency.processutils [None req-1a01b0c1-0b5b-4df9-9b62-fbf8f45f4c06 tempest-GroupSnapshotsTest-1768541375 None] CMD "/opt/stack/data/venv/bin/python3.12 -m oslo_concurrency.prlimit --as=1073741824 --cpu=60 -- sudo cinder-rootwrap /etc/cinder/rootwrap.conf env LC_ALL=C qemu-img info -f qcow2 --output=json --force-share /opt/stack/data/cinder/mnt/0e8c31569a8e6a066fb30df8cafe1abb/volume-c8252592-421a-48ba-9aa8-c9638f595b01" returned: 0 in 1.028s {{(pid=86972) execute /opt/stack/data/venv/lib/python3.12/site-packages/oslo_concurrency/processutils.py:468}}
Jul 07 18:01:17 devstack cinder-volume[86972]: DEBUG oslo_concurrency.processutils [None req-1a01b0c1-0b5b-4df9-9b62-fbf8f45f4c06 tempest-GroupSnapshotsTest-1768541375 None] Running cmd (subprocess): sudo cinder-rootwrap /etc/cinder/rootwrap.conf qemu-img create -f qcow2 -o backing_file=/opt/stack/data/cinder/mnt/0e8c31569a8e6a066fb30df8cafe1abb/volume-c8252592-421a-48ba-9aa8-c9638f595b01,backing_fmt=qcow2 /opt/stack/data/cinder/mnt/0e8c31569a8e6a066fb30df8cafe1abb/volume-c8252592-421a-48ba-9aa8-c9638f595b01.753dba83-0804-497d-9492-88b08139006d 1G {{(pid=86972) execute /opt/stack/data/venv/lib/python3.12/site-packages/oslo_concurrency/processutils.py:440}}
Jul 07 18:01:17 devstack sudo[89858]: quobyte : PWD=/ ; USER=root ; COMMAND=/opt/stack/data/venv/bin/cinder-rootwrap /etc/cinder/rootwrap.conf qemu-img create -f qcow2 -o backing_file=/opt/stack/data/cinder/mnt/0e8c31569a8e6a066fb30df8cafe1abb/volume-c8252592-421a-48ba-9aa8-c9638f595b01,backing_fmt=qcow2 /opt/stack/data/cinder/mnt/0e8c31569a8e6a066fb30df8cafe1abb/volume-c8252592-421a-48ba-9aa8-c9638f595b01.753dba83-0804-497d-9492-88b08139006d 1G
Jul 07 18:01:17 devstack sudo[89858]: pam_unix(sudo:session): session opened for user root(uid=0) by (uid=1000)
Jul 07 18:01:18 devstack sudo[89858]: pam_unix(sudo:session): session closed for user root
Jul 07 18:01:18 devstack cinder-volume[86972]: DEBUG oslo_concurrency.processutils [None req-1a01b0c1-0b5b-4df9-9b62-fbf8f45f4c06 tempest-GroupSnapshotsTest-1768541375 None] CMD "sudo cinder-rootwrap /etc/cinder/rootwrap.conf qemu-img create -f qcow2 -o backing_file=/opt/stack/data/cinder/mnt/0e8c31569a8e6a066fb30df8cafe1abb/volume-c8252592-421a-48ba-9aa8-c9638f595b01,backing_fmt=qcow2 /opt/stack/data/cinder/mnt/0e8c31569a8e6a066fb30df8cafe1abb/volume-c8252592-421a-48ba-9aa8-c9638f595b01.753dba83-0804-497d-9492-88b08139006d 1G" returned: 0 in 0.867s {{(pid=86972) execute /opt/stack/data/venv/lib/python3.12/site-packages/oslo_concurrency/processutils.py:468}}
Jul 07 18:01:18 devstack cinder-volume[86972]: DEBUG oslo_concurrency.processutils [None req-1a01b0c1-0b5b-4df9-9b62-fbf8f45f4c06 tempest-GroupSnapshotsTest-1768541375 None] Running cmd (subprocess): sudo cinder-rootwrap /etc/cinder/rootwrap.conf qemu-img rebase -u -b volume-c8252592-421a-48ba-9aa8-c9638f595b01 -F qcow2 /opt/stack/data/cinder/mnt/0e8c31569a8e6a066fb30df8cafe1abb/volume-c8252592-421a-48ba-9aa8-c9638f595b01.753dba83-0804-497d-9492-88b08139006d {{(pid=86972) execute /opt/stack/data/venv/lib/python3.12/site-packages/oslo_concurrency/processutils.py:440}}
Jul 07 18:01:18 devstack sudo[89864]: quobyte : PWD=/ ; USER=root ; COMMAND=/opt/stack/data/venv/bin/cinder-rootwrap /etc/cinder/rootwrap.conf qemu-img rebase -u -b volume-c8252592-421a-48ba-9aa8-c9638f595b01 -F qcow2 /opt/stack/data/cinder/mnt/0e8c31569a8e6a066fb30df8cafe1abb/volume-c8252592-421a-48ba-9aa8-c9638f595b01.753dba83-0804-497d-9492-88b08139006d
Jul 07 18:01:18 devstack sudo[89864]: pam_unix(sudo:session): session opened for user root(uid=0) by (uid=1000)
Jul 07 18:01:18 devstack sudo[89864]: pam_unix(sudo:session): session closed for user root
Jul 07 18:01:18 devstack cinder-volume[86972]: DEBUG oslo_concurrency.processutils [None req-1a01b0c1-0b5b-4df9-9b62-fbf8f45f4c06 tempest-GroupSnapshotsTest-1768541375 None] CMD "sudo cinder-rootwrap /etc/cinder/rootwrap.conf qemu-img rebase -u -b volume-c8252592-421a-48ba-9aa8-c9638f595b01 -F qcow2 /opt/stack/data/cinder/mnt/0e8c31569a8e6a066fb30df8cafe1abb/volume-c8252592-421a-48ba-9aa8-c9638f595b01.753dba83-0804-497d-9492-88b08139006d" returned: 0 in 0.782s {{(pid=86972) execute /opt/stack/data/venv/lib/python3.12/site-packages/oslo_concurrency/processutils.py:468}}
Jul 07 18:01:18 devstack cinder-volume[86972]: WARNING cinder.volume.drivers.remotefs [None req-1a01b0c1-0b5b-4df9-9b62-fbf8f45f4c06 tempest-GroupSnapshotsTest-1768541375 None] /opt/stack/data/cinder/mnt/0e8c31569a8e6a066fb30df8cafe1abb/volume-c8252592-421a-48ba-9aa8-c9638f595b01.753dba83-0804-497d-9492-88b08139006d is being set with open permissions: ugo+rw: NotImplementedError
Jul 07 18:01:18 devstack cinder-volume[86972]: DEBUG oslo_concurrency.processutils [None req-1a01b0c1-0b5b-4df9-9b62-fbf8f45f4c06 tempest-GroupSnapshotsTest-1768541375 None] Running cmd (subprocess): sudo cinder-rootwrap /etc/cinder/rootwrap.conf chmod ugo+rw /opt/stack/data/cinder/mnt/0e8c31569a8e6a066fb30df8cafe1abb/volume-c8252592-421a-48ba-9aa8-c9638f595b01.753dba83-0804-497d-9492-88b08139006d {{(pid=86972) execute /opt/stack/data/venv/lib/python3.12/site-packages/oslo_concurrency/processutils.py:440}}
Jul 07 18:01:18 devstack sudo[89873]: quobyte : PWD=/ ; USER=root ; COMMAND=/opt/stack/data/venv/bin/cinder-rootwrap /etc/cinder/rootwrap.conf chmod ugo+rw /opt/stack/data/cinder/mnt/0e8c31569a8e6a066fb30df8cafe1abb/volume-c8252592-421a-48ba-9aa8-c9638f595b01.753dba83-0804-497d-9492-88b08139006d
Jul 07 18:01:18 devstack sudo[89873]: pam_unix(sudo:session): session opened for user root(uid=0) by (uid=1000)
Jul 07 18:01:19 devstack sudo[89873]: pam_unix(sudo:session): session closed for user root
Jul 07 18:01:19 devstack cinder-volume[86972]: DEBUG oslo_concurrency.processutils [None req-1a01b0c1-0b5b-4df9-9b62-fbf8f45f4c06 tempest-GroupSnapshotsTest-1768541375 None] CMD "sudo cinder-rootwrap /etc/cinder/rootwrap.conf chmod ugo+rw /opt/stack/data/cinder/mnt/0e8c31569a8e6a066fb30df8cafe1abb/volume-c8252592-421a-48ba-9aa8-c9638f595b01.753dba83-0804-497d-9492-88b08139006d" returned: 0 in 0.757s {{(pid=86972) execute /opt/stack/data/venv/lib/python3.12/site-packages/oslo_concurrency/processutils.py:468}}
Jul 07 18:01:19 devstack cinder-volume[86972]: DEBUG oslo_concurrency.processutils [None req-1a01b0c1-0b5b-4df9-9b62-fbf8f45f4c06 tempest-GroupSnapshotsTest-1768541375 None] Running cmd (subprocess): sudo cinder-rootwrap /etc/cinder/rootwrap.conf truncate -s0 /opt/stack/data/cinder/mnt/0e8c31569a8e6a066fb30df8cafe1abb/volume-c8252592-421a-48ba-9aa8-c9638f595b01.info {{(pid=86972) execute /opt/stack/data/venv/lib/python3.12/site-packages/oslo_concurrency/processutils.py:440}}
Jul 07 18:01:19 devstack sudo[89880]: quobyte : PWD=/ ; USER=root ; COMMAND=/opt/stack/data/venv/bin/cinder-rootwrap /etc/cinder/rootwrap.conf truncate -s0 /opt/stack/data/cinder/mnt/0e8c31569a8e6a066fb30df8cafe1abb/volume-c8252592-421a-48ba-9aa8-c9638f595b01.info
Jul 07 18:01:19 devstack sudo[89880]: pam_unix(sudo:session): session opened for user root(uid=0) by (uid=1000)
Jul 07 18:01:19 devstack cinder-volume[86972]: DEBUG cinder.volume.flows.manager.create_volume [None req-905ac3e6-f63e-40a9-aec7-d4fc80905580 tempest-AttachVolumeTestJSON-910217716 None] Volume reschedule parameters: True retry: {'num_attempts': 1, 'backends': ['devstack@QuobyteHD#QuobyteHD'], 'hosts': ['devstack@QuobyteHD#QuobyteHD']} {{(pid=86972) get_flow /opt/stack/cinder/cinder/volume/flows/manager/create_volume.py:1397}}
Jul 07 18:01:20 devstack cinder-volume[86972]: DEBUG cinder.volume.manager [None req-905ac3e6-f63e-40a9-aec7-d4fc80905580 tempest-AttachVolumeTestJSON-910217716 None] Flow 'volume_create_manager' (b8bef76f-5704-4ed3-9dc1-507528e4f9b1) transitioned into state 'RUNNING' from state 'PENDING' {{(pid=86972) _flow_receiver /opt/stack/data/venv/lib/python3.12/site-packages/taskflow/listeners/logging.py:160}}
Jul 07 18:01:20 devstack cinder-volume[86972]: DEBUG cinder.volume.manager [None req-905ac3e6-f63e-40a9-aec7-d4fc80905580 tempest-AttachVolumeTestJSON-910217716 None] Task 'cinder.volume.flows.manager.create_volume.ExtractVolumeRefTask;volume:create' (ebc2de0c-8f12-4b7a-990e-d3e4031811f2) transitioned into state 'RUNNING' from state 'PENDING' {{(pid=86972) _task_receiver /opt/stack/data/venv/lib/python3.12/site-packages/taskflow/listeners/logging.py:242}}
Jul 07 18:01:20 devstack cinder-volume[86972]: DEBUG cinder.volume.manager [None req-905ac3e6-f63e-40a9-aec7-d4fc80905580 tempest-AttachVolumeTestJSON-910217716 None] Task 'cinder.volume.flows.manager.create_volume.ExtractVolumeRefTask;volume:create' (ebc2de0c-8f12-4b7a-990e-d3e4031811f2) transitioned into state 'SUCCESS' from state 'RUNNING' with result 'Volume(_name_id=None,admin_metadata=,attach_status='detached',availability_zone='nova',bootable=False,cluster=,cluster_name=None,consistencygroup=,consistencygroup_id=None,created_at=2026-07-07T16:01:20Z,deleted=False,deleted_at=None,display_description=None,display_name='tempest-AttachVolumeTestJSON-volume-562964082',ec2_id=None,encryption_key_id=None,glance_metadata=,group=,group_id=None,host='devstack@QuobyteHD#QuobyteHD',id=afa3401d-b68c-4d44-9089-a4867fb5109a,launched_at=None,metadata={},migration_status=None,multiattach=False,previous_status=None,project_id='4abb6911430648a4b162a9a78a5ca28b',provider_auth=None,provider_geometry=None,provider_id=None,provider_location=None,replication_driver_data=None,replication_extended_status=None,replication_status=None,scheduled_at=2026-07-07T16:01:20Z,service_uuid=None,shared_targets=True,size=1,snapshot_id=None,snapshots=,source_volid=None,status='creating',terminated_at=None,updated_at=2026-07-07T16:01:20Z,use_quota=True,user_id='219a51d2dfed4593b6e4deeb057f1a4d',volume_attachment=VolumeAttachmentList,volume_type=VolumeType(3fdbdd75-9088-49e0-83aa-348f8a7c7f56),volume_type_id=3fdbdd75-9088-49e0-83aa-348f8a7c7f56)' {{(pid=86972) _task_receiver /opt/stack/data/venv/lib/python3.12/site-packages/taskflow/listeners/logging.py:218}}
Jul 07 18:01:20 devstack cinder-volume[86972]: DEBUG cinder.volume.manager [None req-905ac3e6-f63e-40a9-aec7-d4fc80905580 tempest-AttachVolumeTestJSON-910217716 None] Task 'cinder.volume.flows.manager.create_volume.OnFailureRescheduleTask;volume:create' (b2e9c78e-cd8b-4566-ba1f-631df825f119) transitioned into state 'RUNNING' from state 'PENDING' {{(pid=86972) _task_receiver /opt/stack/data/venv/lib/python3.12/site-packages/taskflow/listeners/logging.py:242}}
Jul 07 18:01:20 devstack cinder-volume[86972]: DEBUG cinder.volume.manager [None req-905ac3e6-f63e-40a9-aec7-d4fc80905580 tempest-AttachVolumeTestJSON-910217716 None] Task 'cinder.volume.flows.manager.create_volume.OnFailureRescheduleTask;volume:create' (b2e9c78e-cd8b-4566-ba1f-631df825f119) transitioned into state 'SUCCESS' from state 'RUNNING' with result 'None' {{(pid=86972) _task_receiver /opt/stack/data/venv/lib/python3.12/site-packages/taskflow/listeners/logging.py:218}}
Jul 07 18:01:20 devstack cinder-volume[86972]: DEBUG cinder.volume.manager [None req-905ac3e6-f63e-40a9-aec7-d4fc80905580 tempest-AttachVolumeTestJSON-910217716 None] Task 'cinder.volume.flows.manager.create_volume.ExtractVolumeSpecTask;volume:create' (7c9ae0e4-a080-4e82-8c2b-119b5f642951) transitioned into state 'RUNNING' from state 'PENDING' {{(pid=86972) _task_receiver /opt/stack/data/venv/lib/python3.12/site-packages/taskflow/listeners/logging.py:242}}
Jul 07 18:01:20 devstack cinder-volume[86972]: DEBUG cinder.volume.manager [None req-905ac3e6-f63e-40a9-aec7-d4fc80905580 tempest-AttachVolumeTestJSON-910217716 None] Task 'cinder.volume.flows.manager.create_volume.ExtractVolumeSpecTask;volume:create' (7c9ae0e4-a080-4e82-8c2b-119b5f642951) transitioned into state 'SUCCESS' from state 'RUNNING' with result '{'status': 'creating', 'type': 'raw', 'volume_id': 'afa3401d-b68c-4d44-9089-a4867fb5109a', 'volume_name': 'volume-afa3401d-b68c-4d44-9089-a4867fb5109a', 'volume_size': 1}' {{(pid=86972) _task_receiver /opt/stack/data/venv/lib/python3.12/site-packages/taskflow/listeners/logging.py:218}}
Jul 07 18:01:20 devstack cinder-volume[86972]: DEBUG cinder.volume.manager [None req-905ac3e6-f63e-40a9-aec7-d4fc80905580 tempest-AttachVolumeTestJSON-910217716 None] Task 'cinder.volume.flows.manager.create_volume.NotifyVolumeActionTask;volume:create, create.start' (7d527674-f247-4d5d-a98b-43f282fdcb1b) transitioned into state 'RUNNING' from state 'PENDING' {{(pid=86972) _task_receiver /opt/stack/data/venv/lib/python3.12/site-packages/taskflow/listeners/logging.py:242}}
Jul 07 18:01:20 devstack cinder-volume[86972]: DEBUG cinder.volume.manager [None req-905ac3e6-f63e-40a9-aec7-d4fc80905580 tempest-AttachVolumeTestJSON-910217716 None] Task 'cinder.volume.flows.manager.create_volume.NotifyVolumeActionTask;volume:create, create.start' (7d527674-f247-4d5d-a98b-43f282fdcb1b) transitioned into state 'SUCCESS' from state 'RUNNING' with result 'None' {{(pid=86972) _task_receiver /opt/stack/data/venv/lib/python3.12/site-packages/taskflow/listeners/logging.py:218}}
Jul 07 18:01:20 devstack cinder-volume[86972]: DEBUG cinder.volume.manager [None req-905ac3e6-f63e-40a9-aec7-d4fc80905580 tempest-AttachVolumeTestJSON-910217716 None] Task 'cinder.volume.flows.manager.create_volume.CreateVolumeFromSpecTask;volume:create' (b59c3a49-0734-489e-aef9-ecedda9dc7a3) transitioned into state 'RUNNING' from state 'PENDING' {{(pid=86972) _task_receiver /opt/stack/data/venv/lib/python3.12/site-packages/taskflow/listeners/logging.py:242}}
Jul 07 18:01:20 devstack cinder-volume[86972]: INFO cinder.volume.flows.manager.create_volume [None req-905ac3e6-f63e-40a9-aec7-d4fc80905580 tempest-AttachVolumeTestJSON-910217716 None] Volume afa3401d-b68c-4d44-9089-a4867fb5109a: being created as raw with specification: {'status': 'creating', 'volume_name': 'volume-afa3401d-b68c-4d44-9089-a4867fb5109a', 'volume_size': 1}
Jul 07 18:01:20 devstack cinder-volume[86972]: DEBUG oslo_concurrency.lockutils [None req-905ac3e6-f63e-40a9-aec7-d4fc80905580 tempest-AttachVolumeTestJSON-910217716 None] Acquiring lock "quobyte" by "cinder.volume.drivers.quobyte.QuobyteDriver.create_volume" {{(pid=86972) inner /opt/stack/data/venv/lib/python3.12/site-packages/oslo_concurrency/lockutils.py:511}}
Jul 07 18:01:20 devstack sudo[89880]: pam_unix(sudo:session): session closed for user root
Jul 07 18:01:20 devstack cinder-volume[86972]: DEBUG oslo_concurrency.processutils [None req-1a01b0c1-0b5b-4df9-9b62-fbf8f45f4c06 tempest-GroupSnapshotsTest-1768541375 None] CMD "sudo cinder-rootwrap /etc/cinder/rootwrap.conf truncate -s0 /opt/stack/data/cinder/mnt/0e8c31569a8e6a066fb30df8cafe1abb/volume-c8252592-421a-48ba-9aa8-c9638f595b01.info" returned: 0 in 0.779s {{(pid=86972) execute /opt/stack/data/venv/lib/python3.12/site-packages/oslo_concurrency/processutils.py:468}}
Jul 07 18:01:20 devstack cinder-volume[86972]: WARNING cinder.volume.drivers.remotefs [None req-1a01b0c1-0b5b-4df9-9b62-fbf8f45f4c06 tempest-GroupSnapshotsTest-1768541375 None] /opt/stack/data/cinder/mnt/0e8c31569a8e6a066fb30df8cafe1abb/volume-c8252592-421a-48ba-9aa8-c9638f595b01.info is being set with open permissions: ugo+rw: NotImplementedError
Jul 07 18:01:20 devstack cinder-volume[86972]: DEBUG oslo_concurrency.processutils [None req-1a01b0c1-0b5b-4df9-9b62-fbf8f45f4c06 tempest-GroupSnapshotsTest-1768541375 None] Running cmd (subprocess): sudo cinder-rootwrap /etc/cinder/rootwrap.conf chmod ugo+rw /opt/stack/data/cinder/mnt/0e8c31569a8e6a066fb30df8cafe1abb/volume-c8252592-421a-48ba-9aa8-c9638f595b01.info {{(pid=86972) execute /opt/stack/data/venv/lib/python3.12/site-packages/oslo_concurrency/processutils.py:440}}
Jul 07 18:01:20 devstack sudo[89889]: quobyte : PWD=/ ; USER=root ; COMMAND=/opt/stack/data/venv/bin/cinder-rootwrap /etc/cinder/rootwrap.conf chmod ugo+rw /opt/stack/data/cinder/mnt/0e8c31569a8e6a066fb30df8cafe1abb/volume-c8252592-421a-48ba-9aa8-c9638f595b01.info
Jul 07 18:01:20 devstack sudo[89889]: pam_unix(sudo:session): session opened for user root(uid=0) by (uid=1000)
Jul 07 18:01:21 devstack sudo[89889]: pam_unix(sudo:session): session closed for user root
Jul 07 18:01:21 devstack cinder-volume[86972]: DEBUG oslo_concurrency.processutils [None req-1a01b0c1-0b5b-4df9-9b62-fbf8f45f4c06 tempest-GroupSnapshotsTest-1768541375 None] CMD "sudo cinder-rootwrap /etc/cinder/rootwrap.conf chmod ugo+rw /opt/stack/data/cinder/mnt/0e8c31569a8e6a066fb30df8cafe1abb/volume-c8252592-421a-48ba-9aa8-c9638f595b01.info" returned: 0 in 0.845s {{(pid=86972) execute /opt/stack/data/venv/lib/python3.12/site-packages/oslo_concurrency/processutils.py:468}}
Jul 07 18:01:21 devstack cinder-volume[86972]: DEBUG oslo_concurrency.lockutils [None req-1a01b0c1-0b5b-4df9-9b62-fbf8f45f4c06 tempest-GroupSnapshotsTest-1768541375 None] Lock "quobyte" "released" by "cinder.volume.drivers.quobyte.QuobyteDriver.create_snapshot" :: held 5.253s {{(pid=86972) inner /opt/stack/data/venv/lib/python3.12/site-packages/oslo_concurrency/lockutils.py:543}}
Jul 07 18:01:21 devstack cinder-volume[86972]: DEBUG oslo_concurrency.lockutils [None req-1a01b0c1-0b5b-4df9-9b62-fbf8f45f4c06 tempest-GroupSnapshotsTest-1768541375 None] Acquiring lock "quobyte" by "cinder.volume.drivers.quobyte.QuobyteDriver.create_snapshot" {{(pid=86972) inner /opt/stack/data/venv/lib/python3.12/site-packages/oslo_concurrency/lockutils.py:511}}
Jul 07 18:01:21 devstack cinder-volume[86972]: DEBUG oslo_concurrency.lockutils [None req-1a01b0c1-0b5b-4df9-9b62-fbf8f45f4c06 tempest-GroupSnapshotsTest-1768541375 None] Lock "quobyte" acquired by "cinder.volume.drivers.quobyte.QuobyteDriver.create_snapshot" :: waited 0.000s {{(pid=86972) inner /opt/stack/data/venv/lib/python3.12/site-packages/oslo_concurrency/lockutils.py:524}}
Jul 07 18:01:21 devstack cinder-volume[86972]: DEBUG cinder.volume.drivers.remotefs [None req-1a01b0c1-0b5b-4df9-9b62-fbf8f45f4c06 tempest-GroupSnapshotsTest-1768541375 None] Creating offline snapshot 78e6eacf-44c5-4df8-a01c-1145ec5b7313 of volume 46ff2207-08b2-4ca8-b394-d2c02a0bb4d2 {{(pid=86972) _create_snapshot /opt/stack/cinder/cinder/volume/drivers/remotefs.py:1816}}
Jul 07 18:01:21 devstack cinder-volume[86972]: DEBUG oslo.privsep.daemon [-] privsep: reply[d6ba677e-caa5-4d68-8752-43ef62e0201d]: (4, 'qcow2') {{(pid=88280) _call_back /opt/stack/data/venv/lib/python3.12/site-packages/oslo_privsep/daemon.py:580}}
Jul 07 18:01:21 devstack cinder-volume[86972]: DEBUG oslo_concurrency.processutils [None req-1a01b0c1-0b5b-4df9-9b62-fbf8f45f4c06 tempest-GroupSnapshotsTest-1768541375 None] Running cmd (subprocess): /opt/stack/data/venv/bin/python3.12 -m oslo_concurrency.prlimit --as=1073741824 --cpu=60 -- sudo cinder-rootwrap /etc/cinder/rootwrap.conf env LC_ALL=C qemu-img info -f qcow2 --output=json --force-share /opt/stack/data/cinder/mnt/0e8c31569a8e6a066fb30df8cafe1abb/volume-46ff2207-08b2-4ca8-b394-d2c02a0bb4d2 {{(pid=86972) execute /opt/stack/data/venv/lib/python3.12/site-packages/oslo_concurrency/processutils.py:440}}
Jul 07 18:01:21 devstack sudo[89892]: quobyte : PWD=/ ; USER=root ; COMMAND=/opt/stack/data/venv/bin/cinder-rootwrap /etc/cinder/rootwrap.conf env LC_ALL=C qemu-img info -f qcow2 --output=json --force-share /opt/stack/data/cinder/mnt/0e8c31569a8e6a066fb30df8cafe1abb/volume-46ff2207-08b2-4ca8-b394-d2c02a0bb4d2
Jul 07 18:01:21 devstack sudo[89892]: pam_unix(sudo:session): session opened for user root(uid=0) by (uid=1000)
Jul 07 18:01:22 devstack sudo[89892]: pam_unix(sudo:session): session closed for user root
Jul 07 18:01:22 devstack cinder-volume[86972]: DEBUG oslo_concurrency.processutils [None req-1a01b0c1-0b5b-4df9-9b62-fbf8f45f4c06 tempest-GroupSnapshotsTest-1768541375 None] CMD "/opt/stack/data/venv/bin/python3.12 -m oslo_concurrency.prlimit --as=1073741824 --cpu=60 -- sudo cinder-rootwrap /etc/cinder/rootwrap.conf env LC_ALL=C qemu-img info -f qcow2 --output=json --force-share /opt/stack/data/cinder/mnt/0e8c31569a8e6a066fb30df8cafe1abb/volume-46ff2207-08b2-4ca8-b394-d2c02a0bb4d2" returned: 0 in 0.790s {{(pid=86972) execute /opt/stack/data/venv/lib/python3.12/site-packages/oslo_concurrency/processutils.py:468}}
Jul 07 18:01:22 devstack cinder-volume[86972]: DEBUG oslo_concurrency.processutils [None req-1a01b0c1-0b5b-4df9-9b62-fbf8f45f4c06 tempest-GroupSnapshotsTest-1768541375 None] Running cmd (subprocess): sudo cinder-rootwrap /etc/cinder/rootwrap.conf qemu-img create -f qcow2 -o backing_file=/opt/stack/data/cinder/mnt/0e8c31569a8e6a066fb30df8cafe1abb/volume-46ff2207-08b2-4ca8-b394-d2c02a0bb4d2,backing_fmt=qcow2 /opt/stack/data/cinder/mnt/0e8c31569a8e6a066fb30df8cafe1abb/volume-46ff2207-08b2-4ca8-b394-d2c02a0bb4d2.78e6eacf-44c5-4df8-a01c-1145ec5b7313 1G {{(pid=86972) execute /opt/stack/data/venv/lib/python3.12/site-packages/oslo_concurrency/processutils.py:440}}
Jul 07 18:01:22 devstack sudo[89898]: quobyte : PWD=/ ; USER=root ; COMMAND=/opt/stack/data/venv/bin/cinder-rootwrap /etc/cinder/rootwrap.conf qemu-img create -f qcow2 -o backing_file=/opt/stack/data/cinder/mnt/0e8c31569a8e6a066fb30df8cafe1abb/volume-46ff2207-08b2-4ca8-b394-d2c02a0bb4d2,backing_fmt=qcow2 /opt/stack/data/cinder/mnt/0e8c31569a8e6a066fb30df8cafe1abb/volume-46ff2207-08b2-4ca8-b394-d2c02a0bb4d2.78e6eacf-44c5-4df8-a01c-1145ec5b7313 1G
Jul 07 18:01:22 devstack sudo[89898]: pam_unix(sudo:session): session opened for user root(uid=0) by (uid=1000)
Jul 07 18:01:23 devstack sudo[89898]: pam_unix(sudo:session): session closed for user root
Jul 07 18:01:23 devstack cinder-volume[86972]: DEBUG oslo_concurrency.processutils [None req-1a01b0c1-0b5b-4df9-9b62-fbf8f45f4c06 tempest-GroupSnapshotsTest-1768541375 None] CMD "sudo cinder-rootwrap /etc/cinder/rootwrap.conf qemu-img create -f qcow2 -o backing_file=/opt/stack/data/cinder/mnt/0e8c31569a8e6a066fb30df8cafe1abb/volume-46ff2207-08b2-4ca8-b394-d2c02a0bb4d2,backing_fmt=qcow2 /opt/stack/data/cinder/mnt/0e8c31569a8e6a066fb30df8cafe1abb/volume-46ff2207-08b2-4ca8-b394-d2c02a0bb4d2.78e6eacf-44c5-4df8-a01c-1145ec5b7313 1G" returned: 0 in 0.948s {{(pid=86972) execute /opt/stack/data/venv/lib/python3.12/site-packages/oslo_concurrency/processutils.py:468}}
Jul 07 18:01:23 devstack cinder-volume[86972]: DEBUG oslo_concurrency.processutils [None req-1a01b0c1-0b5b-4df9-9b62-fbf8f45f4c06 tempest-GroupSnapshotsTest-1768541375 None] Running cmd (subprocess): sudo cinder-rootwrap /etc/cinder/rootwrap.conf qemu-img rebase -u -b volume-46ff2207-08b2-4ca8-b394-d2c02a0bb4d2 -F qcow2 /opt/stack/data/cinder/mnt/0e8c31569a8e6a066fb30df8cafe1abb/volume-46ff2207-08b2-4ca8-b394-d2c02a0bb4d2.78e6eacf-44c5-4df8-a01c-1145ec5b7313 {{(pid=86972) execute /opt/stack/data/venv/lib/python3.12/site-packages/oslo_concurrency/processutils.py:440}}
Jul 07 18:01:23 devstack sudo[89913]: quobyte : PWD=/ ; USER=root ; COMMAND=/opt/stack/data/venv/bin/cinder-rootwrap /etc/cinder/rootwrap.conf qemu-img rebase -u -b volume-46ff2207-08b2-4ca8-b394-d2c02a0bb4d2 -F qcow2 /opt/stack/data/cinder/mnt/0e8c31569a8e6a066fb30df8cafe1abb/volume-46ff2207-08b2-4ca8-b394-d2c02a0bb4d2.78e6eacf-44c5-4df8-a01c-1145ec5b7313
Jul 07 18:01:23 devstack sudo[89913]: pam_unix(sudo:session): session opened for user root(uid=0) by (uid=1000)
Jul 07 18:01:23 devstack cinder-volume[86972]: DEBUG oslo_concurrency.lockutils [req-ebaa94dc-9e26-41be-93d6-8c96f4bc2fa0 req-b1d3ff0c-7d20-4571-94fa-c49fd8302784 tempest-TaggedAttachmentsTest-498013944 None] Acquiring lock "quobyte" by "cinder.volume.drivers.quobyte.QuobyteDriver.initialize_connection" {{(pid=86972) inner /opt/stack/data/venv/lib/python3.12/site-packages/oslo_concurrency/lockutils.py:511}}
Jul 07 18:01:23 devstack sudo[89913]: pam_unix(sudo:session): session closed for user root
Jul 07 18:01:23 devstack cinder-volume[86972]: DEBUG oslo_concurrency.processutils [None req-1a01b0c1-0b5b-4df9-9b62-fbf8f45f4c06 tempest-GroupSnapshotsTest-1768541375 None] CMD "sudo cinder-rootwrap /etc/cinder/rootwrap.conf qemu-img rebase -u -b volume-46ff2207-08b2-4ca8-b394-d2c02a0bb4d2 -F qcow2 /opt/stack/data/cinder/mnt/0e8c31569a8e6a066fb30df8cafe1abb/volume-46ff2207-08b2-4ca8-b394-d2c02a0bb4d2.78e6eacf-44c5-4df8-a01c-1145ec5b7313" returned: 0 in 0.711s {{(pid=86972) execute /opt/stack/data/venv/lib/python3.12/site-packages/oslo_concurrency/processutils.py:468}}
Jul 07 18:01:23 devstack cinder-volume[86972]: WARNING cinder.volume.drivers.remotefs [None req-1a01b0c1-0b5b-4df9-9b62-fbf8f45f4c06 tempest-GroupSnapshotsTest-1768541375 None] /opt/stack/data/cinder/mnt/0e8c31569a8e6a066fb30df8cafe1abb/volume-46ff2207-08b2-4ca8-b394-d2c02a0bb4d2.78e6eacf-44c5-4df8-a01c-1145ec5b7313 is being set with open permissions: ugo+rw: NotImplementedError
Jul 07 18:01:23 devstack cinder-volume[86972]: DEBUG oslo_concurrency.processutils [None req-1a01b0c1-0b5b-4df9-9b62-fbf8f45f4c06 tempest-GroupSnapshotsTest-1768541375 None] Running cmd (subprocess): sudo cinder-rootwrap /etc/cinder/rootwrap.conf chmod ugo+rw /opt/stack/data/cinder/mnt/0e8c31569a8e6a066fb30df8cafe1abb/volume-46ff2207-08b2-4ca8-b394-d2c02a0bb4d2.78e6eacf-44c5-4df8-a01c-1145ec5b7313 {{(pid=86972) execute /opt/stack/data/venv/lib/python3.12/site-packages/oslo_concurrency/processutils.py:440}}
Jul 07 18:01:23 devstack sudo[89918]: quobyte : PWD=/ ; USER=root ; COMMAND=/opt/stack/data/venv/bin/cinder-rootwrap /etc/cinder/rootwrap.conf chmod ugo+rw /opt/stack/data/cinder/mnt/0e8c31569a8e6a066fb30df8cafe1abb/volume-46ff2207-08b2-4ca8-b394-d2c02a0bb4d2.78e6eacf-44c5-4df8-a01c-1145ec5b7313
Jul 07 18:01:23 devstack sudo[89918]: pam_unix(sudo:session): session opened for user root(uid=0) by (uid=1000)
Jul 07 18:01:24 devstack sudo[89918]: pam_unix(sudo:session): session closed for user root
Jul 07 18:01:24 devstack cinder-volume[86972]: DEBUG oslo_concurrency.processutils [None req-1a01b0c1-0b5b-4df9-9b62-fbf8f45f4c06 tempest-GroupSnapshotsTest-1768541375 None] CMD "sudo cinder-rootwrap /etc/cinder/rootwrap.conf chmod ugo+rw /opt/stack/data/cinder/mnt/0e8c31569a8e6a066fb30df8cafe1abb/volume-46ff2207-08b2-4ca8-b394-d2c02a0bb4d2.78e6eacf-44c5-4df8-a01c-1145ec5b7313" returned: 0 in 0.654s {{(pid=86972) execute /opt/stack/data/venv/lib/python3.12/site-packages/oslo_concurrency/processutils.py:468}}
Jul 07 18:01:24 devstack cinder-volume[86972]: DEBUG oslo_concurrency.processutils [None req-1a01b0c1-0b5b-4df9-9b62-fbf8f45f4c06 tempest-GroupSnapshotsTest-1768541375 None] Running cmd (subprocess): sudo cinder-rootwrap /etc/cinder/rootwrap.conf truncate -s0 /opt/stack/data/cinder/mnt/0e8c31569a8e6a066fb30df8cafe1abb/volume-46ff2207-08b2-4ca8-b394-d2c02a0bb4d2.info {{(pid=86972) execute /opt/stack/data/venv/lib/python3.12/site-packages/oslo_concurrency/processutils.py:440}}
Jul 07 18:01:24 devstack sudo[89921]: quobyte : PWD=/ ; USER=root ; COMMAND=/opt/stack/data/venv/bin/cinder-rootwrap /etc/cinder/rootwrap.conf truncate -s0 /opt/stack/data/cinder/mnt/0e8c31569a8e6a066fb30df8cafe1abb/volume-46ff2207-08b2-4ca8-b394-d2c02a0bb4d2.info
Jul 07 18:01:24 devstack sudo[89921]: pam_unix(sudo:session): session opened for user root(uid=0) by (uid=1000)
Jul 07 18:01:25 devstack sudo[89921]: pam_unix(sudo:session): session closed for user root
Jul 07 18:01:25 devstack cinder-volume[86972]: DEBUG oslo_concurrency.processutils [None req-1a01b0c1-0b5b-4df9-9b62-fbf8f45f4c06 tempest-GroupSnapshotsTest-1768541375 None] CMD "sudo cinder-rootwrap /etc/cinder/rootwrap.conf truncate -s0 /opt/stack/data/cinder/mnt/0e8c31569a8e6a066fb30df8cafe1abb/volume-46ff2207-08b2-4ca8-b394-d2c02a0bb4d2.info" returned: 0 in 0.688s {{(pid=86972) execute /opt/stack/data/venv/lib/python3.12/site-packages/oslo_concurrency/processutils.py:468}}
Jul 07 18:01:25 devstack cinder-volume[86972]: WARNING cinder.volume.drivers.remotefs [None req-1a01b0c1-0b5b-4df9-9b62-fbf8f45f4c06 tempest-GroupSnapshotsTest-1768541375 None] /opt/stack/data/cinder/mnt/0e8c31569a8e6a066fb30df8cafe1abb/volume-46ff2207-08b2-4ca8-b394-d2c02a0bb4d2.info is being set with open permissions: ugo+rw: NotImplementedError
Jul 07 18:01:25 devstack cinder-volume[86972]: DEBUG oslo_concurrency.processutils [None req-1a01b0c1-0b5b-4df9-9b62-fbf8f45f4c06 tempest-GroupSnapshotsTest-1768541375 None] Running cmd (subprocess): sudo cinder-rootwrap /etc/cinder/rootwrap.conf chmod ugo+rw /opt/stack/data/cinder/mnt/0e8c31569a8e6a066fb30df8cafe1abb/volume-46ff2207-08b2-4ca8-b394-d2c02a0bb4d2.info {{(pid=86972) execute /opt/stack/data/venv/lib/python3.12/site-packages/oslo_concurrency/processutils.py:440}}
Jul 07 18:01:25 devstack sudo[89928]: quobyte : PWD=/ ; USER=root ; COMMAND=/opt/stack/data/venv/bin/cinder-rootwrap /etc/cinder/rootwrap.conf chmod ugo+rw /opt/stack/data/cinder/mnt/0e8c31569a8e6a066fb30df8cafe1abb/volume-46ff2207-08b2-4ca8-b394-d2c02a0bb4d2.info
Jul 07 18:01:25 devstack sudo[89928]: pam_unix(sudo:session): session opened for user root(uid=0) by (uid=1000)
Jul 07 18:01:25 devstack sudo[89928]: pam_unix(sudo:session): session closed for user root
Jul 07 18:01:25 devstack cinder-volume[86972]: DEBUG oslo_concurrency.processutils [None req-1a01b0c1-0b5b-4df9-9b62-fbf8f45f4c06 tempest-GroupSnapshotsTest-1768541375 None] CMD "sudo cinder-rootwrap /etc/cinder/rootwrap.conf chmod ugo+rw /opt/stack/data/cinder/mnt/0e8c31569a8e6a066fb30df8cafe1abb/volume-46ff2207-08b2-4ca8-b394-d2c02a0bb4d2.info" returned: 0 in 0.681s {{(pid=86972) execute /opt/stack/data/venv/lib/python3.12/site-packages/oslo_concurrency/processutils.py:468}}
Jul 07 18:01:25 devstack cinder-volume[86972]: DEBUG oslo_concurrency.lockutils [None req-1a01b0c1-0b5b-4df9-9b62-fbf8f45f4c06 tempest-GroupSnapshotsTest-1768541375 None] Lock "quobyte" "released" by "cinder.volume.drivers.quobyte.QuobyteDriver.create_snapshot" :: held 4.560s {{(pid=86972) inner /opt/stack/data/venv/lib/python3.12/site-packages/oslo_concurrency/lockutils.py:543}}
Jul 07 18:01:25 devstack cinder-volume[86972]: DEBUG oslo_concurrency.lockutils [None req-905ac3e6-f63e-40a9-aec7-d4fc80905580 tempest-AttachVolumeTestJSON-910217716 None] Lock "quobyte" acquired by "cinder.volume.drivers.quobyte.QuobyteDriver.create_volume" :: waited 5.883s {{(pid=86972) inner /opt/stack/data/venv/lib/python3.12/site-packages/oslo_concurrency/lockutils.py:524}}
Jul 07 18:01:25 devstack cinder-volume[86972]: DEBUG cinder.volume.drivers.quobyte [None req-905ac3e6-f63e-40a9-aec7-d4fc80905580 tempest-AttachVolumeTestJSON-910217716 None] ==> create_volume: call "{'self': , 'volume': Volume(_name_id=None,admin_metadata=,attach_status='detached',availability_zone='nova',bootable=False,cluster=,cluster_name=None,consistencygroup=,consistencygroup_id=None,created_at=2026-07-07T16:01:20Z,deleted=False,deleted_at=None,display_description=None,display_name='tempest-AttachVolumeTestJSON-volume-562964082',ec2_id=None,encryption_key_id=None,glance_metadata=,group=,group_id=None,host='devstack@QuobyteHD#QuobyteHD',id=afa3401d-b68c-4d44-9089-a4867fb5109a,launched_at=None,metadata={},migration_status=None,multiattach=False,previous_status=None,project_id='4abb6911430648a4b162a9a78a5ca28b',provider_auth=None,provider_geometry=None,provider_id=None,provider_location=None,replication_driver_data=None,replication_extended_status=None,replication_status=None,scheduled_at=2026-07-07T16:01:20Z,service_uuid=None,shared_targets=True,size=1,snapshot_id=None,snapshots=,source_volid=None,status='creating',terminated_at=None,updated_at=2026-07-07T16:01:20Z,use_quota=True,user_id='219a51d2dfed4593b6e4deeb057f1a4d',volume_attachment=VolumeAttachmentList,volume_type=VolumeType(3fdbdd75-9088-49e0-83aa-348f8a7c7f56),volume_type_id=3fdbdd75-9088-49e0-83aa-348f8a7c7f56)}" {{(pid=86972) trace_logging_wrapper /opt/stack/cinder/cinder/volume/volume_utils.py:1497}}
Jul 07 18:01:25 devstack cinder-volume[86972]: DEBUG cinder.volume.drivers.remotefs [None req-905ac3e6-f63e-40a9-aec7-d4fc80905580 tempest-AttachVolumeTestJSON-910217716 None] Creating volume afa3401d-b68c-4d44-9089-a4867fb5109a {{(pid=86972) create_volume /opt/stack/cinder/cinder/volume/drivers/remotefs.py:292}}
Jul 07 18:01:25 devstack cinder-volume[86972]: DEBUG oslo_concurrency.lockutils [None req-905ac3e6-f63e-40a9-aec7-d4fc80905580 tempest-AttachVolumeTestJSON-910217716 None] Acquiring lock "quobyte_ensure" by "cinder.volume.drivers.quobyte.QuobyteDriver._ensure_shares_mounted" {{(pid=86972) inner /opt/stack/data/venv/lib/python3.12/site-packages/oslo_concurrency/lockutils.py:511}}
Jul 07 18:01:25 devstack cinder-volume[86972]: DEBUG oslo_concurrency.lockutils [None req-905ac3e6-f63e-40a9-aec7-d4fc80905580 tempest-AttachVolumeTestJSON-910217716 None] Lock "quobyte_ensure" acquired by "cinder.volume.drivers.quobyte.QuobyteDriver._ensure_shares_mounted" :: waited 0.001s {{(pid=86972) inner /opt/stack/data/venv/lib/python3.12/site-packages/oslo_concurrency/lockutils.py:524}}
Jul 07 18:01:25 devstack cinder-volume[86972]: DEBUG cinder.volume.drivers.quobyte [None req-905ac3e6-f63e-40a9-aec7-d4fc80905580 tempest-AttachVolumeTestJSON-910217716 None] Quobyte Volume URL set to: {'osci02.corp.quobyte.com/cinder-vol-269c2ed3-7210-4f0f-8343-1044c691f260': None} {{(pid=86972) _load_shares_config /opt/stack/cinder/cinder/volume/drivers/quobyte.py:617}}
Jul 07 18:01:25 devstack cinder-volume[86972]: DEBUG cinder.volume.drivers.quobyte [None req-905ac3e6-f63e-40a9-aec7-d4fc80905580 tempest-AttachVolumeTestJSON-910217716 None] Available shares ['osci02.corp.quobyte.com/cinder-vol-269c2ed3-7210-4f0f-8343-1044c691f260'] {{(pid=86972) _ensure_shares_mounted /opt/stack/cinder/cinder/volume/drivers/quobyte.py:647}}
Jul 07 18:01:25 devstack cinder-volume[86972]: DEBUG oslo_concurrency.lockutils [None req-905ac3e6-f63e-40a9-aec7-d4fc80905580 tempest-AttachVolumeTestJSON-910217716 None] Lock "quobyte_ensure" "released" by "cinder.volume.drivers.quobyte.QuobyteDriver._ensure_shares_mounted" :: held 0.006s {{(pid=86972) inner /opt/stack/data/venv/lib/python3.12/site-packages/oslo_concurrency/lockutils.py:543}}
Jul 07 18:01:25 devstack cinder-volume[86972]: DEBUG cinder.volume.drivers.quobyte [None req-905ac3e6-f63e-40a9-aec7-d4fc80905580 tempest-AttachVolumeTestJSON-910217716 None] Selected osci02.corp.quobyte.com/cinder-vol-269c2ed3-7210-4f0f-8343-1044c691f260 as target Quobyte volume. {{(pid=86972) _find_share /opt/stack/cinder/cinder/volume/drivers/quobyte.py:668}}
Jul 07 18:01:25 devstack cinder-volume[86972]: INFO cinder.volume.drivers.remotefs [None req-905ac3e6-f63e-40a9-aec7-d4fc80905580 tempest-AttachVolumeTestJSON-910217716 None] casted to osci02.corp.quobyte.com/cinder-vol-269c2ed3-7210-4f0f-8343-1044c691f260
Jul 07 18:01:25 devstack cinder-volume[86972]: DEBUG oslo_concurrency.processutils [None req-905ac3e6-f63e-40a9-aec7-d4fc80905580 tempest-AttachVolumeTestJSON-910217716 None] Running cmd (subprocess): sudo cinder-rootwrap /etc/cinder/rootwrap.conf qemu-img create -f qcow2 -o preallocation=metadata /opt/stack/data/cinder/mnt/0e8c31569a8e6a066fb30df8cafe1abb/volume-afa3401d-b68c-4d44-9089-a4867fb5109a 1073741824 {{(pid=86972) execute /opt/stack/data/venv/lib/python3.12/site-packages/oslo_concurrency/processutils.py:440}}
Jul 07 18:01:25 devstack sudo[89933]: quobyte : PWD=/ ; USER=root ; COMMAND=/opt/stack/data/venv/bin/cinder-rootwrap /etc/cinder/rootwrap.conf qemu-img create -f qcow2 -o preallocation=metadata /opt/stack/data/cinder/mnt/0e8c31569a8e6a066fb30df8cafe1abb/volume-afa3401d-b68c-4d44-9089-a4867fb5109a 1073741824
Jul 07 18:01:25 devstack sudo[89933]: pam_unix(sudo:session): session opened for user root(uid=0) by (uid=1000)
Jul 07 18:01:26 devstack cinder-volume[86972]: INFO cinder.volume.manager [None req-1a01b0c1-0b5b-4df9-9b62-fbf8f45f4c06 tempest-GroupSnapshotsTest-1768541375 None] group_snapshot 85225b69-6741-4060-8015-f301a6d9db57: created successfully
Jul 07 18:01:26 devstack cinder-volume[86972]: INFO cinder.volume.manager [None req-28ea658d-b616-4758-ad2c-0c079379478b tempest-GroupSnapshotsTest-1768541375 None] group_snapshot 85225b69-6741-4060-8015-f301a6d9db57: deleting
Jul 07 18:01:26 devstack cinder-volume[86972]: DEBUG cinder.volume.manager [None req-28ea658d-b616-4758-ad2c-0c079379478b tempest-GroupSnapshotsTest-1768541375 None] group_snapshot 85225b69-6741-4060-8015-f301a6d9db57: deleting {{(pid=86972) delete_group_snapshot /opt/stack/cinder/cinder/volume/manager.py:4350}}
Jul 07 18:01:26 devstack cinder-volume[86972]: DEBUG cinder.coordination [None req-28ea658d-b616-4758-ad2c-0c079379478b tempest-GroupSnapshotsTest-1768541375 None] Acquiring lock "cinder-quobyte-c8252592-421a-48ba-9aa8-c9638f595b01" by "delete_snapshot" {{(pid=86972) __acquire /opt/stack/cinder/cinder/coordination.py:138}}
Jul 07 18:01:26 devstack sudo[89933]: pam_unix(sudo:session): session closed for user root
Jul 07 18:01:26 devstack cinder-volume[86972]: DEBUG oslo_concurrency.processutils [None req-905ac3e6-f63e-40a9-aec7-d4fc80905580 tempest-AttachVolumeTestJSON-910217716 None] CMD "sudo cinder-rootwrap /etc/cinder/rootwrap.conf qemu-img create -f qcow2 -o preallocation=metadata /opt/stack/data/cinder/mnt/0e8c31569a8e6a066fb30df8cafe1abb/volume-afa3401d-b68c-4d44-9089-a4867fb5109a 1073741824" returned: 0 in 0.984s {{(pid=86972) execute /opt/stack/data/venv/lib/python3.12/site-packages/oslo_concurrency/processutils.py:468}}
Jul 07 18:01:26 devstack cinder-volume[86972]: DEBUG cinder.coordination [None req-28ea658d-b616-4758-ad2c-0c079379478b tempest-GroupSnapshotsTest-1768541375 None] Lock "cinder-quobyte-c8252592-421a-48ba-9aa8-c9638f595b01" acquired by "delete_snapshot" :: waited 0.031s {{(pid=86972) __acquire /opt/stack/cinder/cinder/coordination.py:141}}
Jul 07 18:01:26 devstack cinder-volume[86972]: DEBUG cinder.coordination [None req-28ea658d-b616-4758-ad2c-0c079379478b tempest-GroupSnapshotsTest-1768541375 None] Acquiring lock "cinder-quobyte-753dba83-0804-497d-9492-88b08139006d" by "_delete_snapshot" {{(pid=86972) __acquire /opt/stack/cinder/cinder/coordination.py:138}}
Jul 07 18:01:27 devstack cinder-volume[86972]: DEBUG cinder.coordination [None req-28ea658d-b616-4758-ad2c-0c079379478b tempest-GroupSnapshotsTest-1768541375 None] Lock "cinder-quobyte-753dba83-0804-497d-9492-88b08139006d" acquired by "_delete_snapshot" :: waited 0.038s {{(pid=86972) __acquire /opt/stack/cinder/cinder/coordination.py:141}}
Jul 07 18:01:27 devstack cinder-volume[86972]: DEBUG cinder.volume.drivers.remotefs [None req-28ea658d-b616-4758-ad2c-0c079379478b tempest-GroupSnapshotsTest-1768541375 None] Deleting offline snapshot 753dba83-0804-497d-9492-88b08139006d of volume c8252592-421a-48ba-9aa8-c9638f595b01 {{(pid=86972) _delete_snapshot /opt/stack/cinder/cinder/volume/drivers/remotefs.py:1288}}
Jul 07 18:01:27 devstack cinder-volume[86972]: DEBUG cinder.volume.drivers.remotefs [None req-28ea658d-b616-4758-ad2c-0c079379478b tempest-GroupSnapshotsTest-1768541375 None] snapshot_file for this snap is: volume-c8252592-421a-48ba-9aa8-c9638f595b01.753dba83-0804-497d-9492-88b08139006d {{(pid=86972) _delete_snapshot /opt/stack/cinder/cinder/volume/drivers/remotefs.py:1317}}
Jul 07 18:01:27 devstack cinder-volume[86972]: DEBUG oslo_concurrency.processutils [None req-905ac3e6-f63e-40a9-aec7-d4fc80905580 tempest-AttachVolumeTestJSON-910217716 None] Running cmd (subprocess): sudo cinder-rootwrap /etc/cinder/rootwrap.conf chmod ugo+rw /opt/stack/data/cinder/mnt/0e8c31569a8e6a066fb30df8cafe1abb/volume-afa3401d-b68c-4d44-9089-a4867fb5109a {{(pid=86972) execute /opt/stack/data/venv/lib/python3.12/site-packages/oslo_concurrency/processutils.py:440}}
Jul 07 18:01:27 devstack cinder-volume[86972]: DEBUG oslo.privsep.daemon [-] privsep: reply[ed1d1e95-70b8-42c8-8148-4d665fea6f54]: (4, 'qcow2') {{(pid=88280) _call_back /opt/stack/data/venv/lib/python3.12/site-packages/oslo_privsep/daemon.py:580}}
Jul 07 18:01:27 devstack cinder-volume[86972]: DEBUG oslo_concurrency.processutils [None req-28ea658d-b616-4758-ad2c-0c079379478b tempest-GroupSnapshotsTest-1768541375 None] Running cmd (subprocess): /opt/stack/data/venv/bin/python3.12 -m oslo_concurrency.prlimit --as=1073741824 --cpu=60 -- sudo cinder-rootwrap /etc/cinder/rootwrap.conf env LC_ALL=C qemu-img info -f qcow2 --output=json --force-share /opt/stack/data/cinder/mnt/0e8c31569a8e6a066fb30df8cafe1abb/volume-c8252592-421a-48ba-9aa8-c9638f595b01.753dba83-0804-497d-9492-88b08139006d {{(pid=86972) execute /opt/stack/data/venv/lib/python3.12/site-packages/oslo_concurrency/processutils.py:440}}
Jul 07 18:01:27 devstack sudo[89945]: quobyte : PWD=/ ; USER=root ; COMMAND=/opt/stack/data/venv/bin/cinder-rootwrap /etc/cinder/rootwrap.conf chmod ugo+rw /opt/stack/data/cinder/mnt/0e8c31569a8e6a066fb30df8cafe1abb/volume-afa3401d-b68c-4d44-9089-a4867fb5109a
Jul 07 18:01:27 devstack sudo[89945]: pam_unix(sudo:session): session opened for user root(uid=0) by (uid=1000)
Jul 07 18:01:27 devstack sudo[89946]: quobyte : PWD=/ ; USER=root ; COMMAND=/opt/stack/data/venv/bin/cinder-rootwrap /etc/cinder/rootwrap.conf env LC_ALL=C qemu-img info -f qcow2 --output=json --force-share /opt/stack/data/cinder/mnt/0e8c31569a8e6a066fb30df8cafe1abb/volume-c8252592-421a-48ba-9aa8-c9638f595b01.753dba83-0804-497d-9492-88b08139006d
Jul 07 18:01:27 devstack sudo[89946]: pam_unix(sudo:session): session opened for user root(uid=0) by (uid=1000)
Jul 07 18:01:27 devstack sudo[89945]: pam_unix(sudo:session): session closed for user root
Jul 07 18:01:27 devstack cinder-volume[86972]: DEBUG oslo_concurrency.processutils [None req-905ac3e6-f63e-40a9-aec7-d4fc80905580 tempest-AttachVolumeTestJSON-910217716 None] CMD "sudo cinder-rootwrap /etc/cinder/rootwrap.conf chmod ugo+rw /opt/stack/data/cinder/mnt/0e8c31569a8e6a066fb30df8cafe1abb/volume-afa3401d-b68c-4d44-9089-a4867fb5109a" returned: 0 in 0.736s {{(pid=86972) execute /opt/stack/data/venv/lib/python3.12/site-packages/oslo_concurrency/processutils.py:468}}
Jul 07 18:01:27 devstack cinder-volume[86972]: DEBUG cinder.volume.drivers.quobyte [None req-905ac3e6-f63e-40a9-aec7-d4fc80905580 tempest-AttachVolumeTestJSON-910217716 None] <== create_volume: return (1823ms) {'provider_location': 'osci02.corp.quobyte.com/cinder-vol-269c2ed3-7210-4f0f-8343-1044c691f260'} {{(pid=86972) trace_logging_wrapper /opt/stack/cinder/cinder/volume/volume_utils.py:1522}}
Jul 07 18:01:27 devstack cinder-volume[86972]: DEBUG oslo_concurrency.lockutils [None req-905ac3e6-f63e-40a9-aec7-d4fc80905580 tempest-AttachVolumeTestJSON-910217716 None] Lock "quobyte" "released" by "cinder.volume.drivers.quobyte.QuobyteDriver.create_volume" :: held 1.826s {{(pid=86972) inner /opt/stack/data/venv/lib/python3.12/site-packages/oslo_concurrency/lockutils.py:543}}
Jul 07 18:01:27 devstack cinder-volume[86972]: DEBUG oslo_concurrency.lockutils [req-ebaa94dc-9e26-41be-93d6-8c96f4bc2fa0 req-b1d3ff0c-7d20-4571-94fa-c49fd8302784 tempest-TaggedAttachmentsTest-498013944 None] Lock "quobyte" acquired by "cinder.volume.drivers.quobyte.QuobyteDriver.initialize_connection" :: waited 4.500s {{(pid=86972) inner /opt/stack/data/venv/lib/python3.12/site-packages/oslo_concurrency/lockutils.py:524}}
Jul 07 18:01:27 devstack cinder-volume[86972]: DEBUG cinder.volume.manager [None req-905ac3e6-f63e-40a9-aec7-d4fc80905580 tempest-AttachVolumeTestJSON-910217716 None] Task 'cinder.volume.flows.manager.create_volume.CreateVolumeFromSpecTask;volume:create' (b59c3a49-0734-489e-aef9-ecedda9dc7a3) transitioned into state 'SUCCESS' from state 'RUNNING' with result '{'status': 'creating', 'volume_name': 'volume-afa3401d-b68c-4d44-9089-a4867fb5109a', 'volume_size': 1}' {{(pid=86972) _task_receiver /opt/stack/data/venv/lib/python3.12/site-packages/taskflow/listeners/logging.py:218}}
Jul 07 18:01:27 devstack cinder-volume[86972]: DEBUG cinder.volume.manager [None req-905ac3e6-f63e-40a9-aec7-d4fc80905580 tempest-AttachVolumeTestJSON-910217716 None] Task 'cinder.volume.flows.manager.create_volume.CreateVolumeOnFinishTask;volume:create, create.end' (ccdae12c-5681-4a0d-9cee-1505ce27b856) transitioned into state 'RUNNING' from state 'PENDING' {{(pid=86972) _task_receiver /opt/stack/data/venv/lib/python3.12/site-packages/taskflow/listeners/logging.py:242}}
Jul 07 18:01:27 devstack cinder-volume[86972]: DEBUG oslo.privsep.daemon [-] privsep: reply[52002bc0-77b2-4f33-be42-7975c71d9800]: (4, 'qcow2') {{(pid=88280) _call_back /opt/stack/data/venv/lib/python3.12/site-packages/oslo_privsep/daemon.py:580}}
Jul 07 18:01:27 devstack cinder-volume[86972]: DEBUG oslo_concurrency.processutils [req-ebaa94dc-9e26-41be-93d6-8c96f4bc2fa0 req-b1d3ff0c-7d20-4571-94fa-c49fd8302784 tempest-TaggedAttachmentsTest-498013944 None] Running cmd (subprocess): /opt/stack/data/venv/bin/python3.12 -m oslo_concurrency.prlimit --as=1073741824 --cpu=60 -- sudo cinder-rootwrap /etc/cinder/rootwrap.conf env LC_ALL=C qemu-img info -f qcow2 --output=json --force-share /opt/stack/data/cinder/mnt/0e8c31569a8e6a066fb30df8cafe1abb/volume-862c6931-1e28-40f6-a448-842f62153799 {{(pid=86972) execute /opt/stack/data/venv/lib/python3.12/site-packages/oslo_concurrency/processutils.py:440}}
Jul 07 18:01:27 devstack cinder-volume[86972]: INFO cinder.volume.flows.manager.create_volume [None req-905ac3e6-f63e-40a9-aec7-d4fc80905580 tempest-AttachVolumeTestJSON-910217716 None] Volume volume-afa3401d-b68c-4d44-9089-a4867fb5109a (afa3401d-b68c-4d44-9089-a4867fb5109a): created successfully
Jul 07 18:01:27 devstack cinder-volume[86972]: DEBUG cinder.volume.manager [None req-905ac3e6-f63e-40a9-aec7-d4fc80905580 tempest-AttachVolumeTestJSON-910217716 None] Task 'cinder.volume.flows.manager.create_volume.CreateVolumeOnFinishTask;volume:create, create.end' (ccdae12c-5681-4a0d-9cee-1505ce27b856) transitioned into state 'SUCCESS' from state 'RUNNING' with result 'None' {{(pid=86972) _task_receiver /opt/stack/data/venv/lib/python3.12/site-packages/taskflow/listeners/logging.py:218}}
Jul 07 18:01:27 devstack cinder-volume[86972]: DEBUG cinder.volume.manager [None req-905ac3e6-f63e-40a9-aec7-d4fc80905580 tempest-AttachVolumeTestJSON-910217716 None] Flow 'volume_create_manager' (b8bef76f-5704-4ed3-9dc1-507528e4f9b1) transitioned into state 'SUCCESS' from state 'RUNNING' {{(pid=86972) _flow_receiver /opt/stack/data/venv/lib/python3.12/site-packages/taskflow/listeners/logging.py:160}}
Jul 07 18:01:27 devstack cinder-volume[86972]: INFO cinder.volume.manager [None req-905ac3e6-f63e-40a9-aec7-d4fc80905580 tempest-AttachVolumeTestJSON-910217716 None] Created volume successfully.
Jul 07 18:01:27 devstack sudo[89946]: pam_unix(sudo:session): session closed for user root
