Jul 07 18:01:43 devstack cinder-volume[86972]: DEBUG cinder.volume.drivers.quobyte [None req-c18cf335-fc17-40d5-83ab-f98d5e0ef8c1 tempest-GroupSnapshotsTest-1768541375 None] ==> create_volume: call "{'self': , 'volume': Volume(_name_id=None,admin_metadata=,attach_status='detached',availability_zone='nova',bootable=False,cluster=,cluster_name=None,consistencygroup=,consistencygroup_id=3ff7b83a-045f-4a95-a489-eb597ec2b81b,created_at=2026-07-07T16:01:42Z,deleted=False,deleted_at=None,display_description=None,display_name='tempest-volume-678830553',ec2_id=None,encryption_key_id=None,glance_metadata=,group=,group_id=3ff7b83a-045f-4a95-a489-eb597ec2b81b,host='devstack@QuobyteHD#QuobyteHD',id=d49948c3-3151-46bb-9894-0d768153fe7d,launched_at=None,metadata={},migration_status=None,multiattach=False,previous_status=None,project_id='785659846caf455cb3c1449e4b715aef',provider_auth=None,provider_geometry=None,provider_id=None,provider_location=None,replication_driver_data=None,replication_extended_status=None,replication_status=None,scheduled_at=2026-07-07T16:01:43Z,service_uuid=None,shared_targets=True,size=1,snapshot_id=None,snapshots=,source_volid=None,status='creating',terminated_at=None,updated_at=2026-07-07T16:01:43Z,use_quota=True,user_id='b91757c886d84ff0b96c7eee09049b11',volume_attachment=VolumeAttachmentList,volume_type=VolumeType(87f7d3b8-9a7c-4a98-9f3a-ea8a8a84957c),volume_type_id=87f7d3b8-9a7c-4a98-9f3a-ea8a8a84957c)}" {{(pid=86972) trace_logging_wrapper /opt/stack/cinder/cinder/volume/volume_utils.py:1497}}
Jul 07 18:01:43 devstack cinder-volume[86972]: DEBUG cinder.volume.drivers.remotefs [None req-c18cf335-fc17-40d5-83ab-f98d5e0ef8c1 tempest-GroupSnapshotsTest-1768541375 None] Creating volume d49948c3-3151-46bb-9894-0d768153fe7d {{(pid=86972) create_volume /opt/stack/cinder/cinder/volume/drivers/remotefs.py:292}}
Jul 07 18:01:43 devstack cinder-volume[86972]: DEBUG oslo_concurrency.lockutils [None req-c18cf335-fc17-40d5-83ab-f98d5e0ef8c1 tempest-GroupSnapshotsTest-1768541375 None] Acquiring lock "quobyte_ensure" by "cinder.volume.drivers.quobyte.QuobyteDriver._ensure_shares_mounted" {{(pid=86972) inner /opt/stack/data/venv/lib/python3.12/site-packages/oslo_concurrency/lockutils.py:511}}
Jul 07 18:01:43 devstack cinder-volume[86972]: DEBUG oslo_concurrency.lockutils [None req-c18cf335-fc17-40d5-83ab-f98d5e0ef8c1 tempest-GroupSnapshotsTest-1768541375 None] Lock "quobyte_ensure" acquired by "cinder.volume.drivers.quobyte.QuobyteDriver._ensure_shares_mounted" :: waited 0.001s {{(pid=86972) inner /opt/stack/data/venv/lib/python3.12/site-packages/oslo_concurrency/lockutils.py:524}}
Jul 07 18:01:43 devstack cinder-volume[86972]: DEBUG cinder.volume.drivers.quobyte [None req-c18cf335-fc17-40d5-83ab-f98d5e0ef8c1 tempest-GroupSnapshotsTest-1768541375 None] Quobyte Volume URL set to: {'osci02.corp.quobyte.com/cinder-vol-269c2ed3-7210-4f0f-8343-1044c691f260': None} {{(pid=86972) _load_shares_config /opt/stack/cinder/cinder/volume/drivers/quobyte.py:617}}
Jul 07 18:01:43 devstack cinder-volume[86972]: DEBUG cinder.volume.drivers.quobyte [None req-c18cf335-fc17-40d5-83ab-f98d5e0ef8c1 tempest-GroupSnapshotsTest-1768541375 None] Available shares ['osci02.corp.quobyte.com/cinder-vol-269c2ed3-7210-4f0f-8343-1044c691f260'] {{(pid=86972) _ensure_shares_mounted /opt/stack/cinder/cinder/volume/drivers/quobyte.py:647}}
Jul 07 18:01:43 devstack cinder-volume[86972]: DEBUG oslo_concurrency.lockutils [None req-c18cf335-fc17-40d5-83ab-f98d5e0ef8c1 tempest-GroupSnapshotsTest-1768541375 None] Lock "quobyte_ensure" "released" by "cinder.volume.drivers.quobyte.QuobyteDriver._ensure_shares_mounted" :: held 0.008s {{(pid=86972) inner /opt/stack/data/venv/lib/python3.12/site-packages/oslo_concurrency/lockutils.py:543}}
Jul 07 18:01:43 devstack cinder-volume[86972]: DEBUG cinder.volume.drivers.quobyte [None req-c18cf335-fc17-40d5-83ab-f98d5e0ef8c1 tempest-GroupSnapshotsTest-1768541375 None] Selected osci02.corp.quobyte.com/cinder-vol-269c2ed3-7210-4f0f-8343-1044c691f260 as target Quobyte volume. {{(pid=86972) _find_share /opt/stack/cinder/cinder/volume/drivers/quobyte.py:668}}
Jul 07 18:01:43 devstack cinder-volume[86972]: INFO cinder.volume.drivers.remotefs [None req-c18cf335-fc17-40d5-83ab-f98d5e0ef8c1 tempest-GroupSnapshotsTest-1768541375 None] casted to osci02.corp.quobyte.com/cinder-vol-269c2ed3-7210-4f0f-8343-1044c691f260
Jul 07 18:01:43 devstack cinder-volume[86972]: DEBUG oslo_concurrency.processutils [None req-c18cf335-fc17-40d5-83ab-f98d5e0ef8c1 tempest-GroupSnapshotsTest-1768541375 None] Running cmd (subprocess): sudo cinder-rootwrap /etc/cinder/rootwrap.conf qemu-img create -f qcow2 -o preallocation=metadata /opt/stack/data/cinder/mnt/0e8c31569a8e6a066fb30df8cafe1abb/volume-d49948c3-3151-46bb-9894-0d768153fe7d 1073741824 {{(pid=86972) execute /opt/stack/data/venv/lib/python3.12/site-packages/oslo_concurrency/processutils.py:440}}
Jul 07 18:01:43 devstack sudo[90545]: quobyte : PWD=/ ; USER=root ; COMMAND=/opt/stack/data/venv/bin/cinder-rootwrap /etc/cinder/rootwrap.conf qemu-img create -f qcow2 -o preallocation=metadata /opt/stack/data/cinder/mnt/0e8c31569a8e6a066fb30df8cafe1abb/volume-d49948c3-3151-46bb-9894-0d768153fe7d 1073741824
Jul 07 18:01:43 devstack sudo[90545]: pam_unix(sudo:session): session opened for user root(uid=0) by (uid=1000)
Jul 07 18:01:44 devstack sudo[90545]: pam_unix(sudo:session): session closed for user root
Jul 07 18:01:44 devstack cinder-volume[86972]: DEBUG oslo_concurrency.processutils [None req-c18cf335-fc17-40d5-83ab-f98d5e0ef8c1 tempest-GroupSnapshotsTest-1768541375 None] CMD "sudo cinder-rootwrap /etc/cinder/rootwrap.conf qemu-img create -f qcow2 -o preallocation=metadata /opt/stack/data/cinder/mnt/0e8c31569a8e6a066fb30df8cafe1abb/volume-d49948c3-3151-46bb-9894-0d768153fe7d 1073741824" returned: 0 in 1.086s {{(pid=86972) execute /opt/stack/data/venv/lib/python3.12/site-packages/oslo_concurrency/processutils.py:468}}
Jul 07 18:01:44 devstack cinder-volume[86972]: DEBUG oslo_concurrency.processutils [None req-c18cf335-fc17-40d5-83ab-f98d5e0ef8c1 tempest-GroupSnapshotsTest-1768541375 None] Running cmd (subprocess): sudo cinder-rootwrap /etc/cinder/rootwrap.conf chmod ugo+rw /opt/stack/data/cinder/mnt/0e8c31569a8e6a066fb30df8cafe1abb/volume-d49948c3-3151-46bb-9894-0d768153fe7d {{(pid=86972) execute /opt/stack/data/venv/lib/python3.12/site-packages/oslo_concurrency/processutils.py:440}}
Jul 07 18:01:44 devstack sudo[90553]: quobyte : PWD=/ ; USER=root ; COMMAND=/opt/stack/data/venv/bin/cinder-rootwrap /etc/cinder/rootwrap.conf chmod ugo+rw /opt/stack/data/cinder/mnt/0e8c31569a8e6a066fb30df8cafe1abb/volume-d49948c3-3151-46bb-9894-0d768153fe7d
Jul 07 18:01:44 devstack sudo[90553]: pam_unix(sudo:session): session opened for user root(uid=0) by (uid=1000)
Jul 07 18:01:45 devstack sudo[90553]: pam_unix(sudo:session): session closed for user root
Jul 07 18:01:45 devstack cinder-volume[86972]: DEBUG oslo_concurrency.processutils [None req-c18cf335-fc17-40d5-83ab-f98d5e0ef8c1 tempest-GroupSnapshotsTest-1768541375 None] CMD "sudo cinder-rootwrap /etc/cinder/rootwrap.conf chmod ugo+rw /opt/stack/data/cinder/mnt/0e8c31569a8e6a066fb30df8cafe1abb/volume-d49948c3-3151-46bb-9894-0d768153fe7d" returned: 0 in 0.969s {{(pid=86972) execute /opt/stack/data/venv/lib/python3.12/site-packages/oslo_concurrency/processutils.py:468}}
Jul 07 18:01:45 devstack cinder-volume[86972]: DEBUG cinder.volume.drivers.quobyte [None req-c18cf335-fc17-40d5-83ab-f98d5e0ef8c1 tempest-GroupSnapshotsTest-1768541375 None] <== create_volume: return (2127ms) {'provider_location': 'osci02.corp.quobyte.com/cinder-vol-269c2ed3-7210-4f0f-8343-1044c691f260'} {{(pid=86972) trace_logging_wrapper /opt/stack/cinder/cinder/volume/volume_utils.py:1522}}
Jul 07 18:01:45 devstack cinder-volume[86972]: DEBUG oslo_concurrency.lockutils [None req-c18cf335-fc17-40d5-83ab-f98d5e0ef8c1 tempest-GroupSnapshotsTest-1768541375 None] Lock "quobyte" "released" by "cinder.volume.drivers.quobyte.QuobyteDriver.create_volume" :: held 2.133s {{(pid=86972) inner /opt/stack/data/venv/lib/python3.12/site-packages/oslo_concurrency/lockutils.py:543}}
Jul 07 18:01:45 devstack cinder-volume[86972]: DEBUG cinder.volume.manager [None req-c18cf335-fc17-40d5-83ab-f98d5e0ef8c1 tempest-GroupSnapshotsTest-1768541375 None] Task 'cinder.volume.flows.manager.create_volume.CreateVolumeFromSpecTask;volume:create' (3e26436a-63ed-4717-a58a-0b820ef2e3d1) transitioned into state 'SUCCESS' from state 'RUNNING' with result '{'status': 'creating', 'volume_name': 'volume-d49948c3-3151-46bb-9894-0d768153fe7d', 'volume_size': 1}' {{(pid=86972) _task_receiver /opt/stack/data/venv/lib/python3.12/site-packages/taskflow/listeners/logging.py:218}}
Jul 07 18:01:45 devstack cinder-volume[86972]: DEBUG cinder.volume.manager [None req-c18cf335-fc17-40d5-83ab-f98d5e0ef8c1 tempest-GroupSnapshotsTest-1768541375 None] Task 'cinder.volume.flows.manager.create_volume.CreateVolumeOnFinishTask;volume:create, create.end' (5176e73c-aa9f-48ce-9779-77d6f3aed740) transitioned into state 'RUNNING' from state 'PENDING' {{(pid=86972) _task_receiver /opt/stack/data/venv/lib/python3.12/site-packages/taskflow/listeners/logging.py:242}}
Jul 07 18:01:45 devstack cinder-volume[86972]: INFO cinder.volume.flows.manager.create_volume [None req-c18cf335-fc17-40d5-83ab-f98d5e0ef8c1 tempest-GroupSnapshotsTest-1768541375 None] Volume volume-d49948c3-3151-46bb-9894-0d768153fe7d (d49948c3-3151-46bb-9894-0d768153fe7d): created successfully
Jul 07 18:01:45 devstack cinder-volume[86972]: DEBUG cinder.volume.manager [None req-c18cf335-fc17-40d5-83ab-f98d5e0ef8c1 tempest-GroupSnapshotsTest-1768541375 None] Task 'cinder.volume.flows.manager.create_volume.CreateVolumeOnFinishTask;volume:create, create.end' (5176e73c-aa9f-48ce-9779-77d6f3aed740) transitioned into state 'SUCCESS' from state 'RUNNING' with result 'None' {{(pid=86972) _task_receiver /opt/stack/data/venv/lib/python3.12/site-packages/taskflow/listeners/logging.py:218}}
Jul 07 18:01:45 devstack cinder-volume[86972]: DEBUG cinder.volume.manager [None req-c18cf335-fc17-40d5-83ab-f98d5e0ef8c1 tempest-GroupSnapshotsTest-1768541375 None] Flow 'volume_create_manager' (7ba2e640-3f93-4b9d-a2d3-5dffc35aeaf6) transitioned into state 'SUCCESS' from state 'RUNNING' {{(pid=86972) _flow_receiver /opt/stack/data/venv/lib/python3.12/site-packages/taskflow/listeners/logging.py:160}}
Jul 07 18:01:45 devstack cinder-volume[86972]: INFO cinder.volume.manager [None req-c18cf335-fc17-40d5-83ab-f98d5e0ef8c1 tempest-GroupSnapshotsTest-1768541375 None] Created volume successfully.
Jul 07 18:01:45 devstack cinder-volume[86972]: INFO cinder.volume.manager [None req-6462b7ff-c939-4fd5-ab35-06bfe3f535cb tempest-GroupSnapshotsTest-1768541375 None] GroupSnapshot 1ba9349e-a7bc-4ddf-9a5d-376adb076dff: creating.
Jul 07 18:01:45 devstack cinder-volume[86972]: DEBUG cinder.volume.manager [None req-6462b7ff-c939-4fd5-ab35-06bfe3f535cb tempest-GroupSnapshotsTest-1768541375 None] Group snapshot 1ba9349e-a7bc-4ddf-9a5d-376adb076dff: creating. {{(pid=86972) create_group_snapshot /opt/stack/cinder/cinder/volume/manager.py:4175}}
Jul 07 18:01:45 devstack cinder-volume[86972]: DEBUG oslo_concurrency.lockutils [None req-6462b7ff-c939-4fd5-ab35-06bfe3f535cb tempest-GroupSnapshotsTest-1768541375 None] Acquiring lock "quobyte" by "cinder.volume.drivers.quobyte.QuobyteDriver.create_snapshot" {{(pid=86972) inner /opt/stack/data/venv/lib/python3.12/site-packages/oslo_concurrency/lockutils.py:511}}
Jul 07 18:01:45 devstack cinder-volume[86972]: DEBUG oslo_concurrency.lockutils [None req-6462b7ff-c939-4fd5-ab35-06bfe3f535cb tempest-GroupSnapshotsTest-1768541375 None] Lock "quobyte" acquired by "cinder.volume.drivers.quobyte.QuobyteDriver.create_snapshot" :: waited 0.001s {{(pid=86972) inner /opt/stack/data/venv/lib/python3.12/site-packages/oslo_concurrency/lockutils.py:524}}
Jul 07 18:01:45 devstack cinder-volume[86972]: DEBUG cinder.volume.drivers.remotefs [None req-6462b7ff-c939-4fd5-ab35-06bfe3f535cb tempest-GroupSnapshotsTest-1768541375 None] Creating offline snapshot 07e6d019-7412-4b4e-98f1-1c0badd2933d of volume d49948c3-3151-46bb-9894-0d768153fe7d {{(pid=86972) _create_snapshot /opt/stack/cinder/cinder/volume/drivers/remotefs.py:1816}}
Jul 07 18:01:45 devstack cinder-volume[86972]: DEBUG oslo.privsep.daemon [-] privsep: reply[8b87f923-5940-4a5c-9275-be1c1cbeded7]: (4, 'qcow2') {{(pid=88280) _call_back /opt/stack/data/venv/lib/python3.12/site-packages/oslo_privsep/daemon.py:580}}
Jul 07 18:01:45 devstack cinder-volume[86972]: DEBUG oslo_concurrency.processutils [None req-6462b7ff-c939-4fd5-ab35-06bfe3f535cb tempest-GroupSnapshotsTest-1768541375 None] Running cmd (subprocess): /opt/stack/data/venv/bin/python3.12 -m oslo_concurrency.prlimit --as=1073741824 --cpu=60 -- sudo cinder-rootwrap /etc/cinder/rootwrap.conf env LC_ALL=C qemu-img info -f qcow2 --output=json --force-share /opt/stack/data/cinder/mnt/0e8c31569a8e6a066fb30df8cafe1abb/volume-d49948c3-3151-46bb-9894-0d768153fe7d {{(pid=86972) execute /opt/stack/data/venv/lib/python3.12/site-packages/oslo_concurrency/processutils.py:440}}
Jul 07 18:01:45 devstack sudo[90563]: quobyte : PWD=/ ; USER=root ; COMMAND=/opt/stack/data/venv/bin/cinder-rootwrap /etc/cinder/rootwrap.conf env LC_ALL=C qemu-img info -f qcow2 --output=json --force-share /opt/stack/data/cinder/mnt/0e8c31569a8e6a066fb30df8cafe1abb/volume-d49948c3-3151-46bb-9894-0d768153fe7d
Jul 07 18:01:45 devstack sudo[90563]: pam_unix(sudo:session): session opened for user root(uid=0) by (uid=1000)
Jul 07 18:01:47 devstack sudo[90563]: pam_unix(sudo:session): session closed for user root
Jul 07 18:01:47 devstack cinder-volume[86972]: DEBUG oslo_concurrency.processutils [None req-6462b7ff-c939-4fd5-ab35-06bfe3f535cb tempest-GroupSnapshotsTest-1768541375 None] CMD "/opt/stack/data/venv/bin/python3.12 -m oslo_concurrency.prlimit --as=1073741824 --cpu=60 -- sudo cinder-rootwrap /etc/cinder/rootwrap.conf env LC_ALL=C qemu-img info -f qcow2 --output=json --force-share /opt/stack/data/cinder/mnt/0e8c31569a8e6a066fb30df8cafe1abb/volume-d49948c3-3151-46bb-9894-0d768153fe7d" returned: 0 in 1.193s {{(pid=86972) execute /opt/stack/data/venv/lib/python3.12/site-packages/oslo_concurrency/processutils.py:468}}
Jul 07 18:01:47 devstack cinder-volume[86972]: DEBUG oslo_concurrency.processutils [None req-6462b7ff-c939-4fd5-ab35-06bfe3f535cb tempest-GroupSnapshotsTest-1768541375 None] Running cmd (subprocess): sudo cinder-rootwrap /etc/cinder/rootwrap.conf qemu-img create -f qcow2 -o backing_file=/opt/stack/data/cinder/mnt/0e8c31569a8e6a066fb30df8cafe1abb/volume-d49948c3-3151-46bb-9894-0d768153fe7d,backing_fmt=qcow2 /opt/stack/data/cinder/mnt/0e8c31569a8e6a066fb30df8cafe1abb/volume-d49948c3-3151-46bb-9894-0d768153fe7d.07e6d019-7412-4b4e-98f1-1c0badd2933d 1G {{(pid=86972) execute /opt/stack/data/venv/lib/python3.12/site-packages/oslo_concurrency/processutils.py:440}}
Jul 07 18:01:47 devstack sudo[90586]: quobyte : PWD=/ ; USER=root ; COMMAND=/opt/stack/data/venv/bin/cinder-rootwrap /etc/cinder/rootwrap.conf qemu-img create -f qcow2 -o backing_file=/opt/stack/data/cinder/mnt/0e8c31569a8e6a066fb30df8cafe1abb/volume-d49948c3-3151-46bb-9894-0d768153fe7d,backing_fmt=qcow2 /opt/stack/data/cinder/mnt/0e8c31569a8e6a066fb30df8cafe1abb/volume-d49948c3-3151-46bb-9894-0d768153fe7d.07e6d019-7412-4b4e-98f1-1c0badd2933d 1G
Jul 07 18:01:47 devstack sudo[90586]: pam_unix(sudo:session): session opened for user root(uid=0) by (uid=1000)
Jul 07 18:01:48 devstack sudo[90586]: pam_unix(sudo:session): session closed for user root
Jul 07 18:01:48 devstack cinder-volume[86972]: DEBUG oslo_concurrency.processutils [None req-6462b7ff-c939-4fd5-ab35-06bfe3f535cb tempest-GroupSnapshotsTest-1768541375 None] CMD "sudo cinder-rootwrap /etc/cinder/rootwrap.conf qemu-img create -f qcow2 -o backing_file=/opt/stack/data/cinder/mnt/0e8c31569a8e6a066fb30df8cafe1abb/volume-d49948c3-3151-46bb-9894-0d768153fe7d,backing_fmt=qcow2 /opt/stack/data/cinder/mnt/0e8c31569a8e6a066fb30df8cafe1abb/volume-d49948c3-3151-46bb-9894-0d768153fe7d.07e6d019-7412-4b4e-98f1-1c0badd2933d 1G" returned: 0 in 1.193s {{(pid=86972) execute /opt/stack/data/venv/lib/python3.12/site-packages/oslo_concurrency/processutils.py:468}}
Jul 07 18:01:48 devstack cinder-volume[86972]: DEBUG oslo_concurrency.processutils [None req-6462b7ff-c939-4fd5-ab35-06bfe3f535cb tempest-GroupSnapshotsTest-1768541375 None] Running cmd (subprocess): sudo cinder-rootwrap /etc/cinder/rootwrap.conf qemu-img rebase -u -b volume-d49948c3-3151-46bb-9894-0d768153fe7d -F qcow2 /opt/stack/data/cinder/mnt/0e8c31569a8e6a066fb30df8cafe1abb/volume-d49948c3-3151-46bb-9894-0d768153fe7d.07e6d019-7412-4b4e-98f1-1c0badd2933d {{(pid=86972) execute /opt/stack/data/venv/lib/python3.12/site-packages/oslo_concurrency/processutils.py:440}}
Jul 07 18:01:48 devstack sudo[90631]: quobyte : PWD=/ ; USER=root ; COMMAND=/opt/stack/data/venv/bin/cinder-rootwrap /etc/cinder/rootwrap.conf qemu-img rebase -u -b volume-d49948c3-3151-46bb-9894-0d768153fe7d -F qcow2 /opt/stack/data/cinder/mnt/0e8c31569a8e6a066fb30df8cafe1abb/volume-d49948c3-3151-46bb-9894-0d768153fe7d.07e6d019-7412-4b4e-98f1-1c0badd2933d
Jul 07 18:01:48 devstack sudo[90631]: pam_unix(sudo:session): session opened for user root(uid=0) by (uid=1000)
Jul 07 18:01:49 devstack sudo[90631]: pam_unix(sudo:session): session closed for user root
Jul 07 18:01:49 devstack cinder-volume[86972]: DEBUG oslo_concurrency.processutils [None req-6462b7ff-c939-4fd5-ab35-06bfe3f535cb tempest-GroupSnapshotsTest-1768541375 None] CMD "sudo cinder-rootwrap /etc/cinder/rootwrap.conf qemu-img rebase -u -b volume-d49948c3-3151-46bb-9894-0d768153fe7d -F qcow2 /opt/stack/data/cinder/mnt/0e8c31569a8e6a066fb30df8cafe1abb/volume-d49948c3-3151-46bb-9894-0d768153fe7d.07e6d019-7412-4b4e-98f1-1c0badd2933d" returned: 0 in 0.977s {{(pid=86972) execute /opt/stack/data/venv/lib/python3.12/site-packages/oslo_concurrency/processutils.py:468}}
Jul 07 18:01:49 devstack cinder-volume[86972]: WARNING cinder.volume.drivers.remotefs [None req-6462b7ff-c939-4fd5-ab35-06bfe3f535cb tempest-GroupSnapshotsTest-1768541375 None] /opt/stack/data/cinder/mnt/0e8c31569a8e6a066fb30df8cafe1abb/volume-d49948c3-3151-46bb-9894-0d768153fe7d.07e6d019-7412-4b4e-98f1-1c0badd2933d is being set with open permissions: ugo+rw: NotImplementedError
Jul 07 18:01:49 devstack cinder-volume[86972]: DEBUG oslo_concurrency.processutils [None req-6462b7ff-c939-4fd5-ab35-06bfe3f535cb tempest-GroupSnapshotsTest-1768541375 None] Running cmd (subprocess): sudo cinder-rootwrap /etc/cinder/rootwrap.conf chmod ugo+rw /opt/stack/data/cinder/mnt/0e8c31569a8e6a066fb30df8cafe1abb/volume-d49948c3-3151-46bb-9894-0d768153fe7d.07e6d019-7412-4b4e-98f1-1c0badd2933d {{(pid=86972) execute /opt/stack/data/venv/lib/python3.12/site-packages/oslo_concurrency/processutils.py:440}}
Jul 07 18:01:49 devstack sudo[90707]: quobyte : PWD=/ ; USER=root ; COMMAND=/opt/stack/data/venv/bin/cinder-rootwrap /etc/cinder/rootwrap.conf chmod ugo+rw /opt/stack/data/cinder/mnt/0e8c31569a8e6a066fb30df8cafe1abb/volume-d49948c3-3151-46bb-9894-0d768153fe7d.07e6d019-7412-4b4e-98f1-1c0badd2933d
Jul 07 18:01:49 devstack sudo[90707]: pam_unix(sudo:session): session opened for user root(uid=0) by (uid=1000)
Jul 07 18:01:50 devstack sudo[90707]: pam_unix(sudo:session): session closed for user root
Jul 07 18:01:50 devstack cinder-volume[86972]: DEBUG oslo_concurrency.processutils [None req-6462b7ff-c939-4fd5-ab35-06bfe3f535cb tempest-GroupSnapshotsTest-1768541375 None] CMD "sudo cinder-rootwrap /etc/cinder/rootwrap.conf chmod ugo+rw /opt/stack/data/cinder/mnt/0e8c31569a8e6a066fb30df8cafe1abb/volume-d49948c3-3151-46bb-9894-0d768153fe7d.07e6d019-7412-4b4e-98f1-1c0badd2933d" returned: 0 in 0.937s {{(pid=86972) execute /opt/stack/data/venv/lib/python3.12/site-packages/oslo_concurrency/processutils.py:468}}
Jul 07 18:01:50 devstack cinder-volume[86972]: DEBUG dbcounter [-] [86972] Writing DB stats cinder:UPDATE=82,cinder:SELECT=97,cinder:INSERT=17,cinder:DELETE=1 {{(pid=86972) stat_writer /opt/stack/data/venv/lib/python3.12/site-packages/dbcounter.py:115}}
Jul 07 18:01:50 devstack cinder-volume[86972]: DEBUG oslo_concurrency.processutils [None req-6462b7ff-c939-4fd5-ab35-06bfe3f535cb tempest-GroupSnapshotsTest-1768541375 None] Running cmd (subprocess): sudo cinder-rootwrap /etc/cinder/rootwrap.conf truncate -s0 /opt/stack/data/cinder/mnt/0e8c31569a8e6a066fb30df8cafe1abb/volume-d49948c3-3151-46bb-9894-0d768153fe7d.info {{(pid=86972) execute /opt/stack/data/venv/lib/python3.12/site-packages/oslo_concurrency/processutils.py:440}}
Jul 07 18:01:50 devstack sudo[90718]: quobyte : PWD=/ ; USER=root ; COMMAND=/opt/stack/data/venv/bin/cinder-rootwrap /etc/cinder/rootwrap.conf truncate -s0 /opt/stack/data/cinder/mnt/0e8c31569a8e6a066fb30df8cafe1abb/volume-d49948c3-3151-46bb-9894-0d768153fe7d.info
Jul 07 18:01:50 devstack sudo[90718]: pam_unix(sudo:session): session opened for user root(uid=0) by (uid=1000)
Jul 07 18:01:50 devstack sudo[90718]: pam_unix(sudo:session): session closed for user root
Jul 07 18:01:50 devstack cinder-volume[86972]: DEBUG oslo_concurrency.processutils [None req-6462b7ff-c939-4fd5-ab35-06bfe3f535cb tempest-GroupSnapshotsTest-1768541375 None] CMD "sudo cinder-rootwrap /etc/cinder/rootwrap.conf truncate -s0 /opt/stack/data/cinder/mnt/0e8c31569a8e6a066fb30df8cafe1abb/volume-d49948c3-3151-46bb-9894-0d768153fe7d.info" returned: 0 in 0.770s {{(pid=86972) execute /opt/stack/data/venv/lib/python3.12/site-packages/oslo_concurrency/processutils.py:468}}
Jul 07 18:01:50 devstack cinder-volume[86972]: WARNING cinder.volume.drivers.remotefs [None req-6462b7ff-c939-4fd5-ab35-06bfe3f535cb tempest-GroupSnapshotsTest-1768541375 None] /opt/stack/data/cinder/mnt/0e8c31569a8e6a066fb30df8cafe1abb/volume-d49948c3-3151-46bb-9894-0d768153fe7d.info is being set with open permissions: ugo+rw: NotImplementedError
Jul 07 18:01:50 devstack cinder-volume[86972]: DEBUG oslo_concurrency.processutils [None req-6462b7ff-c939-4fd5-ab35-06bfe3f535cb tempest-GroupSnapshotsTest-1768541375 None] Running cmd (subprocess): sudo cinder-rootwrap /etc/cinder/rootwrap.conf chmod ugo+rw /opt/stack/data/cinder/mnt/0e8c31569a8e6a066fb30df8cafe1abb/volume-d49948c3-3151-46bb-9894-0d768153fe7d.info {{(pid=86972) execute /opt/stack/data/venv/lib/python3.12/site-packages/oslo_concurrency/processutils.py:440}}
Jul 07 18:01:51 devstack sudo[90749]: quobyte : PWD=/ ; USER=root ; COMMAND=/opt/stack/data/venv/bin/cinder-rootwrap /etc/cinder/rootwrap.conf chmod ugo+rw /opt/stack/data/cinder/mnt/0e8c31569a8e6a066fb30df8cafe1abb/volume-d49948c3-3151-46bb-9894-0d768153fe7d.info
Jul 07 18:01:51 devstack sudo[90749]: pam_unix(sudo:session): session opened for user root(uid=0) by (uid=1000)
Jul 07 18:01:51 devstack sudo[90749]: pam_unix(sudo:session): session closed for user root
Jul 07 18:01:51 devstack cinder-volume[86972]: DEBUG oslo_concurrency.processutils [None req-6462b7ff-c939-4fd5-ab35-06bfe3f535cb tempest-GroupSnapshotsTest-1768541375 None] CMD "sudo cinder-rootwrap /etc/cinder/rootwrap.conf chmod ugo+rw /opt/stack/data/cinder/mnt/0e8c31569a8e6a066fb30df8cafe1abb/volume-d49948c3-3151-46bb-9894-0d768153fe7d.info" returned: 0 in 0.760s {{(pid=86972) execute /opt/stack/data/venv/lib/python3.12/site-packages/oslo_concurrency/processutils.py:468}}
Jul 07 18:01:51 devstack cinder-volume[86972]: DEBUG oslo_concurrency.lockutils [None req-6462b7ff-c939-4fd5-ab35-06bfe3f535cb tempest-GroupSnapshotsTest-1768541375 None] Lock "quobyte" "released" by "cinder.volume.drivers.quobyte.QuobyteDriver.create_snapshot" :: held 5.923s {{(pid=86972) inner /opt/stack/data/venv/lib/python3.12/site-packages/oslo_concurrency/lockutils.py:543}}
Jul 07 18:01:51 devstack cinder-volume[86972]: INFO cinder.volume.manager [None req-6462b7ff-c939-4fd5-ab35-06bfe3f535cb tempest-GroupSnapshotsTest-1768541375 None] group_snapshot 1ba9349e-a7bc-4ddf-9a5d-376adb076dff: created successfully
Jul 07 18:01:52 devstack cinder-volume[86972]: INFO cinder.volume.manager [None req-3461cb52-7407-43e5-a590-6c948d140161 tempest-GroupSnapshotsTest-1768541375 None] group_snapshot 1ba9349e-a7bc-4ddf-9a5d-376adb076dff: deleting
Jul 07 18:01:52 devstack cinder-volume[86972]: DEBUG cinder.volume.manager [None req-3461cb52-7407-43e5-a590-6c948d140161 tempest-GroupSnapshotsTest-1768541375 None] group_snapshot 1ba9349e-a7bc-4ddf-9a5d-376adb076dff: deleting {{(pid=86972) delete_group_snapshot /opt/stack/cinder/cinder/volume/manager.py:4350}}
Jul 07 18:01:52 devstack cinder-volume[86972]: DEBUG cinder.coordination [None req-3461cb52-7407-43e5-a590-6c948d140161 tempest-GroupSnapshotsTest-1768541375 None] Acquiring lock "cinder-quobyte-d49948c3-3151-46bb-9894-0d768153fe7d" by "delete_snapshot" {{(pid=86972) __acquire /opt/stack/cinder/cinder/coordination.py:138}}
Jul 07 18:01:52 devstack cinder-volume[86972]: DEBUG cinder.coordination [None req-3461cb52-7407-43e5-a590-6c948d140161 tempest-GroupSnapshotsTest-1768541375 None] Lock "cinder-quobyte-d49948c3-3151-46bb-9894-0d768153fe7d" acquired by "delete_snapshot" :: waited 0.038s {{(pid=86972) __acquire /opt/stack/cinder/cinder/coordination.py:141}}
Jul 07 18:01:52 devstack cinder-volume[86972]: DEBUG cinder.coordination [None req-3461cb52-7407-43e5-a590-6c948d140161 tempest-GroupSnapshotsTest-1768541375 None] Acquiring lock "cinder-quobyte-07e6d019-7412-4b4e-98f1-1c0badd2933d" by "_delete_snapshot" {{(pid=86972) __acquire /opt/stack/cinder/cinder/coordination.py:138}}
Jul 07 18:01:52 devstack cinder-volume[86972]: DEBUG cinder.coordination [None req-3461cb52-7407-43e5-a590-6c948d140161 tempest-GroupSnapshotsTest-1768541375 None] Lock "cinder-quobyte-07e6d019-7412-4b4e-98f1-1c0badd2933d" acquired by "_delete_snapshot" :: waited 0.048s {{(pid=86972) __acquire /opt/stack/cinder/cinder/coordination.py:141}}
Jul 07 18:01:52 devstack cinder-volume[86972]: DEBUG cinder.volume.drivers.remotefs [None req-3461cb52-7407-43e5-a590-6c948d140161 tempest-GroupSnapshotsTest-1768541375 None] Deleting offline snapshot 07e6d019-7412-4b4e-98f1-1c0badd2933d of volume d49948c3-3151-46bb-9894-0d768153fe7d {{(pid=86972) _delete_snapshot /opt/stack/cinder/cinder/volume/drivers/remotefs.py:1288}}
Jul 07 18:01:52 devstack cinder-volume[86972]: DEBUG cinder.volume.drivers.remotefs [None req-3461cb52-7407-43e5-a590-6c948d140161 tempest-GroupSnapshotsTest-1768541375 None] snapshot_file for this snap is: volume-d49948c3-3151-46bb-9894-0d768153fe7d.07e6d019-7412-4b4e-98f1-1c0badd2933d {{(pid=86972) _delete_snapshot /opt/stack/cinder/cinder/volume/drivers/remotefs.py:1317}}
Jul 07 18:01:52 devstack cinder-volume[86972]: DEBUG oslo.privsep.daemon [-] privsep: reply[7ed01f99-6c63-48c3-b079-80840a5a2948]: (4, 'qcow2') {{(pid=88280) _call_back /opt/stack/data/venv/lib/python3.12/site-packages/oslo_privsep/daemon.py:580}}
Jul 07 18:01:52 devstack cinder-volume[86972]: DEBUG oslo_concurrency.processutils [None req-3461cb52-7407-43e5-a590-6c948d140161 tempest-GroupSnapshotsTest-1768541375 None] Running cmd (subprocess): /opt/stack/data/venv/bin/python3.12 -m oslo_concurrency.prlimit --as=1073741824 --cpu=60 -- sudo cinder-rootwrap /etc/cinder/rootwrap.conf env LC_ALL=C qemu-img info -f qcow2 --output=json --force-share /opt/stack/data/cinder/mnt/0e8c31569a8e6a066fb30df8cafe1abb/volume-d49948c3-3151-46bb-9894-0d768153fe7d.07e6d019-7412-4b4e-98f1-1c0badd2933d {{(pid=86972) execute /opt/stack/data/venv/lib/python3.12/site-packages/oslo_concurrency/processutils.py:440}}
Jul 07 18:01:53 devstack sudo[91133]: quobyte : PWD=/ ; USER=root ; COMMAND=/opt/stack/data/venv/bin/cinder-rootwrap /etc/cinder/rootwrap.conf env LC_ALL=C qemu-img info -f qcow2 --output=json --force-share /opt/stack/data/cinder/mnt/0e8c31569a8e6a066fb30df8cafe1abb/volume-d49948c3-3151-46bb-9894-0d768153fe7d.07e6d019-7412-4b4e-98f1-1c0badd2933d
Jul 07 18:01:53 devstack sudo[91133]: pam_unix(sudo:session): session opened for user root(uid=0) by (uid=1000)
Jul 07 18:01:53 devstack sudo[91133]: pam_unix(sudo:session): session closed for user root
Jul 07 18:01:53 devstack cinder-volume[86972]: DEBUG oslo_concurrency.processutils [None req-3461cb52-7407-43e5-a590-6c948d140161 tempest-GroupSnapshotsTest-1768541375 None] CMD "/opt/stack/data/venv/bin/python3.12 -m oslo_concurrency.prlimit --as=1073741824 --cpu=60 -- sudo cinder-rootwrap /etc/cinder/rootwrap.conf env LC_ALL=C qemu-img info -f qcow2 --output=json --force-share /opt/stack/data/cinder/mnt/0e8c31569a8e6a066fb30df8cafe1abb/volume-d49948c3-3151-46bb-9894-0d768153fe7d.07e6d019-7412-4b4e-98f1-1c0badd2933d" returned: 0 in 0.997s {{(pid=86972) execute /opt/stack/data/venv/lib/python3.12/site-packages/oslo_concurrency/processutils.py:468}}
Jul 07 18:01:53 devstack cinder-volume[86972]: DEBUG cinder.volume.drivers.remotefs [None req-3461cb52-7407-43e5-a590-6c948d140161 tempest-GroupSnapshotsTest-1768541375 None] Fetching qemu-img info with special backing_file_template: (/opt/stack/data/cinder/mnt/[0-9a-f]+/)?(volume-d49948c3-3151-46bb-9894-0d768153fe7d(.(tmp-snap-)?[0-9a-f-]+)?|volume_from_snapshot_cache/(tmp-snap-)?[0-9a-f-]+(.(child-|parent-)[0-9a-f-]+)?)$ {{(pid=86972) _qemu_img_info_base /opt/stack/cinder/cinder/volume/drivers/remotefs.py:896}}
Jul 07 18:01:53 devstack cinder-volume[86972]: DEBUG oslo.privsep.daemon [-] privsep: reply[0497dc7a-8f93-446a-8384-255f039558b1]: (4, 'qcow2') {{(pid=88280) _call_back /opt/stack/data/venv/lib/python3.12/site-packages/oslo_privsep/daemon.py:580}}
Jul 07 18:01:53 devstack cinder-volume[86972]: DEBUG oslo_concurrency.processutils [None req-3461cb52-7407-43e5-a590-6c948d140161 tempest-GroupSnapshotsTest-1768541375 None] Running cmd (subprocess): /opt/stack/data/venv/bin/python3.12 -m oslo_concurrency.prlimit --as=1073741824 --cpu=60 -- sudo cinder-rootwrap /etc/cinder/rootwrap.conf env LC_ALL=C qemu-img info -f qcow2 --output=json --force-share /opt/stack/data/cinder/mnt/0e8c31569a8e6a066fb30df8cafe1abb/volume-d49948c3-3151-46bb-9894-0d768153fe7d {{(pid=86972) execute /opt/stack/data/venv/lib/python3.12/site-packages/oslo_concurrency/processutils.py:440}}
Jul 07 18:01:54 devstack sudo[91149]: quobyte : PWD=/ ; USER=root ; COMMAND=/opt/stack/data/venv/bin/cinder-rootwrap /etc/cinder/rootwrap.conf env LC_ALL=C qemu-img info -f qcow2 --output=json --force-share /opt/stack/data/cinder/mnt/0e8c31569a8e6a066fb30df8cafe1abb/volume-d49948c3-3151-46bb-9894-0d768153fe7d
Jul 07 18:01:54 devstack sudo[91149]: pam_unix(sudo:session): session opened for user root(uid=0) by (uid=1000)
Jul 07 18:01:55 devstack sudo[91149]: pam_unix(sudo:session): session closed for user root
Jul 07 18:01:55 devstack cinder-volume[86972]: DEBUG oslo_concurrency.processutils [None req-3461cb52-7407-43e5-a590-6c948d140161 tempest-GroupSnapshotsTest-1768541375 None] CMD "/opt/stack/data/venv/bin/python3.12 -m oslo_concurrency.prlimit --as=1073741824 --cpu=60 -- sudo cinder-rootwrap /etc/cinder/rootwrap.conf env LC_ALL=C qemu-img info -f qcow2 --output=json --force-share /opt/stack/data/cinder/mnt/0e8c31569a8e6a066fb30df8cafe1abb/volume-d49948c3-3151-46bb-9894-0d768153fe7d" returned: 0 in 1.124s {{(pid=86972) execute /opt/stack/data/venv/lib/python3.12/site-packages/oslo_concurrency/processutils.py:468}}
Jul 07 18:01:55 devstack cinder-volume[86972]: DEBUG oslo_concurrency.processutils [None req-3461cb52-7407-43e5-a590-6c948d140161 tempest-GroupSnapshotsTest-1768541375 None] Running cmd (subprocess): sudo cinder-rootwrap /etc/cinder/rootwrap.conf qemu-img commit -d /opt/stack/data/cinder/mnt/0e8c31569a8e6a066fb30df8cafe1abb/volume-d49948c3-3151-46bb-9894-0d768153fe7d.07e6d019-7412-4b4e-98f1-1c0badd2933d {{(pid=86972) execute /opt/stack/data/venv/lib/python3.12/site-packages/oslo_concurrency/processutils.py:440}}
Jul 07 18:01:55 devstack sudo[91163]: quobyte : PWD=/ ; USER=root ; COMMAND=/opt/stack/data/venv/bin/cinder-rootwrap /etc/cinder/rootwrap.conf qemu-img commit -d /opt/stack/data/cinder/mnt/0e8c31569a8e6a066fb30df8cafe1abb/volume-d49948c3-3151-46bb-9894-0d768153fe7d.07e6d019-7412-4b4e-98f1-1c0badd2933d
Jul 07 18:01:55 devstack sudo[91163]: pam_unix(sudo:session): session opened for user root(uid=0) by (uid=1000)
Jul 07 18:01:55 devstack cinder-volume[86972]: DEBUG cinder.coordination [None req-69e80d27-cdad-4440-abb4-51b21858b125 tempest-TaggedAttachmentsTest-498013944 None] Acquiring lock "cinder-862c6931-1e28-40f6-a448-842f62153799-delete_volume" by "delete_volume" {{(pid=86972) __acquire /opt/stack/cinder/cinder/coordination.py:138}}
Jul 07 18:01:55 devstack cinder-volume[86972]: DEBUG cinder.coordination [None req-69e80d27-cdad-4440-abb4-51b21858b125 tempest-TaggedAttachmentsTest-498013944 None] Lock "cinder-862c6931-1e28-40f6-a448-842f62153799-delete_volume" acquired by "delete_volume" :: waited 0.060s {{(pid=86972) __acquire /opt/stack/cinder/cinder/coordination.py:141}}
Jul 07 18:01:55 devstack cinder-volume[86972]: DEBUG cinder.coordination [None req-69e80d27-cdad-4440-abb4-51b21858b125 tempest-TaggedAttachmentsTest-498013944 None] Acquiring lock "cinder-quobyte-862c6931-1e28-40f6-a448-842f62153799" by "delete_volume" {{(pid=86972) __acquire /opt/stack/cinder/cinder/coordination.py:138}}
Jul 07 18:01:55 devstack cinder-volume[86972]: DEBUG cinder.coordination [None req-69e80d27-cdad-4440-abb4-51b21858b125 tempest-TaggedAttachmentsTest-498013944 None] Lock "cinder-quobyte-862c6931-1e28-40f6-a448-842f62153799" acquired by "delete_volume" :: waited 0.032s {{(pid=86972) __acquire /opt/stack/cinder/cinder/coordination.py:141}}
Jul 07 18:01:55 devstack cinder-volume[86972]: DEBUG oslo.privsep.daemon [-] privsep: reply[0616e622-ee4e-4d0b-b279-76e5a197b801]: (4, 'qcow2') {{(pid=88280) _call_back /opt/stack/data/venv/lib/python3.12/site-packages/oslo_privsep/daemon.py:580}}
Jul 07 18:01:55 devstack cinder-volume[86972]: DEBUG oslo_concurrency.processutils [None req-69e80d27-cdad-4440-abb4-51b21858b125 tempest-TaggedAttachmentsTest-498013944 None] Running cmd (subprocess): /opt/stack/data/venv/bin/python3.12 -m oslo_concurrency.prlimit --as=1073741824 --cpu=60 -- sudo cinder-rootwrap /etc/cinder/rootwrap.conf env LC_ALL=C qemu-img info -f qcow2 --output=json --force-share /opt/stack/data/cinder/mnt/0e8c31569a8e6a066fb30df8cafe1abb/volume-862c6931-1e28-40f6-a448-842f62153799 {{(pid=86972) execute /opt/stack/data/venv/lib/python3.12/site-packages/oslo_concurrency/processutils.py:440}}
Jul 07 18:01:56 devstack sudo[91168]: quobyte : PWD=/ ; USER=root ; COMMAND=/opt/stack/data/venv/bin/cinder-rootwrap /etc/cinder/rootwrap.conf env LC_ALL=C qemu-img info -f qcow2 --output=json --force-share /opt/stack/data/cinder/mnt/0e8c31569a8e6a066fb30df8cafe1abb/volume-862c6931-1e28-40f6-a448-842f62153799
Jul 07 18:01:56 devstack sudo[91168]: pam_unix(sudo:session): session opened for user root(uid=0) by (uid=1000)
Jul 07 18:01:56 devstack sudo[91163]: pam_unix(sudo:session): session closed for user root
Jul 07 18:01:56 devstack cinder-volume[86972]: DEBUG oslo_concurrency.processutils [None req-3461cb52-7407-43e5-a590-6c948d140161 tempest-GroupSnapshotsTest-1768541375 None] CMD "sudo cinder-rootwrap /etc/cinder/rootwrap.conf qemu-img commit -d /opt/stack/data/cinder/mnt/0e8c31569a8e6a066fb30df8cafe1abb/volume-d49948c3-3151-46bb-9894-0d768153fe7d.07e6d019-7412-4b4e-98f1-1c0badd2933d" returned: 0 in 1.102s {{(pid=86972) execute /opt/stack/data/venv/lib/python3.12/site-packages/oslo_concurrency/processutils.py:468}}
Jul 07 18:01:56 devstack cinder-volume[86972]: DEBUG oslo_concurrency.processutils [None req-3461cb52-7407-43e5-a590-6c948d140161 tempest-GroupSnapshotsTest-1768541375 None] Running cmd (subprocess): sudo cinder-rootwrap /etc/cinder/rootwrap.conf rm -f /opt/stack/data/cinder/mnt/0e8c31569a8e6a066fb30df8cafe1abb/volume-d49948c3-3151-46bb-9894-0d768153fe7d.07e6d019-7412-4b4e-98f1-1c0badd2933d {{(pid=86972) execute /opt/stack/data/venv/lib/python3.12/site-packages/oslo_concurrency/processutils.py:440}}
Jul 07 18:01:56 devstack sudo[91172]: quobyte : PWD=/ ; USER=root ; COMMAND=/opt/stack/data/venv/bin/cinder-rootwrap /etc/cinder/rootwrap.conf rm -f /opt/stack/data/cinder/mnt/0e8c31569a8e6a066fb30df8cafe1abb/volume-d49948c3-3151-46bb-9894-0d768153fe7d.07e6d019-7412-4b4e-98f1-1c0badd2933d
Jul 07 18:01:56 devstack sudo[91172]: pam_unix(sudo:session): session opened for user root(uid=0) by (uid=1000)
Jul 07 18:01:56 devstack sudo[91168]: pam_unix(sudo:session): session closed for user root
Jul 07 18:01:56 devstack cinder-volume[86972]: DEBUG oslo_concurrency.processutils [None req-69e80d27-cdad-4440-abb4-51b21858b125 tempest-TaggedAttachmentsTest-498013944 None] CMD "/opt/stack/data/venv/bin/python3.12 -m oslo_concurrency.prlimit --as=1073741824 --cpu=60 -- sudo cinder-rootwrap /etc/cinder/rootwrap.conf env LC_ALL=C qemu-img info -f qcow2 --output=json --force-share /opt/stack/data/cinder/mnt/0e8c31569a8e6a066fb30df8cafe1abb/volume-862c6931-1e28-40f6-a448-842f62153799" returned: 0 in 0.816s {{(pid=86972) execute /opt/stack/data/venv/lib/python3.12/site-packages/oslo_concurrency/processutils.py:468}}
Jul 07 18:01:56 devstack cinder-volume[86972]: DEBUG oslo_concurrency.processutils [None req-69e80d27-cdad-4440-abb4-51b21858b125 tempest-TaggedAttachmentsTest-498013944 None] Running cmd (subprocess): sudo cinder-rootwrap /etc/cinder/rootwrap.conf rm -f /opt/stack/data/cinder/mnt/0e8c31569a8e6a066fb30df8cafe1abb/volume-862c6931-1e28-40f6-a448-842f62153799 {{(pid=86972) execute /opt/stack/data/venv/lib/python3.12/site-packages/oslo_concurrency/processutils.py:440}}
Jul 07 18:01:56 devstack sudo[91178]: quobyte : PWD=/ ; USER=root ; COMMAND=/opt/stack/data/venv/bin/cinder-rootwrap /etc/cinder/rootwrap.conf rm -f /opt/stack/data/cinder/mnt/0e8c31569a8e6a066fb30df8cafe1abb/volume-862c6931-1e28-40f6-a448-842f62153799
Jul 07 18:01:56 devstack sudo[91178]: pam_unix(sudo:session): session opened for user root(uid=0) by (uid=1000)
Jul 07 18:01:56 devstack sudo[91172]: pam_unix(sudo:session): session closed for user root
Jul 07 18:01:56 devstack cinder-volume[86972]: DEBUG oslo_concurrency.processutils [None req-3461cb52-7407-43e5-a590-6c948d140161 tempest-GroupSnapshotsTest-1768541375 None] CMD "sudo cinder-rootwrap /etc/cinder/rootwrap.conf rm -f /opt/stack/data/cinder/mnt/0e8c31569a8e6a066fb30df8cafe1abb/volume-d49948c3-3151-46bb-9894-0d768153fe7d.07e6d019-7412-4b4e-98f1-1c0badd2933d" returned: 0 in 0.715s {{(pid=86972) execute /opt/stack/data/venv/lib/python3.12/site-packages/oslo_concurrency/processutils.py:468}}
Jul 07 18:01:56 devstack cinder-volume[86972]: DEBUG cinder.coordination [None req-3461cb52-7407-43e5-a590-6c948d140161 tempest-GroupSnapshotsTest-1768541375 None] Lock "cinder-quobyte-07e6d019-7412-4b4e-98f1-1c0badd2933d" released by "_delete_snapshot" :: held 4.102s {{(pid=86972) __release /opt/stack/cinder/cinder/coordination.py:152}}
Jul 07 18:01:56 devstack cinder-volume[86972]: DEBUG cinder.coordination [None req-3461cb52-7407-43e5-a590-6c948d140161 tempest-GroupSnapshotsTest-1768541375 None] Lock "cinder-quobyte-d49948c3-3151-46bb-9894-0d768153fe7d" released by "delete_snapshot" :: held 4.160s {{(pid=86972) __release /opt/stack/cinder/cinder/coordination.py:152}}
Jul 07 18:01:56 devstack cinder-volume[86972]: WARNING cinder.quota [None req-3461cb52-7407-43e5-a590-6c948d140161 tempest-GroupSnapshotsTest-1768541375 None] Deprecated: Default quota for resource: gigabytes_tempest-GroupSnapshotsTest-volume-type-1135432117 is set by the default quota flag: quota_gigabytes_tempest-GroupSnapshotsTest-volume-type-1135432117, it is now deprecated. Please use the default quota class for default quota.
Jul 07 18:01:56 devstack cinder-volume[86972]: WARNING cinder.quota [None req-3461cb52-7407-43e5-a590-6c948d140161 tempest-GroupSnapshotsTest-1768541375 None] Deprecated: Default quota for resource: snapshots_tempest-GroupSnapshotsTest-volume-type-1135432117 is set by the default quota flag: quota_snapshots_tempest-GroupSnapshotsTest-volume-type-1135432117, it is now deprecated. Please use the default quota class for default quota.
Jul 07 18:01:57 devstack cinder-volume[86972]: DEBUG cinder.quota [None req-3461cb52-7407-43e5-a590-6c948d140161 tempest-GroupSnapshotsTest-1768541375 None] Created reservations ['2b2fcd6a-681a-455b-8307-50670698e2c2', '63880a66-fbaa-4c42-b682-e3de74bbfe33', '802b1cd8-66fa-48ca-9883-05f05fa60f12', '83af659d-8cce-45c1-8aab-736eb2785ef7'] {{(pid=86972) reserve /opt/stack/cinder/cinder/quota.py:752}}
Jul 07 18:01:57 devstack cinder-volume[86972]: INFO cinder.volume.manager [None req-3461cb52-7407-43e5-a590-6c948d140161 tempest-GroupSnapshotsTest-1768541375 None] group_snapshot 1ba9349e-a7bc-4ddf-9a5d-376adb076dff: deleted successfully
Jul 07 18:01:57 devstack sudo[91178]: pam_unix(sudo:session): session closed for user root
Jul 07 18:01:57 devstack cinder-volume[86972]: DEBUG oslo_concurrency.processutils [None req-69e80d27-cdad-4440-abb4-51b21858b125 tempest-TaggedAttachmentsTest-498013944 None] CMD "sudo cinder-rootwrap /etc/cinder/rootwrap.conf rm -f /opt/stack/data/cinder/mnt/0e8c31569a8e6a066fb30df8cafe1abb/volume-862c6931-1e28-40f6-a448-842f62153799" returned: 0 in 0.682s {{(pid=86972) execute /opt/stack/data/venv/lib/python3.12/site-packages/oslo_concurrency/processutils.py:468}}
Jul 07 18:01:57 devstack cinder-volume[86972]: DEBUG cinder.coordination [None req-69e80d27-cdad-4440-abb4-51b21858b125 tempest-TaggedAttachmentsTest-498013944 None] Lock "cinder-quobyte-862c6931-1e28-40f6-a448-842f62153799" released by "delete_volume" :: held 1.551s {{(pid=86972) __release /opt/stack/cinder/cinder/coordination.py:152}}
Jul 07 18:01:57 devstack cinder-volume[86972]: DEBUG cinder.quota [None req-69e80d27-cdad-4440-abb4-51b21858b125 tempest-TaggedAttachmentsTest-498013944 None] Created reservations ['58d86276-8bb0-4810-b394-9aff1a44e496', 'e46d98d5-7378-4de9-938d-22ef7b4127aa', 'ed985d52-04de-417e-8a25-748a8f3ce308', '4f91d348-042a-43ba-8a3b-b4a66c63fa65'] {{(pid=86972) reserve /opt/stack/cinder/cinder/quota.py:752}}
Jul 07 18:01:57 devstack cinder-volume[86972]: DEBUG cinder.coordination [None req-4f221dae-e93b-4423-bf6f-2c31a9d9f420 tempest-GroupSnapshotsTest-1768541375 None] Acquiring lock "cinder-quobyte-d49948c3-3151-46bb-9894-0d768153fe7d" by "delete_volume" {{(pid=86972) __acquire /opt/stack/cinder/cinder/coordination.py:138}}
Jul 07 18:01:57 devstack cinder-volume[86972]: DEBUG cinder.coordination [None req-4f221dae-e93b-4423-bf6f-2c31a9d9f420 tempest-GroupSnapshotsTest-1768541375 None] Lock "cinder-quobyte-d49948c3-3151-46bb-9894-0d768153fe7d" acquired by "delete_volume" :: waited 0.026s {{(pid=86972) __acquire /opt/stack/cinder/cinder/coordination.py:141}}
Jul 07 18:01:57 devstack cinder-volume[86972]: DEBUG oslo.privsep.daemon [-] privsep: reply[f2b68879-3bcc-4111-be14-e9d4619b5473]: (4, 'qcow2') {{(pid=88280) _call_back /opt/stack/data/venv/lib/python3.12/site-packages/oslo_privsep/daemon.py:580}}
Jul 07 18:01:57 devstack cinder-volume[86972]: DEBUG oslo_concurrency.processutils [None req-4f221dae-e93b-4423-bf6f-2c31a9d9f420 tempest-GroupSnapshotsTest-1768541375 None] Running cmd (subprocess): /opt/stack/data/venv/bin/python3.12 -m oslo_concurrency.prlimit --as=1073741824 --cpu=60 -- sudo cinder-rootwrap /etc/cinder/rootwrap.conf env LC_ALL=C qemu-img info -f qcow2 --output=json --force-share /opt/stack/data/cinder/mnt/0e8c31569a8e6a066fb30df8cafe1abb/volume-d49948c3-3151-46bb-9894-0d768153fe7d {{(pid=86972) execute /opt/stack/data/venv/lib/python3.12/site-packages/oslo_concurrency/processutils.py:440}}
Jul 07 18:01:57 devstack cinder-volume[86972]: DEBUG oslo_concurrency.lockutils [None req-69e80d27-cdad-4440-abb4-51b21858b125 tempest-TaggedAttachmentsTest-498013944 None] Acquiring lock "quobyte_ensure" by "cinder.volume.drivers.quobyte.QuobyteDriver._ensure_shares_mounted" {{(pid=86972) inner /opt/stack/data/venv/lib/python3.12/site-packages/oslo_concurrency/lockutils.py:511}}
Jul 07 18:01:57 devstack cinder-volume[86972]: DEBUG oslo_concurrency.lockutils [None req-69e80d27-cdad-4440-abb4-51b21858b125 tempest-TaggedAttachmentsTest-498013944 None] Lock "quobyte_ensure" acquired by "cinder.volume.drivers.quobyte.QuobyteDriver._ensure_shares_mounted" :: waited 0.002s {{(pid=86972) inner /opt/stack/data/venv/lib/python3.12/site-packages/oslo_concurrency/lockutils.py:524}}
Jul 07 18:01:57 devstack cinder-volume[86972]: DEBUG cinder.volume.drivers.quobyte [None req-69e80d27-cdad-4440-abb4-51b21858b125 tempest-TaggedAttachmentsTest-498013944 None] Quobyte Volume URL set to: {'osci02.corp.quobyte.com/cinder-vol-269c2ed3-7210-4f0f-8343-1044c691f260': None} {{(pid=86972) _load_shares_config /opt/stack/cinder/cinder/volume/drivers/quobyte.py:617}}
Jul 07 18:01:57 devstack cinder-volume[86972]: DEBUG cinder.volume.drivers.quobyte [None req-69e80d27-cdad-4440-abb4-51b21858b125 tempest-TaggedAttachmentsTest-498013944 None] Available shares ['osci02.corp.quobyte.com/cinder-vol-269c2ed3-7210-4f0f-8343-1044c691f260'] {{(pid=86972) _ensure_shares_mounted /opt/stack/cinder/cinder/volume/drivers/quobyte.py:647}}
Jul 07 18:01:57 devstack cinder-volume[86972]: DEBUG oslo_concurrency.lockutils [None req-69e80d27-cdad-4440-abb4-51b21858b125 tempest-TaggedAttachmentsTest-498013944 None] Lock "quobyte_ensure" "released" by "cinder.volume.drivers.quobyte.QuobyteDriver._ensure_shares_mounted" :: held 0.007s {{(pid=86972) inner /opt/stack/data/venv/lib/python3.12/site-packages/oslo_concurrency/lockutils.py:543}}
Jul 07 18:01:57 devstack cinder-volume[86972]: DEBUG oslo_concurrency.processutils [None req-69e80d27-cdad-4440-abb4-51b21858b125 tempest-TaggedAttachmentsTest-498013944 None] Running cmd (subprocess): sudo cinder-rootwrap /etc/cinder/rootwrap.conf df --portability --block-size 1 /opt/stack/data/cinder/mnt/0e8c31569a8e6a066fb30df8cafe1abb {{(pid=86972) execute /opt/stack/data/venv/lib/python3.12/site-packages/oslo_concurrency/processutils.py:440}}
Jul 07 18:01:57 devstack sudo[91182]: quobyte : PWD=/ ; USER=root ; COMMAND=/opt/stack/data/venv/bin/cinder-rootwrap /etc/cinder/rootwrap.conf df --portability --block-size 1 /opt/stack/data/cinder/mnt/0e8c31569a8e6a066fb30df8cafe1abb
Jul 07 18:01:57 devstack sudo[91182]: pam_unix(sudo:session): session opened for user root(uid=0) by (uid=1000)
Jul 07 18:01:57 devstack sudo[91181]: quobyte : PWD=/ ; USER=root ; COMMAND=/opt/stack/data/venv/bin/cinder-rootwrap /etc/cinder/rootwrap.conf env LC_ALL=C qemu-img info -f qcow2 --output=json --force-share /opt/stack/data/cinder/mnt/0e8c31569a8e6a066fb30df8cafe1abb/volume-d49948c3-3151-46bb-9894-0d768153fe7d
Jul 07 18:01:57 devstack sudo[91181]: pam_unix(sudo:session): session opened for user root(uid=0) by (uid=1000)
Jul 07 18:01:58 devstack sudo[91182]: pam_unix(sudo:session): session closed for user root
Jul 07 18:01:58 devstack cinder-volume[86972]: DEBUG oslo_concurrency.processutils [None req-69e80d27-cdad-4440-abb4-51b21858b125 tempest-TaggedAttachmentsTest-498013944 None] CMD "sudo cinder-rootwrap /etc/cinder/rootwrap.conf df --portability --block-size 1 /opt/stack/data/cinder/mnt/0e8c31569a8e6a066fb30df8cafe1abb" returned: 0 in 0.695s {{(pid=86972) execute /opt/stack/data/venv/lib/python3.12/site-packages/oslo_concurrency/processutils.py:468}}
Jul 07 18:01:58 devstack cinder-volume[86972]: DEBUG cinder.manager [None req-69e80d27-cdad-4440-abb4-51b21858b125 tempest-TaggedAttachmentsTest-498013944 None] Notifying Schedulers of capabilities ... {{(pid=86972) _publish_service_capabilities /opt/stack/cinder/cinder/manager.py:219}}
Jul 07 18:01:58 devstack cinder-volume[86972]: INFO cinder.volume.manager [None req-69e80d27-cdad-4440-abb4-51b21858b125 tempest-TaggedAttachmentsTest-498013944 None] Deleted volume successfully.
Jul 07 18:01:58 devstack cinder-volume[86972]: DEBUG cinder.coordination [None req-69e80d27-cdad-4440-abb4-51b21858b125 tempest-TaggedAttachmentsTest-498013944 None] Lock "cinder-862c6931-1e28-40f6-a448-842f62153799-delete_volume" released by "delete_volume" :: held 2.592s {{(pid=86972) __release /opt/stack/cinder/cinder/coordination.py:152}}
Jul 07 18:01:58 devstack sudo[91181]: pam_unix(sudo:session): session closed for user root
Jul 07 18:01:58 devstack cinder-volume[86972]: DEBUG oslo_concurrency.processutils [None req-4f221dae-e93b-4423-bf6f-2c31a9d9f420 tempest-GroupSnapshotsTest-1768541375 None] CMD "/opt/stack/data/venv/bin/python3.12 -m oslo_concurrency.prlimit --as=1073741824 --cpu=60 -- sudo cinder-rootwrap /etc/cinder/rootwrap.conf env LC_ALL=C qemu-img info -f qcow2 --output=json --force-share /opt/stack/data/cinder/mnt/0e8c31569a8e6a066fb30df8cafe1abb/volume-d49948c3-3151-46bb-9894-0d768153fe7d" returned: 0 in 0.836s {{(pid=86972) execute /opt/stack/data/venv/lib/python3.12/site-packages/oslo_concurrency/processutils.py:468}}
Jul 07 18:01:58 devstack cinder-volume[86972]: DEBUG oslo_concurrency.processutils [None req-4f221dae-e93b-4423-bf6f-2c31a9d9f420 tempest-GroupSnapshotsTest-1768541375 None] Running cmd (subprocess): sudo cinder-rootwrap /etc/cinder/rootwrap.conf rm -f /opt/stack/data/cinder/mnt/0e8c31569a8e6a066fb30df8cafe1abb/volume-d49948c3-3151-46bb-9894-0d768153fe7d {{(pid=86972) execute /opt/stack/data/venv/lib/python3.12/site-packages/oslo_concurrency/processutils.py:440}}
Jul 07 18:01:58 devstack sudo[91190]: quobyte : PWD=/ ; USER=root ; COMMAND=/opt/stack/data/venv/bin/cinder-rootwrap /etc/cinder/rootwrap.conf rm -f /opt/stack/data/cinder/mnt/0e8c31569a8e6a066fb30df8cafe1abb/volume-d49948c3-3151-46bb-9894-0d768153fe7d
Jul 07 18:01:58 devstack sudo[91190]: pam_unix(sudo:session): session opened for user root(uid=0) by (uid=1000)
Jul 07 18:01:59 devstack sudo[91190]: pam_unix(sudo:session): session closed for user root
