Aug 18 21:52:44 devstack cinder-volume[94424]: DEBUG oslo_concurrency.processutils [None req-4de5026d-9d08-40df-9cf3-6e421241e7de tempest-GroupsV314Test-1669058385 None] Running cmd (subprocess): sudo cinder-rootwrap /etc/cinder/rootwrap.conf chmod ugo+rw /opt/stack/data/cinder/mnt/65287c24123e20bfb870daad18853a99/volume-568934a1-150d-4266-81c1-e8fd04ab4473.119e80c2-19d5-4c04-9dd3-6dd53069dca7 {{(pid=94424) execute /opt/stack/data/venv/lib/python3.12/site-packages/oslo_concurrency/processutils.py:440}}
Aug 18 21:52:44 devstack sudo[102878]: quobyte : PWD=/ ; USER=root ; COMMAND=/opt/stack/data/venv/bin/cinder-rootwrap /etc/cinder/rootwrap.conf chmod ugo+rw /opt/stack/data/cinder/mnt/65287c24123e20bfb870daad18853a99/volume-568934a1-150d-4266-81c1-e8fd04ab4473.119e80c2-19d5-4c04-9dd3-6dd53069dca7
Aug 18 21:52:44 devstack sudo[102878]: pam_unix(sudo:session): session opened for user root(uid=0) by (uid=1000)
Aug 18 21:52:45 devstack sudo[102878]: pam_unix(sudo:session): session closed for user root
Aug 18 21:52:45 devstack cinder-volume[94424]: DEBUG oslo_concurrency.processutils [None req-4de5026d-9d08-40df-9cf3-6e421241e7de tempest-GroupsV314Test-1669058385 None] CMD "sudo cinder-rootwrap /etc/cinder/rootwrap.conf chmod ugo+rw /opt/stack/data/cinder/mnt/65287c24123e20bfb870daad18853a99/volume-568934a1-150d-4266-81c1-e8fd04ab4473.119e80c2-19d5-4c04-9dd3-6dd53069dca7" returned: 0 in 0.373s {{(pid=94424) execute /opt/stack/data/venv/lib/python3.12/site-packages/oslo_concurrency/processutils.py:468}}
Aug 18 21:52:45 devstack cinder-volume[94424]: DEBUG oslo_concurrency.processutils [None req-4de5026d-9d08-40df-9cf3-6e421241e7de tempest-GroupsV314Test-1669058385 None] Running cmd (subprocess): sudo cinder-rootwrap /etc/cinder/rootwrap.conf truncate -s0 /opt/stack/data/cinder/mnt/65287c24123e20bfb870daad18853a99/volume-568934a1-150d-4266-81c1-e8fd04ab4473.info {{(pid=94424) execute /opt/stack/data/venv/lib/python3.12/site-packages/oslo_concurrency/processutils.py:440}}
Aug 18 21:52:45 devstack sudo[102884]: quobyte : PWD=/ ; USER=root ; COMMAND=/opt/stack/data/venv/bin/cinder-rootwrap /etc/cinder/rootwrap.conf truncate -s0 /opt/stack/data/cinder/mnt/65287c24123e20bfb870daad18853a99/volume-568934a1-150d-4266-81c1-e8fd04ab4473.info
Aug 18 21:52:45 devstack sudo[102884]: pam_unix(sudo:session): session opened for user root(uid=0) by (uid=1000)
Aug 18 21:52:45 devstack sudo[102884]: pam_unix(sudo:session): session closed for user root
Aug 18 21:52:45 devstack cinder-volume[94424]: DEBUG oslo_concurrency.processutils [None req-4de5026d-9d08-40df-9cf3-6e421241e7de tempest-GroupsV314Test-1669058385 None] CMD "sudo cinder-rootwrap /etc/cinder/rootwrap.conf truncate -s0 /opt/stack/data/cinder/mnt/65287c24123e20bfb870daad18853a99/volume-568934a1-150d-4266-81c1-e8fd04ab4473.info" returned: 0 in 0.372s {{(pid=94424) execute /opt/stack/data/venv/lib/python3.12/site-packages/oslo_concurrency/processutils.py:468}}
Aug 18 21:52:45 devstack cinder-volume[94424]: WARNING cinder.volume.drivers.remotefs [None req-4de5026d-9d08-40df-9cf3-6e421241e7de tempest-GroupsV314Test-1669058385 None] /opt/stack/data/cinder/mnt/65287c24123e20bfb870daad18853a99/volume-568934a1-150d-4266-81c1-e8fd04ab4473.info is being set with open permissions: ugo+rw: NotImplementedError
Aug 18 21:52:45 devstack cinder-volume[94424]: DEBUG oslo_concurrency.processutils [None req-4de5026d-9d08-40df-9cf3-6e421241e7de tempest-GroupsV314Test-1669058385 None] Running cmd (subprocess): sudo cinder-rootwrap /etc/cinder/rootwrap.conf chmod ugo+rw /opt/stack/data/cinder/mnt/65287c24123e20bfb870daad18853a99/volume-568934a1-150d-4266-81c1-e8fd04ab4473.info {{(pid=94424) execute /opt/stack/data/venv/lib/python3.12/site-packages/oslo_concurrency/processutils.py:440}}
Aug 18 21:52:45 devstack sudo[102887]: quobyte : PWD=/ ; USER=root ; COMMAND=/opt/stack/data/venv/bin/cinder-rootwrap /etc/cinder/rootwrap.conf chmod ugo+rw /opt/stack/data/cinder/mnt/65287c24123e20bfb870daad18853a99/volume-568934a1-150d-4266-81c1-e8fd04ab4473.info
Aug 18 21:52:45 devstack sudo[102887]: pam_unix(sudo:session): session opened for user root(uid=0) by (uid=1000)
Aug 18 21:52:46 devstack sudo[102887]: pam_unix(sudo:session): session closed for user root
Aug 18 21:52:46 devstack cinder-volume[94424]: DEBUG oslo_concurrency.processutils [None req-4de5026d-9d08-40df-9cf3-6e421241e7de tempest-GroupsV314Test-1669058385 None] CMD "sudo cinder-rootwrap /etc/cinder/rootwrap.conf chmod ugo+rw /opt/stack/data/cinder/mnt/65287c24123e20bfb870daad18853a99/volume-568934a1-150d-4266-81c1-e8fd04ab4473.info" returned: 0 in 0.469s {{(pid=94424) execute /opt/stack/data/venv/lib/python3.12/site-packages/oslo_concurrency/processutils.py:468}}
Aug 18 21:52:46 devstack cinder-volume[94424]: DEBUG cinder.coordination [None req-4de5026d-9d08-40df-9cf3-6e421241e7de tempest-GroupsV314Test-1669058385 None] Acquiring lock "cinder-quobyte-43226b67-ccb5-4bb5-97d3-e8a7d000b7e4" by "_copy_volume_from_snapshot" {{(pid=94424) __acquire /opt/stack/cinder/cinder/coordination.py:138}}
Aug 18 21:52:46 devstack cinder-volume[94424]: DEBUG cinder.coordination [None req-4de5026d-9d08-40df-9cf3-6e421241e7de tempest-GroupsV314Test-1669058385 None] Lock "cinder-quobyte-43226b67-ccb5-4bb5-97d3-e8a7d000b7e4" acquired by "_copy_volume_from_snapshot" :: waited 0.027s {{(pid=94424) __acquire /opt/stack/cinder/cinder/coordination.py:141}}
Aug 18 21:52:46 devstack cinder-volume[94424]: DEBUG cinder.volume.drivers.quobyte [None req-4de5026d-9d08-40df-9cf3-6e421241e7de tempest-GroupsV314Test-1669058385 None] snapshot: 119e80c2-19d5-4c04-9dd3-6dd53069dca7, volume: 43226b67-ccb5-4bb5-97d3-e8a7d000b7e4, {{(pid=94424) _copy_volume_from_snapshot /opt/stack/cinder/cinder/volume/drivers/quobyte.py:405}}
Aug 18 21:52:46 devstack cinder-volume[94424]: DEBUG oslo_concurrency.lockutils [None req-4de5026d-9d08-40df-9cf3-6e421241e7de tempest-GroupsV314Test-1669058385 None] Acquiring lock "quobyte_ensure" by "cinder.volume.drivers.quobyte.QuobyteDriver._ensure_shares_mounted" {{(pid=94424) inner /opt/stack/data/venv/lib/python3.12/site-packages/oslo_concurrency/lockutils.py:512}}
Aug 18 21:52:46 devstack cinder-volume[94424]: DEBUG oslo_concurrency.lockutils [None req-4de5026d-9d08-40df-9cf3-6e421241e7de tempest-GroupsV314Test-1669058385 None] Lock "quobyte_ensure" acquired by "cinder.volume.drivers.quobyte.QuobyteDriver._ensure_shares_mounted" :: waited 0.001s {{(pid=94424) inner /opt/stack/data/venv/lib/python3.12/site-packages/oslo_concurrency/lockutils.py:525}}
Aug 18 21:52:46 devstack cinder-volume[94424]: DEBUG cinder.volume.drivers.quobyte [None req-4de5026d-9d08-40df-9cf3-6e421241e7de tempest-GroupsV314Test-1669058385 None] Quobyte Volume URL set to: {'osci02.corp.quobyte.com/cinder-vol-6b3d48d8-1b71-421c-9233-3c9e9f945905': None} {{(pid=94424) _load_shares_config /opt/stack/cinder/cinder/volume/drivers/quobyte.py:665}}
Aug 18 21:52:46 devstack cinder-volume[94424]: DEBUG cinder.volume.drivers.quobyte [None req-4de5026d-9d08-40df-9cf3-6e421241e7de tempest-GroupsV314Test-1669058385 None] Available shares ['osci02.corp.quobyte.com/cinder-vol-6b3d48d8-1b71-421c-9233-3c9e9f945905'] {{(pid=94424) _ensure_shares_mounted /opt/stack/cinder/cinder/volume/drivers/quobyte.py:695}}
Aug 18 21:52:46 devstack cinder-volume[94424]: DEBUG oslo_concurrency.lockutils [None req-4de5026d-9d08-40df-9cf3-6e421241e7de tempest-GroupsV314Test-1669058385 None] Lock "quobyte_ensure" "released" by "cinder.volume.drivers.quobyte.QuobyteDriver._ensure_shares_mounted" :: held 0.014s {{(pid=94424) inner /opt/stack/data/venv/lib/python3.12/site-packages/oslo_concurrency/lockutils.py:544}}
Aug 18 21:52:46 devstack cinder-volume[94424]: DEBUG oslo.privsep.daemon [-] privsep: reply[ba59d418-0860-44c3-9b0b-bab602438d9f]: (4, 'qcow2') {{(pid=95687) _call_back /opt/stack/data/venv/lib/python3.12/site-packages/oslo_privsep/daemon.py:580}}
Aug 18 21:52:46 devstack cinder-volume[94424]: DEBUG oslo_concurrency.processutils [None req-4de5026d-9d08-40df-9cf3-6e421241e7de tempest-GroupsV314Test-1669058385 None] Running cmd (subprocess): /opt/stack/data/venv/bin/python3.12 -m oslo_concurrency.prlimit --as=1073741824 --cpu=60 -- sudo cinder-rootwrap /etc/cinder/rootwrap.conf env LC_ALL=C qemu-img info -f qcow2 --output=json --force-share /opt/stack/data/cinder/mnt/65287c24123e20bfb870daad18853a99/volume-568934a1-150d-4266-81c1-e8fd04ab4473.119e80c2-19d5-4c04-9dd3-6dd53069dca7 {{(pid=94424) execute /opt/stack/data/venv/lib/python3.12/site-packages/oslo_concurrency/processutils.py:440}}
Aug 18 21:52:46 devstack sudo[102890]: quobyte : PWD=/ ; USER=root ; COMMAND=/opt/stack/data/venv/bin/cinder-rootwrap /etc/cinder/rootwrap.conf env LC_ALL=C qemu-img info -f qcow2 --output=json --force-share /opt/stack/data/cinder/mnt/65287c24123e20bfb870daad18853a99/volume-568934a1-150d-4266-81c1-e8fd04ab4473.119e80c2-19d5-4c04-9dd3-6dd53069dca7
Aug 18 21:52:46 devstack sudo[102890]: pam_unix(sudo:session): session opened for user root(uid=0) by (uid=1000)
Aug 18 21:52:47 devstack sudo[102890]: pam_unix(sudo:session): session closed for user root
Aug 18 21:52:47 devstack cinder-volume[94424]: DEBUG oslo_concurrency.processutils [None req-4de5026d-9d08-40df-9cf3-6e421241e7de tempest-GroupsV314Test-1669058385 None] CMD "/opt/stack/data/venv/bin/python3.12 -m oslo_concurrency.prlimit --as=1073741824 --cpu=60 -- sudo cinder-rootwrap /etc/cinder/rootwrap.conf env LC_ALL=C qemu-img info -f qcow2 --output=json --force-share /opt/stack/data/cinder/mnt/65287c24123e20bfb870daad18853a99/volume-568934a1-150d-4266-81c1-e8fd04ab4473.119e80c2-19d5-4c04-9dd3-6dd53069dca7" returned: 0 in 0.736s {{(pid=94424) execute /opt/stack/data/venv/lib/python3.12/site-packages/oslo_concurrency/processutils.py:468}}
Aug 18 21:52:47 devstack cinder-volume[94424]: DEBUG cinder.volume.drivers.remotefs [None req-4de5026d-9d08-40df-9cf3-6e421241e7de tempest-GroupsV314Test-1669058385 None] Fetching qemu-img info with special backing_file_template: (/opt/stack/data/cinder/mnt/[0-9a-f]+/)?(volume-568934a1-150d-4266-81c1-e8fd04ab4473(.(tmp-snap-)?[0-9a-f-]+)?|volume_from_snapshot_cache/(tmp-snap-)?[0-9a-f-]+(.(child-|parent-)[0-9a-f-]+)?)$ {{(pid=94424) _qemu_img_info_base /opt/stack/cinder/cinder/volume/drivers/remotefs.py:896}}
Aug 18 21:52:47 devstack cinder-volume[94424]: DEBUG oslo.privsep.daemon [-] privsep: reply[00eb7f97-8a96-4ffd-a568-19aa7e555f77]: (4, 'qcow2') {{(pid=95687) _call_back /opt/stack/data/venv/lib/python3.12/site-packages/oslo_privsep/daemon.py:580}}
Aug 18 21:52:47 devstack cinder-volume[94424]: DEBUG oslo_concurrency.processutils [None req-4de5026d-9d08-40df-9cf3-6e421241e7de tempest-GroupsV314Test-1669058385 None] Running cmd (subprocess): /opt/stack/data/venv/bin/python3.12 -m oslo_concurrency.prlimit --as=1073741824 --cpu=60 -- sudo cinder-rootwrap /etc/cinder/rootwrap.conf env LC_ALL=C qemu-img info -f qcow2 --output=json --force-share /opt/stack/data/cinder/mnt/65287c24123e20bfb870daad18853a99/volume-568934a1-150d-4266-81c1-e8fd04ab4473 {{(pid=94424) execute /opt/stack/data/venv/lib/python3.12/site-packages/oslo_concurrency/processutils.py:440}}
Aug 18 21:52:47 devstack sudo[102896]: quobyte : PWD=/ ; USER=root ; COMMAND=/opt/stack/data/venv/bin/cinder-rootwrap /etc/cinder/rootwrap.conf env LC_ALL=C qemu-img info -f qcow2 --output=json --force-share /opt/stack/data/cinder/mnt/65287c24123e20bfb870daad18853a99/volume-568934a1-150d-4266-81c1-e8fd04ab4473
Aug 18 21:52:47 devstack sudo[102896]: pam_unix(sudo:session): session opened for user root(uid=0) by (uid=1000)
Aug 18 21:52:47 devstack cinder-volume[94424]: DEBUG cinder.coordination [None req-b5e693c7-22e8-4e19-aa8d-82a07fafb5f7 tempest-AttachVolumeNegativeTest-347705325 None] Acquiring lock "cinder-fde3bb2c-ebdc-490e-916c-46a06702163c-delete_volume" by "delete_volume" {{(pid=94424) __acquire /opt/stack/cinder/cinder/coordination.py:138}}
Aug 18 21:52:47 devstack cinder-volume[94424]: DEBUG cinder.coordination [None req-b5e693c7-22e8-4e19-aa8d-82a07fafb5f7 tempest-AttachVolumeNegativeTest-347705325 None] Lock "cinder-fde3bb2c-ebdc-490e-916c-46a06702163c-delete_volume" acquired by "delete_volume" :: waited 0.035s {{(pid=94424) __acquire /opt/stack/cinder/cinder/coordination.py:141}}
Aug 18 21:52:47 devstack cinder-volume[94424]: DEBUG cinder.coordination [None req-b5e693c7-22e8-4e19-aa8d-82a07fafb5f7 tempest-AttachVolumeNegativeTest-347705325 None] Acquiring lock "cinder-quobyte-fde3bb2c-ebdc-490e-916c-46a06702163c" by "delete_volume" {{(pid=94424) __acquire /opt/stack/cinder/cinder/coordination.py:138}}
Aug 18 21:52:47 devstack cinder-volume[94424]: DEBUG cinder.coordination [None req-b5e693c7-22e8-4e19-aa8d-82a07fafb5f7 tempest-AttachVolumeNegativeTest-347705325 None] Lock "cinder-quobyte-fde3bb2c-ebdc-490e-916c-46a06702163c" acquired by "delete_volume" :: waited 0.034s {{(pid=94424) __acquire /opt/stack/cinder/cinder/coordination.py:141}}
Aug 18 21:52:47 devstack cinder-volume[94424]: DEBUG oslo.privsep.daemon [-] privsep: reply[cf047b6b-8bd2-46a5-b497-7979dde67264]: (4, 'qcow2') {{(pid=95687) _call_back /opt/stack/data/venv/lib/python3.12/site-packages/oslo_privsep/daemon.py:580}}
Aug 18 21:52:47 devstack cinder-volume[94424]: DEBUG oslo_concurrency.processutils [None req-b5e693c7-22e8-4e19-aa8d-82a07fafb5f7 tempest-AttachVolumeNegativeTest-347705325 None] Running cmd (subprocess): /opt/stack/data/venv/bin/python3.12 -m oslo_concurrency.prlimit --as=1073741824 --cpu=60 -- sudo cinder-rootwrap /etc/cinder/rootwrap.conf env LC_ALL=C qemu-img info -f qcow2 --output=json --force-share /opt/stack/data/cinder/mnt/65287c24123e20bfb870daad18853a99/volume-fde3bb2c-ebdc-490e-916c-46a06702163c {{(pid=94424) execute /opt/stack/data/venv/lib/python3.12/site-packages/oslo_concurrency/processutils.py:440}}
Aug 18 21:52:47 devstack sudo[102896]: pam_unix(sudo:session): session closed for user root
Aug 18 21:52:47 devstack cinder-volume[94424]: DEBUG oslo_concurrency.processutils [None req-4de5026d-9d08-40df-9cf3-6e421241e7de tempest-GroupsV314Test-1669058385 None] CMD "/opt/stack/data/venv/bin/python3.12 -m oslo_concurrency.prlimit --as=1073741824 --cpu=60 -- sudo cinder-rootwrap /etc/cinder/rootwrap.conf env LC_ALL=C qemu-img info -f qcow2 --output=json --force-share /opt/stack/data/cinder/mnt/65287c24123e20bfb870daad18853a99/volume-568934a1-150d-4266-81c1-e8fd04ab4473" returned: 0 in 0.691s {{(pid=94424) execute /opt/stack/data/venv/lib/python3.12/site-packages/oslo_concurrency/processutils.py:468}}
Aug 18 21:52:47 devstack cinder-volume[94424]: DEBUG cinder.volume.drivers.quobyte [None req-4de5026d-9d08-40df-9cf3-6e421241e7de tempest-GroupsV314Test-1669058385 None] will copy from snapshot at /opt/stack/data/cinder/mnt/65287c24123e20bfb870daad18853a99/volume-568934a1-150d-4266-81c1-e8fd04ab4473 {{(pid=94424) _copy_volume_from_snapshot /opt/stack/cinder/cinder/volume/drivers/quobyte.py:426}}
Aug 18 21:52:47 devstack cinder-volume[94424]: DEBUG cinder.volume.drivers.quobyte [None req-4de5026d-9d08-40df-9cf3-6e421241e7de tempest-GroupsV314Test-1669058385 None] Creating direct copy from snapshot {{(pid=94424) _copy_volume_from_snapshot /opt/stack/cinder/cinder/volume/drivers/quobyte.py:434}}
Aug 18 21:52:47 devstack cinder-volume[94424]: DEBUG cinder.utils [None req-4de5026d-9d08-40df-9cf3-6e421241e7de tempest-GroupsV314Test-1669058385 None] Path /opt/stack/data/cinder/mnt/65287c24123e20bfb870daad18853a99/volume-43226b67-ccb5-4bb5-97d3-e8a7d000b7e4 not found in is_blk_device check {{(pid=94424) is_blk_device /opt/stack/cinder/cinder/utils.py:622}}
Aug 18 21:52:47 devstack cinder-volume[94424]: DEBUG oslo_concurrency.processutils [None req-4de5026d-9d08-40df-9cf3-6e421241e7de tempest-GroupsV314Test-1669058385 None] Running cmd (subprocess): sudo cinder-rootwrap /etc/cinder/rootwrap.conf qemu-img convert -O qcow2 /opt/stack/data/cinder/mnt/65287c24123e20bfb870daad18853a99/volume-568934a1-150d-4266-81c1-e8fd04ab4473 /opt/stack/data/cinder/mnt/65287c24123e20bfb870daad18853a99/volume-43226b67-ccb5-4bb5-97d3-e8a7d000b7e4 {{(pid=94424) execute /opt/stack/data/venv/lib/python3.12/site-packages/oslo_concurrency/processutils.py:440}}
Aug 18 21:52:47 devstack sudo[102907]: quobyte : PWD=/ ; USER=root ; COMMAND=/opt/stack/data/venv/bin/cinder-rootwrap /etc/cinder/rootwrap.conf qemu-img convert -O qcow2 /opt/stack/data/cinder/mnt/65287c24123e20bfb870daad18853a99/volume-568934a1-150d-4266-81c1-e8fd04ab4473 /opt/stack/data/cinder/mnt/65287c24123e20bfb870daad18853a99/volume-43226b67-ccb5-4bb5-97d3-e8a7d000b7e4
Aug 18 21:52:47 devstack sudo[102907]: pam_unix(sudo:session): session opened for user root(uid=0) by (uid=1000)
Aug 18 21:52:47 devstack sudo[102904]: quobyte : PWD=/ ; USER=root ; COMMAND=/opt/stack/data/venv/bin/cinder-rootwrap /etc/cinder/rootwrap.conf env LC_ALL=C qemu-img info -f qcow2 --output=json --force-share /opt/stack/data/cinder/mnt/65287c24123e20bfb870daad18853a99/volume-fde3bb2c-ebdc-490e-916c-46a06702163c
Aug 18 21:52:47 devstack sudo[102904]: pam_unix(sudo:session): session opened for user root(uid=0) by (uid=1000)
Aug 18 21:52:48 devstack sudo[102904]: pam_unix(sudo:session): session closed for user root
Aug 18 21:52:48 devstack cinder-volume[94424]: DEBUG oslo_concurrency.processutils [None req-b5e693c7-22e8-4e19-aa8d-82a07fafb5f7 tempest-AttachVolumeNegativeTest-347705325 None] CMD "/opt/stack/data/venv/bin/python3.12 -m oslo_concurrency.prlimit --as=1073741824 --cpu=60 -- sudo cinder-rootwrap /etc/cinder/rootwrap.conf env LC_ALL=C qemu-img info -f qcow2 --output=json --force-share /opt/stack/data/cinder/mnt/65287c24123e20bfb870daad18853a99/volume-fde3bb2c-ebdc-490e-916c-46a06702163c" returned: 0 in 0.639s {{(pid=94424) execute /opt/stack/data/venv/lib/python3.12/site-packages/oslo_concurrency/processutils.py:468}}
Aug 18 21:52:48 devstack cinder-volume[94424]: DEBUG oslo_concurrency.processutils [None req-b5e693c7-22e8-4e19-aa8d-82a07fafb5f7 tempest-AttachVolumeNegativeTest-347705325 None] Running cmd (subprocess): sudo cinder-rootwrap /etc/cinder/rootwrap.conf rm -f /opt/stack/data/cinder/mnt/65287c24123e20bfb870daad18853a99/volume-fde3bb2c-ebdc-490e-916c-46a06702163c {{(pid=94424) execute /opt/stack/data/venv/lib/python3.12/site-packages/oslo_concurrency/processutils.py:440}}
Aug 18 21:52:48 devstack sudo[102924]: quobyte : PWD=/ ; USER=root ; COMMAND=/opt/stack/data/venv/bin/cinder-rootwrap /etc/cinder/rootwrap.conf rm -f /opt/stack/data/cinder/mnt/65287c24123e20bfb870daad18853a99/volume-fde3bb2c-ebdc-490e-916c-46a06702163c
Aug 18 21:52:48 devstack sudo[102924]: pam_unix(sudo:session): session opened for user root(uid=0) by (uid=1000)
Aug 18 21:52:48 devstack sudo[102924]: pam_unix(sudo:session): session closed for user root
Aug 18 21:52:48 devstack cinder-volume[94424]: DEBUG oslo_concurrency.processutils [None req-b5e693c7-22e8-4e19-aa8d-82a07fafb5f7 tempest-AttachVolumeNegativeTest-347705325 None] CMD "sudo cinder-rootwrap /etc/cinder/rootwrap.conf rm -f /opt/stack/data/cinder/mnt/65287c24123e20bfb870daad18853a99/volume-fde3bb2c-ebdc-490e-916c-46a06702163c" returned: 0 in 0.552s {{(pid=94424) execute /opt/stack/data/venv/lib/python3.12/site-packages/oslo_concurrency/processutils.py:468}}
Aug 18 21:52:48 devstack cinder-volume[94424]: DEBUG cinder.coordination [None req-b5e693c7-22e8-4e19-aa8d-82a07fafb5f7 tempest-AttachVolumeNegativeTest-347705325 None] Lock "cinder-quobyte-fde3bb2c-ebdc-490e-916c-46a06702163c" released by "delete_volume" :: held 1.280s {{(pid=94424) __release /opt/stack/cinder/cinder/coordination.py:152}}
Aug 18 21:52:49 devstack cinder-volume[94424]: DEBUG cinder.quota [None req-b5e693c7-22e8-4e19-aa8d-82a07fafb5f7 tempest-AttachVolumeNegativeTest-347705325 None] Created reservations ['dbdb2b29-a50f-4af4-b126-3b6ccb25dec9', 'b3eb1b25-01ae-47bd-aab9-a7cad74b00ff', '5d9f299b-26e8-4272-8dbd-e39f2ce97c6f', 'f1b71da8-dc95-4a4c-82ce-cc1c046b8bc8'] {{(pid=94424) reserve /opt/stack/cinder/cinder/quota.py:752}}
Aug 18 21:52:49 devstack cinder-volume[94424]: DEBUG oslo_concurrency.lockutils [None req-b5e693c7-22e8-4e19-aa8d-82a07fafb5f7 tempest-AttachVolumeNegativeTest-347705325 None] Acquiring lock "quobyte_ensure" by "cinder.volume.drivers.quobyte.QuobyteDriver._ensure_shares_mounted" {{(pid=94424) inner /opt/stack/data/venv/lib/python3.12/site-packages/oslo_concurrency/lockutils.py:512}}
Aug 18 21:52:49 devstack cinder-volume[94424]: DEBUG oslo_concurrency.lockutils [None req-b5e693c7-22e8-4e19-aa8d-82a07fafb5f7 tempest-AttachVolumeNegativeTest-347705325 None] Lock "quobyte_ensure" acquired by "cinder.volume.drivers.quobyte.QuobyteDriver._ensure_shares_mounted" :: waited 0.001s {{(pid=94424) inner /opt/stack/data/venv/lib/python3.12/site-packages/oslo_concurrency/lockutils.py:525}}
Aug 18 21:52:49 devstack cinder-volume[94424]: DEBUG cinder.volume.drivers.quobyte [None req-b5e693c7-22e8-4e19-aa8d-82a07fafb5f7 tempest-AttachVolumeNegativeTest-347705325 None] Quobyte Volume URL set to: {'osci02.corp.quobyte.com/cinder-vol-6b3d48d8-1b71-421c-9233-3c9e9f945905': None} {{(pid=94424) _load_shares_config /opt/stack/cinder/cinder/volume/drivers/quobyte.py:665}}
Aug 18 21:52:49 devstack cinder-volume[94424]: DEBUG cinder.volume.drivers.quobyte [None req-b5e693c7-22e8-4e19-aa8d-82a07fafb5f7 tempest-AttachVolumeNegativeTest-347705325 None] Available shares ['osci02.corp.quobyte.com/cinder-vol-6b3d48d8-1b71-421c-9233-3c9e9f945905'] {{(pid=94424) _ensure_shares_mounted /opt/stack/cinder/cinder/volume/drivers/quobyte.py:695}}
Aug 18 21:52:49 devstack cinder-volume[94424]: DEBUG oslo_concurrency.lockutils [None req-b5e693c7-22e8-4e19-aa8d-82a07fafb5f7 tempest-AttachVolumeNegativeTest-347705325 None] Lock "quobyte_ensure" "released" by "cinder.volume.drivers.quobyte.QuobyteDriver._ensure_shares_mounted" :: held 0.013s {{(pid=94424) inner /opt/stack/data/venv/lib/python3.12/site-packages/oslo_concurrency/lockutils.py:544}}
Aug 18 21:52:49 devstack cinder-volume[94424]: DEBUG oslo_concurrency.processutils [None req-b5e693c7-22e8-4e19-aa8d-82a07fafb5f7 tempest-AttachVolumeNegativeTest-347705325 None] Running cmd (subprocess): sudo cinder-rootwrap /etc/cinder/rootwrap.conf df --portability --block-size 1 /opt/stack/data/cinder/mnt/65287c24123e20bfb870daad18853a99 {{(pid=94424) execute /opt/stack/data/venv/lib/python3.12/site-packages/oslo_concurrency/processutils.py:440}}
Aug 18 21:52:49 devstack sudo[102950]: quobyte : PWD=/ ; USER=root ; COMMAND=/opt/stack/data/venv/bin/cinder-rootwrap /etc/cinder/rootwrap.conf df --portability --block-size 1 /opt/stack/data/cinder/mnt/65287c24123e20bfb870daad18853a99
Aug 18 21:52:49 devstack sudo[102950]: pam_unix(sudo:session): session opened for user root(uid=0) by (uid=1000)
Aug 18 21:52:50 devstack sudo[102950]: pam_unix(sudo:session): session closed for user root
Aug 18 21:52:50 devstack cinder-volume[94424]: DEBUG oslo_concurrency.processutils [None req-b5e693c7-22e8-4e19-aa8d-82a07fafb5f7 tempest-AttachVolumeNegativeTest-347705325 None] CMD "sudo cinder-rootwrap /etc/cinder/rootwrap.conf df --portability --block-size 1 /opt/stack/data/cinder/mnt/65287c24123e20bfb870daad18853a99" returned: 0 in 0.901s {{(pid=94424) execute /opt/stack/data/venv/lib/python3.12/site-packages/oslo_concurrency/processutils.py:468}}
Aug 18 21:52:50 devstack cinder-volume[94424]: DEBUG cinder.manager [None req-b5e693c7-22e8-4e19-aa8d-82a07fafb5f7 tempest-AttachVolumeNegativeTest-347705325 None] Notifying Schedulers of capabilities ... {{(pid=94424) _publish_service_capabilities /opt/stack/cinder/cinder/manager.py:219}}
Aug 18 21:52:50 devstack cinder-volume[94424]: INFO cinder.volume.manager [None req-b5e693c7-22e8-4e19-aa8d-82a07fafb5f7 tempest-AttachVolumeNegativeTest-347705325 None] Deleted volume successfully.
Aug 18 21:52:50 devstack cinder-volume[94424]: DEBUG cinder.coordination [None req-9acce6ad-d51d-4be2-851d-d7b9f213618b tempest-AttachVolumeNegativeTest-347705325 None] Acquiring lock "cinder-1818b415-bf06-41bc-a077-e67d5606deeb-delete_volume" by "delete_volume" {{(pid=94424) __acquire /opt/stack/cinder/cinder/coordination.py:138}}
Aug 18 21:52:50 devstack cinder-volume[94424]: DEBUG cinder.coordination [None req-b5e693c7-22e8-4e19-aa8d-82a07fafb5f7 tempest-AttachVolumeNegativeTest-347705325 None] Lock "cinder-fde3bb2c-ebdc-490e-916c-46a06702163c-delete_volume" released by "delete_volume" :: held 2.906s {{(pid=94424) __release /opt/stack/cinder/cinder/coordination.py:152}}
Aug 18 21:52:50 devstack cinder-volume[94424]: DEBUG cinder.coordination [None req-9acce6ad-d51d-4be2-851d-d7b9f213618b tempest-AttachVolumeNegativeTest-347705325 None] Lock "cinder-1818b415-bf06-41bc-a077-e67d5606deeb-delete_volume" acquired by "delete_volume" :: waited 0.084s {{(pid=94424) __acquire /opt/stack/cinder/cinder/coordination.py:141}}
Aug 18 21:52:50 devstack cinder-volume[94424]: DEBUG cinder.coordination [None req-9acce6ad-d51d-4be2-851d-d7b9f213618b tempest-AttachVolumeNegativeTest-347705325 None] Acquiring lock "cinder-quobyte-1818b415-bf06-41bc-a077-e67d5606deeb" by "delete_volume" {{(pid=94424) __acquire /opt/stack/cinder/cinder/coordination.py:138}}
Aug 18 21:52:50 devstack cinder-volume[94424]: DEBUG cinder.coordination [None req-9acce6ad-d51d-4be2-851d-d7b9f213618b tempest-AttachVolumeNegativeTest-347705325 None] Lock "cinder-quobyte-1818b415-bf06-41bc-a077-e67d5606deeb" acquired by "delete_volume" :: waited 0.066s {{(pid=94424) __acquire /opt/stack/cinder/cinder/coordination.py:141}}
Aug 18 21:52:50 devstack cinder-volume[94424]: DEBUG oslo.privsep.daemon [-] privsep: reply[842138e0-80b6-4286-83cc-592afadec8d6]: (4, 'qcow2') {{(pid=95687) _call_back /opt/stack/data/venv/lib/python3.12/site-packages/oslo_privsep/daemon.py:580}}
Aug 18 21:52:50 devstack cinder-volume[94424]: DEBUG oslo_concurrency.processutils [None req-9acce6ad-d51d-4be2-851d-d7b9f213618b tempest-AttachVolumeNegativeTest-347705325 None] Running cmd (subprocess): /opt/stack/data/venv/bin/python3.12 -m oslo_concurrency.prlimit --as=1073741824 --cpu=60 -- sudo cinder-rootwrap /etc/cinder/rootwrap.conf env LC_ALL=C qemu-img info -f qcow2 --output=json --force-share /opt/stack/data/cinder/mnt/65287c24123e20bfb870daad18853a99/volume-1818b415-bf06-41bc-a077-e67d5606deeb {{(pid=94424) execute /opt/stack/data/venv/lib/python3.12/site-packages/oslo_concurrency/processutils.py:440}}
Aug 18 21:52:50 devstack sudo[102956]: quobyte : PWD=/ ; USER=root ; COMMAND=/opt/stack/data/venv/bin/cinder-rootwrap /etc/cinder/rootwrap.conf env LC_ALL=C qemu-img info -f qcow2 --output=json --force-share /opt/stack/data/cinder/mnt/65287c24123e20bfb870daad18853a99/volume-1818b415-bf06-41bc-a077-e67d5606deeb
Aug 18 21:52:50 devstack sudo[102956]: pam_unix(sudo:session): session opened for user root(uid=0) by (uid=1000)
Aug 18 21:52:51 devstack sudo[102956]: pam_unix(sudo:session): session closed for user root
Aug 18 21:52:51 devstack cinder-volume[94424]: DEBUG oslo_concurrency.processutils [None req-9acce6ad-d51d-4be2-851d-d7b9f213618b tempest-AttachVolumeNegativeTest-347705325 None] CMD "/opt/stack/data/venv/bin/python3.12 -m oslo_concurrency.prlimit --as=1073741824 --cpu=60 -- sudo cinder-rootwrap /etc/cinder/rootwrap.conf env LC_ALL=C qemu-img info -f qcow2 --output=json --force-share /opt/stack/data/cinder/mnt/65287c24123e20bfb870daad18853a99/volume-1818b415-bf06-41bc-a077-e67d5606deeb" returned: 0 in 1.017s {{(pid=94424) execute /opt/stack/data/venv/lib/python3.12/site-packages/oslo_concurrency/processutils.py:468}}
Aug 18 21:52:51 devstack cinder-volume[94424]: DEBUG oslo_concurrency.processutils [None req-9acce6ad-d51d-4be2-851d-d7b9f213618b tempest-AttachVolumeNegativeTest-347705325 None] Running cmd (subprocess): sudo cinder-rootwrap /etc/cinder/rootwrap.conf rm -f /opt/stack/data/cinder/mnt/65287c24123e20bfb870daad18853a99/volume-1818b415-bf06-41bc-a077-e67d5606deeb {{(pid=94424) execute /opt/stack/data/venv/lib/python3.12/site-packages/oslo_concurrency/processutils.py:440}}
Aug 18 21:52:51 devstack sudo[102961]: quobyte : PWD=/ ; USER=root ; COMMAND=/opt/stack/data/venv/bin/cinder-rootwrap /etc/cinder/rootwrap.conf rm -f /opt/stack/data/cinder/mnt/65287c24123e20bfb870daad18853a99/volume-1818b415-bf06-41bc-a077-e67d5606deeb
Aug 18 21:52:51 devstack sudo[102961]: pam_unix(sudo:session): session opened for user root(uid=0) by (uid=1000)
Aug 18 21:52:52 devstack sudo[102961]: pam_unix(sudo:session): session closed for user root
Aug 18 21:52:52 devstack cinder-volume[94424]: DEBUG oslo_concurrency.processutils [None req-9acce6ad-d51d-4be2-851d-d7b9f213618b tempest-AttachVolumeNegativeTest-347705325 None] CMD "sudo cinder-rootwrap /etc/cinder/rootwrap.conf rm -f /opt/stack/data/cinder/mnt/65287c24123e20bfb870daad18853a99/volume-1818b415-bf06-41bc-a077-e67d5606deeb" returned: 0 in 0.609s {{(pid=94424) execute /opt/stack/data/venv/lib/python3.12/site-packages/oslo_concurrency/processutils.py:468}}
Aug 18 21:52:52 devstack cinder-volume[94424]: DEBUG cinder.coordination [None req-9acce6ad-d51d-4be2-851d-d7b9f213618b tempest-AttachVolumeNegativeTest-347705325 None] Lock "cinder-quobyte-1818b415-bf06-41bc-a077-e67d5606deeb" released by "delete_volume" :: held 1.764s {{(pid=94424) __release /opt/stack/cinder/cinder/coordination.py:152}}
Aug 18 21:52:52 devstack cinder-volume[94424]: DEBUG cinder.quota [None req-9acce6ad-d51d-4be2-851d-d7b9f213618b tempest-AttachVolumeNegativeTest-347705325 None] Created reservations ['45f9e327-6ceb-4185-af76-92e436bd1934', '00c82a36-97f7-470d-bb14-646cf6e0b82f', '0d6ff18d-76d8-4ddd-b981-b76c596206d4', '29e66c6f-ca16-4873-9c4f-eb5e001b0a4c'] {{(pid=94424) reserve /opt/stack/cinder/cinder/quota.py:752}}
Aug 18 21:52:52 devstack cinder-volume[94424]: DEBUG oslo_concurrency.lockutils [None req-9acce6ad-d51d-4be2-851d-d7b9f213618b tempest-AttachVolumeNegativeTest-347705325 None] Acquiring lock "quobyte_ensure" by "cinder.volume.drivers.quobyte.QuobyteDriver._ensure_shares_mounted" {{(pid=94424) inner /opt/stack/data/venv/lib/python3.12/site-packages/oslo_concurrency/lockutils.py:512}}
Aug 18 21:52:52 devstack cinder-volume[94424]: DEBUG oslo_concurrency.lockutils [None req-9acce6ad-d51d-4be2-851d-d7b9f213618b tempest-AttachVolumeNegativeTest-347705325 None] Lock "quobyte_ensure" acquired by "cinder.volume.drivers.quobyte.QuobyteDriver._ensure_shares_mounted" :: waited 0.005s {{(pid=94424) inner /opt/stack/data/venv/lib/python3.12/site-packages/oslo_concurrency/lockutils.py:525}}
Aug 18 21:52:52 devstack cinder-volume[94424]: DEBUG cinder.volume.drivers.quobyte [None req-9acce6ad-d51d-4be2-851d-d7b9f213618b tempest-AttachVolumeNegativeTest-347705325 None] Quobyte Volume URL set to: {'osci02.corp.quobyte.com/cinder-vol-6b3d48d8-1b71-421c-9233-3c9e9f945905': None} {{(pid=94424) _load_shares_config /opt/stack/cinder/cinder/volume/drivers/quobyte.py:665}}
Aug 18 21:52:52 devstack cinder-volume[94424]: DEBUG cinder.volume.drivers.quobyte [None req-9acce6ad-d51d-4be2-851d-d7b9f213618b tempest-AttachVolumeNegativeTest-347705325 None] Available shares ['osci02.corp.quobyte.com/cinder-vol-6b3d48d8-1b71-421c-9233-3c9e9f945905'] {{(pid=94424) _ensure_shares_mounted /opt/stack/cinder/cinder/volume/drivers/quobyte.py:695}}
Aug 18 21:52:52 devstack cinder-volume[94424]: DEBUG oslo_concurrency.lockutils [None req-9acce6ad-d51d-4be2-851d-d7b9f213618b tempest-AttachVolumeNegativeTest-347705325 None] Lock "quobyte_ensure" "released" by "cinder.volume.drivers.quobyte.QuobyteDriver._ensure_shares_mounted" :: held 0.029s {{(pid=94424) inner /opt/stack/data/venv/lib/python3.12/site-packages/oslo_concurrency/lockutils.py:544}}
Aug 18 21:52:52 devstack cinder-volume[94424]: DEBUG oslo_concurrency.processutils [None req-9acce6ad-d51d-4be2-851d-d7b9f213618b tempest-AttachVolumeNegativeTest-347705325 None] Running cmd (subprocess): sudo cinder-rootwrap /etc/cinder/rootwrap.conf df --portability --block-size 1 /opt/stack/data/cinder/mnt/65287c24123e20bfb870daad18853a99 {{(pid=94424) execute /opt/stack/data/venv/lib/python3.12/site-packages/oslo_concurrency/processutils.py:440}}
Aug 18 21:52:52 devstack sudo[102964]: quobyte : PWD=/ ; USER=root ; COMMAND=/opt/stack/data/venv/bin/cinder-rootwrap /etc/cinder/rootwrap.conf df --portability --block-size 1 /opt/stack/data/cinder/mnt/65287c24123e20bfb870daad18853a99
Aug 18 21:52:52 devstack sudo[102964]: pam_unix(sudo:session): session opened for user root(uid=0) by (uid=1000)
Aug 18 21:52:53 devstack sudo[102964]: pam_unix(sudo:session): session closed for user root
Aug 18 21:52:53 devstack cinder-volume[94424]: DEBUG oslo_concurrency.processutils [None req-9acce6ad-d51d-4be2-851d-d7b9f213618b tempest-AttachVolumeNegativeTest-347705325 None] CMD "sudo cinder-rootwrap /etc/cinder/rootwrap.conf df --portability --block-size 1 /opt/stack/data/cinder/mnt/65287c24123e20bfb870daad18853a99" returned: 0 in 0.738s {{(pid=94424) execute /opt/stack/data/venv/lib/python3.12/site-packages/oslo_concurrency/processutils.py:468}}
Aug 18 21:52:53 devstack cinder-volume[94424]: DEBUG cinder.manager [None req-9acce6ad-d51d-4be2-851d-d7b9f213618b tempest-AttachVolumeNegativeTest-347705325 None] Notifying Schedulers of capabilities ... {{(pid=94424) _publish_service_capabilities /opt/stack/cinder/cinder/manager.py:219}}
Aug 18 21:52:53 devstack cinder-volume[94424]: INFO cinder.volume.manager [None req-9acce6ad-d51d-4be2-851d-d7b9f213618b tempest-AttachVolumeNegativeTest-347705325 None] Deleted volume successfully.
Aug 18 21:52:53 devstack cinder-volume[94424]: DEBUG cinder.coordination [None req-9acce6ad-d51d-4be2-851d-d7b9f213618b tempest-AttachVolumeNegativeTest-347705325 None] Lock "cinder-1818b415-bf06-41bc-a077-e67d5606deeb-delete_volume" released by "delete_volume" :: held 3.218s {{(pid=94424) __release /opt/stack/cinder/cinder/coordination.py:152}}
Aug 18 21:52:54 devstack cinder-volume[94424]: DEBUG cinder.coordination [None req-406730f7-69ab-4d30-b0d1-121796228a58 tempest-AttachVolumeNegativeTest-347705325 None] Acquiring lock "cinder-b655aaa8-1f5c-4451-952b-f09306cf492a-delete_volume" by "delete_volume" {{(pid=94424) __acquire /opt/stack/cinder/cinder/coordination.py:138}}
Aug 18 21:52:54 devstack cinder-volume[94424]: DEBUG cinder.coordination [None req-406730f7-69ab-4d30-b0d1-121796228a58 tempest-AttachVolumeNegativeTest-347705325 None] Lock "cinder-b655aaa8-1f5c-4451-952b-f09306cf492a-delete_volume" acquired by "delete_volume" :: waited 0.055s {{(pid=94424) __acquire /opt/stack/cinder/cinder/coordination.py:141}}
Aug 18 21:52:54 devstack cinder-volume[94424]: DEBUG cinder.coordination [None req-406730f7-69ab-4d30-b0d1-121796228a58 tempest-AttachVolumeNegativeTest-347705325 None] Acquiring lock "cinder-quobyte-b655aaa8-1f5c-4451-952b-f09306cf492a" by "delete_volume" {{(pid=94424) __acquire /opt/stack/cinder/cinder/coordination.py:138}}
Aug 18 21:52:54 devstack cinder-volume[94424]: DEBUG cinder.coordination [None req-406730f7-69ab-4d30-b0d1-121796228a58 tempest-AttachVolumeNegativeTest-347705325 None] Lock "cinder-quobyte-b655aaa8-1f5c-4451-952b-f09306cf492a" acquired by "delete_volume" :: waited 0.021s {{(pid=94424) __acquire /opt/stack/cinder/cinder/coordination.py:141}}
Aug 18 21:52:54 devstack cinder-volume[94424]: DEBUG oslo.privsep.daemon [-] privsep: reply[8345d871-9af4-4c8e-8b9d-4fe55e9225cc]: (4, 'qcow2') {{(pid=95687) _call_back /opt/stack/data/venv/lib/python3.12/site-packages/oslo_privsep/daemon.py:580}}
Aug 18 21:52:54 devstack cinder-volume[94424]: DEBUG oslo_concurrency.processutils [None req-406730f7-69ab-4d30-b0d1-121796228a58 tempest-AttachVolumeNegativeTest-347705325 None] Running cmd (subprocess): /opt/stack/data/venv/bin/python3.12 -m oslo_concurrency.prlimit --as=1073741824 --cpu=60 -- sudo cinder-rootwrap /etc/cinder/rootwrap.conf env LC_ALL=C qemu-img info -f qcow2 --output=json --force-share /opt/stack/data/cinder/mnt/65287c24123e20bfb870daad18853a99/volume-b655aaa8-1f5c-4451-952b-f09306cf492a {{(pid=94424) execute /opt/stack/data/venv/lib/python3.12/site-packages/oslo_concurrency/processutils.py:440}}
Aug 18 21:52:54 devstack sudo[102969]: quobyte : PWD=/ ; USER=root ; COMMAND=/opt/stack/data/venv/bin/cinder-rootwrap /etc/cinder/rootwrap.conf env LC_ALL=C qemu-img info -f qcow2 --output=json --force-share /opt/stack/data/cinder/mnt/65287c24123e20bfb870daad18853a99/volume-b655aaa8-1f5c-4451-952b-f09306cf492a
Aug 18 21:52:54 devstack sudo[102969]: pam_unix(sudo:session): session opened for user root(uid=0) by (uid=1000)
Aug 18 21:52:54 devstack cinder-volume[94424]: DEBUG oslo_concurrency.processutils [None req-4de5026d-9d08-40df-9cf3-6e421241e7de tempest-GroupsV314Test-1669058385 None] CMD "sudo cinder-rootwrap /etc/cinder/rootwrap.conf qemu-img convert -O qcow2 /opt/stack/data/cinder/mnt/65287c24123e20bfb870daad18853a99/volume-568934a1-150d-4266-81c1-e8fd04ab4473 /opt/stack/data/cinder/mnt/65287c24123e20bfb870daad18853a99/volume-43226b67-ccb5-4bb5-97d3-e8a7d000b7e4" returned: 0 in 6.889s {{(pid=94424) execute /opt/stack/data/venv/lib/python3.12/site-packages/oslo_concurrency/processutils.py:468}}
Aug 18 21:52:54 devstack cinder-volume[94424]: DEBUG cinder.image.image_utils [None req-4de5026d-9d08-40df-9cf3-6e421241e7de tempest-GroupsV314Test-1669058385 None] Image conversion details: src /opt/stack/data/cinder/mnt/65287c24123e20bfb870daad18853a99/volume-568934a1-150d-4266-81c1-e8fd04ab4473, size 1024.00 MB, duration 6.89 sec, destination /opt/stack/data/cinder/mnt/65287c24123e20bfb870daad18853a99/volume-43226b67-ccb5-4bb5-97d3-e8a7d000b7e4 {{(pid=94424) _convert_image /opt/stack/cinder/cinder/image/image_utils.py:536}}
Aug 18 21:52:54 devstack cinder-volume[94424]: INFO cinder.image.image_utils [None req-4de5026d-9d08-40df-9cf3-6e421241e7de tempest-GroupsV314Test-1669058385 None] Converted 1024.00 MB image at 148.61 MB/s
Aug 18 21:52:54 devstack cinder-volume[94424]: WARNING cinder.volume.drivers.remotefs [None req-4de5026d-9d08-40df-9cf3-6e421241e7de tempest-GroupsV314Test-1669058385 None] /opt/stack/data/cinder/mnt/65287c24123e20bfb870daad18853a99/volume-43226b67-ccb5-4bb5-97d3-e8a7d000b7e4 is being set with open permissions: ugo+rw: NotImplementedError
Aug 18 21:52:54 devstack cinder-volume[94424]: DEBUG oslo_concurrency.processutils [None req-4de5026d-9d08-40df-9cf3-6e421241e7de tempest-GroupsV314Test-1669058385 None] Running cmd (subprocess): sudo cinder-rootwrap /etc/cinder/rootwrap.conf chmod ugo+rw /opt/stack/data/cinder/mnt/65287c24123e20bfb870daad18853a99/volume-43226b67-ccb5-4bb5-97d3-e8a7d000b7e4 {{(pid=94424) execute /opt/stack/data/venv/lib/python3.12/site-packages/oslo_concurrency/processutils.py:440}}
Aug 18 21:52:54 devstack sudo[102971]: quobyte : PWD=/ ; USER=root ; COMMAND=/opt/stack/data/venv/bin/cinder-rootwrap /etc/cinder/rootwrap.conf chmod ugo+rw /opt/stack/data/cinder/mnt/65287c24123e20bfb870daad18853a99/volume-43226b67-ccb5-4bb5-97d3-e8a7d000b7e4
Aug 18 21:52:54 devstack sudo[102971]: pam_unix(sudo:session): session opened for user root(uid=0) by (uid=1000)
Aug 18 21:52:54 devstack cinder-volume[94424]: DEBUG oslo_concurrency.processutils [None req-406730f7-69ab-4d30-b0d1-121796228a58 tempest-AttachVolumeNegativeTest-347705325 None] CMD "/opt/stack/data/venv/bin/python3.12 -m oslo_concurrency.prlimit --as=1073741824 --cpu=60 -- sudo cinder-rootwrap /etc/cinder/rootwrap.conf env LC_ALL=C qemu-img info -f qcow2 --output=json --force-share /opt/stack/data/cinder/mnt/65287c24123e20bfb870daad18853a99/volume-b655aaa8-1f5c-4451-952b-f09306cf492a" returned: 0 in 0.716s {{(pid=94424) execute /opt/stack/data/venv/lib/python3.12/site-packages/oslo_concurrency/processutils.py:468}}
Aug 18 21:52:54 devstack cinder-volume[94424]: DEBUG oslo_concurrency.processutils [None req-406730f7-69ab-4d30-b0d1-121796228a58 tempest-AttachVolumeNegativeTest-347705325 None] Running cmd (subprocess): sudo cinder-rootwrap /etc/cinder/rootwrap.conf rm -f /opt/stack/data/cinder/mnt/65287c24123e20bfb870daad18853a99/volume-b655aaa8-1f5c-4451-952b-f09306cf492a {{(pid=94424) execute /opt/stack/data/venv/lib/python3.12/site-packages/oslo_concurrency/processutils.py:440}}
Aug 18 21:52:54 devstack sudo[102969]: pam_unix(sudo:session): session closed for user root
Aug 18 21:52:54 devstack sudo[102971]: pam_unix(sudo:session): session closed for user root
Aug 18 21:52:54 devstack cinder-volume[94424]: DEBUG oslo_concurrency.processutils [None req-4de5026d-9d08-40df-9cf3-6e421241e7de tempest-GroupsV314Test-1669058385 None] CMD "sudo cinder-rootwrap /etc/cinder/rootwrap.conf chmod ugo+rw /opt/stack/data/cinder/mnt/65287c24123e20bfb870daad18853a99/volume-43226b67-ccb5-4bb5-97d3-e8a7d000b7e4" returned: 0 in 0.344s {{(pid=94424) execute /opt/stack/data/venv/lib/python3.12/site-packages/oslo_concurrency/processutils.py:468}}
Aug 18 21:52:55 devstack cinder-volume[94424]: DEBUG cinder.coordination [None req-4de5026d-9d08-40df-9cf3-6e421241e7de tempest-GroupsV314Test-1669058385 None] Lock "cinder-quobyte-43226b67-ccb5-4bb5-97d3-e8a7d000b7e4" released by "_copy_volume_from_snapshot" :: held 8.812s {{(pid=94424) __release /opt/stack/cinder/cinder/coordination.py:152}}
Aug 18 21:52:55 devstack sudo[102977]: quobyte : PWD=/ ; USER=root ; COMMAND=/opt/stack/data/venv/bin/cinder-rootwrap /etc/cinder/rootwrap.conf rm -f /opt/stack/data/cinder/mnt/65287c24123e20bfb870daad18853a99/volume-b655aaa8-1f5c-4451-952b-f09306cf492a
Aug 18 21:52:55 devstack sudo[102977]: pam_unix(sudo:session): session opened for user root(uid=0) by (uid=1000)
Aug 18 21:52:55 devstack cinder-volume[94424]: DEBUG cinder.coordination [None req-4de5026d-9d08-40df-9cf3-6e421241e7de tempest-GroupsV314Test-1669058385 None] Acquiring lock "cinder-quobyte-119e80c2-19d5-4c04-9dd3-6dd53069dca7" by "_delete_snapshot" {{(pid=94424) __acquire /opt/stack/cinder/cinder/coordination.py:138}}
Aug 18 21:52:55 devstack cinder-volume[94424]: DEBUG cinder.coordination [None req-4de5026d-9d08-40df-9cf3-6e421241e7de tempest-GroupsV314Test-1669058385 None] Lock "cinder-quobyte-119e80c2-19d5-4c04-9dd3-6dd53069dca7" acquired by "_delete_snapshot" :: waited 0.051s {{(pid=94424) __acquire /opt/stack/cinder/cinder/coordination.py:141}}
Aug 18 21:52:55 devstack cinder-volume[94424]: DEBUG cinder.volume.drivers.remotefs [None req-4de5026d-9d08-40df-9cf3-6e421241e7de tempest-GroupsV314Test-1669058385 None] Deleting offline snapshot 119e80c2-19d5-4c04-9dd3-6dd53069dca7 of volume 568934a1-150d-4266-81c1-e8fd04ab4473 {{(pid=94424) _delete_snapshot /opt/stack/cinder/cinder/volume/drivers/remotefs.py:1288}}
Aug 18 21:52:55 devstack cinder-volume[94424]: DEBUG cinder.volume.drivers.remotefs [None req-4de5026d-9d08-40df-9cf3-6e421241e7de tempest-GroupsV314Test-1669058385 None] snapshot_file for this snap is: volume-568934a1-150d-4266-81c1-e8fd04ab4473.119e80c2-19d5-4c04-9dd3-6dd53069dca7 {{(pid=94424) _delete_snapshot /opt/stack/cinder/cinder/volume/drivers/remotefs.py:1317}}
Aug 18 21:52:55 devstack cinder-volume[94424]: DEBUG oslo.privsep.daemon [-] privsep: reply[70f3b266-fb45-45fb-b9d6-0b40ed069319]: (4, 'qcow2') {{(pid=95687) _call_back /opt/stack/data/venv/lib/python3.12/site-packages/oslo_privsep/daemon.py:580}}
Aug 18 21:52:55 devstack cinder-volume[94424]: DEBUG oslo_concurrency.processutils [None req-4de5026d-9d08-40df-9cf3-6e421241e7de tempest-GroupsV314Test-1669058385 None] Running cmd (subprocess): /opt/stack/data/venv/bin/python3.12 -m oslo_concurrency.prlimit --as=1073741824 --cpu=60 -- sudo cinder-rootwrap /etc/cinder/rootwrap.conf env LC_ALL=C qemu-img info -f qcow2 --output=json --force-share /opt/stack/data/cinder/mnt/65287c24123e20bfb870daad18853a99/volume-568934a1-150d-4266-81c1-e8fd04ab4473.119e80c2-19d5-4c04-9dd3-6dd53069dca7 {{(pid=94424) execute /opt/stack/data/venv/lib/python3.12/site-packages/oslo_concurrency/processutils.py:440}}
Aug 18 21:52:55 devstack sudo[102977]: pam_unix(sudo:session): session closed for user root
Aug 18 21:52:55 devstack cinder-volume[94424]: DEBUG oslo_concurrency.processutils [None req-406730f7-69ab-4d30-b0d1-121796228a58 tempest-AttachVolumeNegativeTest-347705325 None] CMD "sudo cinder-rootwrap /etc/cinder/rootwrap.conf rm -f /opt/stack/data/cinder/mnt/65287c24123e20bfb870daad18853a99/volume-b655aaa8-1f5c-4451-952b-f09306cf492a" returned: 0 in 0.505s {{(pid=94424) execute /opt/stack/data/venv/lib/python3.12/site-packages/oslo_concurrency/processutils.py:468}}
Aug 18 21:52:55 devstack sudo[102994]: quobyte : PWD=/ ; USER=root ; COMMAND=/opt/stack/data/venv/bin/cinder-rootwrap /etc/cinder/rootwrap.conf env LC_ALL=C qemu-img info -f qcow2 --output=json --force-share /opt/stack/data/cinder/mnt/65287c24123e20bfb870daad18853a99/volume-568934a1-150d-4266-81c1-e8fd04ab4473.119e80c2-19d5-4c04-9dd3-6dd53069dca7
Aug 18 21:52:55 devstack sudo[102994]: pam_unix(sudo:session): session opened for user root(uid=0) by (uid=1000)
Aug 18 21:52:55 devstack cinder-volume[94424]: DEBUG cinder.coordination [None req-406730f7-69ab-4d30-b0d1-121796228a58 tempest-AttachVolumeNegativeTest-347705325 None] Lock "cinder-quobyte-b655aaa8-1f5c-4451-952b-f09306cf492a" released by "delete_volume" :: held 1.363s {{(pid=94424) __release /opt/stack/cinder/cinder/coordination.py:152}}
Aug 18 21:52:55 devstack cinder-volume[94424]: DEBUG cinder.quota [None req-406730f7-69ab-4d30-b0d1-121796228a58 tempest-AttachVolumeNegativeTest-347705325 None] Created reservations ['6a56fe1e-2c44-4683-bb03-a5d80797b766', '141a66c5-d665-493c-909b-81d836b887f7', 'b20bb7e9-20db-46d5-a4d9-e72b348948c1', '133a2c74-fc44-4e96-bd13-67c4505b9981'] {{(pid=94424) reserve /opt/stack/cinder/cinder/quota.py:752}}
Aug 18 21:52:55 devstack cinder-volume[94424]: DEBUG oslo_concurrency.lockutils [None req-406730f7-69ab-4d30-b0d1-121796228a58 tempest-AttachVolumeNegativeTest-347705325 None] Acquiring lock "quobyte_ensure" by "cinder.volume.drivers.quobyte.QuobyteDriver._ensure_shares_mounted" {{(pid=94424) inner /opt/stack/data/venv/lib/python3.12/site-packages/oslo_concurrency/lockutils.py:512}}
Aug 18 21:52:55 devstack cinder-volume[94424]: DEBUG oslo_concurrency.lockutils [None req-406730f7-69ab-4d30-b0d1-121796228a58 tempest-AttachVolumeNegativeTest-347705325 None] Lock "quobyte_ensure" acquired by "cinder.volume.drivers.quobyte.QuobyteDriver._ensure_shares_mounted" :: waited 0.001s {{(pid=94424) inner /opt/stack/data/venv/lib/python3.12/site-packages/oslo_concurrency/lockutils.py:525}}
Aug 18 21:52:55 devstack cinder-volume[94424]: DEBUG cinder.volume.drivers.quobyte [None req-406730f7-69ab-4d30-b0d1-121796228a58 tempest-AttachVolumeNegativeTest-347705325 None] Quobyte Volume URL set to: {'osci02.corp.quobyte.com/cinder-vol-6b3d48d8-1b71-421c-9233-3c9e9f945905': None} {{(pid=94424) _load_shares_config /opt/stack/cinder/cinder/volume/drivers/quobyte.py:665}}
Aug 18 21:52:55 devstack cinder-volume[94424]: DEBUG cinder.volume.drivers.quobyte [None req-406730f7-69ab-4d30-b0d1-121796228a58 tempest-AttachVolumeNegativeTest-347705325 None] Available shares ['osci02.corp.quobyte.com/cinder-vol-6b3d48d8-1b71-421c-9233-3c9e9f945905'] {{(pid=94424) _ensure_shares_mounted /opt/stack/cinder/cinder/volume/drivers/quobyte.py:695}}
Aug 18 21:52:55 devstack cinder-volume[94424]: DEBUG oslo_concurrency.lockutils [None req-406730f7-69ab-4d30-b0d1-121796228a58 tempest-AttachVolumeNegativeTest-347705325 None] Lock "quobyte_ensure" "released" by "cinder.volume.drivers.quobyte.QuobyteDriver._ensure_shares_mounted" :: held 0.013s {{(pid=94424) inner /opt/stack/data/venv/lib/python3.12/site-packages/oslo_concurrency/lockutils.py:544}}
Aug 18 21:52:55 devstack cinder-volume[94424]: DEBUG oslo_concurrency.processutils [None req-406730f7-69ab-4d30-b0d1-121796228a58 tempest-AttachVolumeNegativeTest-347705325 None] Running cmd (subprocess): sudo cinder-rootwrap /etc/cinder/rootwrap.conf df --portability --block-size 1 /opt/stack/data/cinder/mnt/65287c24123e20bfb870daad18853a99 {{(pid=94424) execute /opt/stack/data/venv/lib/python3.12/site-packages/oslo_concurrency/processutils.py:440}}
Aug 18 21:52:55 devstack sudo[103024]: quobyte : PWD=/ ; USER=root ; COMMAND=/opt/stack/data/venv/bin/cinder-rootwrap /etc/cinder/rootwrap.conf df --portability --block-size 1 /opt/stack/data/cinder/mnt/65287c24123e20bfb870daad18853a99
Aug 18 21:52:55 devstack sudo[103024]: pam_unix(sudo:session): session opened for user root(uid=0) by (uid=1000)
Aug 18 21:52:55 devstack sudo[102994]: pam_unix(sudo:session): session closed for user root
Aug 18 21:52:55 devstack cinder-volume[94424]: DEBUG oslo_concurrency.processutils [None req-4de5026d-9d08-40df-9cf3-6e421241e7de tempest-GroupsV314Test-1669058385 None] CMD "/opt/stack/data/venv/bin/python3.12 -m oslo_concurrency.prlimit --as=1073741824 --cpu=60 -- sudo cinder-rootwrap /etc/cinder/rootwrap.conf env LC_ALL=C qemu-img info -f qcow2 --output=json --force-share /opt/stack/data/cinder/mnt/65287c24123e20bfb870daad18853a99/volume-568934a1-150d-4266-81c1-e8fd04ab4473.119e80c2-19d5-4c04-9dd3-6dd53069dca7" returned: 0 in 0.635s {{(pid=94424) execute /opt/stack/data/venv/lib/python3.12/site-packages/oslo_concurrency/processutils.py:468}}
Aug 18 21:52:55 devstack cinder-volume[94424]: DEBUG cinder.volume.drivers.remotefs [None req-4de5026d-9d08-40df-9cf3-6e421241e7de tempest-GroupsV314Test-1669058385 None] Fetching qemu-img info with special backing_file_template: (/opt/stack/data/cinder/mnt/[0-9a-f]+/)?(volume-568934a1-150d-4266-81c1-e8fd04ab4473(.(tmp-snap-)?[0-9a-f-]+)?|volume_from_snapshot_cache/(tmp-snap-)?[0-9a-f-]+(.(child-|parent-)[0-9a-f-]+)?)$ {{(pid=94424) _qemu_img_info_base /opt/stack/cinder/cinder/volume/drivers/remotefs.py:896}}
Aug 18 21:52:55 devstack cinder-volume[94424]: DEBUG oslo.privsep.daemon [-] privsep: reply[04334fad-fb1b-4c4d-b999-16cedca255db]: (4, 'qcow2') {{(pid=95687) _call_back /opt/stack/data/venv/lib/python3.12/site-packages/oslo_privsep/daemon.py:580}}
