Jun 24 18:39:26 devstack cinder-volume[93492]: DEBUG oslo_concurrency.processutils [None req-3306b5db-4400-4e0e-8d07-4d5591ef9918 tempest-GroupSnapshotsTest-995758550 None] CMD "sudo cinder-rootwrap /etc/cinder/rootwrap.conf qemu-img create -f qcow2 -o preallocation=metadata /opt/stack/data/cinder/mnt/b815ea3fed0eb909e0c3282903bb3b28/volume-20cf2ea4-0e22-4288-905e-c32e591d1b35 1073741824" returned: 0 in 1.265s {{(pid=93492) execute /opt/stack/data/venv/lib/python3.12/site-packages/oslo_concurrency/processutils.py:468}}
Jun 24 18:39:26 devstack cinder-volume[93492]: DEBUG oslo_concurrency.processutils [None req-3306b5db-4400-4e0e-8d07-4d5591ef9918 tempest-GroupSnapshotsTest-995758550 None] Running cmd (subprocess): sudo cinder-rootwrap /etc/cinder/rootwrap.conf chmod ugo+rw /opt/stack/data/cinder/mnt/b815ea3fed0eb909e0c3282903bb3b28/volume-20cf2ea4-0e22-4288-905e-c32e591d1b35 {{(pid=93492) execute /opt/stack/data/venv/lib/python3.12/site-packages/oslo_concurrency/processutils.py:440}}
Jun 24 18:39:26 devstack sudo[95306]: quobyte : PWD=/ ; USER=root ; COMMAND=/opt/stack/data/venv/bin/cinder-rootwrap /etc/cinder/rootwrap.conf chmod ugo+rw /opt/stack/data/cinder/mnt/b815ea3fed0eb909e0c3282903bb3b28/volume-20cf2ea4-0e22-4288-905e-c32e591d1b35
Jun 24 18:39:26 devstack sudo[95306]: pam_unix(sudo:session): session opened for user root(uid=0) by (uid=1000)
Jun 24 18:39:27 devstack sudo[95306]: pam_unix(sudo:session): session closed for user root
Jun 24 18:39:27 devstack cinder-volume[93492]: DEBUG oslo_concurrency.processutils [None req-3306b5db-4400-4e0e-8d07-4d5591ef9918 tempest-GroupSnapshotsTest-995758550 None] CMD "sudo cinder-rootwrap /etc/cinder/rootwrap.conf chmod ugo+rw /opt/stack/data/cinder/mnt/b815ea3fed0eb909e0c3282903bb3b28/volume-20cf2ea4-0e22-4288-905e-c32e591d1b35" returned: 0 in 1.014s {{(pid=93492) execute /opt/stack/data/venv/lib/python3.12/site-packages/oslo_concurrency/processutils.py:468}}
Jun 24 18:39:27 devstack cinder-volume[93492]: DEBUG cinder.volume.drivers.quobyte [None req-3306b5db-4400-4e0e-8d07-4d5591ef9918 tempest-GroupSnapshotsTest-995758550 None] <== create_volume: return (2327ms) {'provider_location': 'osci02.corp.quobyte.com/cinder-vol-cd188765-5b01-4062-8244-f9e62fb5ea3b'} {{(pid=93492) trace_logging_wrapper /opt/stack/cinder/cinder/volume/volume_utils.py:1522}}
Jun 24 18:39:27 devstack cinder-volume[93492]: DEBUG oslo_concurrency.lockutils [None req-3306b5db-4400-4e0e-8d07-4d5591ef9918 tempest-GroupSnapshotsTest-995758550 None] Lock "quobyte" "released" by "cinder.volume.drivers.quobyte.QuobyteDriver.create_volume" :: held 2.332s {{(pid=93492) inner /opt/stack/data/venv/lib/python3.12/site-packages/oslo_concurrency/lockutils.py:543}}
Jun 24 18:39:27 devstack cinder-volume[93492]: DEBUG cinder.volume.manager [None req-3306b5db-4400-4e0e-8d07-4d5591ef9918 tempest-GroupSnapshotsTest-995758550 None] Task 'cinder.volume.flows.manager.create_volume.CreateVolumeFromSpecTask;volume:create' (4505a543-6f47-445a-80e6-79b66b3abb2d) transitioned into state 'SUCCESS' from state 'RUNNING' with result '{'status': 'creating', 'volume_name': 'volume-20cf2ea4-0e22-4288-905e-c32e591d1b35', 'volume_size': 1}' {{(pid=93492) _task_receiver /opt/stack/data/venv/lib/python3.12/site-packages/taskflow/listeners/logging.py:218}}
Jun 24 18:39:27 devstack cinder-volume[93492]: DEBUG cinder.volume.manager [None req-3306b5db-4400-4e0e-8d07-4d5591ef9918 tempest-GroupSnapshotsTest-995758550 None] Task 'cinder.volume.flows.manager.create_volume.CreateVolumeOnFinishTask;volume:create, create.end' (de5c155f-116c-4882-8939-e971601a0e48) transitioned into state 'RUNNING' from state 'PENDING' {{(pid=93492) _task_receiver /opt/stack/data/venv/lib/python3.12/site-packages/taskflow/listeners/logging.py:242}}
Jun 24 18:39:27 devstack cinder-volume[93492]: INFO cinder.volume.flows.manager.create_volume [None req-3306b5db-4400-4e0e-8d07-4d5591ef9918 tempest-GroupSnapshotsTest-995758550 None] Volume volume-20cf2ea4-0e22-4288-905e-c32e591d1b35 (20cf2ea4-0e22-4288-905e-c32e591d1b35): created successfully
Jun 24 18:39:27 devstack cinder-volume[93492]: DEBUG cinder.volume.manager [None req-3306b5db-4400-4e0e-8d07-4d5591ef9918 tempest-GroupSnapshotsTest-995758550 None] Task 'cinder.volume.flows.manager.create_volume.CreateVolumeOnFinishTask;volume:create, create.end' (de5c155f-116c-4882-8939-e971601a0e48) transitioned into state 'SUCCESS' from state 'RUNNING' with result 'None' {{(pid=93492) _task_receiver /opt/stack/data/venv/lib/python3.12/site-packages/taskflow/listeners/logging.py:218}}
Jun 24 18:39:27 devstack cinder-volume[93492]: DEBUG cinder.volume.manager [None req-3306b5db-4400-4e0e-8d07-4d5591ef9918 tempest-GroupSnapshotsTest-995758550 None] Flow 'volume_create_manager' (e2e9c22d-6722-412b-a8ea-7800d75dd490) transitioned into state 'SUCCESS' from state 'RUNNING' {{(pid=93492) _flow_receiver /opt/stack/data/venv/lib/python3.12/site-packages/taskflow/listeners/logging.py:160}}
Jun 24 18:39:27 devstack cinder-volume[93492]: INFO cinder.volume.manager [None req-3306b5db-4400-4e0e-8d07-4d5591ef9918 tempest-GroupSnapshotsTest-995758550 None] Created volume successfully.
Jun 24 18:39:28 devstack cinder-volume[93492]: INFO cinder.volume.manager [None req-baabfed2-9c69-4b4b-b198-9678af49d5c7 tempest-GroupSnapshotsTest-995758550 None] Update group completed successfully.
Jun 24 18:39:30 devstack cinder-volume[93492]: INFO cinder.volume.manager [None req-4df8e3e2-fb4f-4768-b63b-12e369916083 tempest-GroupSnapshotsTest-995758550 None] Update group completed successfully.
Jun 24 18:39:31 devstack cinder-volume[93492]: INFO cinder.volume.manager [None req-191f0724-d9b3-4187-8463-a9761eb54b38 tempest-GroupSnapshotsTest-995758550 None] Update group completed successfully.
Jun 24 18:39:32 devstack cinder-volume[93492]: INFO cinder.volume.manager [None req-be6e52a5-6683-4d23-acdb-71000f603be1 tempest-GroupSnapshotsTest-995758550 None] Update group completed successfully.
Jun 24 18:39:34 devstack cinder-volume[93492]: INFO cinder.volume.manager [None req-b732f0f3-ffd5-4715-a778-0354e5604f6a tempest-GroupSnapshotsTest-995758550 None] GroupSnapshot 3e52565e-eda0-481e-9ae4-a8e9428a56b7: creating.
Jun 24 18:39:34 devstack cinder-volume[93492]: DEBUG cinder.volume.manager [None req-b732f0f3-ffd5-4715-a778-0354e5604f6a tempest-GroupSnapshotsTest-995758550 None] Group snapshot 3e52565e-eda0-481e-9ae4-a8e9428a56b7: creating. {{(pid=93492) create_group_snapshot /opt/stack/cinder/cinder/volume/manager.py:4175}}
Jun 24 18:39:34 devstack cinder-volume[93492]: DEBUG oslo_concurrency.lockutils [None req-b732f0f3-ffd5-4715-a778-0354e5604f6a tempest-GroupSnapshotsTest-995758550 None] Acquiring lock "quobyte" by "cinder.volume.drivers.quobyte.QuobyteDriver.create_snapshot" {{(pid=93492) inner /opt/stack/data/venv/lib/python3.12/site-packages/oslo_concurrency/lockutils.py:511}}
Jun 24 18:39:34 devstack cinder-volume[93492]: DEBUG oslo_concurrency.lockutils [None req-b732f0f3-ffd5-4715-a778-0354e5604f6a tempest-GroupSnapshotsTest-995758550 None] Lock "quobyte" acquired by "cinder.volume.drivers.quobyte.QuobyteDriver.create_snapshot" :: waited 0.002s {{(pid=93492) inner /opt/stack/data/venv/lib/python3.12/site-packages/oslo_concurrency/lockutils.py:524}}
Jun 24 18:39:34 devstack cinder-volume[93492]: DEBUG cinder.volume.drivers.remotefs [None req-b732f0f3-ffd5-4715-a778-0354e5604f6a tempest-GroupSnapshotsTest-995758550 None] Creating offline snapshot 196ce9e8-b466-4ea3-a0a2-1430ac22415e of volume 9f11144a-d6c8-4c41-9492-1890faef1a14 {{(pid=93492) _create_snapshot /opt/stack/cinder/cinder/volume/drivers/remotefs.py:1816}}
Jun 24 18:39:34 devstack cinder-volume[93492]: DEBUG oslo.privsep.daemon [-] privsep: reply[4b0a9c80-a646-487e-bf9e-4645d6edfa99]: (4, 'qcow2') {{(pid=94477) _call_back /opt/stack/data/venv/lib/python3.12/site-packages/oslo_privsep/daemon.py:580}}
Jun 24 18:39:34 devstack cinder-volume[93492]: DEBUG oslo_concurrency.processutils [None req-b732f0f3-ffd5-4715-a778-0354e5604f6a tempest-GroupSnapshotsTest-995758550 None] Running cmd (subprocess): /opt/stack/data/venv/bin/python3.12 -m oslo_concurrency.prlimit --as=1073741824 --cpu=60 -- sudo cinder-rootwrap /etc/cinder/rootwrap.conf env LC_ALL=C qemu-img info -f qcow2 --output=json --force-share /opt/stack/data/cinder/mnt/b815ea3fed0eb909e0c3282903bb3b28/volume-9f11144a-d6c8-4c41-9492-1890faef1a14 {{(pid=93492) execute /opt/stack/data/venv/lib/python3.12/site-packages/oslo_concurrency/processutils.py:440}}
Jun 24 18:39:34 devstack sudo[95331]: quobyte : PWD=/ ; USER=root ; COMMAND=/opt/stack/data/venv/bin/cinder-rootwrap /etc/cinder/rootwrap.conf env LC_ALL=C qemu-img info -f qcow2 --output=json --force-share /opt/stack/data/cinder/mnt/b815ea3fed0eb909e0c3282903bb3b28/volume-9f11144a-d6c8-4c41-9492-1890faef1a14
Jun 24 18:39:34 devstack sudo[95331]: pam_unix(sudo:session): session opened for user root(uid=0) by (uid=1000)
Jun 24 18:39:35 devstack sudo[95331]: pam_unix(sudo:session): session closed for user root
Jun 24 18:39:35 devstack cinder-volume[93492]: DEBUG oslo_concurrency.processutils [None req-b732f0f3-ffd5-4715-a778-0354e5604f6a tempest-GroupSnapshotsTest-995758550 None] CMD "/opt/stack/data/venv/bin/python3.12 -m oslo_concurrency.prlimit --as=1073741824 --cpu=60 -- sudo cinder-rootwrap /etc/cinder/rootwrap.conf env LC_ALL=C qemu-img info -f qcow2 --output=json --force-share /opt/stack/data/cinder/mnt/b815ea3fed0eb909e0c3282903bb3b28/volume-9f11144a-d6c8-4c41-9492-1890faef1a14" returned: 0 in 0.983s {{(pid=93492) execute /opt/stack/data/venv/lib/python3.12/site-packages/oslo_concurrency/processutils.py:468}}
Jun 24 18:39:35 devstack cinder-volume[93492]: DEBUG oslo_concurrency.processutils [None req-b732f0f3-ffd5-4715-a778-0354e5604f6a tempest-GroupSnapshotsTest-995758550 None] Running cmd (subprocess): sudo cinder-rootwrap /etc/cinder/rootwrap.conf qemu-img create -f qcow2 -o backing_file=/opt/stack/data/cinder/mnt/b815ea3fed0eb909e0c3282903bb3b28/volume-9f11144a-d6c8-4c41-9492-1890faef1a14,backing_fmt=qcow2 /opt/stack/data/cinder/mnt/b815ea3fed0eb909e0c3282903bb3b28/volume-9f11144a-d6c8-4c41-9492-1890faef1a14.196ce9e8-b466-4ea3-a0a2-1430ac22415e 1G {{(pid=93492) execute /opt/stack/data/venv/lib/python3.12/site-packages/oslo_concurrency/processutils.py:440}}
Jun 24 18:39:35 devstack sudo[95343]: quobyte : PWD=/ ; USER=root ; COMMAND=/opt/stack/data/venv/bin/cinder-rootwrap /etc/cinder/rootwrap.conf qemu-img create -f qcow2 -o backing_file=/opt/stack/data/cinder/mnt/b815ea3fed0eb909e0c3282903bb3b28/volume-9f11144a-d6c8-4c41-9492-1890faef1a14,backing_fmt=qcow2 /opt/stack/data/cinder/mnt/b815ea3fed0eb909e0c3282903bb3b28/volume-9f11144a-d6c8-4c41-9492-1890faef1a14.196ce9e8-b466-4ea3-a0a2-1430ac22415e 1G
Jun 24 18:39:35 devstack sudo[95343]: pam_unix(sudo:session): session opened for user root(uid=0) by (uid=1000)
Jun 24 18:39:36 devstack sudo[95343]: pam_unix(sudo:session): session closed for user root
Jun 24 18:39:36 devstack cinder-volume[93492]: DEBUG oslo_concurrency.processutils [None req-b732f0f3-ffd5-4715-a778-0354e5604f6a tempest-GroupSnapshotsTest-995758550 None] CMD "sudo cinder-rootwrap /etc/cinder/rootwrap.conf qemu-img create -f qcow2 -o backing_file=/opt/stack/data/cinder/mnt/b815ea3fed0eb909e0c3282903bb3b28/volume-9f11144a-d6c8-4c41-9492-1890faef1a14,backing_fmt=qcow2 /opt/stack/data/cinder/mnt/b815ea3fed0eb909e0c3282903bb3b28/volume-9f11144a-d6c8-4c41-9492-1890faef1a14.196ce9e8-b466-4ea3-a0a2-1430ac22415e 1G" returned: 0 in 1.072s {{(pid=93492) execute /opt/stack/data/venv/lib/python3.12/site-packages/oslo_concurrency/processutils.py:468}}
Jun 24 18:39:36 devstack cinder-volume[93492]: DEBUG oslo_concurrency.processutils [None req-b732f0f3-ffd5-4715-a778-0354e5604f6a tempest-GroupSnapshotsTest-995758550 None] Running cmd (subprocess): sudo cinder-rootwrap /etc/cinder/rootwrap.conf qemu-img rebase -u -b volume-9f11144a-d6c8-4c41-9492-1890faef1a14 -F qcow2 /opt/stack/data/cinder/mnt/b815ea3fed0eb909e0c3282903bb3b28/volume-9f11144a-d6c8-4c41-9492-1890faef1a14.196ce9e8-b466-4ea3-a0a2-1430ac22415e {{(pid=93492) execute /opt/stack/data/venv/lib/python3.12/site-packages/oslo_concurrency/processutils.py:440}}
Jun 24 18:39:36 devstack sudo[95351]: quobyte : PWD=/ ; USER=root ; COMMAND=/opt/stack/data/venv/bin/cinder-rootwrap /etc/cinder/rootwrap.conf qemu-img rebase -u -b volume-9f11144a-d6c8-4c41-9492-1890faef1a14 -F qcow2 /opt/stack/data/cinder/mnt/b815ea3fed0eb909e0c3282903bb3b28/volume-9f11144a-d6c8-4c41-9492-1890faef1a14.196ce9e8-b466-4ea3-a0a2-1430ac22415e
Jun 24 18:39:36 devstack sudo[95351]: pam_unix(sudo:session): session opened for user root(uid=0) by (uid=1000)
Jun 24 18:39:37 devstack sudo[95351]: pam_unix(sudo:session): session closed for user root
Jun 24 18:39:37 devstack cinder-volume[93492]: DEBUG oslo_concurrency.processutils [None req-b732f0f3-ffd5-4715-a778-0354e5604f6a tempest-GroupSnapshotsTest-995758550 None] CMD "sudo cinder-rootwrap /etc/cinder/rootwrap.conf qemu-img rebase -u -b volume-9f11144a-d6c8-4c41-9492-1890faef1a14 -F qcow2 /opt/stack/data/cinder/mnt/b815ea3fed0eb909e0c3282903bb3b28/volume-9f11144a-d6c8-4c41-9492-1890faef1a14.196ce9e8-b466-4ea3-a0a2-1430ac22415e" returned: 0 in 0.911s {{(pid=93492) execute /opt/stack/data/venv/lib/python3.12/site-packages/oslo_concurrency/processutils.py:468}}
Jun 24 18:39:37 devstack cinder-volume[93492]: WARNING cinder.volume.drivers.remotefs [None req-b732f0f3-ffd5-4715-a778-0354e5604f6a tempest-GroupSnapshotsTest-995758550 None] /opt/stack/data/cinder/mnt/b815ea3fed0eb909e0c3282903bb3b28/volume-9f11144a-d6c8-4c41-9492-1890faef1a14.196ce9e8-b466-4ea3-a0a2-1430ac22415e is being set with open permissions: ugo+rw: NotImplementedError
Jun 24 18:39:37 devstack cinder-volume[93492]: DEBUG oslo_concurrency.processutils [None req-b732f0f3-ffd5-4715-a778-0354e5604f6a tempest-GroupSnapshotsTest-995758550 None] Running cmd (subprocess): sudo cinder-rootwrap /etc/cinder/rootwrap.conf chmod ugo+rw /opt/stack/data/cinder/mnt/b815ea3fed0eb909e0c3282903bb3b28/volume-9f11144a-d6c8-4c41-9492-1890faef1a14.196ce9e8-b466-4ea3-a0a2-1430ac22415e {{(pid=93492) execute /opt/stack/data/venv/lib/python3.12/site-packages/oslo_concurrency/processutils.py:440}}
Jun 24 18:39:37 devstack sudo[95358]: quobyte : PWD=/ ; USER=root ; COMMAND=/opt/stack/data/venv/bin/cinder-rootwrap /etc/cinder/rootwrap.conf chmod ugo+rw /opt/stack/data/cinder/mnt/b815ea3fed0eb909e0c3282903bb3b28/volume-9f11144a-d6c8-4c41-9492-1890faef1a14.196ce9e8-b466-4ea3-a0a2-1430ac22415e
Jun 24 18:39:37 devstack sudo[95358]: pam_unix(sudo:session): session opened for user root(uid=0) by (uid=1000)
Jun 24 18:39:38 devstack sudo[95358]: pam_unix(sudo:session): session closed for user root
Jun 24 18:39:38 devstack cinder-volume[93492]: DEBUG oslo_concurrency.processutils [None req-b732f0f3-ffd5-4715-a778-0354e5604f6a tempest-GroupSnapshotsTest-995758550 None] CMD "sudo cinder-rootwrap /etc/cinder/rootwrap.conf chmod ugo+rw /opt/stack/data/cinder/mnt/b815ea3fed0eb909e0c3282903bb3b28/volume-9f11144a-d6c8-4c41-9492-1890faef1a14.196ce9e8-b466-4ea3-a0a2-1430ac22415e" returned: 0 in 0.790s {{(pid=93492) execute /opt/stack/data/venv/lib/python3.12/site-packages/oslo_concurrency/processutils.py:468}}
Jun 24 18:39:38 devstack cinder-volume[93492]: DEBUG oslo_concurrency.processutils [None req-b732f0f3-ffd5-4715-a778-0354e5604f6a tempest-GroupSnapshotsTest-995758550 None] Running cmd (subprocess): sudo cinder-rootwrap /etc/cinder/rootwrap.conf truncate -s0 /opt/stack/data/cinder/mnt/b815ea3fed0eb909e0c3282903bb3b28/volume-9f11144a-d6c8-4c41-9492-1890faef1a14.info {{(pid=93492) execute /opt/stack/data/venv/lib/python3.12/site-packages/oslo_concurrency/processutils.py:440}}
Jun 24 18:39:38 devstack sudo[95362]: quobyte : PWD=/ ; USER=root ; COMMAND=/opt/stack/data/venv/bin/cinder-rootwrap /etc/cinder/rootwrap.conf truncate -s0 /opt/stack/data/cinder/mnt/b815ea3fed0eb909e0c3282903bb3b28/volume-9f11144a-d6c8-4c41-9492-1890faef1a14.info
Jun 24 18:39:38 devstack sudo[95362]: pam_unix(sudo:session): session opened for user root(uid=0) by (uid=1000)
Jun 24 18:39:39 devstack sudo[95362]: pam_unix(sudo:session): session closed for user root
Jun 24 18:39:39 devstack cinder-volume[93492]: DEBUG oslo_concurrency.processutils [None req-b732f0f3-ffd5-4715-a778-0354e5604f6a tempest-GroupSnapshotsTest-995758550 None] CMD "sudo cinder-rootwrap /etc/cinder/rootwrap.conf truncate -s0 /opt/stack/data/cinder/mnt/b815ea3fed0eb909e0c3282903bb3b28/volume-9f11144a-d6c8-4c41-9492-1890faef1a14.info" returned: 0 in 0.760s {{(pid=93492) execute /opt/stack/data/venv/lib/python3.12/site-packages/oslo_concurrency/processutils.py:468}}
Jun 24 18:39:39 devstack cinder-volume[93492]: WARNING cinder.volume.drivers.remotefs [None req-b732f0f3-ffd5-4715-a778-0354e5604f6a tempest-GroupSnapshotsTest-995758550 None] /opt/stack/data/cinder/mnt/b815ea3fed0eb909e0c3282903bb3b28/volume-9f11144a-d6c8-4c41-9492-1890faef1a14.info is being set with open permissions: ugo+rw: NotImplementedError
Jun 24 18:39:39 devstack cinder-volume[93492]: DEBUG oslo_concurrency.processutils [None req-b732f0f3-ffd5-4715-a778-0354e5604f6a tempest-GroupSnapshotsTest-995758550 None] Running cmd (subprocess): sudo cinder-rootwrap /etc/cinder/rootwrap.conf chmod ugo+rw /opt/stack/data/cinder/mnt/b815ea3fed0eb909e0c3282903bb3b28/volume-9f11144a-d6c8-4c41-9492-1890faef1a14.info {{(pid=93492) execute /opt/stack/data/venv/lib/python3.12/site-packages/oslo_concurrency/processutils.py:440}}
Jun 24 18:39:39 devstack sudo[95365]: quobyte : PWD=/ ; USER=root ; COMMAND=/opt/stack/data/venv/bin/cinder-rootwrap /etc/cinder/rootwrap.conf chmod ugo+rw /opt/stack/data/cinder/mnt/b815ea3fed0eb909e0c3282903bb3b28/volume-9f11144a-d6c8-4c41-9492-1890faef1a14.info
Jun 24 18:39:39 devstack sudo[95365]: pam_unix(sudo:session): session opened for user root(uid=0) by (uid=1000)
Jun 24 18:39:39 devstack sudo[95365]: pam_unix(sudo:session): session closed for user root
Jun 24 18:39:39 devstack cinder-volume[93492]: DEBUG oslo_concurrency.processutils [None req-b732f0f3-ffd5-4715-a778-0354e5604f6a tempest-GroupSnapshotsTest-995758550 None] CMD "sudo cinder-rootwrap /etc/cinder/rootwrap.conf chmod ugo+rw /opt/stack/data/cinder/mnt/b815ea3fed0eb909e0c3282903bb3b28/volume-9f11144a-d6c8-4c41-9492-1890faef1a14.info" returned: 0 in 0.753s {{(pid=93492) execute /opt/stack/data/venv/lib/python3.12/site-packages/oslo_concurrency/processutils.py:468}}
Jun 24 18:39:39 devstack cinder-volume[93492]: DEBUG oslo_concurrency.lockutils [None req-b732f0f3-ffd5-4715-a778-0354e5604f6a tempest-GroupSnapshotsTest-995758550 None] Lock "quobyte" "released" by "cinder.volume.drivers.quobyte.QuobyteDriver.create_snapshot" :: held 5.378s {{(pid=93492) inner /opt/stack/data/venv/lib/python3.12/site-packages/oslo_concurrency/lockutils.py:543}}
Jun 24 18:39:39 devstack cinder-volume[93492]: DEBUG oslo_concurrency.lockutils [None req-b732f0f3-ffd5-4715-a778-0354e5604f6a tempest-GroupSnapshotsTest-995758550 None] Acquiring lock "quobyte" by "cinder.volume.drivers.quobyte.QuobyteDriver.create_snapshot" {{(pid=93492) inner /opt/stack/data/venv/lib/python3.12/site-packages/oslo_concurrency/lockutils.py:511}}
Jun 24 18:39:39 devstack cinder-volume[93492]: DEBUG oslo_concurrency.lockutils [None req-b732f0f3-ffd5-4715-a778-0354e5604f6a tempest-GroupSnapshotsTest-995758550 None] Lock "quobyte" acquired by "cinder.volume.drivers.quobyte.QuobyteDriver.create_snapshot" :: waited 0.001s {{(pid=93492) inner /opt/stack/data/venv/lib/python3.12/site-packages/oslo_concurrency/lockutils.py:524}}
Jun 24 18:39:39 devstack cinder-volume[93492]: DEBUG cinder.volume.drivers.remotefs [None req-b732f0f3-ffd5-4715-a778-0354e5604f6a tempest-GroupSnapshotsTest-995758550 None] Creating offline snapshot 78dd6ed9-f055-4a38-83b1-c1bd92fb3f39 of volume 20cf2ea4-0e22-4288-905e-c32e591d1b35 {{(pid=93492) _create_snapshot /opt/stack/cinder/cinder/volume/drivers/remotefs.py:1816}}
Jun 24 18:39:39 devstack cinder-volume[93492]: DEBUG oslo.privsep.daemon [-] privsep: reply[9d3af727-43eb-4a5d-b6d9-92a06a79f0fe]: (4, 'qcow2') {{(pid=94477) _call_back /opt/stack/data/venv/lib/python3.12/site-packages/oslo_privsep/daemon.py:580}}
Jun 24 18:39:39 devstack cinder-volume[93492]: DEBUG oslo_concurrency.processutils [None req-b732f0f3-ffd5-4715-a778-0354e5604f6a tempest-GroupSnapshotsTest-995758550 None] Running cmd (subprocess): /opt/stack/data/venv/bin/python3.12 -m oslo_concurrency.prlimit --as=1073741824 --cpu=60 -- sudo cinder-rootwrap /etc/cinder/rootwrap.conf env LC_ALL=C qemu-img info -f qcow2 --output=json --force-share /opt/stack/data/cinder/mnt/b815ea3fed0eb909e0c3282903bb3b28/volume-20cf2ea4-0e22-4288-905e-c32e591d1b35 {{(pid=93492) execute /opt/stack/data/venv/lib/python3.12/site-packages/oslo_concurrency/processutils.py:440}}
Jun 24 18:39:40 devstack sudo[95370]: quobyte : PWD=/ ; USER=root ; COMMAND=/opt/stack/data/venv/bin/cinder-rootwrap /etc/cinder/rootwrap.conf env LC_ALL=C qemu-img info -f qcow2 --output=json --force-share /opt/stack/data/cinder/mnt/b815ea3fed0eb909e0c3282903bb3b28/volume-20cf2ea4-0e22-4288-905e-c32e591d1b35
Jun 24 18:39:40 devstack sudo[95370]: pam_unix(sudo:session): session opened for user root(uid=0) by (uid=1000)
Jun 24 18:39:41 devstack sudo[95370]: pam_unix(sudo:session): session closed for user root
Jun 24 18:39:41 devstack cinder-volume[93492]: DEBUG oslo_concurrency.processutils [None req-b732f0f3-ffd5-4715-a778-0354e5604f6a tempest-GroupSnapshotsTest-995758550 None] CMD "/opt/stack/data/venv/bin/python3.12 -m oslo_concurrency.prlimit --as=1073741824 --cpu=60 -- sudo cinder-rootwrap /etc/cinder/rootwrap.conf env LC_ALL=C qemu-img info -f qcow2 --output=json --force-share /opt/stack/data/cinder/mnt/b815ea3fed0eb909e0c3282903bb3b28/volume-20cf2ea4-0e22-4288-905e-c32e591d1b35" returned: 0 in 1.032s {{(pid=93492) execute /opt/stack/data/venv/lib/python3.12/site-packages/oslo_concurrency/processutils.py:468}}
Jun 24 18:39:41 devstack cinder-volume[93492]: DEBUG oslo_concurrency.processutils [None req-b732f0f3-ffd5-4715-a778-0354e5604f6a tempest-GroupSnapshotsTest-995758550 None] Running cmd (subprocess): sudo cinder-rootwrap /etc/cinder/rootwrap.conf qemu-img create -f qcow2 -o backing_file=/opt/stack/data/cinder/mnt/b815ea3fed0eb909e0c3282903bb3b28/volume-20cf2ea4-0e22-4288-905e-c32e591d1b35,backing_fmt=qcow2 /opt/stack/data/cinder/mnt/b815ea3fed0eb909e0c3282903bb3b28/volume-20cf2ea4-0e22-4288-905e-c32e591d1b35.78dd6ed9-f055-4a38-83b1-c1bd92fb3f39 1G {{(pid=93492) execute /opt/stack/data/venv/lib/python3.12/site-packages/oslo_concurrency/processutils.py:440}}
Jun 24 18:39:41 devstack sudo[95380]: quobyte : PWD=/ ; USER=root ; COMMAND=/opt/stack/data/venv/bin/cinder-rootwrap /etc/cinder/rootwrap.conf qemu-img create -f qcow2 -o backing_file=/opt/stack/data/cinder/mnt/b815ea3fed0eb909e0c3282903bb3b28/volume-20cf2ea4-0e22-4288-905e-c32e591d1b35,backing_fmt=qcow2 /opt/stack/data/cinder/mnt/b815ea3fed0eb909e0c3282903bb3b28/volume-20cf2ea4-0e22-4288-905e-c32e591d1b35.78dd6ed9-f055-4a38-83b1-c1bd92fb3f39 1G
Jun 24 18:39:41 devstack sudo[95380]: pam_unix(sudo:session): session opened for user root(uid=0) by (uid=1000)
Jun 24 18:39:42 devstack cinder-volume[93492]: DEBUG oslo_concurrency.processutils [None req-b732f0f3-ffd5-4715-a778-0354e5604f6a tempest-GroupSnapshotsTest-995758550 None] CMD "sudo cinder-rootwrap /etc/cinder/rootwrap.conf qemu-img create -f qcow2 -o backing_file=/opt/stack/data/cinder/mnt/b815ea3fed0eb909e0c3282903bb3b28/volume-20cf2ea4-0e22-4288-905e-c32e591d1b35,backing_fmt=qcow2 /opt/stack/data/cinder/mnt/b815ea3fed0eb909e0c3282903bb3b28/volume-20cf2ea4-0e22-4288-905e-c32e591d1b35.78dd6ed9-f055-4a38-83b1-c1bd92fb3f39 1G" returned: 0 in 1.740s {{(pid=93492) execute /opt/stack/data/venv/lib/python3.12/site-packages/oslo_concurrency/processutils.py:468}}
Jun 24 18:39:42 devstack cinder-volume[93492]: DEBUG oslo_concurrency.processutils [None req-b732f0f3-ffd5-4715-a778-0354e5604f6a tempest-GroupSnapshotsTest-995758550 None] Running cmd (subprocess): sudo cinder-rootwrap /etc/cinder/rootwrap.conf qemu-img rebase -u -b volume-20cf2ea4-0e22-4288-905e-c32e591d1b35 -F qcow2 /opt/stack/data/cinder/mnt/b815ea3fed0eb909e0c3282903bb3b28/volume-20cf2ea4-0e22-4288-905e-c32e591d1b35.78dd6ed9-f055-4a38-83b1-c1bd92fb3f39 {{(pid=93492) execute /opt/stack/data/venv/lib/python3.12/site-packages/oslo_concurrency/processutils.py:440}}
Jun 24 18:39:42 devstack sudo[95380]: pam_unix(sudo:session): session closed for user root
Jun 24 18:39:42 devstack sudo[95457]: quobyte : PWD=/ ; USER=root ; COMMAND=/opt/stack/data/venv/bin/cinder-rootwrap /etc/cinder/rootwrap.conf qemu-img rebase -u -b volume-20cf2ea4-0e22-4288-905e-c32e591d1b35 -F qcow2 /opt/stack/data/cinder/mnt/b815ea3fed0eb909e0c3282903bb3b28/volume-20cf2ea4-0e22-4288-905e-c32e591d1b35.78dd6ed9-f055-4a38-83b1-c1bd92fb3f39
Jun 24 18:39:42 devstack sudo[95457]: pam_unix(sudo:session): session opened for user root(uid=0) by (uid=1000)
Jun 24 18:39:43 devstack sudo[95457]: pam_unix(sudo:session): session closed for user root
Jun 24 18:39:43 devstack cinder-volume[93492]: DEBUG oslo_concurrency.processutils [None req-b732f0f3-ffd5-4715-a778-0354e5604f6a tempest-GroupSnapshotsTest-995758550 None] CMD "sudo cinder-rootwrap /etc/cinder/rootwrap.conf qemu-img rebase -u -b volume-20cf2ea4-0e22-4288-905e-c32e591d1b35 -F qcow2 /opt/stack/data/cinder/mnt/b815ea3fed0eb909e0c3282903bb3b28/volume-20cf2ea4-0e22-4288-905e-c32e591d1b35.78dd6ed9-f055-4a38-83b1-c1bd92fb3f39" returned: 0 in 0.864s {{(pid=93492) execute /opt/stack/data/venv/lib/python3.12/site-packages/oslo_concurrency/processutils.py:468}}
Jun 24 18:39:43 devstack cinder-volume[93492]: WARNING cinder.volume.drivers.remotefs [None req-b732f0f3-ffd5-4715-a778-0354e5604f6a tempest-GroupSnapshotsTest-995758550 None] /opt/stack/data/cinder/mnt/b815ea3fed0eb909e0c3282903bb3b28/volume-20cf2ea4-0e22-4288-905e-c32e591d1b35.78dd6ed9-f055-4a38-83b1-c1bd92fb3f39 is being set with open permissions: ugo+rw: NotImplementedError
Jun 24 18:39:43 devstack cinder-volume[93492]: DEBUG oslo_concurrency.processutils [None req-b732f0f3-ffd5-4715-a778-0354e5604f6a tempest-GroupSnapshotsTest-995758550 None] Running cmd (subprocess): sudo cinder-rootwrap /etc/cinder/rootwrap.conf chmod ugo+rw /opt/stack/data/cinder/mnt/b815ea3fed0eb909e0c3282903bb3b28/volume-20cf2ea4-0e22-4288-905e-c32e591d1b35.78dd6ed9-f055-4a38-83b1-c1bd92fb3f39 {{(pid=93492) execute /opt/stack/data/venv/lib/python3.12/site-packages/oslo_concurrency/processutils.py:440}}
Jun 24 18:39:43 devstack sudo[95469]: quobyte : PWD=/ ; USER=root ; COMMAND=/opt/stack/data/venv/bin/cinder-rootwrap /etc/cinder/rootwrap.conf chmod ugo+rw /opt/stack/data/cinder/mnt/b815ea3fed0eb909e0c3282903bb3b28/volume-20cf2ea4-0e22-4288-905e-c32e591d1b35.78dd6ed9-f055-4a38-83b1-c1bd92fb3f39
Jun 24 18:39:43 devstack sudo[95469]: pam_unix(sudo:session): session opened for user root(uid=0) by (uid=1000)
Jun 24 18:39:44 devstack sudo[95469]: pam_unix(sudo:session): session closed for user root
Jun 24 18:39:44 devstack cinder-volume[93492]: DEBUG oslo_concurrency.processutils [None req-b732f0f3-ffd5-4715-a778-0354e5604f6a tempest-GroupSnapshotsTest-995758550 None] CMD "sudo cinder-rootwrap /etc/cinder/rootwrap.conf chmod ugo+rw /opt/stack/data/cinder/mnt/b815ea3fed0eb909e0c3282903bb3b28/volume-20cf2ea4-0e22-4288-905e-c32e591d1b35.78dd6ed9-f055-4a38-83b1-c1bd92fb3f39" returned: 0 in 0.758s {{(pid=93492) execute /opt/stack/data/venv/lib/python3.12/site-packages/oslo_concurrency/processutils.py:468}}
Jun 24 18:39:44 devstack cinder-volume[93492]: DEBUG oslo_concurrency.processutils [None req-b732f0f3-ffd5-4715-a778-0354e5604f6a tempest-GroupSnapshotsTest-995758550 None] Running cmd (subprocess): sudo cinder-rootwrap /etc/cinder/rootwrap.conf truncate -s0 /opt/stack/data/cinder/mnt/b815ea3fed0eb909e0c3282903bb3b28/volume-20cf2ea4-0e22-4288-905e-c32e591d1b35.info {{(pid=93492) execute /opt/stack/data/venv/lib/python3.12/site-packages/oslo_concurrency/processutils.py:440}}
Jun 24 18:39:44 devstack sudo[95511]: quobyte : PWD=/ ; USER=root ; COMMAND=/opt/stack/data/venv/bin/cinder-rootwrap /etc/cinder/rootwrap.conf truncate -s0 /opt/stack/data/cinder/mnt/b815ea3fed0eb909e0c3282903bb3b28/volume-20cf2ea4-0e22-4288-905e-c32e591d1b35.info
Jun 24 18:39:44 devstack sudo[95511]: pam_unix(sudo:session): session opened for user root(uid=0) by (uid=1000)
Jun 24 18:39:45 devstack sudo[95511]: pam_unix(sudo:session): session closed for user root
Jun 24 18:39:45 devstack cinder-volume[93492]: DEBUG oslo_concurrency.processutils [None req-b732f0f3-ffd5-4715-a778-0354e5604f6a tempest-GroupSnapshotsTest-995758550 None] CMD "sudo cinder-rootwrap /etc/cinder/rootwrap.conf truncate -s0 /opt/stack/data/cinder/mnt/b815ea3fed0eb909e0c3282903bb3b28/volume-20cf2ea4-0e22-4288-905e-c32e591d1b35.info" returned: 0 in 0.656s {{(pid=93492) execute /opt/stack/data/venv/lib/python3.12/site-packages/oslo_concurrency/processutils.py:468}}
Jun 24 18:39:45 devstack cinder-volume[93492]: WARNING cinder.volume.drivers.remotefs [None req-b732f0f3-ffd5-4715-a778-0354e5604f6a tempest-GroupSnapshotsTest-995758550 None] /opt/stack/data/cinder/mnt/b815ea3fed0eb909e0c3282903bb3b28/volume-20cf2ea4-0e22-4288-905e-c32e591d1b35.info is being set with open permissions: ugo+rw: NotImplementedError
Jun 24 18:39:45 devstack cinder-volume[93492]: DEBUG oslo_concurrency.processutils [None req-b732f0f3-ffd5-4715-a778-0354e5604f6a tempest-GroupSnapshotsTest-995758550 None] Running cmd (subprocess): sudo cinder-rootwrap /etc/cinder/rootwrap.conf chmod ugo+rw /opt/stack/data/cinder/mnt/b815ea3fed0eb909e0c3282903bb3b28/volume-20cf2ea4-0e22-4288-905e-c32e591d1b35.info {{(pid=93492) execute /opt/stack/data/venv/lib/python3.12/site-packages/oslo_concurrency/processutils.py:440}}
Jun 24 18:39:45 devstack sudo[95514]: quobyte : PWD=/ ; USER=root ; COMMAND=/opt/stack/data/venv/bin/cinder-rootwrap /etc/cinder/rootwrap.conf chmod ugo+rw /opt/stack/data/cinder/mnt/b815ea3fed0eb909e0c3282903bb3b28/volume-20cf2ea4-0e22-4288-905e-c32e591d1b35.info
Jun 24 18:39:45 devstack sudo[95514]: pam_unix(sudo:session): session opened for user root(uid=0) by (uid=1000)
Jun 24 18:39:45 devstack sudo[95514]: pam_unix(sudo:session): session closed for user root
Jun 24 18:39:45 devstack cinder-volume[93492]: DEBUG oslo_concurrency.processutils [None req-b732f0f3-ffd5-4715-a778-0354e5604f6a tempest-GroupSnapshotsTest-995758550 None] CMD "sudo cinder-rootwrap /etc/cinder/rootwrap.conf chmod ugo+rw /opt/stack/data/cinder/mnt/b815ea3fed0eb909e0c3282903bb3b28/volume-20cf2ea4-0e22-4288-905e-c32e591d1b35.info" returned: 0 in 0.699s {{(pid=93492) execute /opt/stack/data/venv/lib/python3.12/site-packages/oslo_concurrency/processutils.py:468}}
Jun 24 18:39:45 devstack cinder-volume[93492]: DEBUG oslo_concurrency.lockutils [None req-b732f0f3-ffd5-4715-a778-0354e5604f6a tempest-GroupSnapshotsTest-995758550 None] Lock "quobyte" "released" by "cinder.volume.drivers.quobyte.QuobyteDriver.create_snapshot" :: held 5.858s {{(pid=93492) inner /opt/stack/data/venv/lib/python3.12/site-packages/oslo_concurrency/lockutils.py:543}}
Jun 24 18:39:45 devstack cinder-volume[93492]: INFO cinder.volume.manager [None req-b732f0f3-ffd5-4715-a778-0354e5604f6a tempest-GroupSnapshotsTest-995758550 None] group_snapshot 3e52565e-eda0-481e-9ae4-a8e9428a56b7: created successfully
Jun 24 18:39:46 devstack cinder-volume[93492]: INFO cinder.volume.manager [None req-37fd4466-b878-4ab6-b133-762421b30ca3 tempest-GroupSnapshotsTest-995758550 None] group_snapshot 3e52565e-eda0-481e-9ae4-a8e9428a56b7: deleting
Jun 24 18:39:46 devstack cinder-volume[93492]: DEBUG cinder.volume.manager [None req-37fd4466-b878-4ab6-b133-762421b30ca3 tempest-GroupSnapshotsTest-995758550 None] group_snapshot 3e52565e-eda0-481e-9ae4-a8e9428a56b7: deleting {{(pid=93492) delete_group_snapshot /opt/stack/cinder/cinder/volume/manager.py:4350}}
Jun 24 18:39:46 devstack cinder-volume[93492]: DEBUG cinder.coordination [None req-37fd4466-b878-4ab6-b133-762421b30ca3 tempest-GroupSnapshotsTest-995758550 None] Acquiring lock "cinder-quobyte-9f11144a-d6c8-4c41-9492-1890faef1a14" by "delete_snapshot" {{(pid=93492) __acquire /opt/stack/cinder/cinder/coordination.py:138}}
Jun 24 18:39:46 devstack cinder-volume[93492]: DEBUG cinder.coordination [None req-37fd4466-b878-4ab6-b133-762421b30ca3 tempest-GroupSnapshotsTest-995758550 None] Lock "cinder-quobyte-9f11144a-d6c8-4c41-9492-1890faef1a14" acquired by "delete_snapshot" :: waited 0.025s {{(pid=93492) __acquire /opt/stack/cinder/cinder/coordination.py:141}}
Jun 24 18:39:46 devstack cinder-volume[93492]: DEBUG cinder.coordination [None req-37fd4466-b878-4ab6-b133-762421b30ca3 tempest-GroupSnapshotsTest-995758550 None] Acquiring lock "cinder-quobyte-196ce9e8-b466-4ea3-a0a2-1430ac22415e" by "_delete_snapshot" {{(pid=93492) __acquire /opt/stack/cinder/cinder/coordination.py:138}}
Jun 24 18:39:46 devstack cinder-volume[93492]: DEBUG cinder.coordination [None req-37fd4466-b878-4ab6-b133-762421b30ca3 tempest-GroupSnapshotsTest-995758550 None] Lock "cinder-quobyte-196ce9e8-b466-4ea3-a0a2-1430ac22415e" acquired by "_delete_snapshot" :: waited 0.022s {{(pid=93492) __acquire /opt/stack/cinder/cinder/coordination.py:141}}
Jun 24 18:39:46 devstack cinder-volume[93492]: DEBUG cinder.volume.drivers.remotefs [None req-37fd4466-b878-4ab6-b133-762421b30ca3 tempest-GroupSnapshotsTest-995758550 None] Deleting offline snapshot 196ce9e8-b466-4ea3-a0a2-1430ac22415e of volume 9f11144a-d6c8-4c41-9492-1890faef1a14 {{(pid=93492) _delete_snapshot /opt/stack/cinder/cinder/volume/drivers/remotefs.py:1288}}
Jun 24 18:39:46 devstack cinder-volume[93492]: DEBUG cinder.volume.drivers.remotefs [None req-37fd4466-b878-4ab6-b133-762421b30ca3 tempest-GroupSnapshotsTest-995758550 None] snapshot_file for this snap is: volume-9f11144a-d6c8-4c41-9492-1890faef1a14.196ce9e8-b466-4ea3-a0a2-1430ac22415e {{(pid=93492) _delete_snapshot /opt/stack/cinder/cinder/volume/drivers/remotefs.py:1317}}
Jun 24 18:39:46 devstack cinder-volume[93492]: DEBUG oslo.privsep.daemon [-] privsep: reply[581fec73-a221-48de-ba60-802954db836b]: (4, 'qcow2') {{(pid=94477) _call_back /opt/stack/data/venv/lib/python3.12/site-packages/oslo_privsep/daemon.py:580}}
Jun 24 18:39:46 devstack cinder-volume[93492]: DEBUG oslo_concurrency.processutils [None req-37fd4466-b878-4ab6-b133-762421b30ca3 tempest-GroupSnapshotsTest-995758550 None] Running cmd (subprocess): /opt/stack/data/venv/bin/python3.12 -m oslo_concurrency.prlimit --as=1073741824 --cpu=60 -- sudo cinder-rootwrap /etc/cinder/rootwrap.conf env LC_ALL=C qemu-img info -f qcow2 --output=json --force-share /opt/stack/data/cinder/mnt/b815ea3fed0eb909e0c3282903bb3b28/volume-9f11144a-d6c8-4c41-9492-1890faef1a14.196ce9e8-b466-4ea3-a0a2-1430ac22415e {{(pid=93492) execute /opt/stack/data/venv/lib/python3.12/site-packages/oslo_concurrency/processutils.py:440}}
Jun 24 18:39:46 devstack sudo[95526]: quobyte : PWD=/ ; USER=root ; COMMAND=/opt/stack/data/venv/bin/cinder-rootwrap /etc/cinder/rootwrap.conf env LC_ALL=C qemu-img info -f qcow2 --output=json --force-share /opt/stack/data/cinder/mnt/b815ea3fed0eb909e0c3282903bb3b28/volume-9f11144a-d6c8-4c41-9492-1890faef1a14.196ce9e8-b466-4ea3-a0a2-1430ac22415e
Jun 24 18:39:46 devstack sudo[95526]: pam_unix(sudo:session): session opened for user root(uid=0) by (uid=1000)
Jun 24 18:39:47 devstack sudo[95526]: pam_unix(sudo:session): session closed for user root
Jun 24 18:39:47 devstack cinder-volume[93492]: DEBUG oslo_concurrency.processutils [None req-37fd4466-b878-4ab6-b133-762421b30ca3 tempest-GroupSnapshotsTest-995758550 None] CMD "/opt/stack/data/venv/bin/python3.12 -m oslo_concurrency.prlimit --as=1073741824 --cpu=60 -- sudo cinder-rootwrap /etc/cinder/rootwrap.conf env LC_ALL=C qemu-img info -f qcow2 --output=json --force-share /opt/stack/data/cinder/mnt/b815ea3fed0eb909e0c3282903bb3b28/volume-9f11144a-d6c8-4c41-9492-1890faef1a14.196ce9e8-b466-4ea3-a0a2-1430ac22415e" returned: 0 in 1.014s {{(pid=93492) execute /opt/stack/data/venv/lib/python3.12/site-packages/oslo_concurrency/processutils.py:468}}
Jun 24 18:39:47 devstack cinder-volume[93492]: DEBUG cinder.volume.drivers.remotefs [None req-37fd4466-b878-4ab6-b133-762421b30ca3 tempest-GroupSnapshotsTest-995758550 None] Fetching qemu-img info with special backing_file_template: (/opt/stack/data/cinder/mnt/[0-9a-f]+/)?(volume-9f11144a-d6c8-4c41-9492-1890faef1a14(.(tmp-snap-)?[0-9a-f-]+)?|volume_from_snapshot_cache/(tmp-snap-)?[0-9a-f-]+(.(child-|parent-)[0-9a-f-]+)?)$ {{(pid=93492) _qemu_img_info_base /opt/stack/cinder/cinder/volume/drivers/remotefs.py:896}}
Jun 24 18:39:47 devstack cinder-volume[93492]: DEBUG oslo.privsep.daemon [-] privsep: reply[d710c5ae-6404-4ede-8a2c-6f618fa9b2b6]: (4, 'qcow2') {{(pid=94477) _call_back /opt/stack/data/venv/lib/python3.12/site-packages/oslo_privsep/daemon.py:580}}
Jun 24 18:39:47 devstack cinder-volume[93492]: DEBUG oslo_concurrency.processutils [None req-37fd4466-b878-4ab6-b133-762421b30ca3 tempest-GroupSnapshotsTest-995758550 None] Running cmd (subprocess): /opt/stack/data/venv/bin/python3.12 -m oslo_concurrency.prlimit --as=1073741824 --cpu=60 -- sudo cinder-rootwrap /etc/cinder/rootwrap.conf env LC_ALL=C qemu-img info -f qcow2 --output=json --force-share /opt/stack/data/cinder/mnt/b815ea3fed0eb909e0c3282903bb3b28/volume-9f11144a-d6c8-4c41-9492-1890faef1a14 {{(pid=93492) execute /opt/stack/data/venv/lib/python3.12/site-packages/oslo_concurrency/processutils.py:440}}
Jun 24 18:39:47 devstack sudo[95535]: quobyte : PWD=/ ; USER=root ; COMMAND=/opt/stack/data/venv/bin/cinder-rootwrap /etc/cinder/rootwrap.conf env LC_ALL=C qemu-img info -f qcow2 --output=json --force-share /opt/stack/data/cinder/mnt/b815ea3fed0eb909e0c3282903bb3b28/volume-9f11144a-d6c8-4c41-9492-1890faef1a14
Jun 24 18:39:47 devstack sudo[95535]: pam_unix(sudo:session): session opened for user root(uid=0) by (uid=1000)
Jun 24 18:39:47 devstack cinder-volume[93492]: DEBUG oslo_service.periodic_task [None req-86a0f2e2-6b41-434b-815f-f2a6d18fe49a None None] Running periodic task VolumeManager.publish_service_capabilities {{(pid=93492) run_periodic_tasks /opt/stack/data/venv/lib/python3.12/site-packages/oslo_service/periodic_task.py:225}}
Jun 24 18:39:47 devstack cinder-volume[93492]: DEBUG oslo_concurrency.lockutils [None req-86a0f2e2-6b41-434b-815f-f2a6d18fe49a None None] Acquiring lock "quobyte_ensure" by "cinder.volume.drivers.quobyte.QuobyteDriver._ensure_shares_mounted" {{(pid=93492) inner /opt/stack/data/venv/lib/python3.12/site-packages/oslo_concurrency/lockutils.py:511}}
Jun 24 18:39:47 devstack cinder-volume[93492]: DEBUG oslo_concurrency.lockutils [None req-86a0f2e2-6b41-434b-815f-f2a6d18fe49a None None] Lock "quobyte_ensure" acquired by "cinder.volume.drivers.quobyte.QuobyteDriver._ensure_shares_mounted" :: waited 0.000s {{(pid=93492) inner /opt/stack/data/venv/lib/python3.12/site-packages/oslo_concurrency/lockutils.py:524}}
Jun 24 18:39:47 devstack cinder-volume[93492]: DEBUG cinder.volume.drivers.quobyte [None req-86a0f2e2-6b41-434b-815f-f2a6d18fe49a None None] Quobyte Volume URL set to: {'osci02.corp.quobyte.com/cinder-vol-cd188765-5b01-4062-8244-f9e62fb5ea3b': None} {{(pid=93492) _load_shares_config /opt/stack/cinder/cinder/volume/drivers/quobyte.py:617}}
Jun 24 18:39:47 devstack cinder-volume[93492]: DEBUG cinder.volume.drivers.quobyte [None req-86a0f2e2-6b41-434b-815f-f2a6d18fe49a None None] Available shares ['osci02.corp.quobyte.com/cinder-vol-cd188765-5b01-4062-8244-f9e62fb5ea3b'] {{(pid=93492) _ensure_shares_mounted /opt/stack/cinder/cinder/volume/drivers/quobyte.py:647}}
Jun 24 18:39:47 devstack cinder-volume[93492]: DEBUG oslo_concurrency.lockutils [None req-86a0f2e2-6b41-434b-815f-f2a6d18fe49a None None] Lock "quobyte_ensure" "released" by "cinder.volume.drivers.quobyte.QuobyteDriver._ensure_shares_mounted" :: held 0.028s {{(pid=93492) inner /opt/stack/data/venv/lib/python3.12/site-packages/oslo_concurrency/lockutils.py:543}}
Jun 24 18:39:47 devstack cinder-volume[93492]: DEBUG oslo_concurrency.processutils [None req-86a0f2e2-6b41-434b-815f-f2a6d18fe49a None None] Running cmd (subprocess): sudo cinder-rootwrap /etc/cinder/rootwrap.conf df --portability --block-size 1 /opt/stack/data/cinder/mnt/b815ea3fed0eb909e0c3282903bb3b28 {{(pid=93492) execute /opt/stack/data/venv/lib/python3.12/site-packages/oslo_concurrency/processutils.py:440}}
Jun 24 18:39:48 devstack sudo[95540]: quobyte : PWD=/ ; USER=root ; COMMAND=/opt/stack/data/venv/bin/cinder-rootwrap /etc/cinder/rootwrap.conf df --portability --block-size 1 /opt/stack/data/cinder/mnt/b815ea3fed0eb909e0c3282903bb3b28
Jun 24 18:39:48 devstack sudo[95540]: pam_unix(sudo:session): session opened for user root(uid=0) by (uid=1000)
Jun 24 18:39:49 devstack sudo[95535]: pam_unix(sudo:session): session closed for user root
Jun 24 18:39:49 devstack cinder-volume[93492]: DEBUG oslo_concurrency.processutils [None req-37fd4466-b878-4ab6-b133-762421b30ca3 tempest-GroupSnapshotsTest-995758550 None] CMD "/opt/stack/data/venv/bin/python3.12 -m oslo_concurrency.prlimit --as=1073741824 --cpu=60 -- sudo cinder-rootwrap /etc/cinder/rootwrap.conf env LC_ALL=C qemu-img info -f qcow2 --output=json --force-share /opt/stack/data/cinder/mnt/b815ea3fed0eb909e0c3282903bb3b28/volume-9f11144a-d6c8-4c41-9492-1890faef1a14" returned: 0 in 1.556s {{(pid=93492) execute /opt/stack/data/venv/lib/python3.12/site-packages/oslo_concurrency/processutils.py:468}}
Jun 24 18:39:49 devstack cinder-volume[93492]: DEBUG oslo_concurrency.processutils [None req-37fd4466-b878-4ab6-b133-762421b30ca3 tempest-GroupSnapshotsTest-995758550 None] Running cmd (subprocess): sudo cinder-rootwrap /etc/cinder/rootwrap.conf qemu-img commit -d /opt/stack/data/cinder/mnt/b815ea3fed0eb909e0c3282903bb3b28/volume-9f11144a-d6c8-4c41-9492-1890faef1a14.196ce9e8-b466-4ea3-a0a2-1430ac22415e {{(pid=93492) execute /opt/stack/data/venv/lib/python3.12/site-packages/oslo_concurrency/processutils.py:440}}
Jun 24 18:39:49 devstack sudo[95569]: quobyte : PWD=/ ; USER=root ; COMMAND=/opt/stack/data/venv/bin/cinder-rootwrap /etc/cinder/rootwrap.conf qemu-img commit -d /opt/stack/data/cinder/mnt/b815ea3fed0eb909e0c3282903bb3b28/volume-9f11144a-d6c8-4c41-9492-1890faef1a14.196ce9e8-b466-4ea3-a0a2-1430ac22415e
Jun 24 18:39:49 devstack sudo[95569]: pam_unix(sudo:session): session opened for user root(uid=0) by (uid=1000)
Jun 24 18:39:49 devstack sudo[95540]: pam_unix(sudo:session): session closed for user root
Jun 24 18:39:49 devstack cinder-volume[93492]: DEBUG oslo_concurrency.processutils [None req-86a0f2e2-6b41-434b-815f-f2a6d18fe49a None None] CMD "sudo cinder-rootwrap /etc/cinder/rootwrap.conf df --portability --block-size 1 /opt/stack/data/cinder/mnt/b815ea3fed0eb909e0c3282903bb3b28" returned: 0 in 1.366s {{(pid=93492) execute /opt/stack/data/venv/lib/python3.12/site-packages/oslo_concurrency/processutils.py:468}}
Jun 24 18:39:49 devstack cinder-volume[93492]: DEBUG cinder.manager [None req-86a0f2e2-6b41-434b-815f-f2a6d18fe49a None None] Notifying Schedulers of capabilities ... {{(pid=93492) _publish_service_capabilities /opt/stack/cinder/cinder/manager.py:219}}
Jun 24 18:39:49 devstack cinder-volume[93492]: DEBUG oslo_service.periodic_task [None req-86a0f2e2-6b41-434b-815f-f2a6d18fe49a None None] Running periodic task VolumeManager._thread_info {{(pid=93492) run_periodic_tasks /opt/stack/data/venv/lib/python3.12/site-packages/oslo_service/periodic_task.py:225}}
Jun 24 18:39:49 devstack cinder-volume[93492]: DEBUG cinder.volume.manager [None req-86a0f2e2-6b41-434b-815f-f2a6d18fe49a None None] thread count: 8 {{(pid=93492) _thread_info /opt/stack/cinder/cinder/volume/manager.py:5472}}
Jun 24 18:39:49 devstack cinder-volume[93492]: DEBUG cinder.volume.manager [None req-86a0f2e2-6b41-434b-815f-f2a6d18fe49a None None] thread info: [<_MainThread(MainThread, started 132418965860480)>, , , , , , , ] {{(pid=93492) _thread_info /opt/stack/cinder/cinder/volume/manager.py:5473}}
Jun 24 18:39:49 devstack cinder-volume[93492]: DEBUG oslo_concurrency.lockutils [req-90fdb703-5e9e-46f6-8566-4b9113604341 req-2ab86bd6-c9b2-4b6b-b4c2-17cca0a39915 tempest-TaggedAttachmentsTest-802430721 None] Acquiring lock "quobyte" by "cinder.volume.drivers.quobyte.QuobyteDriver.initialize_connection" {{(pid=93492) inner /opt/stack/data/venv/lib/python3.12/site-packages/oslo_concurrency/lockutils.py:511}}
Jun 24 18:39:49 devstack cinder-volume[93492]: DEBUG oslo_concurrency.lockutils [req-90fdb703-5e9e-46f6-8566-4b9113604341 req-2ab86bd6-c9b2-4b6b-b4c2-17cca0a39915 tempest-TaggedAttachmentsTest-802430721 None] Lock "quobyte" acquired by "cinder.volume.drivers.quobyte.QuobyteDriver.initialize_connection" :: waited 0.004s {{(pid=93492) inner /opt/stack/data/venv/lib/python3.12/site-packages/oslo_concurrency/lockutils.py:524}}
Jun 24 18:39:49 devstack cinder-volume[93492]: DEBUG oslo.privsep.daemon [-] privsep: reply[14381299-790a-4dd6-b0ad-ed6eab9ad709]: (4, 'qcow2') {{(pid=94477) _call_back /opt/stack/data/venv/lib/python3.12/site-packages/oslo_privsep/daemon.py:580}}
Jun 24 18:39:49 devstack cinder-volume[93492]: DEBUG oslo_concurrency.processutils [req-90fdb703-5e9e-46f6-8566-4b9113604341 req-2ab86bd6-c9b2-4b6b-b4c2-17cca0a39915 tempest-TaggedAttachmentsTest-802430721 None] Running cmd (subprocess): /opt/stack/data/venv/bin/python3.12 -m oslo_concurrency.prlimit --as=1073741824 --cpu=60 -- sudo cinder-rootwrap /etc/cinder/rootwrap.conf env LC_ALL=C qemu-img info -f qcow2 --output=json --force-share /opt/stack/data/cinder/mnt/b815ea3fed0eb909e0c3282903bb3b28/volume-025d03ab-9afd-42d2-9bb0-e7e4a17d2a30 {{(pid=93492) execute /opt/stack/data/venv/lib/python3.12/site-packages/oslo_concurrency/processutils.py:440}}
Jun 24 18:39:49 devstack sudo[95591]: quobyte : PWD=/ ; USER=root ; COMMAND=/opt/stack/data/venv/bin/cinder-rootwrap /etc/cinder/rootwrap.conf env LC_ALL=C qemu-img info -f qcow2 --output=json --force-share /opt/stack/data/cinder/mnt/b815ea3fed0eb909e0c3282903bb3b28/volume-025d03ab-9afd-42d2-9bb0-e7e4a17d2a30
Jun 24 18:39:49 devstack sudo[95591]: pam_unix(sudo:session): session opened for user root(uid=0) by (uid=1000)
Jun 24 18:39:50 devstack sudo[95569]: pam_unix(sudo:session): session closed for user root
Jun 24 18:39:50 devstack cinder-volume[93492]: DEBUG oslo_concurrency.processutils [None req-37fd4466-b878-4ab6-b133-762421b30ca3 tempest-GroupSnapshotsTest-995758550 None] CMD "sudo cinder-rootwrap /etc/cinder/rootwrap.conf qemu-img commit -d /opt/stack/data/cinder/mnt/b815ea3fed0eb909e0c3282903bb3b28/volume-9f11144a-d6c8-4c41-9492-1890faef1a14.196ce9e8-b466-4ea3-a0a2-1430ac22415e" returned: 0 in 1.747s {{(pid=93492) execute /opt/stack/data/venv/lib/python3.12/site-packages/oslo_concurrency/processutils.py:468}}
Jun 24 18:39:50 devstack cinder-volume[93492]: DEBUG oslo_concurrency.processutils [None req-37fd4466-b878-4ab6-b133-762421b30ca3 tempest-GroupSnapshotsTest-995758550 None] Running cmd (subprocess): sudo cinder-rootwrap /etc/cinder/rootwrap.conf rm -f /opt/stack/data/cinder/mnt/b815ea3fed0eb909e0c3282903bb3b28/volume-9f11144a-d6c8-4c41-9492-1890faef1a14.196ce9e8-b466-4ea3-a0a2-1430ac22415e {{(pid=93492) execute /opt/stack/data/venv/lib/python3.12/site-packages/oslo_concurrency/processutils.py:440}}
Jun 24 18:39:50 devstack sudo[95661]: quobyte : PWD=/ ; USER=root ; COMMAND=/opt/stack/data/venv/bin/cinder-rootwrap /etc/cinder/rootwrap.conf rm -f /opt/stack/data/cinder/mnt/b815ea3fed0eb909e0c3282903bb3b28/volume-9f11144a-d6c8-4c41-9492-1890faef1a14.196ce9e8-b466-4ea3-a0a2-1430ac22415e
Jun 24 18:39:50 devstack sudo[95661]: pam_unix(sudo:session): session opened for user root(uid=0) by (uid=1000)
Jun 24 18:39:51 devstack sudo[95591]: pam_unix(sudo:session): session closed for user root
Jun 24 18:39:51 devstack cinder-volume[93492]: DEBUG oslo_concurrency.processutils [req-90fdb703-5e9e-46f6-8566-4b9113604341 req-2ab86bd6-c9b2-4b6b-b4c2-17cca0a39915 tempest-TaggedAttachmentsTest-802430721 None] CMD "/opt/stack/data/venv/bin/python3.12 -m oslo_concurrency.prlimit --as=1073741824 --cpu=60 -- sudo cinder-rootwrap /etc/cinder/rootwrap.conf env LC_ALL=C qemu-img info -f qcow2 --output=json --force-share /opt/stack/data/cinder/mnt/b815ea3fed0eb909e0c3282903bb3b28/volume-025d03ab-9afd-42d2-9bb0-e7e4a17d2a30" returned: 0 in 1.828s {{(pid=93492) execute /opt/stack/data/venv/lib/python3.12/site-packages/oslo_concurrency/processutils.py:468}}
Jun 24 18:39:51 devstack cinder-volume[93492]: DEBUG oslo_concurrency.lockutils [req-90fdb703-5e9e-46f6-8566-4b9113604341 req-2ab86bd6-c9b2-4b6b-b4c2-17cca0a39915 tempest-TaggedAttachmentsTest-802430721 None] Lock "quobyte" "released" by "cinder.volume.drivers.quobyte.QuobyteDriver.initialize_connection" :: held 1.861s {{(pid=93492) inner /opt/stack/data/venv/lib/python3.12/site-packages/oslo_concurrency/lockutils.py:543}}
Jun 24 18:39:51 devstack cinder-volume[93492]: DEBUG cinder.volume.manager [req-90fdb703-5e9e-46f6-8566-4b9113604341 req-2ab86bd6-c9b2-4b6b-b4c2-17cca0a39915 tempest-TaggedAttachmentsTest-802430721 None] Connection info returned from driver {'export': 'osci02.corp.quobyte.com/cinder-vol-cd188765-5b01-4062-8244-f9e62fb5ea3b', 'name': 'volume-025d03ab-9afd-42d2-9bb0-e7e4a17d2a30', 'options': None, 'format': 'qcow2', 'qos_specs': None, 'access_mode': 'rw', 'encrypted': False, 'cacheable': False, 'driver_volume_type': 'quobyte', 'mount_point_base': '/opt/stack/data/cinder/mnt', 'attachment_id': 'bdd75d46-b636-4fd3-976a-8fd047685b74', 'enforce_multipath': True} {{(pid=93492) _connection_create /opt/stack/cinder/cinder/volume/manager.py:4924}}
Jun 24 18:39:51 devstack cinder-volume[93492]: INFO cinder.volume.manager [req-90fdb703-5e9e-46f6-8566-4b9113604341 req-2ab86bd6-c9b2-4b6b-b4c2-17cca0a39915 tempest-TaggedAttachmentsTest-802430721 None] attachment_update completed successfully.
Jun 24 18:39:51 devstack sudo[95661]: pam_unix(sudo:session): session closed for user root
