Jun 24 18:41:30 devstack cinder-volume[93492]: DEBUG cinder.volume.manager [None req-9fce4e78-f991-440a-bf4a-2dedbb265990 tempest-VolumeQuotasAdminTestJSON-1321527674 None] Task 'cinder.volume.flows.manager.create_volume.ExtractVolumeSpecTask;volume:create' (c247991b-4a2d-44ad-86c1-578224ba7299) transitioned into state 'SUCCESS' from state 'RUNNING' with result '{'status': 'creating', 'type': 'raw', 'volume_id': '8340efa7-1d16-46c7-9982-41abf1cf7934', 'volume_name': 'volume-8340efa7-1d16-46c7-9982-41abf1cf7934', 'volume_size': 1}' {{(pid=93492) _task_receiver /opt/stack/data/venv/lib/python3.12/site-packages/taskflow/listeners/logging.py:218}}
Jun 24 18:41:30 devstack cinder-volume[93492]: DEBUG cinder.volume.manager [None req-9fce4e78-f991-440a-bf4a-2dedbb265990 tempest-VolumeQuotasAdminTestJSON-1321527674 None] Task 'cinder.volume.flows.manager.create_volume.NotifyVolumeActionTask;volume:create, create.start' (057d927d-ac79-418e-9523-65c93cdeb4b1) transitioned into state 'RUNNING' from state 'PENDING' {{(pid=93492) _task_receiver /opt/stack/data/venv/lib/python3.12/site-packages/taskflow/listeners/logging.py:242}}
Jun 24 18:41:30 devstack cinder-volume[93492]: DEBUG cinder.volume.manager [None req-9fce4e78-f991-440a-bf4a-2dedbb265990 tempest-VolumeQuotasAdminTestJSON-1321527674 None] Task 'cinder.volume.flows.manager.create_volume.NotifyVolumeActionTask;volume:create, create.start' (057d927d-ac79-418e-9523-65c93cdeb4b1) transitioned into state 'SUCCESS' from state 'RUNNING' with result 'None' {{(pid=93492) _task_receiver /opt/stack/data/venv/lib/python3.12/site-packages/taskflow/listeners/logging.py:218}}
Jun 24 18:41:30 devstack cinder-volume[93492]: DEBUG cinder.volume.manager [None req-9fce4e78-f991-440a-bf4a-2dedbb265990 tempest-VolumeQuotasAdminTestJSON-1321527674 None] Task 'cinder.volume.flows.manager.create_volume.CreateVolumeFromSpecTask;volume:create' (bb010a53-da2a-4dce-9027-afb432cee925) transitioned into state 'RUNNING' from state 'PENDING' {{(pid=93492) _task_receiver /opt/stack/data/venv/lib/python3.12/site-packages/taskflow/listeners/logging.py:242}}
Jun 24 18:41:30 devstack cinder-volume[93492]: INFO cinder.volume.flows.manager.create_volume [None req-9fce4e78-f991-440a-bf4a-2dedbb265990 tempest-VolumeQuotasAdminTestJSON-1321527674 None] Volume 8340efa7-1d16-46c7-9982-41abf1cf7934: being created as raw with specification: {'status': 'creating', 'volume_name': 'volume-8340efa7-1d16-46c7-9982-41abf1cf7934', 'volume_size': 1}
Jun 24 18:41:30 devstack cinder-volume[93492]: DEBUG oslo_concurrency.lockutils [None req-9fce4e78-f991-440a-bf4a-2dedbb265990 tempest-VolumeQuotasAdminTestJSON-1321527674 None] Acquiring lock "quobyte" by "cinder.volume.drivers.quobyte.QuobyteDriver.create_volume" {{(pid=93492) inner /opt/stack/data/venv/lib/python3.12/site-packages/oslo_concurrency/lockutils.py:511}}
Jun 24 18:41:30 devstack sudo[97358]: pam_unix(sudo:session): session closed for user root
Jun 24 18:41:30 devstack cinder-volume[93492]: DEBUG oslo_concurrency.processutils [None req-e17e1804-89f0-4e44-bf58-1a509ced0b9c tempest-GroupsV314Test-927262083 None] CMD "sudo cinder-rootwrap /etc/cinder/rootwrap.conf truncate -s0 /opt/stack/data/cinder/mnt/b815ea3fed0eb909e0c3282903bb3b28/volume-e61dfab4-1d3a-4fa6-aab4-24637de4e2da.info" returned: 0 in 0.990s {{(pid=93492) execute /opt/stack/data/venv/lib/python3.12/site-packages/oslo_concurrency/processutils.py:468}}
Jun 24 18:41:30 devstack cinder-volume[93492]: WARNING cinder.volume.drivers.remotefs [None req-e17e1804-89f0-4e44-bf58-1a509ced0b9c tempest-GroupsV314Test-927262083 None] /opt/stack/data/cinder/mnt/b815ea3fed0eb909e0c3282903bb3b28/volume-e61dfab4-1d3a-4fa6-aab4-24637de4e2da.info is being set with open permissions: ugo+rw: NotImplementedError
Jun 24 18:41:30 devstack cinder-volume[93492]: DEBUG oslo_concurrency.processutils [None req-e17e1804-89f0-4e44-bf58-1a509ced0b9c tempest-GroupsV314Test-927262083 None] Running cmd (subprocess): sudo cinder-rootwrap /etc/cinder/rootwrap.conf chmod ugo+rw /opt/stack/data/cinder/mnt/b815ea3fed0eb909e0c3282903bb3b28/volume-e61dfab4-1d3a-4fa6-aab4-24637de4e2da.info {{(pid=93492) execute /opt/stack/data/venv/lib/python3.12/site-packages/oslo_concurrency/processutils.py:440}}
Jun 24 18:41:30 devstack sudo[97367]: quobyte : PWD=/ ; USER=root ; COMMAND=/opt/stack/data/venv/bin/cinder-rootwrap /etc/cinder/rootwrap.conf chmod ugo+rw /opt/stack/data/cinder/mnt/b815ea3fed0eb909e0c3282903bb3b28/volume-e61dfab4-1d3a-4fa6-aab4-24637de4e2da.info
Jun 24 18:41:30 devstack sudo[97367]: pam_unix(sudo:session): session opened for user root(uid=0) by (uid=1000)
Jun 24 18:41:31 devstack sudo[97367]: pam_unix(sudo:session): session closed for user root
Jun 24 18:41:31 devstack cinder-volume[93492]: DEBUG oslo_concurrency.processutils [None req-e17e1804-89f0-4e44-bf58-1a509ced0b9c tempest-GroupsV314Test-927262083 None] CMD "sudo cinder-rootwrap /etc/cinder/rootwrap.conf chmod ugo+rw /opt/stack/data/cinder/mnt/b815ea3fed0eb909e0c3282903bb3b28/volume-e61dfab4-1d3a-4fa6-aab4-24637de4e2da.info" returned: 0 in 0.931s {{(pid=93492) execute /opt/stack/data/venv/lib/python3.12/site-packages/oslo_concurrency/processutils.py:468}}
Jun 24 18:41:31 devstack cinder-volume[93492]: DEBUG cinder.coordination [None req-e17e1804-89f0-4e44-bf58-1a509ced0b9c tempest-GroupsV314Test-927262083 None] Acquiring lock "cinder-quobyte-27c9ba9c-c014-4c76-9776-7749c865452c" by "_copy_volume_from_snapshot" {{(pid=93492) __acquire /opt/stack/cinder/cinder/coordination.py:138}}
Jun 24 18:41:31 devstack cinder-volume[93492]: DEBUG cinder.coordination [None req-e17e1804-89f0-4e44-bf58-1a509ced0b9c tempest-GroupsV314Test-927262083 None] Lock "cinder-quobyte-27c9ba9c-c014-4c76-9776-7749c865452c" acquired by "_copy_volume_from_snapshot" :: waited 0.021s {{(pid=93492) __acquire /opt/stack/cinder/cinder/coordination.py:141}}
Jun 24 18:41:31 devstack cinder-volume[93492]: DEBUG cinder.volume.drivers.quobyte [None req-e17e1804-89f0-4e44-bf58-1a509ced0b9c tempest-GroupsV314Test-927262083 None] snapshot: 02180814-db42-4630-aabd-ead66826da0d, volume: 27c9ba9c-c014-4c76-9776-7749c865452c, {{(pid=93492) _copy_volume_from_snapshot /opt/stack/cinder/cinder/volume/drivers/quobyte.py:401}}
Jun 24 18:41:31 devstack cinder-volume[93492]: DEBUG oslo_concurrency.lockutils [None req-e17e1804-89f0-4e44-bf58-1a509ced0b9c tempest-GroupsV314Test-927262083 None] Acquiring lock "quobyte_ensure" by "cinder.volume.drivers.quobyte.QuobyteDriver._ensure_shares_mounted" {{(pid=93492) inner /opt/stack/data/venv/lib/python3.12/site-packages/oslo_concurrency/lockutils.py:511}}
Jun 24 18:41:31 devstack cinder-volume[93492]: DEBUG oslo_concurrency.lockutils [None req-e17e1804-89f0-4e44-bf58-1a509ced0b9c tempest-GroupsV314Test-927262083 None] Lock "quobyte_ensure" acquired by "cinder.volume.drivers.quobyte.QuobyteDriver._ensure_shares_mounted" :: waited 0.001s {{(pid=93492) inner /opt/stack/data/venv/lib/python3.12/site-packages/oslo_concurrency/lockutils.py:524}}
Jun 24 18:41:31 devstack cinder-volume[93492]: DEBUG cinder.volume.drivers.quobyte [None req-e17e1804-89f0-4e44-bf58-1a509ced0b9c tempest-GroupsV314Test-927262083 None] Quobyte Volume URL set to: {'osci02.corp.quobyte.com/cinder-vol-cd188765-5b01-4062-8244-f9e62fb5ea3b': None} {{(pid=93492) _load_shares_config /opt/stack/cinder/cinder/volume/drivers/quobyte.py:617}}
Jun 24 18:41:31 devstack cinder-volume[93492]: DEBUG cinder.volume.drivers.quobyte [None req-e17e1804-89f0-4e44-bf58-1a509ced0b9c tempest-GroupsV314Test-927262083 None] Available shares ['osci02.corp.quobyte.com/cinder-vol-cd188765-5b01-4062-8244-f9e62fb5ea3b'] {{(pid=93492) _ensure_shares_mounted /opt/stack/cinder/cinder/volume/drivers/quobyte.py:647}}
Jun 24 18:41:31 devstack cinder-volume[93492]: DEBUG oslo_concurrency.lockutils [None req-e17e1804-89f0-4e44-bf58-1a509ced0b9c tempest-GroupsV314Test-927262083 None] Lock "quobyte_ensure" "released" by "cinder.volume.drivers.quobyte.QuobyteDriver._ensure_shares_mounted" :: held 0.010s {{(pid=93492) inner /opt/stack/data/venv/lib/python3.12/site-packages/oslo_concurrency/lockutils.py:543}}
Jun 24 18:41:31 devstack cinder-volume[93492]: DEBUG oslo.privsep.daemon [-] privsep: reply[113a09a5-528c-47ea-a01d-8084a58ff2d8]: (4, 'qcow2') {{(pid=94477) _call_back /opt/stack/data/venv/lib/python3.12/site-packages/oslo_privsep/daemon.py:580}}
Jun 24 18:41:31 devstack cinder-volume[93492]: DEBUG oslo_concurrency.processutils [None req-e17e1804-89f0-4e44-bf58-1a509ced0b9c tempest-GroupsV314Test-927262083 None] Running cmd (subprocess): /opt/stack/data/venv/bin/python3.12 -m oslo_concurrency.prlimit --as=1073741824 --cpu=60 -- sudo cinder-rootwrap /etc/cinder/rootwrap.conf env LC_ALL=C qemu-img info -f qcow2 --output=json --force-share /opt/stack/data/cinder/mnt/b815ea3fed0eb909e0c3282903bb3b28/volume-e61dfab4-1d3a-4fa6-aab4-24637de4e2da.02180814-db42-4630-aabd-ead66826da0d {{(pid=93492) execute /opt/stack/data/venv/lib/python3.12/site-packages/oslo_concurrency/processutils.py:440}}
Jun 24 18:41:32 devstack sudo[97370]: quobyte : PWD=/ ; USER=root ; COMMAND=/opt/stack/data/venv/bin/cinder-rootwrap /etc/cinder/rootwrap.conf env LC_ALL=C qemu-img info -f qcow2 --output=json --force-share /opt/stack/data/cinder/mnt/b815ea3fed0eb909e0c3282903bb3b28/volume-e61dfab4-1d3a-4fa6-aab4-24637de4e2da.02180814-db42-4630-aabd-ead66826da0d
Jun 24 18:41:32 devstack sudo[97370]: pam_unix(sudo:session): session opened for user root(uid=0) by (uid=1000)
Jun 24 18:41:33 devstack sudo[97370]: pam_unix(sudo:session): session closed for user root
Jun 24 18:41:33 devstack cinder-volume[93492]: DEBUG oslo_concurrency.processutils [None req-e17e1804-89f0-4e44-bf58-1a509ced0b9c tempest-GroupsV314Test-927262083 None] CMD "/opt/stack/data/venv/bin/python3.12 -m oslo_concurrency.prlimit --as=1073741824 --cpu=60 -- sudo cinder-rootwrap /etc/cinder/rootwrap.conf env LC_ALL=C qemu-img info -f qcow2 --output=json --force-share /opt/stack/data/cinder/mnt/b815ea3fed0eb909e0c3282903bb3b28/volume-e61dfab4-1d3a-4fa6-aab4-24637de4e2da.02180814-db42-4630-aabd-ead66826da0d" returned: 0 in 1.351s {{(pid=93492) execute /opt/stack/data/venv/lib/python3.12/site-packages/oslo_concurrency/processutils.py:468}}
Jun 24 18:41:33 devstack cinder-volume[93492]: DEBUG cinder.volume.drivers.remotefs [None req-e17e1804-89f0-4e44-bf58-1a509ced0b9c tempest-GroupsV314Test-927262083 None] Fetching qemu-img info with special backing_file_template: (/opt/stack/data/cinder/mnt/[0-9a-f]+/)?(volume-e61dfab4-1d3a-4fa6-aab4-24637de4e2da(.(tmp-snap-)?[0-9a-f-]+)?|volume_from_snapshot_cache/(tmp-snap-)?[0-9a-f-]+(.(child-|parent-)[0-9a-f-]+)?)$ {{(pid=93492) _qemu_img_info_base /opt/stack/cinder/cinder/volume/drivers/remotefs.py:896}}
Jun 24 18:41:33 devstack cinder-volume[93492]: DEBUG cinder.volume.drivers.quobyte [None req-e17e1804-89f0-4e44-bf58-1a509ced0b9c tempest-GroupsV314Test-927262083 None] will copy from snapshot at /opt/stack/data/cinder/mnt/b815ea3fed0eb909e0c3282903bb3b28/volume-e61dfab4-1d3a-4fa6-aab4-24637de4e2da {{(pid=93492) _copy_volume_from_snapshot /opt/stack/cinder/cinder/volume/drivers/quobyte.py:420}}
Jun 24 18:41:33 devstack cinder-volume[93492]: DEBUG cinder.volume.drivers.quobyte [None req-e17e1804-89f0-4e44-bf58-1a509ced0b9c tempest-GroupsV314Test-927262083 None] Creating direct copy from snapshot {{(pid=93492) _copy_volume_from_snapshot /opt/stack/cinder/cinder/volume/drivers/quobyte.py:428}}
Jun 24 18:41:33 devstack cinder-volume[93492]: DEBUG oslo.privsep.daemon [-] privsep: reply[9a072878-ee38-4f27-8f3c-f1143e9dfd23]: (4, 'qcow2') {{(pid=94477) _call_back /opt/stack/data/venv/lib/python3.12/site-packages/oslo_privsep/daemon.py:580}}
Jun 24 18:41:33 devstack cinder-volume[93492]: DEBUG oslo_concurrency.processutils [None req-e17e1804-89f0-4e44-bf58-1a509ced0b9c tempest-GroupsV314Test-927262083 None] Running cmd (subprocess): /opt/stack/data/venv/bin/python3.12 -m oslo_concurrency.prlimit --as=1073741824 --cpu=60 -- sudo cinder-rootwrap /etc/cinder/rootwrap.conf env LC_ALL=C qemu-img info -f qcow2 --output=json /opt/stack/data/cinder/mnt/b815ea3fed0eb909e0c3282903bb3b28/volume-e61dfab4-1d3a-4fa6-aab4-24637de4e2da {{(pid=93492) execute /opt/stack/data/venv/lib/python3.12/site-packages/oslo_concurrency/processutils.py:440}}
Jun 24 18:41:33 devstack sudo[97378]: quobyte : PWD=/ ; USER=root ; COMMAND=/opt/stack/data/venv/bin/cinder-rootwrap /etc/cinder/rootwrap.conf env LC_ALL=C qemu-img info -f qcow2 --output=json /opt/stack/data/cinder/mnt/b815ea3fed0eb909e0c3282903bb3b28/volume-e61dfab4-1d3a-4fa6-aab4-24637de4e2da
Jun 24 18:41:33 devstack sudo[97378]: pam_unix(sudo:session): session opened for user root(uid=0) by (uid=1000)
Jun 24 18:41:34 devstack sudo[97378]: pam_unix(sudo:session): session closed for user root
Jun 24 18:41:34 devstack cinder-volume[93492]: DEBUG oslo_concurrency.processutils [None req-e17e1804-89f0-4e44-bf58-1a509ced0b9c tempest-GroupsV314Test-927262083 None] CMD "/opt/stack/data/venv/bin/python3.12 -m oslo_concurrency.prlimit --as=1073741824 --cpu=60 -- sudo cinder-rootwrap /etc/cinder/rootwrap.conf env LC_ALL=C qemu-img info -f qcow2 --output=json /opt/stack/data/cinder/mnt/b815ea3fed0eb909e0c3282903bb3b28/volume-e61dfab4-1d3a-4fa6-aab4-24637de4e2da" returned: 0 in 0.963s {{(pid=93492) execute /opt/stack/data/venv/lib/python3.12/site-packages/oslo_concurrency/processutils.py:468}}
Jun 24 18:41:34 devstack cinder-volume[93492]: DEBUG cinder.utils [None req-e17e1804-89f0-4e44-bf58-1a509ced0b9c tempest-GroupsV314Test-927262083 None] Path /opt/stack/data/cinder/mnt/b815ea3fed0eb909e0c3282903bb3b28/volume-27c9ba9c-c014-4c76-9776-7749c865452c not found in is_blk_device check {{(pid=93492) is_blk_device /opt/stack/cinder/cinder/utils.py:615}}
Jun 24 18:41:34 devstack cinder-volume[93492]: DEBUG oslo_concurrency.processutils [None req-e17e1804-89f0-4e44-bf58-1a509ced0b9c tempest-GroupsV314Test-927262083 None] Running cmd (subprocess): sudo cinder-rootwrap /etc/cinder/rootwrap.conf qemu-img convert -O qcow2 /opt/stack/data/cinder/mnt/b815ea3fed0eb909e0c3282903bb3b28/volume-e61dfab4-1d3a-4fa6-aab4-24637de4e2da /opt/stack/data/cinder/mnt/b815ea3fed0eb909e0c3282903bb3b28/volume-27c9ba9c-c014-4c76-9776-7749c865452c {{(pid=93492) execute /opt/stack/data/venv/lib/python3.12/site-packages/oslo_concurrency/processutils.py:440}}
Jun 24 18:41:34 devstack sudo[97385]: quobyte : PWD=/ ; USER=root ; COMMAND=/opt/stack/data/venv/bin/cinder-rootwrap /etc/cinder/rootwrap.conf qemu-img convert -O qcow2 /opt/stack/data/cinder/mnt/b815ea3fed0eb909e0c3282903bb3b28/volume-e61dfab4-1d3a-4fa6-aab4-24637de4e2da /opt/stack/data/cinder/mnt/b815ea3fed0eb909e0c3282903bb3b28/volume-27c9ba9c-c014-4c76-9776-7749c865452c
Jun 24 18:41:34 devstack sudo[97385]: pam_unix(sudo:session): session opened for user root(uid=0) by (uid=1000)
Jun 24 18:41:41 devstack sudo[97385]: pam_unix(sudo:session): session closed for user root
Jun 24 18:41:41 devstack cinder-volume[93492]: DEBUG oslo_concurrency.processutils [None req-e17e1804-89f0-4e44-bf58-1a509ced0b9c tempest-GroupsV314Test-927262083 None] CMD "sudo cinder-rootwrap /etc/cinder/rootwrap.conf qemu-img convert -O qcow2 /opt/stack/data/cinder/mnt/b815ea3fed0eb909e0c3282903bb3b28/volume-e61dfab4-1d3a-4fa6-aab4-24637de4e2da /opt/stack/data/cinder/mnt/b815ea3fed0eb909e0c3282903bb3b28/volume-27c9ba9c-c014-4c76-9776-7749c865452c" returned: 0 in 6.969s {{(pid=93492) execute /opt/stack/data/venv/lib/python3.12/site-packages/oslo_concurrency/processutils.py:468}}
Jun 24 18:41:41 devstack cinder-volume[93492]: DEBUG oslo.privsep.daemon [-] privsep: reply[81b6e183-85d6-47b3-a744-27f9e3578a69]: (4, 'qcow2') {{(pid=94477) _call_back /opt/stack/data/venv/lib/python3.12/site-packages/oslo_privsep/daemon.py:580}}
Jun 24 18:41:41 devstack cinder-volume[93492]: DEBUG oslo_concurrency.processutils [None req-e17e1804-89f0-4e44-bf58-1a509ced0b9c tempest-GroupsV314Test-927262083 None] Running cmd (subprocess): /opt/stack/data/venv/bin/python3.12 -m oslo_concurrency.prlimit --as=1073741824 --cpu=60 -- sudo cinder-rootwrap /etc/cinder/rootwrap.conf env LC_ALL=C qemu-img info -f qcow2 --output=json /opt/stack/data/cinder/mnt/b815ea3fed0eb909e0c3282903bb3b28/volume-e61dfab4-1d3a-4fa6-aab4-24637de4e2da {{(pid=93492) execute /opt/stack/data/venv/lib/python3.12/site-packages/oslo_concurrency/processutils.py:440}}
Jun 24 18:41:41 devstack sudo[97410]: quobyte : PWD=/ ; USER=root ; COMMAND=/opt/stack/data/venv/bin/cinder-rootwrap /etc/cinder/rootwrap.conf env LC_ALL=C qemu-img info -f qcow2 --output=json /opt/stack/data/cinder/mnt/b815ea3fed0eb909e0c3282903bb3b28/volume-e61dfab4-1d3a-4fa6-aab4-24637de4e2da
Jun 24 18:41:41 devstack sudo[97410]: pam_unix(sudo:session): session opened for user root(uid=0) by (uid=1000)
Jun 24 18:41:42 devstack sudo[97410]: pam_unix(sudo:session): session closed for user root
Jun 24 18:41:42 devstack cinder-volume[93492]: DEBUG oslo_concurrency.processutils [None req-e17e1804-89f0-4e44-bf58-1a509ced0b9c tempest-GroupsV314Test-927262083 None] CMD "/opt/stack/data/venv/bin/python3.12 -m oslo_concurrency.prlimit --as=1073741824 --cpu=60 -- sudo cinder-rootwrap /etc/cinder/rootwrap.conf env LC_ALL=C qemu-img info -f qcow2 --output=json /opt/stack/data/cinder/mnt/b815ea3fed0eb909e0c3282903bb3b28/volume-e61dfab4-1d3a-4fa6-aab4-24637de4e2da" returned: 0 in 1.019s {{(pid=93492) execute /opt/stack/data/venv/lib/python3.12/site-packages/oslo_concurrency/processutils.py:468}}
Jun 24 18:41:42 devstack cinder-volume[93492]: DEBUG cinder.image.image_utils [None req-e17e1804-89f0-4e44-bf58-1a509ced0b9c tempest-GroupsV314Test-927262083 None] Image conversion details: src /opt/stack/data/cinder/mnt/b815ea3fed0eb909e0c3282903bb3b28/volume-e61dfab4-1d3a-4fa6-aab4-24637de4e2da, size 1024.00 MB, duration 6.97 sec, destination /opt/stack/data/cinder/mnt/b815ea3fed0eb909e0c3282903bb3b28/volume-27c9ba9c-c014-4c76-9776-7749c865452c {{(pid=93492) _convert_image /opt/stack/cinder/cinder/image/image_utils.py:536}}
Jun 24 18:41:42 devstack cinder-volume[93492]: INFO cinder.image.image_utils [None req-e17e1804-89f0-4e44-bf58-1a509ced0b9c tempest-GroupsV314Test-927262083 None] Converted 1024.00 MB image at 146.91 MB/s
Jun 24 18:41:42 devstack cinder-volume[93492]: WARNING cinder.volume.drivers.remotefs [None req-e17e1804-89f0-4e44-bf58-1a509ced0b9c tempest-GroupsV314Test-927262083 None] /opt/stack/data/cinder/mnt/b815ea3fed0eb909e0c3282903bb3b28/volume-27c9ba9c-c014-4c76-9776-7749c865452c is being set with open permissions: ugo+rw: NotImplementedError
Jun 24 18:41:42 devstack cinder-volume[93492]: DEBUG oslo_concurrency.processutils [None req-e17e1804-89f0-4e44-bf58-1a509ced0b9c tempest-GroupsV314Test-927262083 None] Running cmd (subprocess): sudo cinder-rootwrap /etc/cinder/rootwrap.conf chmod ugo+rw /opt/stack/data/cinder/mnt/b815ea3fed0eb909e0c3282903bb3b28/volume-27c9ba9c-c014-4c76-9776-7749c865452c {{(pid=93492) execute /opt/stack/data/venv/lib/python3.12/site-packages/oslo_concurrency/processutils.py:440}}
Jun 24 18:41:42 devstack sudo[97416]: quobyte : PWD=/ ; USER=root ; COMMAND=/opt/stack/data/venv/bin/cinder-rootwrap /etc/cinder/rootwrap.conf chmod ugo+rw /opt/stack/data/cinder/mnt/b815ea3fed0eb909e0c3282903bb3b28/volume-27c9ba9c-c014-4c76-9776-7749c865452c
Jun 24 18:41:42 devstack sudo[97416]: pam_unix(sudo:session): session opened for user root(uid=0) by (uid=1000)
Jun 24 18:41:42 devstack sudo[97416]: pam_unix(sudo:session): session closed for user root
Jun 24 18:41:42 devstack cinder-volume[93492]: DEBUG oslo_concurrency.processutils [None req-e17e1804-89f0-4e44-bf58-1a509ced0b9c tempest-GroupsV314Test-927262083 None] CMD "sudo cinder-rootwrap /etc/cinder/rootwrap.conf chmod ugo+rw /opt/stack/data/cinder/mnt/b815ea3fed0eb909e0c3282903bb3b28/volume-27c9ba9c-c014-4c76-9776-7749c865452c" returned: 0 in 0.696s {{(pid=93492) execute /opt/stack/data/venv/lib/python3.12/site-packages/oslo_concurrency/processutils.py:468}}
Jun 24 18:41:42 devstack cinder-volume[93492]: DEBUG dbcounter [-] [93492] Writing DB stats cinder:SELECT=17,cinder:UPDATE=16,cinder:INSERT=6,cinder:DELETE=2 {{(pid=93492) stat_writer /opt/stack/data/venv/lib/python3.12/site-packages/dbcounter.py:115}}
Jun 24 18:41:42 devstack cinder-volume[93492]: DEBUG cinder.coordination [None req-e17e1804-89f0-4e44-bf58-1a509ced0b9c tempest-GroupsV314Test-927262083 None] Lock "cinder-quobyte-27c9ba9c-c014-4c76-9776-7749c865452c" released by "_copy_volume_from_snapshot" :: held 11.126s {{(pid=93492) __release /opt/stack/cinder/cinder/coordination.py:152}}
Jun 24 18:41:42 devstack cinder-volume[93492]: DEBUG dbcounter [-] [93492] Writing DB stats cinder:SELECT=18,cinder:UPDATE=17,cinder:INSERT=2,cinder:DELETE=1 {{(pid=93492) stat_writer /opt/stack/data/venv/lib/python3.12/site-packages/dbcounter.py:115}}
Jun 24 18:41:42 devstack cinder-volume[93492]: DEBUG cinder.coordination [None req-e17e1804-89f0-4e44-bf58-1a509ced0b9c tempest-GroupsV314Test-927262083 None] Acquiring lock "cinder-quobyte-02180814-db42-4630-aabd-ead66826da0d" by "_delete_snapshot" {{(pid=93492) __acquire /opt/stack/cinder/cinder/coordination.py:138}}
Jun 24 18:41:43 devstack cinder-volume[93492]: DEBUG cinder.coordination [None req-e17e1804-89f0-4e44-bf58-1a509ced0b9c tempest-GroupsV314Test-927262083 None] Lock "cinder-quobyte-02180814-db42-4630-aabd-ead66826da0d" acquired by "_delete_snapshot" :: waited 0.022s {{(pid=93492) __acquire /opt/stack/cinder/cinder/coordination.py:141}}
Jun 24 18:41:43 devstack cinder-volume[93492]: DEBUG cinder.volume.drivers.remotefs [None req-e17e1804-89f0-4e44-bf58-1a509ced0b9c tempest-GroupsV314Test-927262083 None] Deleting offline snapshot 02180814-db42-4630-aabd-ead66826da0d of volume e61dfab4-1d3a-4fa6-aab4-24637de4e2da {{(pid=93492) _delete_snapshot /opt/stack/cinder/cinder/volume/drivers/remotefs.py:1288}}
Jun 24 18:41:43 devstack cinder-volume[93492]: DEBUG cinder.volume.drivers.remotefs [None req-e17e1804-89f0-4e44-bf58-1a509ced0b9c tempest-GroupsV314Test-927262083 None] snapshot_file for this snap is: volume-e61dfab4-1d3a-4fa6-aab4-24637de4e2da.02180814-db42-4630-aabd-ead66826da0d {{(pid=93492) _delete_snapshot /opt/stack/cinder/cinder/volume/drivers/remotefs.py:1317}}
Jun 24 18:41:43 devstack cinder-volume[93492]: DEBUG oslo.privsep.daemon [-] privsep: reply[546fb71f-d384-489a-9985-6cf7be050483]: (4, 'qcow2') {{(pid=94477) _call_back /opt/stack/data/venv/lib/python3.12/site-packages/oslo_privsep/daemon.py:580}}
Jun 24 18:41:43 devstack cinder-volume[93492]: DEBUG oslo_concurrency.processutils [None req-e17e1804-89f0-4e44-bf58-1a509ced0b9c tempest-GroupsV314Test-927262083 None] Running cmd (subprocess): /opt/stack/data/venv/bin/python3.12 -m oslo_concurrency.prlimit --as=1073741824 --cpu=60 -- sudo cinder-rootwrap /etc/cinder/rootwrap.conf env LC_ALL=C qemu-img info -f qcow2 --output=json --force-share /opt/stack/data/cinder/mnt/b815ea3fed0eb909e0c3282903bb3b28/volume-e61dfab4-1d3a-4fa6-aab4-24637de4e2da.02180814-db42-4630-aabd-ead66826da0d {{(pid=93492) execute /opt/stack/data/venv/lib/python3.12/site-packages/oslo_concurrency/processutils.py:440}}
Jun 24 18:41:43 devstack sudo[97436]: quobyte : PWD=/ ; USER=root ; COMMAND=/opt/stack/data/venv/bin/cinder-rootwrap /etc/cinder/rootwrap.conf env LC_ALL=C qemu-img info -f qcow2 --output=json --force-share /opt/stack/data/cinder/mnt/b815ea3fed0eb909e0c3282903bb3b28/volume-e61dfab4-1d3a-4fa6-aab4-24637de4e2da.02180814-db42-4630-aabd-ead66826da0d
Jun 24 18:41:43 devstack sudo[97436]: pam_unix(sudo:session): session opened for user root(uid=0) by (uid=1000)
Jun 24 18:41:43 devstack sudo[97436]: pam_unix(sudo:session): session closed for user root
Jun 24 18:41:43 devstack cinder-volume[93492]: DEBUG oslo_concurrency.processutils [None req-e17e1804-89f0-4e44-bf58-1a509ced0b9c tempest-GroupsV314Test-927262083 None] CMD "/opt/stack/data/venv/bin/python3.12 -m oslo_concurrency.prlimit --as=1073741824 --cpu=60 -- sudo cinder-rootwrap /etc/cinder/rootwrap.conf env LC_ALL=C qemu-img info -f qcow2 --output=json --force-share /opt/stack/data/cinder/mnt/b815ea3fed0eb909e0c3282903bb3b28/volume-e61dfab4-1d3a-4fa6-aab4-24637de4e2da.02180814-db42-4630-aabd-ead66826da0d" returned: 0 in 0.887s {{(pid=93492) execute /opt/stack/data/venv/lib/python3.12/site-packages/oslo_concurrency/processutils.py:468}}
Jun 24 18:41:43 devstack cinder-volume[93492]: DEBUG cinder.volume.drivers.remotefs [None req-e17e1804-89f0-4e44-bf58-1a509ced0b9c tempest-GroupsV314Test-927262083 None] Fetching qemu-img info with special backing_file_template: (/opt/stack/data/cinder/mnt/[0-9a-f]+/)?(volume-e61dfab4-1d3a-4fa6-aab4-24637de4e2da(.(tmp-snap-)?[0-9a-f-]+)?|volume_from_snapshot_cache/(tmp-snap-)?[0-9a-f-]+(.(child-|parent-)[0-9a-f-]+)?)$ {{(pid=93492) _qemu_img_info_base /opt/stack/cinder/cinder/volume/drivers/remotefs.py:896}}
Jun 24 18:41:43 devstack cinder-volume[93492]: DEBUG oslo.privsep.daemon [-] privsep: reply[a8011686-f8e6-4c81-ba09-3faab10aae1b]: (4, 'qcow2') {{(pid=94477) _call_back /opt/stack/data/venv/lib/python3.12/site-packages/oslo_privsep/daemon.py:580}}
Jun 24 18:41:43 devstack cinder-volume[93492]: DEBUG oslo_concurrency.processutils [None req-e17e1804-89f0-4e44-bf58-1a509ced0b9c tempest-GroupsV314Test-927262083 None] Running cmd (subprocess): /opt/stack/data/venv/bin/python3.12 -m oslo_concurrency.prlimit --as=1073741824 --cpu=60 -- sudo cinder-rootwrap /etc/cinder/rootwrap.conf env LC_ALL=C qemu-img info -f qcow2 --output=json --force-share /opt/stack/data/cinder/mnt/b815ea3fed0eb909e0c3282903bb3b28/volume-e61dfab4-1d3a-4fa6-aab4-24637de4e2da {{(pid=93492) execute /opt/stack/data/venv/lib/python3.12/site-packages/oslo_concurrency/processutils.py:440}}
Jun 24 18:41:44 devstack sudo[97443]: quobyte : PWD=/ ; USER=root ; COMMAND=/opt/stack/data/venv/bin/cinder-rootwrap /etc/cinder/rootwrap.conf env LC_ALL=C qemu-img info -f qcow2 --output=json --force-share /opt/stack/data/cinder/mnt/b815ea3fed0eb909e0c3282903bb3b28/volume-e61dfab4-1d3a-4fa6-aab4-24637de4e2da
Jun 24 18:41:44 devstack sudo[97443]: pam_unix(sudo:session): session opened for user root(uid=0) by (uid=1000)
Jun 24 18:41:44 devstack sudo[97443]: pam_unix(sudo:session): session closed for user root
Jun 24 18:41:44 devstack cinder-volume[93492]: DEBUG oslo_concurrency.processutils [None req-e17e1804-89f0-4e44-bf58-1a509ced0b9c tempest-GroupsV314Test-927262083 None] CMD "/opt/stack/data/venv/bin/python3.12 -m oslo_concurrency.prlimit --as=1073741824 --cpu=60 -- sudo cinder-rootwrap /etc/cinder/rootwrap.conf env LC_ALL=C qemu-img info -f qcow2 --output=json --force-share /opt/stack/data/cinder/mnt/b815ea3fed0eb909e0c3282903bb3b28/volume-e61dfab4-1d3a-4fa6-aab4-24637de4e2da" returned: 0 in 0.770s {{(pid=93492) execute /opt/stack/data/venv/lib/python3.12/site-packages/oslo_concurrency/processutils.py:468}}
Jun 24 18:41:44 devstack cinder-volume[93492]: DEBUG oslo_concurrency.processutils [None req-e17e1804-89f0-4e44-bf58-1a509ced0b9c tempest-GroupsV314Test-927262083 None] Running cmd (subprocess): sudo cinder-rootwrap /etc/cinder/rootwrap.conf qemu-img commit -d /opt/stack/data/cinder/mnt/b815ea3fed0eb909e0c3282903bb3b28/volume-e61dfab4-1d3a-4fa6-aab4-24637de4e2da.02180814-db42-4630-aabd-ead66826da0d {{(pid=93492) execute /opt/stack/data/venv/lib/python3.12/site-packages/oslo_concurrency/processutils.py:440}}
Jun 24 18:41:44 devstack sudo[97449]: quobyte : PWD=/ ; USER=root ; COMMAND=/opt/stack/data/venv/bin/cinder-rootwrap /etc/cinder/rootwrap.conf qemu-img commit -d /opt/stack/data/cinder/mnt/b815ea3fed0eb909e0c3282903bb3b28/volume-e61dfab4-1d3a-4fa6-aab4-24637de4e2da.02180814-db42-4630-aabd-ead66826da0d
Jun 24 18:41:44 devstack sudo[97449]: pam_unix(sudo:session): session opened for user root(uid=0) by (uid=1000)
Jun 24 18:41:45 devstack sudo[97449]: pam_unix(sudo:session): session closed for user root
Jun 24 18:41:45 devstack cinder-volume[93492]: DEBUG oslo_concurrency.processutils [None req-e17e1804-89f0-4e44-bf58-1a509ced0b9c tempest-GroupsV314Test-927262083 None] CMD "sudo cinder-rootwrap /etc/cinder/rootwrap.conf qemu-img commit -d /opt/stack/data/cinder/mnt/b815ea3fed0eb909e0c3282903bb3b28/volume-e61dfab4-1d3a-4fa6-aab4-24637de4e2da.02180814-db42-4630-aabd-ead66826da0d" returned: 0 in 0.801s {{(pid=93492) execute /opt/stack/data/venv/lib/python3.12/site-packages/oslo_concurrency/processutils.py:468}}
Jun 24 18:41:45 devstack cinder-volume[93492]: DEBUG oslo_concurrency.processutils [None req-e17e1804-89f0-4e44-bf58-1a509ced0b9c tempest-GroupsV314Test-927262083 None] Running cmd (subprocess): sudo cinder-rootwrap /etc/cinder/rootwrap.conf rm -f /opt/stack/data/cinder/mnt/b815ea3fed0eb909e0c3282903bb3b28/volume-e61dfab4-1d3a-4fa6-aab4-24637de4e2da.02180814-db42-4630-aabd-ead66826da0d {{(pid=93492) execute /opt/stack/data/venv/lib/python3.12/site-packages/oslo_concurrency/processutils.py:440}}
Jun 24 18:41:45 devstack sudo[97496]: quobyte : PWD=/ ; USER=root ; COMMAND=/opt/stack/data/venv/bin/cinder-rootwrap /etc/cinder/rootwrap.conf rm -f /opt/stack/data/cinder/mnt/b815ea3fed0eb909e0c3282903bb3b28/volume-e61dfab4-1d3a-4fa6-aab4-24637de4e2da.02180814-db42-4630-aabd-ead66826da0d
Jun 24 18:41:45 devstack sudo[97496]: pam_unix(sudo:session): session opened for user root(uid=0) by (uid=1000)
Jun 24 18:41:46 devstack sudo[97496]: pam_unix(sudo:session): session closed for user root
Jun 24 18:41:46 devstack cinder-volume[93492]: DEBUG oslo_concurrency.processutils [None req-e17e1804-89f0-4e44-bf58-1a509ced0b9c tempest-GroupsV314Test-927262083 None] CMD "sudo cinder-rootwrap /etc/cinder/rootwrap.conf rm -f /opt/stack/data/cinder/mnt/b815ea3fed0eb909e0c3282903bb3b28/volume-e61dfab4-1d3a-4fa6-aab4-24637de4e2da.02180814-db42-4630-aabd-ead66826da0d" returned: 0 in 0.669s {{(pid=93492) execute /opt/stack/data/venv/lib/python3.12/site-packages/oslo_concurrency/processutils.py:468}}
Jun 24 18:41:46 devstack cinder-volume[93492]: DEBUG cinder.coordination [None req-e17e1804-89f0-4e44-bf58-1a509ced0b9c tempest-GroupsV314Test-927262083 None] Lock "cinder-quobyte-02180814-db42-4630-aabd-ead66826da0d" released by "_delete_snapshot" :: held 3.245s {{(pid=93492) __release /opt/stack/cinder/cinder/coordination.py:152}}
Jun 24 18:41:46 devstack cinder-volume[93492]: DEBUG oslo_concurrency.lockutils [None req-e17e1804-89f0-4e44-bf58-1a509ced0b9c tempest-GroupsV314Test-927262083 None] Lock "quobyte" "released" by "cinder.volume.drivers.quobyte.QuobyteDriver.create_cloned_volume" :: held 21.727s {{(pid=93492) inner /opt/stack/data/venv/lib/python3.12/site-packages/oslo_concurrency/lockutils.py:543}}
Jun 24 18:41:46 devstack cinder-volume[93492]: DEBUG oslo_concurrency.lockutils [None req-9fce4e78-f991-440a-bf4a-2dedbb265990 tempest-VolumeQuotasAdminTestJSON-1321527674 None] Lock "quobyte" acquired by "cinder.volume.drivers.quobyte.QuobyteDriver.create_volume" :: waited 15.527s {{(pid=93492) inner /opt/stack/data/venv/lib/python3.12/site-packages/oslo_concurrency/lockutils.py:524}}
Jun 24 18:41:46 devstack cinder-volume[93492]: DEBUG cinder.volume.drivers.quobyte [None req-9fce4e78-f991-440a-bf4a-2dedbb265990 tempest-VolumeQuotasAdminTestJSON-1321527674 None] ==> create_volume: call "{'self': , 'volume': Volume(_name_id=None,admin_metadata=,attach_status='detached',availability_zone='nova',bootable=False,cluster=,cluster_name=None,consistencygroup=,consistencygroup_id=None,created_at=2026-06-24T16:41:30Z,deleted=False,deleted_at=None,display_description=None,display_name='tempest-VolumeQuotasAdminTestJSON-Volume-1998135159',ec2_id=None,encryption_key_id=None,glance_metadata=,group=,group_id=None,host='devstack@QuobyteHD#QuobyteHD',id=8340efa7-1d16-46c7-9982-41abf1cf7934,launched_at=None,metadata={},migration_status=None,multiattach=False,previous_status=None,project_id='63674a4afcf6460cb321b4ec70036f26',provider_auth=None,provider_geometry=None,provider_id=None,provider_location=None,replication_driver_data=None,replication_extended_status=None,replication_status=None,scheduled_at=2026-06-24T16:41:30Z,service_uuid=None,shared_targets=True,size=1,snapshot_id=None,snapshots=,source_volid=None,status='creating',terminated_at=None,updated_at=2026-06-24T16:41:30Z,use_quota=True,user_id='bdd0b0f61e044c13b40a813d90dabc9d',volume_attachment=VolumeAttachmentList,volume_type=VolumeType(c8505bd9-cbe4-4d2a-90fe-bd7e5f02bbaa),volume_type_id=c8505bd9-cbe4-4d2a-90fe-bd7e5f02bbaa)}" {{(pid=93492) trace_logging_wrapper /opt/stack/cinder/cinder/volume/volume_utils.py:1497}}
Jun 24 18:41:46 devstack cinder-volume[93492]: DEBUG cinder.volume.drivers.remotefs [None req-9fce4e78-f991-440a-bf4a-2dedbb265990 tempest-VolumeQuotasAdminTestJSON-1321527674 None] Creating volume 8340efa7-1d16-46c7-9982-41abf1cf7934 {{(pid=93492) create_volume /opt/stack/cinder/cinder/volume/drivers/remotefs.py:292}}
Jun 24 18:41:46 devstack cinder-volume[93492]: DEBUG oslo_concurrency.lockutils [None req-9fce4e78-f991-440a-bf4a-2dedbb265990 tempest-VolumeQuotasAdminTestJSON-1321527674 None] Acquiring lock "quobyte_ensure" by "cinder.volume.drivers.quobyte.QuobyteDriver._ensure_shares_mounted" {{(pid=93492) inner /opt/stack/data/venv/lib/python3.12/site-packages/oslo_concurrency/lockutils.py:511}}
Jun 24 18:41:46 devstack cinder-volume[93492]: DEBUG oslo_concurrency.lockutils [None req-9fce4e78-f991-440a-bf4a-2dedbb265990 tempest-VolumeQuotasAdminTestJSON-1321527674 None] Lock "quobyte_ensure" acquired by "cinder.volume.drivers.quobyte.QuobyteDriver._ensure_shares_mounted" :: waited 0.000s {{(pid=93492) inner /opt/stack/data/venv/lib/python3.12/site-packages/oslo_concurrency/lockutils.py:524}}
Jun 24 18:41:46 devstack cinder-volume[93492]: DEBUG cinder.volume.drivers.quobyte [None req-9fce4e78-f991-440a-bf4a-2dedbb265990 tempest-VolumeQuotasAdminTestJSON-1321527674 None] Quobyte Volume URL set to: {'osci02.corp.quobyte.com/cinder-vol-cd188765-5b01-4062-8244-f9e62fb5ea3b': None} {{(pid=93492) _load_shares_config /opt/stack/cinder/cinder/volume/drivers/quobyte.py:617}}
Jun 24 18:41:46 devstack cinder-volume[93492]: DEBUG cinder.volume.drivers.quobyte [None req-9fce4e78-f991-440a-bf4a-2dedbb265990 tempest-VolumeQuotasAdminTestJSON-1321527674 None] Available shares ['osci02.corp.quobyte.com/cinder-vol-cd188765-5b01-4062-8244-f9e62fb5ea3b'] {{(pid=93492) _ensure_shares_mounted /opt/stack/cinder/cinder/volume/drivers/quobyte.py:647}}
Jun 24 18:41:46 devstack cinder-volume[93492]: DEBUG oslo_concurrency.lockutils [None req-9fce4e78-f991-440a-bf4a-2dedbb265990 tempest-VolumeQuotasAdminTestJSON-1321527674 None] Lock "quobyte_ensure" "released" by "cinder.volume.drivers.quobyte.QuobyteDriver._ensure_shares_mounted" :: held 0.006s {{(pid=93492) inner /opt/stack/data/venv/lib/python3.12/site-packages/oslo_concurrency/lockutils.py:543}}
Jun 24 18:41:46 devstack cinder-volume[93492]: DEBUG cinder.volume.drivers.quobyte [None req-9fce4e78-f991-440a-bf4a-2dedbb265990 tempest-VolumeQuotasAdminTestJSON-1321527674 None] Selected osci02.corp.quobyte.com/cinder-vol-cd188765-5b01-4062-8244-f9e62fb5ea3b as target Quobyte volume. {{(pid=93492) _find_share /opt/stack/cinder/cinder/volume/drivers/quobyte.py:668}}
Jun 24 18:41:46 devstack cinder-volume[93492]: INFO cinder.volume.drivers.remotefs [None req-9fce4e78-f991-440a-bf4a-2dedbb265990 tempest-VolumeQuotasAdminTestJSON-1321527674 None] casted to osci02.corp.quobyte.com/cinder-vol-cd188765-5b01-4062-8244-f9e62fb5ea3b
Jun 24 18:41:46 devstack cinder-volume[93492]: DEBUG oslo_concurrency.processutils [None req-9fce4e78-f991-440a-bf4a-2dedbb265990 tempest-VolumeQuotasAdminTestJSON-1321527674 None] Running cmd (subprocess): sudo cinder-rootwrap /etc/cinder/rootwrap.conf qemu-img create -f qcow2 -o preallocation=metadata /opt/stack/data/cinder/mnt/b815ea3fed0eb909e0c3282903bb3b28/volume-8340efa7-1d16-46c7-9982-41abf1cf7934 1073741824 {{(pid=93492) execute /opt/stack/data/venv/lib/python3.12/site-packages/oslo_concurrency/processutils.py:440}}
Jun 24 18:41:46 devstack sudo[97501]: quobyte : PWD=/ ; USER=root ; COMMAND=/opt/stack/data/venv/bin/cinder-rootwrap /etc/cinder/rootwrap.conf qemu-img create -f qcow2 -o preallocation=metadata /opt/stack/data/cinder/mnt/b815ea3fed0eb909e0c3282903bb3b28/volume-8340efa7-1d16-46c7-9982-41abf1cf7934 1073741824
Jun 24 18:41:46 devstack sudo[97501]: pam_unix(sudo:session): session opened for user root(uid=0) by (uid=1000)
Jun 24 18:41:46 devstack cinder-volume[93492]: INFO cinder.volume.manager [None req-e17e1804-89f0-4e44-bf58-1a509ced0b9c tempest-GroupsV314Test-927262083 None] Create group from source-group-5b72608a-f9ad-49a3-87ae-513dbf89ce27 completed successfully.
Jun 24 18:41:47 devstack cinder-volume[93492]: DEBUG cinder.coordination [None req-8aa826bd-c57e-4204-812f-63653bde97c6 tempest-GroupsV314Test-927262083 None] Acquiring lock "cinder-quobyte-27c9ba9c-c014-4c76-9776-7749c865452c" by "delete_volume" {{(pid=93492) __acquire /opt/stack/cinder/cinder/coordination.py:138}}
Jun 24 18:41:47 devstack cinder-volume[93492]: DEBUG cinder.coordination [None req-8aa826bd-c57e-4204-812f-63653bde97c6 tempest-GroupsV314Test-927262083 None] Lock "cinder-quobyte-27c9ba9c-c014-4c76-9776-7749c865452c" acquired by "delete_volume" :: waited 0.018s {{(pid=93492) __acquire /opt/stack/cinder/cinder/coordination.py:141}}
Jun 24 18:41:47 devstack sudo[97501]: pam_unix(sudo:session): session closed for user root
Jun 24 18:41:47 devstack cinder-volume[93492]: DEBUG oslo_concurrency.processutils [None req-9fce4e78-f991-440a-bf4a-2dedbb265990 tempest-VolumeQuotasAdminTestJSON-1321527674 None] CMD "sudo cinder-rootwrap /etc/cinder/rootwrap.conf qemu-img create -f qcow2 -o preallocation=metadata /opt/stack/data/cinder/mnt/b815ea3fed0eb909e0c3282903bb3b28/volume-8340efa7-1d16-46c7-9982-41abf1cf7934 1073741824" returned: 0 in 0.934s {{(pid=93492) execute /opt/stack/data/venv/lib/python3.12/site-packages/oslo_concurrency/processutils.py:468}}
Jun 24 18:41:47 devstack cinder-volume[93492]: DEBUG oslo.privsep.daemon [-] privsep: reply[7d65f156-8ea6-4b65-b96c-45079f12a2d6]: (4, 'qcow2') {{(pid=94477) _call_back /opt/stack/data/venv/lib/python3.12/site-packages/oslo_privsep/daemon.py:580}}
Jun 24 18:41:47 devstack cinder-volume[93492]: DEBUG oslo_concurrency.processutils [None req-8aa826bd-c57e-4204-812f-63653bde97c6 tempest-GroupsV314Test-927262083 None] Running cmd (subprocess): /opt/stack/data/venv/bin/python3.12 -m oslo_concurrency.prlimit --as=1073741824 --cpu=60 -- sudo cinder-rootwrap /etc/cinder/rootwrap.conf env LC_ALL=C qemu-img info -f qcow2 --output=json --force-share /opt/stack/data/cinder/mnt/b815ea3fed0eb909e0c3282903bb3b28/volume-27c9ba9c-c014-4c76-9776-7749c865452c {{(pid=93492) execute /opt/stack/data/venv/lib/python3.12/site-packages/oslo_concurrency/processutils.py:440}}
Jun 24 18:41:47 devstack cinder-volume[93492]: DEBUG oslo_concurrency.processutils [None req-9fce4e78-f991-440a-bf4a-2dedbb265990 tempest-VolumeQuotasAdminTestJSON-1321527674 None] Running cmd (subprocess): sudo cinder-rootwrap /etc/cinder/rootwrap.conf chmod ugo+rw /opt/stack/data/cinder/mnt/b815ea3fed0eb909e0c3282903bb3b28/volume-8340efa7-1d16-46c7-9982-41abf1cf7934 {{(pid=93492) execute /opt/stack/data/venv/lib/python3.12/site-packages/oslo_concurrency/processutils.py:440}}
Jun 24 18:41:47 devstack sudo[97508]: quobyte : PWD=/ ; USER=root ; COMMAND=/opt/stack/data/venv/bin/cinder-rootwrap /etc/cinder/rootwrap.conf chmod ugo+rw /opt/stack/data/cinder/mnt/b815ea3fed0eb909e0c3282903bb3b28/volume-8340efa7-1d16-46c7-9982-41abf1cf7934
Jun 24 18:41:47 devstack sudo[97508]: pam_unix(sudo:session): session opened for user root(uid=0) by (uid=1000)
Jun 24 18:41:47 devstack sudo[97507]: quobyte : PWD=/ ; USER=root ; COMMAND=/opt/stack/data/venv/bin/cinder-rootwrap /etc/cinder/rootwrap.conf env LC_ALL=C qemu-img info -f qcow2 --output=json --force-share /opt/stack/data/cinder/mnt/b815ea3fed0eb909e0c3282903bb3b28/volume-27c9ba9c-c014-4c76-9776-7749c865452c
Jun 24 18:41:47 devstack sudo[97507]: pam_unix(sudo:session): session opened for user root(uid=0) by (uid=1000)
Jun 24 18:41:47 devstack sudo[97508]: pam_unix(sudo:session): session closed for user root
Jun 24 18:41:47 devstack cinder-volume[93492]: DEBUG oslo_concurrency.processutils [None req-9fce4e78-f991-440a-bf4a-2dedbb265990 tempest-VolumeQuotasAdminTestJSON-1321527674 None] CMD "sudo cinder-rootwrap /etc/cinder/rootwrap.conf chmod ugo+rw /opt/stack/data/cinder/mnt/b815ea3fed0eb909e0c3282903bb3b28/volume-8340efa7-1d16-46c7-9982-41abf1cf7934" returned: 0 in 0.672s {{(pid=93492) execute /opt/stack/data/venv/lib/python3.12/site-packages/oslo_concurrency/processutils.py:468}}
Jun 24 18:41:47 devstack cinder-volume[93492]: DEBUG cinder.volume.drivers.quobyte [None req-9fce4e78-f991-440a-bf4a-2dedbb265990 tempest-VolumeQuotasAdminTestJSON-1321527674 None] <== create_volume: return (1667ms) {'provider_location': 'osci02.corp.quobyte.com/cinder-vol-cd188765-5b01-4062-8244-f9e62fb5ea3b'} {{(pid=93492) trace_logging_wrapper /opt/stack/cinder/cinder/volume/volume_utils.py:1522}}
Jun 24 18:41:47 devstack cinder-volume[93492]: DEBUG oslo_concurrency.lockutils [None req-9fce4e78-f991-440a-bf4a-2dedbb265990 tempest-VolumeQuotasAdminTestJSON-1321527674 None] Lock "quobyte" "released" by "cinder.volume.drivers.quobyte.QuobyteDriver.create_volume" :: held 1.669s {{(pid=93492) inner /opt/stack/data/venv/lib/python3.12/site-packages/oslo_concurrency/lockutils.py:543}}
Jun 24 18:41:47 devstack cinder-volume[93492]: DEBUG cinder.volume.manager [None req-9fce4e78-f991-440a-bf4a-2dedbb265990 tempest-VolumeQuotasAdminTestJSON-1321527674 None] Task 'cinder.volume.flows.manager.create_volume.CreateVolumeFromSpecTask;volume:create' (bb010a53-da2a-4dce-9027-afb432cee925) transitioned into state 'SUCCESS' from state 'RUNNING' with result '{'status': 'creating', 'volume_name': 'volume-8340efa7-1d16-46c7-9982-41abf1cf7934', 'volume_size': 1}' {{(pid=93492) _task_receiver /opt/stack/data/venv/lib/python3.12/site-packages/taskflow/listeners/logging.py:218}}
Jun 24 18:41:47 devstack cinder-volume[93492]: DEBUG cinder.volume.manager [None req-9fce4e78-f991-440a-bf4a-2dedbb265990 tempest-VolumeQuotasAdminTestJSON-1321527674 None] Task 'cinder.volume.flows.manager.create_volume.CreateVolumeOnFinishTask;volume:create, create.end' (7033991c-e344-40c7-8c7f-dd9249dd5134) transitioned into state 'RUNNING' from state 'PENDING' {{(pid=93492) _task_receiver /opt/stack/data/venv/lib/python3.12/site-packages/taskflow/listeners/logging.py:242}}
Jun 24 18:41:47 devstack cinder-volume[93492]: DEBUG oslo_service.periodic_task [None req-86a0f2e2-6b41-434b-815f-f2a6d18fe49a None None] Running periodic task VolumeManager.publish_service_capabilities {{(pid=93492) run_periodic_tasks /opt/stack/data/venv/lib/python3.12/site-packages/oslo_service/periodic_task.py:225}}
Jun 24 18:41:47 devstack cinder-volume[93492]: DEBUG oslo_concurrency.lockutils [None req-86a0f2e2-6b41-434b-815f-f2a6d18fe49a None None] Acquiring lock "quobyte_ensure" by "cinder.volume.drivers.quobyte.QuobyteDriver._ensure_shares_mounted" {{(pid=93492) inner /opt/stack/data/venv/lib/python3.12/site-packages/oslo_concurrency/lockutils.py:511}}
Jun 24 18:41:47 devstack cinder-volume[93492]: DEBUG oslo_concurrency.lockutils [None req-86a0f2e2-6b41-434b-815f-f2a6d18fe49a None None] Lock "quobyte_ensure" acquired by "cinder.volume.drivers.quobyte.QuobyteDriver._ensure_shares_mounted" :: waited 0.000s {{(pid=93492) inner /opt/stack/data/venv/lib/python3.12/site-packages/oslo_concurrency/lockutils.py:524}}
Jun 24 18:41:47 devstack cinder-volume[93492]: DEBUG cinder.volume.drivers.quobyte [None req-86a0f2e2-6b41-434b-815f-f2a6d18fe49a None None] Quobyte Volume URL set to: {'osci02.corp.quobyte.com/cinder-vol-cd188765-5b01-4062-8244-f9e62fb5ea3b': None} {{(pid=93492) _load_shares_config /opt/stack/cinder/cinder/volume/drivers/quobyte.py:617}}
Jun 24 18:41:47 devstack cinder-volume[93492]: DEBUG cinder.volume.drivers.quobyte [None req-86a0f2e2-6b41-434b-815f-f2a6d18fe49a None None] Available shares ['osci02.corp.quobyte.com/cinder-vol-cd188765-5b01-4062-8244-f9e62fb5ea3b'] {{(pid=93492) _ensure_shares_mounted /opt/stack/cinder/cinder/volume/drivers/quobyte.py:647}}
Jun 24 18:41:47 devstack cinder-volume[93492]: DEBUG oslo_concurrency.lockutils [None req-86a0f2e2-6b41-434b-815f-f2a6d18fe49a None None] Lock "quobyte_ensure" "released" by "cinder.volume.drivers.quobyte.QuobyteDriver._ensure_shares_mounted" :: held 0.006s {{(pid=93492) inner /opt/stack/data/venv/lib/python3.12/site-packages/oslo_concurrency/lockutils.py:543}}
Jun 24 18:41:47 devstack cinder-volume[93492]: DEBUG oslo_concurrency.processutils [None req-86a0f2e2-6b41-434b-815f-f2a6d18fe49a None None] Running cmd (subprocess): sudo cinder-rootwrap /etc/cinder/rootwrap.conf df --portability --block-size 1 /opt/stack/data/cinder/mnt/b815ea3fed0eb909e0c3282903bb3b28 {{(pid=93492) execute /opt/stack/data/venv/lib/python3.12/site-packages/oslo_concurrency/processutils.py:440}}
Jun 24 18:41:48 devstack cinder-volume[93492]: INFO cinder.volume.flows.manager.create_volume [None req-9fce4e78-f991-440a-bf4a-2dedbb265990 tempest-VolumeQuotasAdminTestJSON-1321527674 None] Volume volume-8340efa7-1d16-46c7-9982-41abf1cf7934 (8340efa7-1d16-46c7-9982-41abf1cf7934): created successfully
Jun 24 18:41:48 devstack cinder-volume[93492]: DEBUG cinder.volume.manager [None req-9fce4e78-f991-440a-bf4a-2dedbb265990 tempest-VolumeQuotasAdminTestJSON-1321527674 None] Task 'cinder.volume.flows.manager.create_volume.CreateVolumeOnFinishTask;volume:create, create.end' (7033991c-e344-40c7-8c7f-dd9249dd5134) transitioned into state 'SUCCESS' from state 'RUNNING' with result 'None' {{(pid=93492) _task_receiver /opt/stack/data/venv/lib/python3.12/site-packages/taskflow/listeners/logging.py:218}}
Jun 24 18:41:48 devstack sudo[97515]: quobyte : PWD=/ ; USER=root ; COMMAND=/opt/stack/data/venv/bin/cinder-rootwrap /etc/cinder/rootwrap.conf df --portability --block-size 1 /opt/stack/data/cinder/mnt/b815ea3fed0eb909e0c3282903bb3b28
Jun 24 18:41:48 devstack sudo[97515]: pam_unix(sudo:session): session opened for user root(uid=0) by (uid=1000)
Jun 24 18:41:48 devstack cinder-volume[93492]: DEBUG cinder.volume.manager [None req-9fce4e78-f991-440a-bf4a-2dedbb265990 tempest-VolumeQuotasAdminTestJSON-1321527674 None] Flow 'volume_create_manager' (e18ad8ba-c1a3-417a-820d-56cff7663f1e) transitioned into state 'SUCCESS' from state 'RUNNING' {{(pid=93492) _flow_receiver /opt/stack/data/venv/lib/python3.12/site-packages/taskflow/listeners/logging.py:160}}
Jun 24 18:41:48 devstack sudo[97507]: pam_unix(sudo:session): session closed for user root
Jun 24 18:41:48 devstack cinder-volume[93492]: DEBUG oslo_concurrency.processutils [None req-8aa826bd-c57e-4204-812f-63653bde97c6 tempest-GroupsV314Test-927262083 None] CMD "/opt/stack/data/venv/bin/python3.12 -m oslo_concurrency.prlimit --as=1073741824 --cpu=60 -- sudo cinder-rootwrap /etc/cinder/rootwrap.conf env LC_ALL=C qemu-img info -f qcow2 --output=json --force-share /opt/stack/data/cinder/mnt/b815ea3fed0eb909e0c3282903bb3b28/volume-27c9ba9c-c014-4c76-9776-7749c865452c" returned: 0 in 0.800s {{(pid=93492) execute /opt/stack/data/venv/lib/python3.12/site-packages/oslo_concurrency/processutils.py:468}}
Jun 24 18:41:48 devstack cinder-volume[93492]: DEBUG oslo_concurrency.processutils [None req-8aa826bd-c57e-4204-812f-63653bde97c6 tempest-GroupsV314Test-927262083 None] Running cmd (subprocess): sudo cinder-rootwrap /etc/cinder/rootwrap.conf rm -f /opt/stack/data/cinder/mnt/b815ea3fed0eb909e0c3282903bb3b28/volume-27c9ba9c-c014-4c76-9776-7749c865452c {{(pid=93492) execute /opt/stack/data/venv/lib/python3.12/site-packages/oslo_concurrency/processutils.py:440}}
Jun 24 18:41:48 devstack cinder-volume[93492]: INFO cinder.volume.manager [None req-9fce4e78-f991-440a-bf4a-2dedbb265990 tempest-VolumeQuotasAdminTestJSON-1321527674 None] Created volume successfully.
Jun 24 18:41:48 devstack sudo[97517]: quobyte : PWD=/ ; USER=root ; COMMAND=/opt/stack/data/venv/bin/cinder-rootwrap /etc/cinder/rootwrap.conf rm -f /opt/stack/data/cinder/mnt/b815ea3fed0eb909e0c3282903bb3b28/volume-27c9ba9c-c014-4c76-9776-7749c865452c
Jun 24 18:41:48 devstack sudo[97517]: pam_unix(sudo:session): session opened for user root(uid=0) by (uid=1000)
Jun 24 18:41:48 devstack sudo[97515]: pam_unix(sudo:session): session closed for user root
Jun 24 18:41:48 devstack cinder-volume[93492]: DEBUG oslo_concurrency.processutils [None req-86a0f2e2-6b41-434b-815f-f2a6d18fe49a None None] CMD "sudo cinder-rootwrap /etc/cinder/rootwrap.conf df --portability --block-size 1 /opt/stack/data/cinder/mnt/b815ea3fed0eb909e0c3282903bb3b28" returned: 0 in 0.855s {{(pid=93492) execute /opt/stack/data/venv/lib/python3.12/site-packages/oslo_concurrency/processutils.py:468}}
Jun 24 18:41:48 devstack cinder-volume[93492]: DEBUG cinder.manager [None req-86a0f2e2-6b41-434b-815f-f2a6d18fe49a None None] Notifying Schedulers of capabilities ... {{(pid=93492) _publish_service_capabilities /opt/stack/cinder/cinder/manager.py:219}}
Jun 24 18:41:48 devstack cinder-volume[93492]: DEBUG oslo_service.periodic_task [None req-86a0f2e2-6b41-434b-815f-f2a6d18fe49a None None] Running periodic task VolumeManager._thread_info {{(pid=93492) run_periodic_tasks /opt/stack/data/venv/lib/python3.12/site-packages/oslo_service/periodic_task.py:225}}
Jun 24 18:41:48 devstack cinder-volume[93492]: DEBUG cinder.volume.manager [None req-86a0f2e2-6b41-434b-815f-f2a6d18fe49a None None] thread count: 8 {{(pid=93492) _thread_info /opt/stack/cinder/cinder/volume/manager.py:5472}}
Jun 24 18:41:48 devstack cinder-volume[93492]: DEBUG cinder.volume.manager [None req-86a0f2e2-6b41-434b-815f-f2a6d18fe49a None None] thread info: [<_MainThread(MainThread, started 132418965860480)>, , , , , , , ] {{(pid=93492) _thread_info /opt/stack/cinder/cinder/volume/manager.py:5473}}
Jun 24 18:41:48 devstack sudo[97517]: pam_unix(sudo:session): session closed for user root
