Jan 21 16:31:31 devstack cinder-volume[82850]: DEBUG oslo_concurrency.processutils [None req-ae87ab97-37fa-482d-bfef-71ab265c77d5 tempest-SnapshotsActionsTest-83176550 None] CMD "/opt/stack/data/venv/bin/python3.10 -m oslo_concurrency.prlimit --as=1073741824 --cpu=60 -- sudo cinder-rootwrap /etc/cinder/rootwrap.conf env LC_ALL=C qemu-img info -f qcow2 --output=json --force-share /opt/stack/data/cinder/mnt/51c4cbae2cb1e4ac76f0d328f2134983/volume-5a659bf8-8340-4336-9dfe-0581c1d05ef7.13fcba32-ebe3-41ea-a674-56f3116d9434" returned: 0 in 1.032s {{(pid=82850) execute /opt/stack/data/venv/lib/python3.10/site-packages/oslo_concurrency/processutils.py:372}}
Jan 21 16:31:31 devstack cinder-volume[82850]: DEBUG cinder.volume.drivers.remotefs [None req-ae87ab97-37fa-482d-bfef-71ab265c77d5 tempest-SnapshotsActionsTest-83176550 None] Fetching qemu-img info with special backing_file_template: (/opt/stack/data/cinder/mnt/[0-9a-f]+/)?(volume-5a659bf8-8340-4336-9dfe-0581c1d05ef7(.(tmp-snap-)?[0-9a-f-]+)?|volume_from_snapshot_cache/(tmp-snap-)?[0-9a-f-]+(.(child-|parent-)[0-9a-f-]+)?)$ {{(pid=82850) _qemu_img_info_base /opt/stack/cinder/cinder/volume/drivers/remotefs.py:898}}
Jan 21 16:31:31 devstack cinder-volume[82850]: DEBUG oslo.privsep.daemon [-] privsep: reply[d4ae8618-0590-4f92-bfb1-2a000fa5b758]: (4, 'qcow2') {{(pid=84035) _call_back /opt/stack/data/venv/lib/python3.10/site-packages/oslo_privsep/daemon.py:515}}
Jan 21 16:31:31 devstack cinder-volume[82850]: DEBUG oslo_concurrency.processutils [None req-ae87ab97-37fa-482d-bfef-71ab265c77d5 tempest-SnapshotsActionsTest-83176550 None] Running cmd (subprocess): /opt/stack/data/venv/bin/python3.10 -m oslo_concurrency.prlimit --as=1073741824 --cpu=60 -- sudo cinder-rootwrap /etc/cinder/rootwrap.conf env LC_ALL=C qemu-img info -f qcow2 --output=json --force-share /opt/stack/data/cinder/mnt/51c4cbae2cb1e4ac76f0d328f2134983/volume-5a659bf8-8340-4336-9dfe-0581c1d05ef7.8aca25ab-838b-4564-8aea-19f169358cf4 {{(pid=82850) execute /opt/stack/data/venv/lib/python3.10/site-packages/oslo_concurrency/processutils.py:349}}
Jan 21 16:31:31 devstack sudo[88778]: quobyte : PWD=/ ; USER=root ; COMMAND=/opt/stack/data/venv/bin/cinder-rootwrap /etc/cinder/rootwrap.conf env LC_ALL=C qemu-img info -f qcow2 --output=json --force-share /opt/stack/data/cinder/mnt/51c4cbae2cb1e4ac76f0d328f2134983/volume-5a659bf8-8340-4336-9dfe-0581c1d05ef7.8aca25ab-838b-4564-8aea-19f169358cf4
Jan 21 16:31:31 devstack sudo[88778]: pam_unix(sudo:session): session opened for user root(uid=0) by (uid=1000)
Jan 21 16:31:32 devstack sudo[88778]: pam_unix(sudo:session): session closed for user root
Jan 21 16:31:32 devstack cinder-volume[82850]: DEBUG oslo_concurrency.processutils [None req-ae87ab97-37fa-482d-bfef-71ab265c77d5 tempest-SnapshotsActionsTest-83176550 None] CMD "/opt/stack/data/venv/bin/python3.10 -m oslo_concurrency.prlimit --as=1073741824 --cpu=60 -- sudo cinder-rootwrap /etc/cinder/rootwrap.conf env LC_ALL=C qemu-img info -f qcow2 --output=json --force-share /opt/stack/data/cinder/mnt/51c4cbae2cb1e4ac76f0d328f2134983/volume-5a659bf8-8340-4336-9dfe-0581c1d05ef7.8aca25ab-838b-4564-8aea-19f169358cf4" returned: 0 in 1.202s {{(pid=82850) execute /opt/stack/data/venv/lib/python3.10/site-packages/oslo_concurrency/processutils.py:372}}
Jan 21 16:31:32 devstack cinder-volume[82850]: DEBUG cinder.volume.drivers.remotefs [None req-ae87ab97-37fa-482d-bfef-71ab265c77d5 tempest-SnapshotsActionsTest-83176550 None] Fetching qemu-img info with special backing_file_template: (/opt/stack/data/cinder/mnt/[0-9a-f]+/)?(volume-5a659bf8-8340-4336-9dfe-0581c1d05ef7(.(tmp-snap-)?[0-9a-f-]+)?|volume_from_snapshot_cache/(tmp-snap-)?[0-9a-f-]+(.(child-|parent-)[0-9a-f-]+)?)$ {{(pid=82850) _qemu_img_info_base /opt/stack/cinder/cinder/volume/drivers/remotefs.py:898}}
Jan 21 16:31:32 devstack cinder-volume[82850]: DEBUG oslo_concurrency.processutils [None req-ae87ab97-37fa-482d-bfef-71ab265c77d5 tempest-SnapshotsActionsTest-83176550 None] Running cmd (subprocess): sudo cinder-rootwrap /etc/cinder/rootwrap.conf qemu-img commit -d /opt/stack/data/cinder/mnt/51c4cbae2cb1e4ac76f0d328f2134983/volume-5a659bf8-8340-4336-9dfe-0581c1d05ef7.13fcba32-ebe3-41ea-a674-56f3116d9434 {{(pid=82850) execute /opt/stack/data/venv/lib/python3.10/site-packages/oslo_concurrency/processutils.py:349}}
Jan 21 16:31:32 devstack sudo[88783]: quobyte : PWD=/ ; USER=root ; COMMAND=/opt/stack/data/venv/bin/cinder-rootwrap /etc/cinder/rootwrap.conf qemu-img commit -d /opt/stack/data/cinder/mnt/51c4cbae2cb1e4ac76f0d328f2134983/volume-5a659bf8-8340-4336-9dfe-0581c1d05ef7.13fcba32-ebe3-41ea-a674-56f3116d9434
Jan 21 16:31:32 devstack sudo[88783]: pam_unix(sudo:session): session opened for user root(uid=0) by (uid=1000)
Jan 21 16:31:34 devstack sudo[88783]: pam_unix(sudo:session): session closed for user root
Jan 21 16:31:34 devstack cinder-volume[82850]: DEBUG oslo_concurrency.processutils [None req-ae87ab97-37fa-482d-bfef-71ab265c77d5 tempest-SnapshotsActionsTest-83176550 None] CMD "sudo cinder-rootwrap /etc/cinder/rootwrap.conf qemu-img commit -d /opt/stack/data/cinder/mnt/51c4cbae2cb1e4ac76f0d328f2134983/volume-5a659bf8-8340-4336-9dfe-0581c1d05ef7.13fcba32-ebe3-41ea-a674-56f3116d9434" returned: 0 in 1.243s {{(pid=82850) execute /opt/stack/data/venv/lib/python3.10/site-packages/oslo_concurrency/processutils.py:372}}
Jan 21 16:31:34 devstack cinder-volume[82850]: DEBUG oslo_concurrency.processutils [None req-ae87ab97-37fa-482d-bfef-71ab265c77d5 tempest-SnapshotsActionsTest-83176550 None] Running cmd (subprocess): sudo cinder-rootwrap /etc/cinder/rootwrap.conf rm -f /opt/stack/data/cinder/mnt/51c4cbae2cb1e4ac76f0d328f2134983/volume-5a659bf8-8340-4336-9dfe-0581c1d05ef7.13fcba32-ebe3-41ea-a674-56f3116d9434 {{(pid=82850) execute /opt/stack/data/venv/lib/python3.10/site-packages/oslo_concurrency/processutils.py:349}}
Jan 21 16:31:34 devstack sudo[88789]: quobyte : PWD=/ ; USER=root ; COMMAND=/opt/stack/data/venv/bin/cinder-rootwrap /etc/cinder/rootwrap.conf rm -f /opt/stack/data/cinder/mnt/51c4cbae2cb1e4ac76f0d328f2134983/volume-5a659bf8-8340-4336-9dfe-0581c1d05ef7.13fcba32-ebe3-41ea-a674-56f3116d9434
Jan 21 16:31:34 devstack sudo[88789]: pam_unix(sudo:session): session opened for user root(uid=0) by (uid=1000)
Jan 21 16:31:34 devstack sudo[88789]: pam_unix(sudo:session): session closed for user root
Jan 21 16:31:34 devstack cinder-volume[82850]: DEBUG oslo_concurrency.processutils [None req-ae87ab97-37fa-482d-bfef-71ab265c77d5 tempest-SnapshotsActionsTest-83176550 None] CMD "sudo cinder-rootwrap /etc/cinder/rootwrap.conf rm -f /opt/stack/data/cinder/mnt/51c4cbae2cb1e4ac76f0d328f2134983/volume-5a659bf8-8340-4336-9dfe-0581c1d05ef7.13fcba32-ebe3-41ea-a674-56f3116d9434" returned: 0 in 0.583s {{(pid=82850) execute /opt/stack/data/venv/lib/python3.10/site-packages/oslo_concurrency/processutils.py:372}}
Jan 21 16:31:34 devstack cinder-volume[82850]: DEBUG cinder.coordination [None req-ae87ab97-37fa-482d-bfef-71ab265c77d5 tempest-SnapshotsActionsTest-83176550 None] Lock "cinder-quobyte-13fcba32-ebe3-41ea-a674-56f3116d9434" released by "_delete_snapshot" :: held 4.348s {{(pid=82850) __release /opt/stack/cinder/cinder/coordination.py:157}}
Jan 21 16:31:34 devstack cinder-volume[82850]: DEBUG cinder.coordination [None req-ae87ab97-37fa-482d-bfef-71ab265c77d5 tempest-SnapshotsActionsTest-83176550 None] Lock "cinder-quobyte-5a659bf8-8340-4336-9dfe-0581c1d05ef7" released by "delete_snapshot" :: held 4.366s {{(pid=82850) __release /opt/stack/cinder/cinder/coordination.py:157}}
Jan 21 16:31:34 devstack cinder-volume[82850]: DEBUG cinder.quota [None req-ae87ab97-37fa-482d-bfef-71ab265c77d5 tempest-SnapshotsActionsTest-83176550 None] Created reservations ['1583174a-1e57-42b8-9f55-355efe9faee7', '72141abf-ceaa-4e9e-92f1-3cb8e5514d84', 'e57a3fde-16e9-4f29-a797-224873f57504', '75526317-9343-49d7-b777-15e0861a0bdc'] {{(pid=82850) reserve /opt/stack/cinder/cinder/quota.py:752}}
Jan 21 16:31:34 devstack cinder-volume[82850]: INFO cinder.volume.manager [None req-ae87ab97-37fa-482d-bfef-71ab265c77d5 tempest-SnapshotsActionsTest-83176550 None] Delete snapshot completed successfully.
Jan 21 16:31:34 devstack cinder-volume[82850]: DEBUG cinder.coordination [None req-ae87ab97-37fa-482d-bfef-71ab265c77d5 tempest-SnapshotsActionsTest-83176550 None] Lock "cinder-13fcba32-ebe3-41ea-a674-56f3116d9434-delete_snapshot" released by "delete_snapshot" :: held 4.561s {{(pid=82850) __release /opt/stack/cinder/cinder/coordination.py:157}}
Jan 21 16:31:36 devstack cinder-volume[82850]: WARNING cinder.volume.volume_utils [None req-b64e1d31-1038-4029-b468-a58406e1fd9a tempest-SnapshotsActionsTest-2103671308 None] Volume driver (QuobyteDriver 1.1.13) is currently unsupported and may be removed in the next release of OpenStack. Use at your own risk.
Jan 21 16:31:36 devstack cinder-volume[82850]: DEBUG oslo_concurrency.lockutils [None req-b64e1d31-1038-4029-b468-a58406e1fd9a tempest-SnapshotsActionsTest-2103671308 None] Acquiring lock "quobyte" by "cinder.volume.drivers.quobyte.QuobyteDriver.create_snapshot" {{(pid=82850) inner /opt/stack/data/venv/lib/python3.10/site-packages/oslo_concurrency/lockutils.py:405}}
Jan 21 16:31:36 devstack cinder-volume[82850]: DEBUG oslo_concurrency.lockutils [None req-b64e1d31-1038-4029-b468-a58406e1fd9a tempest-SnapshotsActionsTest-2103671308 None] Lock "quobyte" acquired by "cinder.volume.drivers.quobyte.QuobyteDriver.create_snapshot" :: waited 0.001s {{(pid=82850) inner /opt/stack/data/venv/lib/python3.10/site-packages/oslo_concurrency/lockutils.py:410}}
Jan 21 16:31:36 devstack cinder-volume[82850]: DEBUG cinder.volume.drivers.remotefs [None req-b64e1d31-1038-4029-b468-a58406e1fd9a tempest-SnapshotsActionsTest-2103671308 None] Creating offline snapshot 7e8e068d-8cc4-42d6-830b-a5dbfde30873 of volume 5a659bf8-8340-4336-9dfe-0581c1d05ef7 {{(pid=82850) _create_snapshot /opt/stack/cinder/cinder/volume/drivers/remotefs.py:1817}}
Jan 21 16:31:36 devstack cinder-volume[82850]: DEBUG oslo.privsep.daemon [-] privsep: reply[31ee240e-99d9-4ed8-91d4-82415ae4b585]: (4, 'qcow2') {{(pid=84035) _call_back /opt/stack/data/venv/lib/python3.10/site-packages/oslo_privsep/daemon.py:515}}
Jan 21 16:31:36 devstack cinder-volume[82850]: DEBUG oslo_concurrency.processutils [None req-b64e1d31-1038-4029-b468-a58406e1fd9a tempest-SnapshotsActionsTest-2103671308 None] Running cmd (subprocess): /opt/stack/data/venv/bin/python3.10 -m oslo_concurrency.prlimit --as=1073741824 --cpu=60 -- sudo cinder-rootwrap /etc/cinder/rootwrap.conf env LC_ALL=C qemu-img info -f qcow2 --output=json --force-share /opt/stack/data/cinder/mnt/51c4cbae2cb1e4ac76f0d328f2134983/volume-5a659bf8-8340-4336-9dfe-0581c1d05ef7.8aca25ab-838b-4564-8aea-19f169358cf4 {{(pid=82850) execute /opt/stack/data/venv/lib/python3.10/site-packages/oslo_concurrency/processutils.py:349}}
Jan 21 16:31:36 devstack sudo[88859]: quobyte : PWD=/ ; USER=root ; COMMAND=/opt/stack/data/venv/bin/cinder-rootwrap /etc/cinder/rootwrap.conf env LC_ALL=C qemu-img info -f qcow2 --output=json --force-share /opt/stack/data/cinder/mnt/51c4cbae2cb1e4ac76f0d328f2134983/volume-5a659bf8-8340-4336-9dfe-0581c1d05ef7.8aca25ab-838b-4564-8aea-19f169358cf4
Jan 21 16:31:36 devstack sudo[88859]: pam_unix(sudo:session): session opened for user root(uid=0) by (uid=1000)
Jan 21 16:31:37 devstack sudo[88859]: pam_unix(sudo:session): session closed for user root
Jan 21 16:31:37 devstack cinder-volume[82850]: DEBUG oslo_concurrency.processutils [None req-b64e1d31-1038-4029-b468-a58406e1fd9a tempest-SnapshotsActionsTest-2103671308 None] CMD "/opt/stack/data/venv/bin/python3.10 -m oslo_concurrency.prlimit --as=1073741824 --cpu=60 -- sudo cinder-rootwrap /etc/cinder/rootwrap.conf env LC_ALL=C qemu-img info -f qcow2 --output=json --force-share /opt/stack/data/cinder/mnt/51c4cbae2cb1e4ac76f0d328f2134983/volume-5a659bf8-8340-4336-9dfe-0581c1d05ef7.8aca25ab-838b-4564-8aea-19f169358cf4" returned: 0 in 0.791s {{(pid=82850) execute /opt/stack/data/venv/lib/python3.10/site-packages/oslo_concurrency/processutils.py:372}}
Jan 21 16:31:37 devstack cinder-volume[82850]: DEBUG cinder.volume.drivers.remotefs [None req-b64e1d31-1038-4029-b468-a58406e1fd9a tempest-SnapshotsActionsTest-2103671308 None] Fetching qemu-img info with special backing_file_template: (/opt/stack/data/cinder/mnt/[0-9a-f]+/)?(volume-5a659bf8-8340-4336-9dfe-0581c1d05ef7(.(tmp-snap-)?[0-9a-f-]+)?|volume_from_snapshot_cache/(tmp-snap-)?[0-9a-f-]+(.(child-|parent-)[0-9a-f-]+)?)$ {{(pid=82850) _qemu_img_info_base /opt/stack/cinder/cinder/volume/drivers/remotefs.py:898}}
Jan 21 16:31:37 devstack cinder-volume[82850]: DEBUG oslo_concurrency.processutils [None req-b64e1d31-1038-4029-b468-a58406e1fd9a tempest-SnapshotsActionsTest-2103671308 None] Running cmd (subprocess): sudo cinder-rootwrap /etc/cinder/rootwrap.conf qemu-img create -f qcow2 -o backing_file=/opt/stack/data/cinder/mnt/51c4cbae2cb1e4ac76f0d328f2134983/volume-5a659bf8-8340-4336-9dfe-0581c1d05ef7.8aca25ab-838b-4564-8aea-19f169358cf4,backing_fmt=qcow2 /opt/stack/data/cinder/mnt/51c4cbae2cb1e4ac76f0d328f2134983/volume-5a659bf8-8340-4336-9dfe-0581c1d05ef7.7e8e068d-8cc4-42d6-830b-a5dbfde30873 1G {{(pid=82850) execute /opt/stack/data/venv/lib/python3.10/site-packages/oslo_concurrency/processutils.py:349}}
Jan 21 16:31:37 devstack sudo[88866]: quobyte : PWD=/ ; USER=root ; COMMAND=/opt/stack/data/venv/bin/cinder-rootwrap /etc/cinder/rootwrap.conf qemu-img create -f qcow2 -o backing_file=/opt/stack/data/cinder/mnt/51c4cbae2cb1e4ac76f0d328f2134983/volume-5a659bf8-8340-4336-9dfe-0581c1d05ef7.8aca25ab-838b-4564-8aea-19f169358cf4,backing_fmt=qcow2 /opt/stack/data/cinder/mnt/51c4cbae2cb1e4ac76f0d328f2134983/volume-5a659bf8-8340-4336-9dfe-0581c1d05ef7.7e8e068d-8cc4-42d6-830b-a5dbfde30873 1G
Jan 21 16:31:37 devstack sudo[88866]: pam_unix(sudo:session): session opened for user root(uid=0) by (uid=1000)
Jan 21 16:31:38 devstack sudo[88866]: pam_unix(sudo:session): session closed for user root
Jan 21 16:31:38 devstack cinder-volume[82850]: DEBUG oslo_concurrency.processutils [None req-b64e1d31-1038-4029-b468-a58406e1fd9a tempest-SnapshotsActionsTest-2103671308 None] CMD "sudo cinder-rootwrap /etc/cinder/rootwrap.conf qemu-img create -f qcow2 -o backing_file=/opt/stack/data/cinder/mnt/51c4cbae2cb1e4ac76f0d328f2134983/volume-5a659bf8-8340-4336-9dfe-0581c1d05ef7.8aca25ab-838b-4564-8aea-19f169358cf4,backing_fmt=qcow2 /opt/stack/data/cinder/mnt/51c4cbae2cb1e4ac76f0d328f2134983/volume-5a659bf8-8340-4336-9dfe-0581c1d05ef7.7e8e068d-8cc4-42d6-830b-a5dbfde30873 1G" returned: 0 in 0.985s {{(pid=82850) execute /opt/stack/data/venv/lib/python3.10/site-packages/oslo_concurrency/processutils.py:372}}
Jan 21 16:31:38 devstack cinder-volume[82850]: DEBUG oslo_concurrency.processutils [None req-b64e1d31-1038-4029-b468-a58406e1fd9a tempest-SnapshotsActionsTest-2103671308 None] Running cmd (subprocess): sudo cinder-rootwrap /etc/cinder/rootwrap.conf qemu-img rebase -u -b volume-5a659bf8-8340-4336-9dfe-0581c1d05ef7.8aca25ab-838b-4564-8aea-19f169358cf4 -F qcow2 /opt/stack/data/cinder/mnt/51c4cbae2cb1e4ac76f0d328f2134983/volume-5a659bf8-8340-4336-9dfe-0581c1d05ef7.7e8e068d-8cc4-42d6-830b-a5dbfde30873 {{(pid=82850) execute /opt/stack/data/venv/lib/python3.10/site-packages/oslo_concurrency/processutils.py:349}}
Jan 21 16:31:38 devstack sudo[88871]: quobyte : PWD=/ ; USER=root ; COMMAND=/opt/stack/data/venv/bin/cinder-rootwrap /etc/cinder/rootwrap.conf qemu-img rebase -u -b volume-5a659bf8-8340-4336-9dfe-0581c1d05ef7.8aca25ab-838b-4564-8aea-19f169358cf4 -F qcow2 /opt/stack/data/cinder/mnt/51c4cbae2cb1e4ac76f0d328f2134983/volume-5a659bf8-8340-4336-9dfe-0581c1d05ef7.7e8e068d-8cc4-42d6-830b-a5dbfde30873
Jan 21 16:31:38 devstack sudo[88871]: pam_unix(sudo:session): session opened for user root(uid=0) by (uid=1000)
Jan 21 16:31:38 devstack sudo[88871]: pam_unix(sudo:session): session closed for user root
Jan 21 16:31:38 devstack cinder-volume[82850]: DEBUG oslo_concurrency.processutils [None req-b64e1d31-1038-4029-b468-a58406e1fd9a tempest-SnapshotsActionsTest-2103671308 None] CMD "sudo cinder-rootwrap /etc/cinder/rootwrap.conf qemu-img rebase -u -b volume-5a659bf8-8340-4336-9dfe-0581c1d05ef7.8aca25ab-838b-4564-8aea-19f169358cf4 -F qcow2 /opt/stack/data/cinder/mnt/51c4cbae2cb1e4ac76f0d328f2134983/volume-5a659bf8-8340-4336-9dfe-0581c1d05ef7.7e8e068d-8cc4-42d6-830b-a5dbfde30873" returned: 0 in 0.691s {{(pid=82850) execute /opt/stack/data/venv/lib/python3.10/site-packages/oslo_concurrency/processutils.py:372}}
Jan 21 16:31:38 devstack cinder-volume[82850]: WARNING cinder.volume.drivers.remotefs [None req-b64e1d31-1038-4029-b468-a58406e1fd9a tempest-SnapshotsActionsTest-2103671308 None] /opt/stack/data/cinder/mnt/51c4cbae2cb1e4ac76f0d328f2134983/volume-5a659bf8-8340-4336-9dfe-0581c1d05ef7.7e8e068d-8cc4-42d6-830b-a5dbfde30873 is being set with open permissions: ugo+rw
Jan 21 16:31:38 devstack cinder-volume[82850]: DEBUG oslo_concurrency.processutils [None req-b64e1d31-1038-4029-b468-a58406e1fd9a tempest-SnapshotsActionsTest-2103671308 None] Running cmd (subprocess): sudo cinder-rootwrap /etc/cinder/rootwrap.conf chmod ugo+rw /opt/stack/data/cinder/mnt/51c4cbae2cb1e4ac76f0d328f2134983/volume-5a659bf8-8340-4336-9dfe-0581c1d05ef7.7e8e068d-8cc4-42d6-830b-a5dbfde30873 {{(pid=82850) execute /opt/stack/data/venv/lib/python3.10/site-packages/oslo_concurrency/processutils.py:349}}
Jan 21 16:31:38 devstack sudo[88934]: quobyte : PWD=/ ; USER=root ; COMMAND=/opt/stack/data/venv/bin/cinder-rootwrap /etc/cinder/rootwrap.conf chmod ugo+rw /opt/stack/data/cinder/mnt/51c4cbae2cb1e4ac76f0d328f2134983/volume-5a659bf8-8340-4336-9dfe-0581c1d05ef7.7e8e068d-8cc4-42d6-830b-a5dbfde30873
Jan 21 16:31:38 devstack sudo[88934]: pam_unix(sudo:session): session opened for user root(uid=0) by (uid=1000)
Jan 21 16:31:39 devstack sudo[88934]: pam_unix(sudo:session): session closed for user root
Jan 21 16:31:39 devstack cinder-volume[82850]: DEBUG oslo_concurrency.processutils [None req-b64e1d31-1038-4029-b468-a58406e1fd9a tempest-SnapshotsActionsTest-2103671308 None] CMD "sudo cinder-rootwrap /etc/cinder/rootwrap.conf chmod ugo+rw /opt/stack/data/cinder/mnt/51c4cbae2cb1e4ac76f0d328f2134983/volume-5a659bf8-8340-4336-9dfe-0581c1d05ef7.7e8e068d-8cc4-42d6-830b-a5dbfde30873" returned: 0 in 0.588s {{(pid=82850) execute /opt/stack/data/venv/lib/python3.10/site-packages/oslo_concurrency/processutils.py:372}}
Jan 21 16:31:39 devstack cinder-volume[82850]: DEBUG oslo_concurrency.lockutils [None req-b64e1d31-1038-4029-b468-a58406e1fd9a tempest-SnapshotsActionsTest-2103671308 None] Lock "quobyte" "released" by "cinder.volume.drivers.quobyte.QuobyteDriver.create_snapshot" :: held 3.164s {{(pid=82850) inner /opt/stack/data/venv/lib/python3.10/site-packages/oslo_concurrency/lockutils.py:424}}
Jan 21 16:31:39 devstack cinder-volume[82850]: INFO cinder.volume.manager [None req-b64e1d31-1038-4029-b468-a58406e1fd9a tempest-SnapshotsActionsTest-2103671308 None] Create snapshot completed successfully
Jan 21 16:31:40 devstack cinder-volume[82850]: DEBUG cinder.coordination [None req-cbd4ba28-6dbd-497e-b6ab-35e7dd55d662 tempest-SnapshotsActionsTest-83176550 None] Acquiring lock "cinder-7e8e068d-8cc4-42d6-830b-a5dbfde30873-delete_snapshot" by "delete_snapshot" {{(pid=82850) __acquire /opt/stack/cinder/cinder/coordination.py:143}}
Jan 21 16:31:40 devstack cinder-volume[82850]: DEBUG cinder.coordination [None req-cbd4ba28-6dbd-497e-b6ab-35e7dd55d662 tempest-SnapshotsActionsTest-83176550 None] Lock "cinder-7e8e068d-8cc4-42d6-830b-a5dbfde30873-delete_snapshot" acquired by "delete_snapshot" :: waited 0.011s {{(pid=82850) __acquire /opt/stack/cinder/cinder/coordination.py:146}}
Jan 21 16:31:40 devstack cinder-volume[82850]: WARNING cinder.volume.volume_utils [None req-cbd4ba28-6dbd-497e-b6ab-35e7dd55d662 tempest-SnapshotsActionsTest-83176550 None] Volume driver (QuobyteDriver 1.1.13) is currently unsupported and may be removed in the next release of OpenStack. Use at your own risk.
Jan 21 16:31:40 devstack cinder-volume[82850]: DEBUG cinder.coordination [None req-cbd4ba28-6dbd-497e-b6ab-35e7dd55d662 tempest-SnapshotsActionsTest-83176550 None] Acquiring lock "cinder-quobyte-5a659bf8-8340-4336-9dfe-0581c1d05ef7" by "delete_snapshot" {{(pid=82850) __acquire /opt/stack/cinder/cinder/coordination.py:143}}
Jan 21 16:31:40 devstack cinder-volume[82850]: DEBUG cinder.coordination [None req-cbd4ba28-6dbd-497e-b6ab-35e7dd55d662 tempest-SnapshotsActionsTest-83176550 None] Lock "cinder-quobyte-5a659bf8-8340-4336-9dfe-0581c1d05ef7" acquired by "delete_snapshot" :: waited 0.010s {{(pid=82850) __acquire /opt/stack/cinder/cinder/coordination.py:146}}
Jan 21 16:31:40 devstack cinder-volume[82850]: DEBUG cinder.coordination [None req-cbd4ba28-6dbd-497e-b6ab-35e7dd55d662 tempest-SnapshotsActionsTest-83176550 None] Acquiring lock "cinder-quobyte-7e8e068d-8cc4-42d6-830b-a5dbfde30873" by "_delete_snapshot" {{(pid=82850) __acquire /opt/stack/cinder/cinder/coordination.py:143}}
Jan 21 16:31:40 devstack cinder-volume[82850]: DEBUG cinder.coordination [None req-cbd4ba28-6dbd-497e-b6ab-35e7dd55d662 tempest-SnapshotsActionsTest-83176550 None] Lock "cinder-quobyte-7e8e068d-8cc4-42d6-830b-a5dbfde30873" acquired by "_delete_snapshot" :: waited 0.008s {{(pid=82850) __acquire /opt/stack/cinder/cinder/coordination.py:146}}
Jan 21 16:31:40 devstack cinder-volume[82850]: DEBUG cinder.volume.drivers.remotefs [None req-cbd4ba28-6dbd-497e-b6ab-35e7dd55d662 tempest-SnapshotsActionsTest-83176550 None] Deleting offline snapshot 7e8e068d-8cc4-42d6-830b-a5dbfde30873 of volume 5a659bf8-8340-4336-9dfe-0581c1d05ef7 {{(pid=82850) _delete_snapshot /opt/stack/cinder/cinder/volume/drivers/remotefs.py:1290}}
Jan 21 16:31:40 devstack cinder-volume[82850]: DEBUG cinder.volume.drivers.remotefs [None req-cbd4ba28-6dbd-497e-b6ab-35e7dd55d662 tempest-SnapshotsActionsTest-83176550 None] snapshot_file for this snap is: volume-5a659bf8-8340-4336-9dfe-0581c1d05ef7.7e8e068d-8cc4-42d6-830b-a5dbfde30873 {{(pid=82850) _delete_snapshot /opt/stack/cinder/cinder/volume/drivers/remotefs.py:1319}}
Jan 21 16:31:40 devstack cinder-volume[82850]: DEBUG oslo.privsep.daemon [-] privsep: reply[e199ba1a-ba71-45d8-b719-303cf3f7addc]: (4, 'qcow2') {{(pid=84035) _call_back /opt/stack/data/venv/lib/python3.10/site-packages/oslo_privsep/daemon.py:515}}
Jan 21 16:31:40 devstack cinder-volume[82850]: DEBUG oslo_concurrency.processutils [None req-cbd4ba28-6dbd-497e-b6ab-35e7dd55d662 tempest-SnapshotsActionsTest-83176550 None] Running cmd (subprocess): /opt/stack/data/venv/bin/python3.10 -m oslo_concurrency.prlimit --as=1073741824 --cpu=60 -- sudo cinder-rootwrap /etc/cinder/rootwrap.conf env LC_ALL=C qemu-img info -f qcow2 --output=json --force-share /opt/stack/data/cinder/mnt/51c4cbae2cb1e4ac76f0d328f2134983/volume-5a659bf8-8340-4336-9dfe-0581c1d05ef7.7e8e068d-8cc4-42d6-830b-a5dbfde30873 {{(pid=82850) execute /opt/stack/data/venv/lib/python3.10/site-packages/oslo_concurrency/processutils.py:349}}
Jan 21 16:31:40 devstack sudo[89012]: quobyte : PWD=/ ; USER=root ; COMMAND=/opt/stack/data/venv/bin/cinder-rootwrap /etc/cinder/rootwrap.conf env LC_ALL=C qemu-img info -f qcow2 --output=json --force-share /opt/stack/data/cinder/mnt/51c4cbae2cb1e4ac76f0d328f2134983/volume-5a659bf8-8340-4336-9dfe-0581c1d05ef7.7e8e068d-8cc4-42d6-830b-a5dbfde30873
Jan 21 16:31:40 devstack sudo[89012]: pam_unix(sudo:session): session opened for user root(uid=0) by (uid=1000)
Jan 21 16:31:41 devstack sudo[89012]: pam_unix(sudo:session): session closed for user root
Jan 21 16:31:41 devstack cinder-volume[82850]: DEBUG oslo_concurrency.processutils [None req-cbd4ba28-6dbd-497e-b6ab-35e7dd55d662 tempest-SnapshotsActionsTest-83176550 None] CMD "/opt/stack/data/venv/bin/python3.10 -m oslo_concurrency.prlimit --as=1073741824 --cpu=60 -- sudo cinder-rootwrap /etc/cinder/rootwrap.conf env LC_ALL=C qemu-img info -f qcow2 --output=json --force-share /opt/stack/data/cinder/mnt/51c4cbae2cb1e4ac76f0d328f2134983/volume-5a659bf8-8340-4336-9dfe-0581c1d05ef7.7e8e068d-8cc4-42d6-830b-a5dbfde30873" returned: 0 in 0.637s {{(pid=82850) execute /opt/stack/data/venv/lib/python3.10/site-packages/oslo_concurrency/processutils.py:372}}
Jan 21 16:31:41 devstack cinder-volume[82850]: DEBUG cinder.volume.drivers.remotefs [None req-cbd4ba28-6dbd-497e-b6ab-35e7dd55d662 tempest-SnapshotsActionsTest-83176550 None] Fetching qemu-img info with special backing_file_template: (/opt/stack/data/cinder/mnt/[0-9a-f]+/)?(volume-5a659bf8-8340-4336-9dfe-0581c1d05ef7(.(tmp-snap-)?[0-9a-f-]+)?|volume_from_snapshot_cache/(tmp-snap-)?[0-9a-f-]+(.(child-|parent-)[0-9a-f-]+)?)$ {{(pid=82850) _qemu_img_info_base /opt/stack/cinder/cinder/volume/drivers/remotefs.py:898}}
Jan 21 16:31:41 devstack cinder-volume[82850]: DEBUG oslo.privsep.daemon [-] privsep: reply[a8a262fa-bd57-4e8c-acba-48f20215421a]: (4, 'qcow2') {{(pid=84035) _call_back /opt/stack/data/venv/lib/python3.10/site-packages/oslo_privsep/daemon.py:515}}
Jan 21 16:31:41 devstack cinder-volume[82850]: DEBUG oslo_concurrency.processutils [None req-cbd4ba28-6dbd-497e-b6ab-35e7dd55d662 tempest-SnapshotsActionsTest-83176550 None] Running cmd (subprocess): /opt/stack/data/venv/bin/python3.10 -m oslo_concurrency.prlimit --as=1073741824 --cpu=60 -- sudo cinder-rootwrap /etc/cinder/rootwrap.conf env LC_ALL=C qemu-img info -f qcow2 --output=json --force-share /opt/stack/data/cinder/mnt/51c4cbae2cb1e4ac76f0d328f2134983/volume-5a659bf8-8340-4336-9dfe-0581c1d05ef7.8aca25ab-838b-4564-8aea-19f169358cf4 {{(pid=82850) execute /opt/stack/data/venv/lib/python3.10/site-packages/oslo_concurrency/processutils.py:349}}
Jan 21 16:31:41 devstack sudo[89023]: quobyte : PWD=/ ; USER=root ; COMMAND=/opt/stack/data/venv/bin/cinder-rootwrap /etc/cinder/rootwrap.conf env LC_ALL=C qemu-img info -f qcow2 --output=json --force-share /opt/stack/data/cinder/mnt/51c4cbae2cb1e4ac76f0d328f2134983/volume-5a659bf8-8340-4336-9dfe-0581c1d05ef7.8aca25ab-838b-4564-8aea-19f169358cf4
Jan 21 16:31:41 devstack sudo[89023]: pam_unix(sudo:session): session opened for user root(uid=0) by (uid=1000)
Jan 21 16:31:42 devstack sudo[89023]: pam_unix(sudo:session): session closed for user root
Jan 21 16:31:42 devstack cinder-volume[82850]: DEBUG oslo_concurrency.processutils [None req-cbd4ba28-6dbd-497e-b6ab-35e7dd55d662 tempest-SnapshotsActionsTest-83176550 None] CMD "/opt/stack/data/venv/bin/python3.10 -m oslo_concurrency.prlimit --as=1073741824 --cpu=60 -- sudo cinder-rootwrap /etc/cinder/rootwrap.conf env LC_ALL=C qemu-img info -f qcow2 --output=json --force-share /opt/stack/data/cinder/mnt/51c4cbae2cb1e4ac76f0d328f2134983/volume-5a659bf8-8340-4336-9dfe-0581c1d05ef7.8aca25ab-838b-4564-8aea-19f169358cf4" returned: 0 in 1.170s {{(pid=82850) execute /opt/stack/data/venv/lib/python3.10/site-packages/oslo_concurrency/processutils.py:372}}
Jan 21 16:31:42 devstack cinder-volume[82850]: DEBUG cinder.volume.drivers.remotefs [None req-cbd4ba28-6dbd-497e-b6ab-35e7dd55d662 tempest-SnapshotsActionsTest-83176550 None] Fetching qemu-img info with special backing_file_template: (/opt/stack/data/cinder/mnt/[0-9a-f]+/)?(volume-5a659bf8-8340-4336-9dfe-0581c1d05ef7(.(tmp-snap-)?[0-9a-f-]+)?|volume_from_snapshot_cache/(tmp-snap-)?[0-9a-f-]+(.(child-|parent-)[0-9a-f-]+)?)$ {{(pid=82850) _qemu_img_info_base /opt/stack/cinder/cinder/volume/drivers/remotefs.py:898}}
Jan 21 16:31:42 devstack cinder-volume[82850]: DEBUG oslo_concurrency.processutils [None req-cbd4ba28-6dbd-497e-b6ab-35e7dd55d662 tempest-SnapshotsActionsTest-83176550 None] Running cmd (subprocess): sudo cinder-rootwrap /etc/cinder/rootwrap.conf qemu-img commit -d /opt/stack/data/cinder/mnt/51c4cbae2cb1e4ac76f0d328f2134983/volume-5a659bf8-8340-4336-9dfe-0581c1d05ef7.7e8e068d-8cc4-42d6-830b-a5dbfde30873 {{(pid=82850) execute /opt/stack/data/venv/lib/python3.10/site-packages/oslo_concurrency/processutils.py:349}}
Jan 21 16:31:42 devstack sudo[89352]: quobyte : PWD=/ ; USER=root ; COMMAND=/opt/stack/data/venv/bin/cinder-rootwrap /etc/cinder/rootwrap.conf qemu-img commit -d /opt/stack/data/cinder/mnt/51c4cbae2cb1e4ac76f0d328f2134983/volume-5a659bf8-8340-4336-9dfe-0581c1d05ef7.7e8e068d-8cc4-42d6-830b-a5dbfde30873
Jan 21 16:31:42 devstack sudo[89352]: pam_unix(sudo:session): session opened for user root(uid=0) by (uid=1000)
Jan 21 16:31:43 devstack sudo[89352]: pam_unix(sudo:session): session closed for user root
Jan 21 16:31:43 devstack cinder-volume[82850]: DEBUG oslo_concurrency.processutils [None req-cbd4ba28-6dbd-497e-b6ab-35e7dd55d662 tempest-SnapshotsActionsTest-83176550 None] CMD "sudo cinder-rootwrap /etc/cinder/rootwrap.conf qemu-img commit -d /opt/stack/data/cinder/mnt/51c4cbae2cb1e4ac76f0d328f2134983/volume-5a659bf8-8340-4336-9dfe-0581c1d05ef7.7e8e068d-8cc4-42d6-830b-a5dbfde30873" returned: 0 in 1.234s {{(pid=82850) execute /opt/stack/data/venv/lib/python3.10/site-packages/oslo_concurrency/processutils.py:372}}
Jan 21 16:31:43 devstack cinder-volume[82850]: DEBUG oslo_concurrency.processutils [None req-cbd4ba28-6dbd-497e-b6ab-35e7dd55d662 tempest-SnapshotsActionsTest-83176550 None] Running cmd (subprocess): sudo cinder-rootwrap /etc/cinder/rootwrap.conf rm -f /opt/stack/data/cinder/mnt/51c4cbae2cb1e4ac76f0d328f2134983/volume-5a659bf8-8340-4336-9dfe-0581c1d05ef7.7e8e068d-8cc4-42d6-830b-a5dbfde30873 {{(pid=82850) execute /opt/stack/data/venv/lib/python3.10/site-packages/oslo_concurrency/processutils.py:349}}
Jan 21 16:31:43 devstack sudo[89503]: quobyte : PWD=/ ; USER=root ; COMMAND=/opt/stack/data/venv/bin/cinder-rootwrap /etc/cinder/rootwrap.conf rm -f /opt/stack/data/cinder/mnt/51c4cbae2cb1e4ac76f0d328f2134983/volume-5a659bf8-8340-4336-9dfe-0581c1d05ef7.7e8e068d-8cc4-42d6-830b-a5dbfde30873
Jan 21 16:31:43 devstack sudo[89503]: pam_unix(sudo:session): session opened for user root(uid=0) by (uid=1000)
Jan 21 16:31:44 devstack cinder-volume[82850]: DEBUG oslo_concurrency.lockutils [req-fbd7eb0c-1201-4568-93cd-bd62b5311288 req-8a22e901-030c-40cd-9eaf-9564c49b3a06 tempest-TaggedBootDevicesTest_v242-1082495010 None] Acquiring lock "quobyte" by "cinder.volume.drivers.quobyte.QuobyteDriver.initialize_connection" {{(pid=82850) inner /opt/stack/data/venv/lib/python3.10/site-packages/oslo_concurrency/lockutils.py:405}}
Jan 21 16:31:44 devstack cinder-volume[82850]: DEBUG oslo_concurrency.lockutils [req-fbd7eb0c-1201-4568-93cd-bd62b5311288 req-8a22e901-030c-40cd-9eaf-9564c49b3a06 tempest-TaggedBootDevicesTest_v242-1082495010 None] Lock "quobyte" acquired by "cinder.volume.drivers.quobyte.QuobyteDriver.initialize_connection" :: waited 0.001s {{(pid=82850) inner /opt/stack/data/venv/lib/python3.10/site-packages/oslo_concurrency/lockutils.py:410}}
Jan 21 16:31:44 devstack cinder-volume[82850]: DEBUG oslo.privsep.daemon [-] privsep: reply[b5ecef28-ddb0-4a09-a841-2df2b49f7137]: (4, 'raw') {{(pid=84035) _call_back /opt/stack/data/venv/lib/python3.10/site-packages/oslo_privsep/daemon.py:515}}
Jan 21 16:31:44 devstack cinder-volume[82850]: DEBUG oslo_concurrency.processutils [req-fbd7eb0c-1201-4568-93cd-bd62b5311288 req-8a22e901-030c-40cd-9eaf-9564c49b3a06 tempest-TaggedBootDevicesTest_v242-1082495010 None] Running cmd (subprocess): /opt/stack/data/venv/bin/python3.10 -m oslo_concurrency.prlimit --as=1073741824 --cpu=60 -- sudo cinder-rootwrap /etc/cinder/rootwrap.conf env LC_ALL=C qemu-img info -f raw --output=json --force-share /opt/stack/data/cinder/mnt/51c4cbae2cb1e4ac76f0d328f2134983/volume-86f1905f-6884-4133-8d5f-d171160efb31 {{(pid=82850) execute /opt/stack/data/venv/lib/python3.10/site-packages/oslo_concurrency/processutils.py:349}}
Jan 21 16:31:45 devstack sudo[89637]: quobyte : PWD=/ ; USER=root ; COMMAND=/opt/stack/data/venv/bin/cinder-rootwrap /etc/cinder/rootwrap.conf env LC_ALL=C qemu-img info -f raw --output=json --force-share /opt/stack/data/cinder/mnt/51c4cbae2cb1e4ac76f0d328f2134983/volume-86f1905f-6884-4133-8d5f-d171160efb31
Jan 21 16:31:45 devstack sudo[89637]: pam_unix(sudo:session): session opened for user root(uid=0) by (uid=1000)
Jan 21 16:31:46 devstack sudo[89503]: pam_unix(sudo:session): session closed for user root
Jan 21 16:31:46 devstack cinder-volume[82850]: DEBUG oslo_concurrency.processutils [None req-cbd4ba28-6dbd-497e-b6ab-35e7dd55d662 tempest-SnapshotsActionsTest-83176550 None] CMD "sudo cinder-rootwrap /etc/cinder/rootwrap.conf rm -f /opt/stack/data/cinder/mnt/51c4cbae2cb1e4ac76f0d328f2134983/volume-5a659bf8-8340-4336-9dfe-0581c1d05ef7.7e8e068d-8cc4-42d6-830b-a5dbfde30873" returned: 0 in 2.851s {{(pid=82850) execute /opt/stack/data/venv/lib/python3.10/site-packages/oslo_concurrency/processutils.py:372}}
Jan 21 16:31:46 devstack cinder-volume[82850]: DEBUG cinder.coordination [None req-cbd4ba28-6dbd-497e-b6ab-35e7dd55d662 tempest-SnapshotsActionsTest-83176550 None] Lock "cinder-quobyte-7e8e068d-8cc4-42d6-830b-a5dbfde30873" released by "_delete_snapshot" :: held 6.004s {{(pid=82850) __release /opt/stack/cinder/cinder/coordination.py:157}}
Jan 21 16:31:46 devstack cinder-volume[82850]: DEBUG cinder.coordination [None req-cbd4ba28-6dbd-497e-b6ab-35e7dd55d662 tempest-SnapshotsActionsTest-83176550 None] Lock "cinder-quobyte-5a659bf8-8340-4336-9dfe-0581c1d05ef7" released by "delete_snapshot" :: held 6.024s {{(pid=82850) __release /opt/stack/cinder/cinder/coordination.py:157}}
Jan 21 16:31:46 devstack cinder-volume[82850]: DEBUG cinder.quota [None req-cbd4ba28-6dbd-497e-b6ab-35e7dd55d662 tempest-SnapshotsActionsTest-83176550 None] Created reservations ['630420c7-b3d1-46a7-82d8-85390f21b9ae', '23673be1-efce-4bfd-821d-077845dac2ea', '803203cf-c3a7-48b5-b524-b5aaeef304b3', '6e36473a-4672-4a91-bf84-251279103613'] {{(pid=82850) reserve /opt/stack/cinder/cinder/quota.py:752}}
Jan 21 16:31:46 devstack cinder-volume[82850]: INFO cinder.volume.manager [None req-cbd4ba28-6dbd-497e-b6ab-35e7dd55d662 tempest-SnapshotsActionsTest-83176550 None] Delete snapshot completed successfully.
Jan 21 16:31:47 devstack cinder-volume[82850]: DEBUG cinder.coordination [None req-cbd4ba28-6dbd-497e-b6ab-35e7dd55d662 tempest-SnapshotsActionsTest-83176550 None] Lock "cinder-7e8e068d-8cc4-42d6-830b-a5dbfde30873-delete_snapshot" released by "delete_snapshot" :: held 6.567s {{(pid=82850) __release /opt/stack/cinder/cinder/coordination.py:157}}
Jan 21 16:31:47 devstack sudo[89637]: pam_unix(sudo:session): session closed for user root
Jan 21 16:31:47 devstack cinder-volume[82850]: DEBUG oslo_concurrency.processutils [req-fbd7eb0c-1201-4568-93cd-bd62b5311288 req-8a22e901-030c-40cd-9eaf-9564c49b3a06 tempest-TaggedBootDevicesTest_v242-1082495010 None] CMD "/opt/stack/data/venv/bin/python3.10 -m oslo_concurrency.prlimit --as=1073741824 --cpu=60 -- sudo cinder-rootwrap /etc/cinder/rootwrap.conf env LC_ALL=C qemu-img info -f raw --output=json --force-share /opt/stack/data/cinder/mnt/51c4cbae2cb1e4ac76f0d328f2134983/volume-86f1905f-6884-4133-8d5f-d171160efb31" returned: 0 in 2.632s {{(pid=82850) execute /opt/stack/data/venv/lib/python3.10/site-packages/oslo_concurrency/processutils.py:372}}
Jan 21 16:31:47 devstack cinder-volume[82850]: DEBUG oslo_concurrency.processutils [req-fbd7eb0c-1201-4568-93cd-bd62b5311288 req-8a22e901-030c-40cd-9eaf-9564c49b3a06 tempest-TaggedBootDevicesTest_v242-1082495010 None] Running cmd (subprocess): /opt/stack/data/venv/bin/python3.10 -m oslo_concurrency.prlimit --as=1073741824 --cpu=60 -- sudo cinder-rootwrap /etc/cinder/rootwrap.conf env LC_ALL=C qemu-img info -f luks --output=json --force-share /opt/stack/data/cinder/mnt/51c4cbae2cb1e4ac76f0d328f2134983/volume-86f1905f-6884-4133-8d5f-d171160efb31 {{(pid=82850) execute /opt/stack/data/venv/lib/python3.10/site-packages/oslo_concurrency/processutils.py:349}}
Jan 21 16:31:48 devstack sudo[89738]: quobyte : PWD=/ ; USER=root ; COMMAND=/opt/stack/data/venv/bin/cinder-rootwrap /etc/cinder/rootwrap.conf env LC_ALL=C qemu-img info -f luks --output=json --force-share /opt/stack/data/cinder/mnt/51c4cbae2cb1e4ac76f0d328f2134983/volume-86f1905f-6884-4133-8d5f-d171160efb31
Jan 21 16:31:48 devstack sudo[89738]: pam_unix(sudo:session): session opened for user root(uid=0) by (uid=1000)
Jan 21 16:31:49 devstack cinder-volume[82850]: WARNING cinder.volume.volume_utils [None req-666aef42-ea46-4796-85c7-7e2f1d445865 tempest-SnapshotsActionsTest-2103671308 None] Volume driver (QuobyteDriver 1.1.13) is currently unsupported and may be removed in the next release of OpenStack. Use at your own risk.
Jan 21 16:31:49 devstack cinder-volume[82850]: DEBUG oslo_concurrency.lockutils [None req-666aef42-ea46-4796-85c7-7e2f1d445865 tempest-SnapshotsActionsTest-2103671308 None] Acquiring lock "quobyte" by "cinder.volume.drivers.quobyte.QuobyteDriver.create_snapshot" {{(pid=82850) inner /opt/stack/data/venv/lib/python3.10/site-packages/oslo_concurrency/lockutils.py:405}}
Jan 21 16:31:50 devstack sudo[89738]: pam_unix(sudo:session): session closed for user root
Jan 21 16:31:50 devstack cinder-volume[82850]: DEBUG oslo_concurrency.processutils [req-fbd7eb0c-1201-4568-93cd-bd62b5311288 req-8a22e901-030c-40cd-9eaf-9564c49b3a06 tempest-TaggedBootDevicesTest_v242-1082495010 None] CMD "/opt/stack/data/venv/bin/python3.10 -m oslo_concurrency.prlimit --as=1073741824 --cpu=60 -- sudo cinder-rootwrap /etc/cinder/rootwrap.conf env LC_ALL=C qemu-img info -f luks --output=json --force-share /opt/stack/data/cinder/mnt/51c4cbae2cb1e4ac76f0d328f2134983/volume-86f1905f-6884-4133-8d5f-d171160efb31" returned: 1 in 2.675s {{(pid=82850) execute /opt/stack/data/venv/lib/python3.10/site-packages/oslo_concurrency/processutils.py:372}}
Jan 21 16:31:50 devstack cinder-volume[82850]: DEBUG oslo_concurrency.processutils [req-fbd7eb0c-1201-4568-93cd-bd62b5311288 req-8a22e901-030c-40cd-9eaf-9564c49b3a06 tempest-TaggedBootDevicesTest_v242-1082495010 None] '/opt/stack/data/venv/bin/python3.10 -m oslo_concurrency.prlimit --as=1073741824 --cpu=60 -- sudo cinder-rootwrap /etc/cinder/rootwrap.conf env LC_ALL=C qemu-img info -f luks --output=json --force-share /opt/stack/data/cinder/mnt/51c4cbae2cb1e4ac76f0d328f2134983/volume-86f1905f-6884-4133-8d5f-d171160efb31' failed. Not Retrying. {{(pid=82850) execute /opt/stack/data/venv/lib/python3.10/site-packages/oslo_concurrency/processutils.py:423}}
Jan 21 16:31:50 devstack cinder-volume[82850]: DEBUG oslo_concurrency.lockutils [req-fbd7eb0c-1201-4568-93cd-bd62b5311288 req-8a22e901-030c-40cd-9eaf-9564c49b3a06 tempest-TaggedBootDevicesTest_v242-1082495010 None] Lock "quobyte" "released" by "cinder.volume.drivers.quobyte.QuobyteDriver.initialize_connection" :: held 5.376s {{(pid=82850) inner /opt/stack/data/venv/lib/python3.10/site-packages/oslo_concurrency/lockutils.py:424}}
Jan 21 16:31:50 devstack cinder-volume[82850]: DEBUG oslo_concurrency.lockutils [None req-666aef42-ea46-4796-85c7-7e2f1d445865 tempest-SnapshotsActionsTest-2103671308 None] Lock "quobyte" acquired by "cinder.volume.drivers.quobyte.QuobyteDriver.create_snapshot" :: waited 1.085s {{(pid=82850) inner /opt/stack/data/venv/lib/python3.10/site-packages/oslo_concurrency/lockutils.py:410}}
Jan 21 16:31:50 devstack cinder-volume[82850]: DEBUG cinder.volume.drivers.remotefs [None req-666aef42-ea46-4796-85c7-7e2f1d445865 tempest-SnapshotsActionsTest-2103671308 None] Creating offline snapshot 5201fb3b-e850-4a55-a3ef-b55c305cae18 of volume 5a659bf8-8340-4336-9dfe-0581c1d05ef7 {{(pid=82850) _create_snapshot /opt/stack/cinder/cinder/volume/drivers/remotefs.py:1817}}
Jan 21 16:31:50 devstack cinder-volume[82850]: DEBUG cinder.volume.manager [req-fbd7eb0c-1201-4568-93cd-bd62b5311288 req-8a22e901-030c-40cd-9eaf-9564c49b3a06 tempest-TaggedBootDevicesTest_v242-1082495010 None] Connection info returned from driver {'export': 'osci02.corp.quobyte.com/cinder-vol-0248a616-006d-408a-b371-e131587e332e', 'name': 'volume-86f1905f-6884-4133-8d5f-d171160efb31', 'options': None, 'format': 'raw', 'qos_specs': None, 'access_mode': 'rw', 'encrypted': False, 'cacheable': False, 'driver_volume_type': 'quobyte', 'mount_point_base': '/opt/stack/data/cinder/mnt', 'attachment_id': 'dfb3aeb5-e125-4152-91de-ac929c3df4ab', 'enforce_multipath': True} {{(pid=82850) _connection_create /opt/stack/cinder/cinder/volume/manager.py:4893}}
Jan 21 16:31:50 devstack cinder-volume[82850]: WARNING cinder.volume.volume_utils [req-fbd7eb0c-1201-4568-93cd-bd62b5311288 req-8a22e901-030c-40cd-9eaf-9564c49b3a06 tempest-TaggedBootDevicesTest_v242-1082495010 None] Volume driver (QuobyteDriver 1.1.13) is currently unsupported and may be removed in the next release of OpenStack. Use at your own risk.
Jan 21 16:31:50 devstack cinder-volume[82850]: DEBUG oslo.privsep.daemon [-] privsep: reply[9f81adac-1808-4051-9090-01e780ac65e6]: (4, 'qcow2') {{(pid=84035) _call_back /opt/stack/data/venv/lib/python3.10/site-packages/oslo_privsep/daemon.py:515}}
Jan 21 16:31:50 devstack cinder-volume[82850]: DEBUG oslo_concurrency.processutils [None req-666aef42-ea46-4796-85c7-7e2f1d445865 tempest-SnapshotsActionsTest-2103671308 None] Running cmd (subprocess): /opt/stack/data/venv/bin/python3.10 -m oslo_concurrency.prlimit --as=1073741824 --cpu=60 -- sudo cinder-rootwrap /etc/cinder/rootwrap.conf env LC_ALL=C qemu-img info -f qcow2 --output=json --force-share /opt/stack/data/cinder/mnt/51c4cbae2cb1e4ac76f0d328f2134983/volume-5a659bf8-8340-4336-9dfe-0581c1d05ef7.8aca25ab-838b-4564-8aea-19f169358cf4 {{(pid=82850) execute /opt/stack/data/venv/lib/python3.10/site-packages/oslo_concurrency/processutils.py:349}}
Jan 21 16:31:50 devstack cinder-volume[82850]: INFO cinder.volume.manager [req-fbd7eb0c-1201-4568-93cd-bd62b5311288 req-8a22e901-030c-40cd-9eaf-9564c49b3a06 tempest-TaggedBootDevicesTest_v242-1082495010 None] attachment_update completed successfully.
Jan 21 16:31:50 devstack sudo[89783]: quobyte : PWD=/ ; USER=root ; COMMAND=/opt/stack/data/venv/bin/cinder-rootwrap /etc/cinder/rootwrap.conf env LC_ALL=C qemu-img info -f qcow2 --output=json --force-share /opt/stack/data/cinder/mnt/51c4cbae2cb1e4ac76f0d328f2134983/volume-5a659bf8-8340-4336-9dfe-0581c1d05ef7.8aca25ab-838b-4564-8aea-19f169358cf4
Jan 21 16:31:50 devstack sudo[89783]: pam_unix(sudo:session): session opened for user root(uid=0) by (uid=1000)
Jan 21 16:31:52 devstack cinder-volume[82850]: DEBUG dbcounter [-] [82850] Writing DB stats cinder:SELECT=67,cinder:INSERT=17,cinder:UPDATE=33,cinder:DELETE=6 {{(pid=82850) stat_writer /opt/stack/data/venv/lib/python3.10/site-packages/dbcounter.py:115}}
Jan 21 16:31:52 devstack cinder-volume[82850]: DEBUG dbcounter [-] [82850] Writing DB stats cinder:SELECT=65,cinder:UPDATE=55,cinder:INSERT=14,cinder:DELETE=3 {{(pid=82850) stat_writer /opt/stack/data/venv/lib/python3.10/site-packages/dbcounter.py:115}}
Jan 21 16:31:52 devstack cinder-volume[82850]: DEBUG oslo_concurrency.lockutils [req-fbd7eb0c-1201-4568-93cd-bd62b5311288 req-0c49dad6-7ebd-4f42-ba1c-61f78ce14dc5 tempest-TaggedBootDevicesTest_v242-1082495010 None] Acquiring lock "quobyte" by "cinder.volume.drivers.quobyte.QuobyteDriver.initialize_connection" {{(pid=82850) inner /opt/stack/data/venv/lib/python3.10/site-packages/oslo_concurrency/lockutils.py:405}}
Jan 21 16:31:53 devstack sudo[89783]: pam_unix(sudo:session): session closed for user root
Jan 21 16:31:53 devstack cinder-volume[82850]: DEBUG oslo_concurrency.processutils [None req-666aef42-ea46-4796-85c7-7e2f1d445865 tempest-SnapshotsActionsTest-2103671308 None] CMD "/opt/stack/data/venv/bin/python3.10 -m oslo_concurrency.prlimit --as=1073741824 --cpu=60 -- sudo cinder-rootwrap /etc/cinder/rootwrap.conf env LC_ALL=C qemu-img info -f qcow2 --output=json --force-share /opt/stack/data/cinder/mnt/51c4cbae2cb1e4ac76f0d328f2134983/volume-5a659bf8-8340-4336-9dfe-0581c1d05ef7.8aca25ab-838b-4564-8aea-19f169358cf4" returned: 0 in 2.829s {{(pid=82850) execute /opt/stack/data/venv/lib/python3.10/site-packages/oslo_concurrency/processutils.py:372}}
Jan 21 16:31:53 devstack cinder-volume[82850]: DEBUG cinder.volume.drivers.remotefs [None req-666aef42-ea46-4796-85c7-7e2f1d445865 tempest-SnapshotsActionsTest-2103671308 None] Fetching qemu-img info with special backing_file_template: (/opt/stack/data/cinder/mnt/[0-9a-f]+/)?(volume-5a659bf8-8340-4336-9dfe-0581c1d05ef7(.(tmp-snap-)?[0-9a-f-]+)?|volume_from_snapshot_cache/(tmp-snap-)?[0-9a-f-]+(.(child-|parent-)[0-9a-f-]+)?)$ {{(pid=82850) _qemu_img_info_base /opt/stack/cinder/cinder/volume/drivers/remotefs.py:898}}
Jan 21 16:31:53 devstack cinder-volume[82850]: DEBUG oslo_concurrency.processutils [None req-666aef42-ea46-4796-85c7-7e2f1d445865 tempest-SnapshotsActionsTest-2103671308 None] Running cmd (subprocess): sudo cinder-rootwrap /etc/cinder/rootwrap.conf qemu-img create -f qcow2 -o backing_file=/opt/stack/data/cinder/mnt/51c4cbae2cb1e4ac76f0d328f2134983/volume-5a659bf8-8340-4336-9dfe-0581c1d05ef7.8aca25ab-838b-4564-8aea-19f169358cf4,backing_fmt=qcow2 /opt/stack/data/cinder/mnt/51c4cbae2cb1e4ac76f0d328f2134983/volume-5a659bf8-8340-4336-9dfe-0581c1d05ef7.5201fb3b-e850-4a55-a3ef-b55c305cae18 1G {{(pid=82850) execute /opt/stack/data/venv/lib/python3.10/site-packages/oslo_concurrency/processutils.py:349}}
Jan 21 16:31:53 devstack sudo[89837]: quobyte : PWD=/ ; USER=root ; COMMAND=/opt/stack/data/venv/bin/cinder-rootwrap /etc/cinder/rootwrap.conf qemu-img create -f qcow2 -o backing_file=/opt/stack/data/cinder/mnt/51c4cbae2cb1e4ac76f0d328f2134983/volume-5a659bf8-8340-4336-9dfe-0581c1d05ef7.8aca25ab-838b-4564-8aea-19f169358cf4,backing_fmt=qcow2 /opt/stack/data/cinder/mnt/51c4cbae2cb1e4ac76f0d328f2134983/volume-5a659bf8-8340-4336-9dfe-0581c1d05ef7.5201fb3b-e850-4a55-a3ef-b55c305cae18 1G
Jan 21 16:31:53 devstack sudo[89837]: pam_unix(sudo:session): session opened for user root(uid=0) by (uid=1000)
Jan 21 16:31:55 devstack sudo[89837]: pam_unix(sudo:session): session closed for user root
Jan 21 16:31:55 devstack cinder-volume[82850]: DEBUG oslo_concurrency.processutils [None req-666aef42-ea46-4796-85c7-7e2f1d445865 tempest-SnapshotsActionsTest-2103671308 None] CMD "sudo cinder-rootwrap /etc/cinder/rootwrap.conf qemu-img create -f qcow2 -o backing_file=/opt/stack/data/cinder/mnt/51c4cbae2cb1e4ac76f0d328f2134983/volume-5a659bf8-8340-4336-9dfe-0581c1d05ef7.8aca25ab-838b-4564-8aea-19f169358cf4,backing_fmt=qcow2 /opt/stack/data/cinder/mnt/51c4cbae2cb1e4ac76f0d328f2134983/volume-5a659bf8-8340-4336-9dfe-0581c1d05ef7.5201fb3b-e850-4a55-a3ef-b55c305cae18 1G" returned: 0 in 2.317s {{(pid=82850) execute /opt/stack/data/venv/lib/python3.10/site-packages/oslo_concurrency/processutils.py:372}}
Jan 21 16:31:55 devstack cinder-volume[82850]: DEBUG oslo_concurrency.processutils [None req-666aef42-ea46-4796-85c7-7e2f1d445865 tempest-SnapshotsActionsTest-2103671308 None] Running cmd (subprocess): sudo cinder-rootwrap /etc/cinder/rootwrap.conf qemu-img rebase -u -b volume-5a659bf8-8340-4336-9dfe-0581c1d05ef7.8aca25ab-838b-4564-8aea-19f169358cf4 -F qcow2 /opt/stack/data/cinder/mnt/51c4cbae2cb1e4ac76f0d328f2134983/volume-5a659bf8-8340-4336-9dfe-0581c1d05ef7.5201fb3b-e850-4a55-a3ef-b55c305cae18 {{(pid=82850) execute /opt/stack/data/venv/lib/python3.10/site-packages/oslo_concurrency/processutils.py:349}}
Jan 21 16:31:55 devstack sudo[89844]: quobyte : PWD=/ ; USER=root ; COMMAND=/opt/stack/data/venv/bin/cinder-rootwrap /etc/cinder/rootwrap.conf qemu-img rebase -u -b volume-5a659bf8-8340-4336-9dfe-0581c1d05ef7.8aca25ab-838b-4564-8aea-19f169358cf4 -F qcow2 /opt/stack/data/cinder/mnt/51c4cbae2cb1e4ac76f0d328f2134983/volume-5a659bf8-8340-4336-9dfe-0581c1d05ef7.5201fb3b-e850-4a55-a3ef-b55c305cae18
Jan 21 16:31:55 devstack sudo[89844]: pam_unix(sudo:session): session opened for user root(uid=0) by (uid=1000)
Jan 21 16:31:56 devstack sudo[89844]: pam_unix(sudo:session): session closed for user root
Jan 21 16:31:56 devstack cinder-volume[82850]: DEBUG oslo_concurrency.processutils [None req-666aef42-ea46-4796-85c7-7e2f1d445865 tempest-SnapshotsActionsTest-2103671308 None] CMD "sudo cinder-rootwrap /etc/cinder/rootwrap.conf qemu-img rebase -u -b volume-5a659bf8-8340-4336-9dfe-0581c1d05ef7.8aca25ab-838b-4564-8aea-19f169358cf4 -F qcow2 /opt/stack/data/cinder/mnt/51c4cbae2cb1e4ac76f0d328f2134983/volume-5a659bf8-8340-4336-9dfe-0581c1d05ef7.5201fb3b-e850-4a55-a3ef-b55c305cae18" returned: 0 in 1.123s {{(pid=82850) execute /opt/stack/data/venv/lib/python3.10/site-packages/oslo_concurrency/processutils.py:372}}
Jan 21 16:31:56 devstack cinder-volume[82850]: WARNING cinder.volume.drivers.remotefs [None req-666aef42-ea46-4796-85c7-7e2f1d445865 tempest-SnapshotsActionsTest-2103671308 None] /opt/stack/data/cinder/mnt/51c4cbae2cb1e4ac76f0d328f2134983/volume-5a659bf8-8340-4336-9dfe-0581c1d05ef7.5201fb3b-e850-4a55-a3ef-b55c305cae18 is being set with open permissions: ugo+rw
Jan 21 16:31:56 devstack cinder-volume[82850]: DEBUG oslo_concurrency.processutils [None req-666aef42-ea46-4796-85c7-7e2f1d445865 tempest-SnapshotsActionsTest-2103671308 None] Running cmd (subprocess): sudo cinder-rootwrap /etc/cinder/rootwrap.conf chmod ugo+rw /opt/stack/data/cinder/mnt/51c4cbae2cb1e4ac76f0d328f2134983/volume-5a659bf8-8340-4336-9dfe-0581c1d05ef7.5201fb3b-e850-4a55-a3ef-b55c305cae18 {{(pid=82850) execute /opt/stack/data/venv/lib/python3.10/site-packages/oslo_concurrency/processutils.py:349}}
Jan 21 16:31:56 devstack sudo[89887]: quobyte : PWD=/ ; USER=root ; COMMAND=/opt/stack/data/venv/bin/cinder-rootwrap /etc/cinder/rootwrap.conf chmod ugo+rw /opt/stack/data/cinder/mnt/51c4cbae2cb1e4ac76f0d328f2134983/volume-5a659bf8-8340-4336-9dfe-0581c1d05ef7.5201fb3b-e850-4a55-a3ef-b55c305cae18
Jan 21 16:31:56 devstack sudo[89887]: pam_unix(sudo:session): session opened for user root(uid=0) by (uid=1000)
Jan 21 16:31:57 devstack sudo[89887]: pam_unix(sudo:session): session closed for user root
