Jun 26 18:39:12 devstack cinder-volume[93795]: INFO cinder.volume.manager [None req-7e29cb3d-b605-42fc-8912-82e5bd6c2f3d tempest-GroupSnapshotsTest-1608754754 None] Update group completed successfully.
Jun 26 18:39:14 devstack cinder-volume[93795]: INFO cinder.volume.manager [None req-2c067230-59b3-484a-a644-b182afe55a2e tempest-GroupSnapshotsTest-1608754754 None] Update group completed successfully.
Jun 26 18:39:15 devstack cinder-volume[93795]: INFO cinder.volume.manager [None req-a9c8b419-0190-4606-8c5d-7b03373b2edc tempest-GroupSnapshotsTest-1608754754 None] Update group completed successfully.
Jun 26 18:39:17 devstack cinder-volume[93795]: INFO cinder.volume.manager [None req-ab7b8e0a-f88b-4d59-92b2-dea4cc46ba7b tempest-GroupSnapshotsTest-1608754754 None] GroupSnapshot c74ff453-691f-473e-8751-cb4e7a2d1b03: creating.
Jun 26 18:39:17 devstack cinder-volume[93795]: DEBUG cinder.volume.manager [None req-ab7b8e0a-f88b-4d59-92b2-dea4cc46ba7b tempest-GroupSnapshotsTest-1608754754 None] Group snapshot c74ff453-691f-473e-8751-cb4e7a2d1b03: creating. {{(pid=93795) create_group_snapshot /opt/stack/cinder/cinder/volume/manager.py:4175}}
Jun 26 18:39:17 devstack cinder-volume[93795]: DEBUG oslo_concurrency.lockutils [None req-ab7b8e0a-f88b-4d59-92b2-dea4cc46ba7b tempest-GroupSnapshotsTest-1608754754 None] Acquiring lock "quobyte" by "cinder.volume.drivers.quobyte.QuobyteDriver.create_snapshot" {{(pid=93795) inner /opt/stack/data/venv/lib/python3.12/site-packages/oslo_concurrency/lockutils.py:511}}
Jun 26 18:39:17 devstack cinder-volume[93795]: DEBUG oslo_concurrency.lockutils [None req-ab7b8e0a-f88b-4d59-92b2-dea4cc46ba7b tempest-GroupSnapshotsTest-1608754754 None] Lock "quobyte" acquired by "cinder.volume.drivers.quobyte.QuobyteDriver.create_snapshot" :: waited 0.001s {{(pid=93795) inner /opt/stack/data/venv/lib/python3.12/site-packages/oslo_concurrency/lockutils.py:524}}
Jun 26 18:39:17 devstack cinder-volume[93795]: DEBUG cinder.volume.drivers.remotefs [None req-ab7b8e0a-f88b-4d59-92b2-dea4cc46ba7b tempest-GroupSnapshotsTest-1608754754 None] Creating offline snapshot 3f74cde1-c05d-4280-9dbc-e9c1e8a8e325 of volume 86adc893-4a9d-4716-b519-36b676dfd2d8 {{(pid=93795) _create_snapshot /opt/stack/cinder/cinder/volume/drivers/remotefs.py:1816}}
Jun 26 18:39:17 devstack cinder-volume[93795]: DEBUG oslo.privsep.daemon [-] privsep: reply[a5f1585c-855f-4939-b044-bab74277d1f8]: (4, 'qcow2') {{(pid=94698) _call_back /opt/stack/data/venv/lib/python3.12/site-packages/oslo_privsep/daemon.py:580}}
Jun 26 18:39:17 devstack cinder-volume[93795]: DEBUG oslo_concurrency.processutils [None req-ab7b8e0a-f88b-4d59-92b2-dea4cc46ba7b tempest-GroupSnapshotsTest-1608754754 None] Running cmd (subprocess): /opt/stack/data/venv/bin/python3.12 -m oslo_concurrency.prlimit --as=1073741824 --cpu=60 -- sudo cinder-rootwrap /etc/cinder/rootwrap.conf env LC_ALL=C qemu-img info -f qcow2 --output=json --force-share /opt/stack/data/cinder/mnt/8abc97c7e135b7ae9ae3f02017023dba/volume-86adc893-4a9d-4716-b519-36b676dfd2d8 {{(pid=93795) execute /opt/stack/data/venv/lib/python3.12/site-packages/oslo_concurrency/processutils.py:440}}
Jun 26 18:39:17 devstack sudo[96005]: quobyte : PWD=/ ; USER=root ; COMMAND=/opt/stack/data/venv/bin/cinder-rootwrap /etc/cinder/rootwrap.conf env LC_ALL=C qemu-img info -f qcow2 --output=json --force-share /opt/stack/data/cinder/mnt/8abc97c7e135b7ae9ae3f02017023dba/volume-86adc893-4a9d-4716-b519-36b676dfd2d8
Jun 26 18:39:17 devstack sudo[96005]: pam_unix(sudo:session): session opened for user root(uid=0) by (uid=1000)
Jun 26 18:39:18 devstack sudo[96005]: pam_unix(sudo:session): session closed for user root
Jun 26 18:39:18 devstack cinder-volume[93795]: DEBUG oslo_concurrency.processutils [None req-ab7b8e0a-f88b-4d59-92b2-dea4cc46ba7b tempest-GroupSnapshotsTest-1608754754 None] CMD "/opt/stack/data/venv/bin/python3.12 -m oslo_concurrency.prlimit --as=1073741824 --cpu=60 -- sudo cinder-rootwrap /etc/cinder/rootwrap.conf env LC_ALL=C qemu-img info -f qcow2 --output=json --force-share /opt/stack/data/cinder/mnt/8abc97c7e135b7ae9ae3f02017023dba/volume-86adc893-4a9d-4716-b519-36b676dfd2d8" returned: 0 in 1.100s {{(pid=93795) execute /opt/stack/data/venv/lib/python3.12/site-packages/oslo_concurrency/processutils.py:468}}
Jun 26 18:39:18 devstack cinder-volume[93795]: DEBUG oslo_concurrency.processutils [None req-ab7b8e0a-f88b-4d59-92b2-dea4cc46ba7b tempest-GroupSnapshotsTest-1608754754 None] Running cmd (subprocess): sudo cinder-rootwrap /etc/cinder/rootwrap.conf qemu-img create -f qcow2 -o backing_file=/opt/stack/data/cinder/mnt/8abc97c7e135b7ae9ae3f02017023dba/volume-86adc893-4a9d-4716-b519-36b676dfd2d8,backing_fmt=qcow2 /opt/stack/data/cinder/mnt/8abc97c7e135b7ae9ae3f02017023dba/volume-86adc893-4a9d-4716-b519-36b676dfd2d8.3f74cde1-c05d-4280-9dbc-e9c1e8a8e325 1G {{(pid=93795) execute /opt/stack/data/venv/lib/python3.12/site-packages/oslo_concurrency/processutils.py:440}}
Jun 26 18:39:18 devstack sudo[96010]: quobyte : PWD=/ ; USER=root ; COMMAND=/opt/stack/data/venv/bin/cinder-rootwrap /etc/cinder/rootwrap.conf qemu-img create -f qcow2 -o backing_file=/opt/stack/data/cinder/mnt/8abc97c7e135b7ae9ae3f02017023dba/volume-86adc893-4a9d-4716-b519-36b676dfd2d8,backing_fmt=qcow2 /opt/stack/data/cinder/mnt/8abc97c7e135b7ae9ae3f02017023dba/volume-86adc893-4a9d-4716-b519-36b676dfd2d8.3f74cde1-c05d-4280-9dbc-e9c1e8a8e325 1G
Jun 26 18:39:18 devstack sudo[96010]: pam_unix(sudo:session): session opened for user root(uid=0) by (uid=1000)
Jun 26 18:39:19 devstack sudo[96010]: pam_unix(sudo:session): session closed for user root
Jun 26 18:39:19 devstack cinder-volume[93795]: DEBUG oslo_concurrency.processutils [None req-ab7b8e0a-f88b-4d59-92b2-dea4cc46ba7b tempest-GroupSnapshotsTest-1608754754 None] CMD "sudo cinder-rootwrap /etc/cinder/rootwrap.conf qemu-img create -f qcow2 -o backing_file=/opt/stack/data/cinder/mnt/8abc97c7e135b7ae9ae3f02017023dba/volume-86adc893-4a9d-4716-b519-36b676dfd2d8,backing_fmt=qcow2 /opt/stack/data/cinder/mnt/8abc97c7e135b7ae9ae3f02017023dba/volume-86adc893-4a9d-4716-b519-36b676dfd2d8.3f74cde1-c05d-4280-9dbc-e9c1e8a8e325 1G" returned: 0 in 1.433s {{(pid=93795) execute /opt/stack/data/venv/lib/python3.12/site-packages/oslo_concurrency/processutils.py:468}}
Jun 26 18:39:19 devstack cinder-volume[93795]: DEBUG oslo_concurrency.processutils [None req-ab7b8e0a-f88b-4d59-92b2-dea4cc46ba7b tempest-GroupSnapshotsTest-1608754754 None] Running cmd (subprocess): sudo cinder-rootwrap /etc/cinder/rootwrap.conf qemu-img rebase -u -b volume-86adc893-4a9d-4716-b519-36b676dfd2d8 -F qcow2 /opt/stack/data/cinder/mnt/8abc97c7e135b7ae9ae3f02017023dba/volume-86adc893-4a9d-4716-b519-36b676dfd2d8.3f74cde1-c05d-4280-9dbc-e9c1e8a8e325 {{(pid=93795) execute /opt/stack/data/venv/lib/python3.12/site-packages/oslo_concurrency/processutils.py:440}}
Jun 26 18:39:19 devstack sudo[96015]: quobyte : PWD=/ ; USER=root ; COMMAND=/opt/stack/data/venv/bin/cinder-rootwrap /etc/cinder/rootwrap.conf qemu-img rebase -u -b volume-86adc893-4a9d-4716-b519-36b676dfd2d8 -F qcow2 /opt/stack/data/cinder/mnt/8abc97c7e135b7ae9ae3f02017023dba/volume-86adc893-4a9d-4716-b519-36b676dfd2d8.3f74cde1-c05d-4280-9dbc-e9c1e8a8e325
Jun 26 18:39:19 devstack sudo[96015]: pam_unix(sudo:session): session opened for user root(uid=0) by (uid=1000)
Jun 26 18:39:20 devstack sudo[96015]: pam_unix(sudo:session): session closed for user root
Jun 26 18:39:20 devstack cinder-volume[93795]: DEBUG oslo_concurrency.processutils [None req-ab7b8e0a-f88b-4d59-92b2-dea4cc46ba7b tempest-GroupSnapshotsTest-1608754754 None] CMD "sudo cinder-rootwrap /etc/cinder/rootwrap.conf qemu-img rebase -u -b volume-86adc893-4a9d-4716-b519-36b676dfd2d8 -F qcow2 /opt/stack/data/cinder/mnt/8abc97c7e135b7ae9ae3f02017023dba/volume-86adc893-4a9d-4716-b519-36b676dfd2d8.3f74cde1-c05d-4280-9dbc-e9c1e8a8e325" returned: 0 in 1.161s {{(pid=93795) execute /opt/stack/data/venv/lib/python3.12/site-packages/oslo_concurrency/processutils.py:468}}
Jun 26 18:39:20 devstack cinder-volume[93795]: WARNING cinder.volume.drivers.remotefs [None req-ab7b8e0a-f88b-4d59-92b2-dea4cc46ba7b tempest-GroupSnapshotsTest-1608754754 None] /opt/stack/data/cinder/mnt/8abc97c7e135b7ae9ae3f02017023dba/volume-86adc893-4a9d-4716-b519-36b676dfd2d8.3f74cde1-c05d-4280-9dbc-e9c1e8a8e325 is being set with open permissions: ugo+rw: NotImplementedError
Jun 26 18:39:20 devstack cinder-volume[93795]: DEBUG oslo_concurrency.processutils [None req-ab7b8e0a-f88b-4d59-92b2-dea4cc46ba7b tempest-GroupSnapshotsTest-1608754754 None] Running cmd (subprocess): sudo cinder-rootwrap /etc/cinder/rootwrap.conf chmod ugo+rw /opt/stack/data/cinder/mnt/8abc97c7e135b7ae9ae3f02017023dba/volume-86adc893-4a9d-4716-b519-36b676dfd2d8.3f74cde1-c05d-4280-9dbc-e9c1e8a8e325 {{(pid=93795) execute /opt/stack/data/venv/lib/python3.12/site-packages/oslo_concurrency/processutils.py:440}}
Jun 26 18:39:20 devstack sudo[96030]: quobyte : PWD=/ ; USER=root ; COMMAND=/opt/stack/data/venv/bin/cinder-rootwrap /etc/cinder/rootwrap.conf chmod ugo+rw /opt/stack/data/cinder/mnt/8abc97c7e135b7ae9ae3f02017023dba/volume-86adc893-4a9d-4716-b519-36b676dfd2d8.3f74cde1-c05d-4280-9dbc-e9c1e8a8e325
Jun 26 18:39:20 devstack sudo[96030]: pam_unix(sudo:session): session opened for user root(uid=0) by (uid=1000)
Jun 26 18:39:21 devstack sudo[96030]: pam_unix(sudo:session): session closed for user root
Jun 26 18:39:21 devstack cinder-volume[93795]: DEBUG oslo_concurrency.processutils [None req-ab7b8e0a-f88b-4d59-92b2-dea4cc46ba7b tempest-GroupSnapshotsTest-1608754754 None] CMD "sudo cinder-rootwrap /etc/cinder/rootwrap.conf chmod ugo+rw /opt/stack/data/cinder/mnt/8abc97c7e135b7ae9ae3f02017023dba/volume-86adc893-4a9d-4716-b519-36b676dfd2d8.3f74cde1-c05d-4280-9dbc-e9c1e8a8e325" returned: 0 in 0.864s {{(pid=93795) execute /opt/stack/data/venv/lib/python3.12/site-packages/oslo_concurrency/processutils.py:468}}
Jun 26 18:39:21 devstack cinder-volume[93795]: DEBUG oslo_concurrency.processutils [None req-ab7b8e0a-f88b-4d59-92b2-dea4cc46ba7b tempest-GroupSnapshotsTest-1608754754 None] Running cmd (subprocess): sudo cinder-rootwrap /etc/cinder/rootwrap.conf truncate -s0 /opt/stack/data/cinder/mnt/8abc97c7e135b7ae9ae3f02017023dba/volume-86adc893-4a9d-4716-b519-36b676dfd2d8.info {{(pid=93795) execute /opt/stack/data/venv/lib/python3.12/site-packages/oslo_concurrency/processutils.py:440}}
Jun 26 18:39:21 devstack sudo[96040]: quobyte : PWD=/ ; USER=root ; COMMAND=/opt/stack/data/venv/bin/cinder-rootwrap /etc/cinder/rootwrap.conf truncate -s0 /opt/stack/data/cinder/mnt/8abc97c7e135b7ae9ae3f02017023dba/volume-86adc893-4a9d-4716-b519-36b676dfd2d8.info
Jun 26 18:39:21 devstack sudo[96040]: pam_unix(sudo:session): session opened for user root(uid=0) by (uid=1000)
Jun 26 18:39:22 devstack sudo[96040]: pam_unix(sudo:session): session closed for user root
Jun 26 18:39:22 devstack cinder-volume[93795]: DEBUG oslo_concurrency.processutils [None req-ab7b8e0a-f88b-4d59-92b2-dea4cc46ba7b tempest-GroupSnapshotsTest-1608754754 None] CMD "sudo cinder-rootwrap /etc/cinder/rootwrap.conf truncate -s0 /opt/stack/data/cinder/mnt/8abc97c7e135b7ae9ae3f02017023dba/volume-86adc893-4a9d-4716-b519-36b676dfd2d8.info" returned: 0 in 0.994s {{(pid=93795) execute /opt/stack/data/venv/lib/python3.12/site-packages/oslo_concurrency/processutils.py:468}}
Jun 26 18:39:22 devstack cinder-volume[93795]: WARNING cinder.volume.drivers.remotefs [None req-ab7b8e0a-f88b-4d59-92b2-dea4cc46ba7b tempest-GroupSnapshotsTest-1608754754 None] /opt/stack/data/cinder/mnt/8abc97c7e135b7ae9ae3f02017023dba/volume-86adc893-4a9d-4716-b519-36b676dfd2d8.info is being set with open permissions: ugo+rw: NotImplementedError
Jun 26 18:39:22 devstack cinder-volume[93795]: DEBUG oslo_concurrency.processutils [None req-ab7b8e0a-f88b-4d59-92b2-dea4cc46ba7b tempest-GroupSnapshotsTest-1608754754 None] Running cmd (subprocess): sudo cinder-rootwrap /etc/cinder/rootwrap.conf chmod ugo+rw /opt/stack/data/cinder/mnt/8abc97c7e135b7ae9ae3f02017023dba/volume-86adc893-4a9d-4716-b519-36b676dfd2d8.info {{(pid=93795) execute /opt/stack/data/venv/lib/python3.12/site-packages/oslo_concurrency/processutils.py:440}}
Jun 26 18:39:22 devstack sudo[96045]: quobyte : PWD=/ ; USER=root ; COMMAND=/opt/stack/data/venv/bin/cinder-rootwrap /etc/cinder/rootwrap.conf chmod ugo+rw /opt/stack/data/cinder/mnt/8abc97c7e135b7ae9ae3f02017023dba/volume-86adc893-4a9d-4716-b519-36b676dfd2d8.info
Jun 26 18:39:22 devstack sudo[96045]: pam_unix(sudo:session): session opened for user root(uid=0) by (uid=1000)
Jun 26 18:39:23 devstack sudo[96045]: pam_unix(sudo:session): session closed for user root
Jun 26 18:39:23 devstack cinder-volume[93795]: DEBUG oslo_concurrency.processutils [None req-ab7b8e0a-f88b-4d59-92b2-dea4cc46ba7b tempest-GroupSnapshotsTest-1608754754 None] CMD "sudo cinder-rootwrap /etc/cinder/rootwrap.conf chmod ugo+rw /opt/stack/data/cinder/mnt/8abc97c7e135b7ae9ae3f02017023dba/volume-86adc893-4a9d-4716-b519-36b676dfd2d8.info" returned: 0 in 0.879s {{(pid=93795) execute /opt/stack/data/venv/lib/python3.12/site-packages/oslo_concurrency/processutils.py:468}}
Jun 26 18:39:23 devstack cinder-volume[93795]: DEBUG oslo_concurrency.lockutils [None req-ab7b8e0a-f88b-4d59-92b2-dea4cc46ba7b tempest-GroupSnapshotsTest-1608754754 None] Lock "quobyte" "released" by "cinder.volume.drivers.quobyte.QuobyteDriver.create_snapshot" :: held 6.595s {{(pid=93795) inner /opt/stack/data/venv/lib/python3.12/site-packages/oslo_concurrency/lockutils.py:543}}
Jun 26 18:39:23 devstack cinder-volume[93795]: DEBUG oslo_concurrency.lockutils [None req-ab7b8e0a-f88b-4d59-92b2-dea4cc46ba7b tempest-GroupSnapshotsTest-1608754754 None] Acquiring lock "quobyte" by "cinder.volume.drivers.quobyte.QuobyteDriver.create_snapshot" {{(pid=93795) inner /opt/stack/data/venv/lib/python3.12/site-packages/oslo_concurrency/lockutils.py:511}}
Jun 26 18:39:23 devstack cinder-volume[93795]: DEBUG oslo_concurrency.lockutils [None req-ab7b8e0a-f88b-4d59-92b2-dea4cc46ba7b tempest-GroupSnapshotsTest-1608754754 None] Lock "quobyte" acquired by "cinder.volume.drivers.quobyte.QuobyteDriver.create_snapshot" :: waited 0.001s {{(pid=93795) inner /opt/stack/data/venv/lib/python3.12/site-packages/oslo_concurrency/lockutils.py:524}}
Jun 26 18:39:23 devstack cinder-volume[93795]: DEBUG cinder.volume.drivers.remotefs [None req-ab7b8e0a-f88b-4d59-92b2-dea4cc46ba7b tempest-GroupSnapshotsTest-1608754754 None] Creating offline snapshot b28611f4-602d-42b9-a956-a27e6c389e04 of volume 51bb6d56-49db-41c9-be02-321c81b713a9 {{(pid=93795) _create_snapshot /opt/stack/cinder/cinder/volume/drivers/remotefs.py:1816}}
Jun 26 18:39:23 devstack cinder-volume[93795]: DEBUG oslo.privsep.daemon [-] privsep: reply[8fe019f8-3586-413f-bb42-63112780f24f]: (4, 'qcow2') {{(pid=94698) _call_back /opt/stack/data/venv/lib/python3.12/site-packages/oslo_privsep/daemon.py:580}}
Jun 26 18:39:23 devstack cinder-volume[93795]: DEBUG oslo_concurrency.processutils [None req-ab7b8e0a-f88b-4d59-92b2-dea4cc46ba7b tempest-GroupSnapshotsTest-1608754754 None] Running cmd (subprocess): /opt/stack/data/venv/bin/python3.12 -m oslo_concurrency.prlimit --as=1073741824 --cpu=60 -- sudo cinder-rootwrap /etc/cinder/rootwrap.conf env LC_ALL=C qemu-img info -f qcow2 --output=json --force-share /opt/stack/data/cinder/mnt/8abc97c7e135b7ae9ae3f02017023dba/volume-51bb6d56-49db-41c9-be02-321c81b713a9 {{(pid=93795) execute /opt/stack/data/venv/lib/python3.12/site-packages/oslo_concurrency/processutils.py:440}}
Jun 26 18:39:23 devstack sudo[96048]: quobyte : PWD=/ ; USER=root ; COMMAND=/opt/stack/data/venv/bin/cinder-rootwrap /etc/cinder/rootwrap.conf env LC_ALL=C qemu-img info -f qcow2 --output=json --force-share /opt/stack/data/cinder/mnt/8abc97c7e135b7ae9ae3f02017023dba/volume-51bb6d56-49db-41c9-be02-321c81b713a9
Jun 26 18:39:23 devstack sudo[96048]: pam_unix(sudo:session): session opened for user root(uid=0) by (uid=1000)
Jun 26 18:39:24 devstack sudo[96048]: pam_unix(sudo:session): session closed for user root
Jun 26 18:39:24 devstack cinder-volume[93795]: DEBUG oslo_concurrency.processutils [None req-ab7b8e0a-f88b-4d59-92b2-dea4cc46ba7b tempest-GroupSnapshotsTest-1608754754 None] CMD "/opt/stack/data/venv/bin/python3.12 -m oslo_concurrency.prlimit --as=1073741824 --cpu=60 -- sudo cinder-rootwrap /etc/cinder/rootwrap.conf env LC_ALL=C qemu-img info -f qcow2 --output=json --force-share /opt/stack/data/cinder/mnt/8abc97c7e135b7ae9ae3f02017023dba/volume-51bb6d56-49db-41c9-be02-321c81b713a9" returned: 0 in 1.145s {{(pid=93795) execute /opt/stack/data/venv/lib/python3.12/site-packages/oslo_concurrency/processutils.py:468}}
Jun 26 18:39:24 devstack cinder-volume[93795]: DEBUG oslo_concurrency.processutils [None req-ab7b8e0a-f88b-4d59-92b2-dea4cc46ba7b tempest-GroupSnapshotsTest-1608754754 None] Running cmd (subprocess): sudo cinder-rootwrap /etc/cinder/rootwrap.conf qemu-img create -f qcow2 -o backing_file=/opt/stack/data/cinder/mnt/8abc97c7e135b7ae9ae3f02017023dba/volume-51bb6d56-49db-41c9-be02-321c81b713a9,backing_fmt=qcow2 /opt/stack/data/cinder/mnt/8abc97c7e135b7ae9ae3f02017023dba/volume-51bb6d56-49db-41c9-be02-321c81b713a9.b28611f4-602d-42b9-a956-a27e6c389e04 1G {{(pid=93795) execute /opt/stack/data/venv/lib/python3.12/site-packages/oslo_concurrency/processutils.py:440}}
Jun 26 18:39:24 devstack sudo[96057]: quobyte : PWD=/ ; USER=root ; COMMAND=/opt/stack/data/venv/bin/cinder-rootwrap /etc/cinder/rootwrap.conf qemu-img create -f qcow2 -o backing_file=/opt/stack/data/cinder/mnt/8abc97c7e135b7ae9ae3f02017023dba/volume-51bb6d56-49db-41c9-be02-321c81b713a9,backing_fmt=qcow2 /opt/stack/data/cinder/mnt/8abc97c7e135b7ae9ae3f02017023dba/volume-51bb6d56-49db-41c9-be02-321c81b713a9.b28611f4-602d-42b9-a956-a27e6c389e04 1G
Jun 26 18:39:24 devstack sudo[96057]: pam_unix(sudo:session): session opened for user root(uid=0) by (uid=1000)
Jun 26 18:39:25 devstack cinder-volume[93795]: DEBUG cinder.volume.flows.manager.create_volume [None req-2fcbf3a4-4d09-4772-be94-65bcc8bc35ea tempest-ServerActionsTestOtherA-157138367 None] Volume reschedule parameters: True retry: {'num_attempts': 1, 'backends': ['devstack@QuobyteHD#QuobyteHD'], 'hosts': ['devstack@QuobyteHD#QuobyteHD']} {{(pid=93795) get_flow /opt/stack/cinder/cinder/volume/flows/manager/create_volume.py:1397}}
Jun 26 18:39:25 devstack cinder-volume[93795]: DEBUG cinder.volume.manager [None req-2fcbf3a4-4d09-4772-be94-65bcc8bc35ea tempest-ServerActionsTestOtherA-157138367 None] Flow 'volume_create_manager' (75fbf857-d408-43e0-a024-1a28a9ee94da) transitioned into state 'RUNNING' from state 'PENDING' {{(pid=93795) _flow_receiver /opt/stack/data/venv/lib/python3.12/site-packages/taskflow/listeners/logging.py:160}}
Jun 26 18:39:25 devstack cinder-volume[93795]: DEBUG cinder.volume.manager [None req-2fcbf3a4-4d09-4772-be94-65bcc8bc35ea tempest-ServerActionsTestOtherA-157138367 None] Task 'cinder.volume.flows.manager.create_volume.ExtractVolumeRefTask;volume:create' (bc2627e6-f676-4f8a-b97d-0398aed776fa) transitioned into state 'RUNNING' from state 'PENDING' {{(pid=93795) _task_receiver /opt/stack/data/venv/lib/python3.12/site-packages/taskflow/listeners/logging.py:242}}
Jun 26 18:39:25 devstack cinder-volume[93795]: DEBUG cinder.volume.manager [None req-2fcbf3a4-4d09-4772-be94-65bcc8bc35ea tempest-ServerActionsTestOtherA-157138367 None] Task 'cinder.volume.flows.manager.create_volume.ExtractVolumeRefTask;volume:create' (bc2627e6-f676-4f8a-b97d-0398aed776fa) transitioned into state 'SUCCESS' from state 'RUNNING' with result 'Volume(_name_id=None,admin_metadata=,attach_status='detached',availability_zone='nova',bootable=False,cluster=,cluster_name=None,consistencygroup=,consistencygroup_id=None,created_at=2026-06-26T16:39:25Z,deleted=False,deleted_at=None,display_description=None,display_name='tempest-ServerActionsTestOtherA-volume-218662760',ec2_id=None,encryption_key_id=None,glance_metadata=,group=,group_id=None,host='devstack@QuobyteHD#QuobyteHD',id=293bf1f3-7303-4390-b3ae-b04253e8a8eb,launched_at=None,metadata={},migration_status=None,multiattach=False,previous_status=None,project_id='fff5d8d6621b4b1c826af1ad551f1afd',provider_auth=None,provider_geometry=None,provider_id=None,provider_location=None,replication_driver_data=None,replication_extended_status=None,replication_status=None,scheduled_at=2026-06-26T16:39:26Z,service_uuid=None,shared_targets=True,size=1,snapshot_id=None,snapshots=,source_volid=None,status='creating',terminated_at=None,updated_at=2026-06-26T16:39:26Z,use_quota=True,user_id='50b5207d9c4440baa4240f12c766ac3e',volume_attachment=VolumeAttachmentList,volume_type=VolumeType(dc6de983-194c-4e07-ba02-6cbe6e12057f),volume_type_id=dc6de983-194c-4e07-ba02-6cbe6e12057f)' {{(pid=93795) _task_receiver /opt/stack/data/venv/lib/python3.12/site-packages/taskflow/listeners/logging.py:218}}
Jun 26 18:39:25 devstack cinder-volume[93795]: DEBUG cinder.volume.manager [None req-2fcbf3a4-4d09-4772-be94-65bcc8bc35ea tempest-ServerActionsTestOtherA-157138367 None] Task 'cinder.volume.flows.manager.create_volume.OnFailureRescheduleTask;volume:create' (a710e7c1-db90-4416-8864-f2b5b0fe740e) transitioned into state 'RUNNING' from state 'PENDING' {{(pid=93795) _task_receiver /opt/stack/data/venv/lib/python3.12/site-packages/taskflow/listeners/logging.py:242}}
Jun 26 18:39:25 devstack cinder-volume[93795]: DEBUG cinder.volume.manager [None req-2fcbf3a4-4d09-4772-be94-65bcc8bc35ea tempest-ServerActionsTestOtherA-157138367 None] Task 'cinder.volume.flows.manager.create_volume.OnFailureRescheduleTask;volume:create' (a710e7c1-db90-4416-8864-f2b5b0fe740e) transitioned into state 'SUCCESS' from state 'RUNNING' with result 'None' {{(pid=93795) _task_receiver /opt/stack/data/venv/lib/python3.12/site-packages/taskflow/listeners/logging.py:218}}
Jun 26 18:39:25 devstack cinder-volume[93795]: DEBUG cinder.volume.manager [None req-2fcbf3a4-4d09-4772-be94-65bcc8bc35ea tempest-ServerActionsTestOtherA-157138367 None] Task 'cinder.volume.flows.manager.create_volume.ExtractVolumeSpecTask;volume:create' (bae50f71-6194-479d-b7e2-7c08819d8d02) transitioned into state 'RUNNING' from state 'PENDING' {{(pid=93795) _task_receiver /opt/stack/data/venv/lib/python3.12/site-packages/taskflow/listeners/logging.py:242}}
Jun 26 18:39:25 devstack cinder-volume[93795]: DEBUG cinder.volume.manager [None req-2fcbf3a4-4d09-4772-be94-65bcc8bc35ea tempest-ServerActionsTestOtherA-157138367 None] Task 'cinder.volume.flows.manager.create_volume.ExtractVolumeSpecTask;volume:create' (bae50f71-6194-479d-b7e2-7c08819d8d02) transitioned into state 'SUCCESS' from state 'RUNNING' with result '{'status': 'creating', 'type': 'raw', 'volume_id': '293bf1f3-7303-4390-b3ae-b04253e8a8eb', 'volume_name': 'volume-293bf1f3-7303-4390-b3ae-b04253e8a8eb', 'volume_size': 1}' {{(pid=93795) _task_receiver /opt/stack/data/venv/lib/python3.12/site-packages/taskflow/listeners/logging.py:218}}
Jun 26 18:39:25 devstack cinder-volume[93795]: DEBUG cinder.volume.manager [None req-2fcbf3a4-4d09-4772-be94-65bcc8bc35ea tempest-ServerActionsTestOtherA-157138367 None] Task 'cinder.volume.flows.manager.create_volume.NotifyVolumeActionTask;volume:create, create.start' (45a5b729-317a-4cea-a67a-2e4c5d1b59f4) transitioned into state 'RUNNING' from state 'PENDING' {{(pid=93795) _task_receiver /opt/stack/data/venv/lib/python3.12/site-packages/taskflow/listeners/logging.py:242}}
Jun 26 18:39:25 devstack cinder-volume[93795]: DEBUG cinder.volume.manager [None req-2fcbf3a4-4d09-4772-be94-65bcc8bc35ea tempest-ServerActionsTestOtherA-157138367 None] Task 'cinder.volume.flows.manager.create_volume.NotifyVolumeActionTask;volume:create, create.start' (45a5b729-317a-4cea-a67a-2e4c5d1b59f4) transitioned into state 'SUCCESS' from state 'RUNNING' with result 'None' {{(pid=93795) _task_receiver /opt/stack/data/venv/lib/python3.12/site-packages/taskflow/listeners/logging.py:218}}
Jun 26 18:39:25 devstack cinder-volume[93795]: DEBUG cinder.volume.manager [None req-2fcbf3a4-4d09-4772-be94-65bcc8bc35ea tempest-ServerActionsTestOtherA-157138367 None] Task 'cinder.volume.flows.manager.create_volume.CreateVolumeFromSpecTask;volume:create' (59ab3365-2242-462d-9721-89f776b2abde) transitioned into state 'RUNNING' from state 'PENDING' {{(pid=93795) _task_receiver /opt/stack/data/venv/lib/python3.12/site-packages/taskflow/listeners/logging.py:242}}
Jun 26 18:39:25 devstack cinder-volume[93795]: INFO cinder.volume.flows.manager.create_volume [None req-2fcbf3a4-4d09-4772-be94-65bcc8bc35ea tempest-ServerActionsTestOtherA-157138367 None] Volume 293bf1f3-7303-4390-b3ae-b04253e8a8eb: being created as raw with specification: {'status': 'creating', 'volume_name': 'volume-293bf1f3-7303-4390-b3ae-b04253e8a8eb', 'volume_size': 1}
Jun 26 18:39:25 devstack cinder-volume[93795]: DEBUG oslo_concurrency.lockutils [None req-2fcbf3a4-4d09-4772-be94-65bcc8bc35ea tempest-ServerActionsTestOtherA-157138367 None] Acquiring lock "quobyte" by "cinder.volume.drivers.quobyte.QuobyteDriver.create_volume" {{(pid=93795) inner /opt/stack/data/venv/lib/python3.12/site-packages/oslo_concurrency/lockutils.py:511}}
Jun 26 18:39:26 devstack sudo[96057]: pam_unix(sudo:session): session closed for user root
Jun 26 18:39:26 devstack cinder-volume[93795]: DEBUG oslo_concurrency.processutils [None req-ab7b8e0a-f88b-4d59-92b2-dea4cc46ba7b tempest-GroupSnapshotsTest-1608754754 None] CMD "sudo cinder-rootwrap /etc/cinder/rootwrap.conf qemu-img create -f qcow2 -o backing_file=/opt/stack/data/cinder/mnt/8abc97c7e135b7ae9ae3f02017023dba/volume-51bb6d56-49db-41c9-be02-321c81b713a9,backing_fmt=qcow2 /opt/stack/data/cinder/mnt/8abc97c7e135b7ae9ae3f02017023dba/volume-51bb6d56-49db-41c9-be02-321c81b713a9.b28611f4-602d-42b9-a956-a27e6c389e04 1G" returned: 0 in 1.328s {{(pid=93795) execute /opt/stack/data/venv/lib/python3.12/site-packages/oslo_concurrency/processutils.py:468}}
Jun 26 18:39:26 devstack cinder-volume[93795]: DEBUG oslo_concurrency.processutils [None req-ab7b8e0a-f88b-4d59-92b2-dea4cc46ba7b tempest-GroupSnapshotsTest-1608754754 None] Running cmd (subprocess): sudo cinder-rootwrap /etc/cinder/rootwrap.conf qemu-img rebase -u -b volume-51bb6d56-49db-41c9-be02-321c81b713a9 -F qcow2 /opt/stack/data/cinder/mnt/8abc97c7e135b7ae9ae3f02017023dba/volume-51bb6d56-49db-41c9-be02-321c81b713a9.b28611f4-602d-42b9-a956-a27e6c389e04 {{(pid=93795) execute /opt/stack/data/venv/lib/python3.12/site-packages/oslo_concurrency/processutils.py:440}}
Jun 26 18:39:26 devstack sudo[96063]: quobyte : PWD=/ ; USER=root ; COMMAND=/opt/stack/data/venv/bin/cinder-rootwrap /etc/cinder/rootwrap.conf qemu-img rebase -u -b volume-51bb6d56-49db-41c9-be02-321c81b713a9 -F qcow2 /opt/stack/data/cinder/mnt/8abc97c7e135b7ae9ae3f02017023dba/volume-51bb6d56-49db-41c9-be02-321c81b713a9.b28611f4-602d-42b9-a956-a27e6c389e04
Jun 26 18:39:26 devstack sudo[96063]: pam_unix(sudo:session): session opened for user root(uid=0) by (uid=1000)
Jun 26 18:39:27 devstack sudo[96063]: pam_unix(sudo:session): session closed for user root
Jun 26 18:39:27 devstack cinder-volume[93795]: DEBUG oslo_concurrency.processutils [None req-ab7b8e0a-f88b-4d59-92b2-dea4cc46ba7b tempest-GroupSnapshotsTest-1608754754 None] CMD "sudo cinder-rootwrap /etc/cinder/rootwrap.conf qemu-img rebase -u -b volume-51bb6d56-49db-41c9-be02-321c81b713a9 -F qcow2 /opt/stack/data/cinder/mnt/8abc97c7e135b7ae9ae3f02017023dba/volume-51bb6d56-49db-41c9-be02-321c81b713a9.b28611f4-602d-42b9-a956-a27e6c389e04" returned: 0 in 0.980s {{(pid=93795) execute /opt/stack/data/venv/lib/python3.12/site-packages/oslo_concurrency/processutils.py:468}}
Jun 26 18:39:27 devstack cinder-volume[93795]: WARNING cinder.volume.drivers.remotefs [None req-ab7b8e0a-f88b-4d59-92b2-dea4cc46ba7b tempest-GroupSnapshotsTest-1608754754 None] /opt/stack/data/cinder/mnt/8abc97c7e135b7ae9ae3f02017023dba/volume-51bb6d56-49db-41c9-be02-321c81b713a9.b28611f4-602d-42b9-a956-a27e6c389e04 is being set with open permissions: ugo+rw: NotImplementedError
Jun 26 18:39:27 devstack cinder-volume[93795]: DEBUG oslo_concurrency.processutils [None req-ab7b8e0a-f88b-4d59-92b2-dea4cc46ba7b tempest-GroupSnapshotsTest-1608754754 None] Running cmd (subprocess): sudo cinder-rootwrap /etc/cinder/rootwrap.conf chmod ugo+rw /opt/stack/data/cinder/mnt/8abc97c7e135b7ae9ae3f02017023dba/volume-51bb6d56-49db-41c9-be02-321c81b713a9.b28611f4-602d-42b9-a956-a27e6c389e04 {{(pid=93795) execute /opt/stack/data/venv/lib/python3.12/site-packages/oslo_concurrency/processutils.py:440}}
Jun 26 18:39:27 devstack sudo[96074]: quobyte : PWD=/ ; USER=root ; COMMAND=/opt/stack/data/venv/bin/cinder-rootwrap /etc/cinder/rootwrap.conf chmod ugo+rw /opt/stack/data/cinder/mnt/8abc97c7e135b7ae9ae3f02017023dba/volume-51bb6d56-49db-41c9-be02-321c81b713a9.b28611f4-602d-42b9-a956-a27e6c389e04
Jun 26 18:39:27 devstack sudo[96074]: pam_unix(sudo:session): session opened for user root(uid=0) by (uid=1000)
Jun 26 18:39:28 devstack sudo[96074]: pam_unix(sudo:session): session closed for user root
Jun 26 18:39:28 devstack cinder-volume[93795]: DEBUG oslo_concurrency.processutils [None req-ab7b8e0a-f88b-4d59-92b2-dea4cc46ba7b tempest-GroupSnapshotsTest-1608754754 None] CMD "sudo cinder-rootwrap /etc/cinder/rootwrap.conf chmod ugo+rw /opt/stack/data/cinder/mnt/8abc97c7e135b7ae9ae3f02017023dba/volume-51bb6d56-49db-41c9-be02-321c81b713a9.b28611f4-602d-42b9-a956-a27e6c389e04" returned: 0 in 0.822s {{(pid=93795) execute /opt/stack/data/venv/lib/python3.12/site-packages/oslo_concurrency/processutils.py:468}}
Jun 26 18:39:28 devstack cinder-volume[93795]: DEBUG oslo_concurrency.processutils [None req-ab7b8e0a-f88b-4d59-92b2-dea4cc46ba7b tempest-GroupSnapshotsTest-1608754754 None] Running cmd (subprocess): sudo cinder-rootwrap /etc/cinder/rootwrap.conf truncate -s0 /opt/stack/data/cinder/mnt/8abc97c7e135b7ae9ae3f02017023dba/volume-51bb6d56-49db-41c9-be02-321c81b713a9.info {{(pid=93795) execute /opt/stack/data/venv/lib/python3.12/site-packages/oslo_concurrency/processutils.py:440}}
Jun 26 18:39:28 devstack sudo[96078]: quobyte : PWD=/ ; USER=root ; COMMAND=/opt/stack/data/venv/bin/cinder-rootwrap /etc/cinder/rootwrap.conf truncate -s0 /opt/stack/data/cinder/mnt/8abc97c7e135b7ae9ae3f02017023dba/volume-51bb6d56-49db-41c9-be02-321c81b713a9.info
Jun 26 18:39:28 devstack sudo[96078]: pam_unix(sudo:session): session opened for user root(uid=0) by (uid=1000)
Jun 26 18:39:29 devstack sudo[96078]: pam_unix(sudo:session): session closed for user root
Jun 26 18:39:29 devstack cinder-volume[93795]: DEBUG oslo_concurrency.processutils [None req-ab7b8e0a-f88b-4d59-92b2-dea4cc46ba7b tempest-GroupSnapshotsTest-1608754754 None] CMD "sudo cinder-rootwrap /etc/cinder/rootwrap.conf truncate -s0 /opt/stack/data/cinder/mnt/8abc97c7e135b7ae9ae3f02017023dba/volume-51bb6d56-49db-41c9-be02-321c81b713a9.info" returned: 0 in 1.034s {{(pid=93795) execute /opt/stack/data/venv/lib/python3.12/site-packages/oslo_concurrency/processutils.py:468}}
Jun 26 18:39:29 devstack cinder-volume[93795]: WARNING cinder.volume.drivers.remotefs [None req-ab7b8e0a-f88b-4d59-92b2-dea4cc46ba7b tempest-GroupSnapshotsTest-1608754754 None] /opt/stack/data/cinder/mnt/8abc97c7e135b7ae9ae3f02017023dba/volume-51bb6d56-49db-41c9-be02-321c81b713a9.info is being set with open permissions: ugo+rw: NotImplementedError
Jun 26 18:39:29 devstack cinder-volume[93795]: DEBUG oslo_concurrency.processutils [None req-ab7b8e0a-f88b-4d59-92b2-dea4cc46ba7b tempest-GroupSnapshotsTest-1608754754 None] Running cmd (subprocess): sudo cinder-rootwrap /etc/cinder/rootwrap.conf chmod ugo+rw /opt/stack/data/cinder/mnt/8abc97c7e135b7ae9ae3f02017023dba/volume-51bb6d56-49db-41c9-be02-321c81b713a9.info {{(pid=93795) execute /opt/stack/data/venv/lib/python3.12/site-packages/oslo_concurrency/processutils.py:440}}
Jun 26 18:39:29 devstack sudo[96081]: quobyte : PWD=/ ; USER=root ; COMMAND=/opt/stack/data/venv/bin/cinder-rootwrap /etc/cinder/rootwrap.conf chmod ugo+rw /opt/stack/data/cinder/mnt/8abc97c7e135b7ae9ae3f02017023dba/volume-51bb6d56-49db-41c9-be02-321c81b713a9.info
Jun 26 18:39:29 devstack sudo[96081]: pam_unix(sudo:session): session opened for user root(uid=0) by (uid=1000)
Jun 26 18:39:30 devstack sudo[96081]: pam_unix(sudo:session): session closed for user root
Jun 26 18:39:30 devstack cinder-volume[93795]: DEBUG oslo_concurrency.processutils [None req-ab7b8e0a-f88b-4d59-92b2-dea4cc46ba7b tempest-GroupSnapshotsTest-1608754754 None] CMD "sudo cinder-rootwrap /etc/cinder/rootwrap.conf chmod ugo+rw /opt/stack/data/cinder/mnt/8abc97c7e135b7ae9ae3f02017023dba/volume-51bb6d56-49db-41c9-be02-321c81b713a9.info" returned: 0 in 1.004s {{(pid=93795) execute /opt/stack/data/venv/lib/python3.12/site-packages/oslo_concurrency/processutils.py:468}}
Jun 26 18:39:30 devstack cinder-volume[93795]: DEBUG oslo_concurrency.lockutils [None req-ab7b8e0a-f88b-4d59-92b2-dea4cc46ba7b tempest-GroupSnapshotsTest-1608754754 None] Lock "quobyte" "released" by "cinder.volume.drivers.quobyte.QuobyteDriver.create_snapshot" :: held 6.428s {{(pid=93795) inner /opt/stack/data/venv/lib/python3.12/site-packages/oslo_concurrency/lockutils.py:543}}
Jun 26 18:39:30 devstack cinder-volume[93795]: DEBUG oslo_concurrency.lockutils [None req-2fcbf3a4-4d09-4772-be94-65bcc8bc35ea tempest-ServerActionsTestOtherA-157138367 None] Lock "quobyte" acquired by "cinder.volume.drivers.quobyte.QuobyteDriver.create_volume" :: waited 4.350s {{(pid=93795) inner /opt/stack/data/venv/lib/python3.12/site-packages/oslo_concurrency/lockutils.py:524}}
Jun 26 18:39:30 devstack cinder-volume[93795]: DEBUG cinder.volume.drivers.quobyte [None req-2fcbf3a4-4d09-4772-be94-65bcc8bc35ea tempest-ServerActionsTestOtherA-157138367 None] ==> create_volume: call "{'self': , 'volume': Volume(_name_id=None,admin_metadata=,attach_status='detached',availability_zone='nova',bootable=False,cluster=,cluster_name=None,consistencygroup=,consistencygroup_id=None,created_at=2026-06-26T16:39:25Z,deleted=False,deleted_at=None,display_description=None,display_name='tempest-ServerActionsTestOtherA-volume-218662760',ec2_id=None,encryption_key_id=None,glance_metadata=,group=,group_id=None,host='devstack@QuobyteHD#QuobyteHD',id=293bf1f3-7303-4390-b3ae-b04253e8a8eb,launched_at=None,metadata={},migration_status=None,multiattach=False,previous_status=None,project_id='fff5d8d6621b4b1c826af1ad551f1afd',provider_auth=None,provider_geometry=None,provider_id=None,provider_location=None,replication_driver_data=None,replication_extended_status=None,replication_status=None,scheduled_at=2026-06-26T16:39:26Z,service_uuid=None,shared_targets=True,size=1,snapshot_id=None,snapshots=,source_volid=None,status='creating',terminated_at=None,updated_at=2026-06-26T16:39:26Z,use_quota=True,user_id='50b5207d9c4440baa4240f12c766ac3e',volume_attachment=VolumeAttachmentList,volume_type=VolumeType(dc6de983-194c-4e07-ba02-6cbe6e12057f),volume_type_id=dc6de983-194c-4e07-ba02-6cbe6e12057f)}" {{(pid=93795) trace_logging_wrapper /opt/stack/cinder/cinder/volume/volume_utils.py:1497}}
Jun 26 18:39:30 devstack cinder-volume[93795]: DEBUG cinder.volume.drivers.remotefs [None req-2fcbf3a4-4d09-4772-be94-65bcc8bc35ea tempest-ServerActionsTestOtherA-157138367 None] Creating volume 293bf1f3-7303-4390-b3ae-b04253e8a8eb {{(pid=93795) create_volume /opt/stack/cinder/cinder/volume/drivers/remotefs.py:292}}
Jun 26 18:39:30 devstack cinder-volume[93795]: DEBUG oslo_concurrency.lockutils [None req-2fcbf3a4-4d09-4772-be94-65bcc8bc35ea tempest-ServerActionsTestOtherA-157138367 None] Acquiring lock "quobyte_ensure" by "cinder.volume.drivers.quobyte.QuobyteDriver._ensure_shares_mounted" {{(pid=93795) inner /opt/stack/data/venv/lib/python3.12/site-packages/oslo_concurrency/lockutils.py:511}}
Jun 26 18:39:30 devstack cinder-volume[93795]: DEBUG oslo_concurrency.lockutils [None req-2fcbf3a4-4d09-4772-be94-65bcc8bc35ea tempest-ServerActionsTestOtherA-157138367 None] Lock "quobyte_ensure" acquired by "cinder.volume.drivers.quobyte.QuobyteDriver._ensure_shares_mounted" :: waited 0.001s {{(pid=93795) inner /opt/stack/data/venv/lib/python3.12/site-packages/oslo_concurrency/lockutils.py:524}}
Jun 26 18:39:30 devstack cinder-volume[93795]: DEBUG cinder.volume.drivers.quobyte [None req-2fcbf3a4-4d09-4772-be94-65bcc8bc35ea tempest-ServerActionsTestOtherA-157138367 None] Quobyte Volume URL set to: {'osci02.corp.quobyte.com/cinder-vol-c6431d08-b057-4067-a806-020d6f984c54': None} {{(pid=93795) _load_shares_config /opt/stack/cinder/cinder/volume/drivers/quobyte.py:617}}
Jun 26 18:39:30 devstack cinder-volume[93795]: DEBUG cinder.volume.drivers.quobyte [None req-2fcbf3a4-4d09-4772-be94-65bcc8bc35ea tempest-ServerActionsTestOtherA-157138367 None] Available shares ['osci02.corp.quobyte.com/cinder-vol-c6431d08-b057-4067-a806-020d6f984c54'] {{(pid=93795) _ensure_shares_mounted /opt/stack/cinder/cinder/volume/drivers/quobyte.py:647}}
Jun 26 18:39:30 devstack cinder-volume[93795]: DEBUG oslo_concurrency.lockutils [None req-2fcbf3a4-4d09-4772-be94-65bcc8bc35ea tempest-ServerActionsTestOtherA-157138367 None] Lock "quobyte_ensure" "released" by "cinder.volume.drivers.quobyte.QuobyteDriver._ensure_shares_mounted" :: held 0.011s {{(pid=93795) inner /opt/stack/data/venv/lib/python3.12/site-packages/oslo_concurrency/lockutils.py:543}}
Jun 26 18:39:30 devstack cinder-volume[93795]: DEBUG cinder.volume.drivers.quobyte [None req-2fcbf3a4-4d09-4772-be94-65bcc8bc35ea tempest-ServerActionsTestOtherA-157138367 None] Selected osci02.corp.quobyte.com/cinder-vol-c6431d08-b057-4067-a806-020d6f984c54 as target Quobyte volume. {{(pid=93795) _find_share /opt/stack/cinder/cinder/volume/drivers/quobyte.py:668}}
Jun 26 18:39:30 devstack cinder-volume[93795]: INFO cinder.volume.drivers.remotefs [None req-2fcbf3a4-4d09-4772-be94-65bcc8bc35ea tempest-ServerActionsTestOtherA-157138367 None] casted to osci02.corp.quobyte.com/cinder-vol-c6431d08-b057-4067-a806-020d6f984c54
Jun 26 18:39:30 devstack cinder-volume[93795]: DEBUG oslo_concurrency.processutils [None req-2fcbf3a4-4d09-4772-be94-65bcc8bc35ea tempest-ServerActionsTestOtherA-157138367 None] Running cmd (subprocess): sudo cinder-rootwrap /etc/cinder/rootwrap.conf qemu-img create -f qcow2 -o preallocation=metadata /opt/stack/data/cinder/mnt/8abc97c7e135b7ae9ae3f02017023dba/volume-293bf1f3-7303-4390-b3ae-b04253e8a8eb 1073741824 {{(pid=93795) execute /opt/stack/data/venv/lib/python3.12/site-packages/oslo_concurrency/processutils.py:440}}
Jun 26 18:39:30 devstack sudo[96100]: quobyte : PWD=/ ; USER=root ; COMMAND=/opt/stack/data/venv/bin/cinder-rootwrap /etc/cinder/rootwrap.conf qemu-img create -f qcow2 -o preallocation=metadata /opt/stack/data/cinder/mnt/8abc97c7e135b7ae9ae3f02017023dba/volume-293bf1f3-7303-4390-b3ae-b04253e8a8eb 1073741824
Jun 26 18:39:30 devstack sudo[96100]: pam_unix(sudo:session): session opened for user root(uid=0) by (uid=1000)
Jun 26 18:39:30 devstack cinder-volume[93795]: INFO cinder.volume.manager [None req-ab7b8e0a-f88b-4d59-92b2-dea4cc46ba7b tempest-GroupSnapshotsTest-1608754754 None] group_snapshot c74ff453-691f-473e-8751-cb4e7a2d1b03: created successfully
Jun 26 18:39:31 devstack cinder-volume[93795]: INFO cinder.volume.manager [None req-eb018c81-ee44-43d4-971b-45d697f37e56 tempest-GroupSnapshotsTest-1608754754 None] group_snapshot c74ff453-691f-473e-8751-cb4e7a2d1b03: deleting
Jun 26 18:39:31 devstack cinder-volume[93795]: DEBUG cinder.volume.manager [None req-eb018c81-ee44-43d4-971b-45d697f37e56 tempest-GroupSnapshotsTest-1608754754 None] group_snapshot c74ff453-691f-473e-8751-cb4e7a2d1b03: deleting {{(pid=93795) delete_group_snapshot /opt/stack/cinder/cinder/volume/manager.py:4350}}
Jun 26 18:39:31 devstack cinder-volume[93795]: DEBUG cinder.coordination [None req-eb018c81-ee44-43d4-971b-45d697f37e56 tempest-GroupSnapshotsTest-1608754754 None] Acquiring lock "cinder-quobyte-86adc893-4a9d-4716-b519-36b676dfd2d8" by "delete_snapshot" {{(pid=93795) __acquire /opt/stack/cinder/cinder/coordination.py:138}}
Jun 26 18:39:31 devstack cinder-volume[93795]: DEBUG cinder.coordination [None req-eb018c81-ee44-43d4-971b-45d697f37e56 tempest-GroupSnapshotsTest-1608754754 None] Lock "cinder-quobyte-86adc893-4a9d-4716-b519-36b676dfd2d8" acquired by "delete_snapshot" :: waited 0.037s {{(pid=93795) __acquire /opt/stack/cinder/cinder/coordination.py:141}}
Jun 26 18:39:31 devstack cinder-volume[93795]: DEBUG cinder.coordination [None req-eb018c81-ee44-43d4-971b-45d697f37e56 tempest-GroupSnapshotsTest-1608754754 None] Acquiring lock "cinder-quobyte-3f74cde1-c05d-4280-9dbc-e9c1e8a8e325" by "_delete_snapshot" {{(pid=93795) __acquire /opt/stack/cinder/cinder/coordination.py:138}}
Jun 26 18:39:31 devstack cinder-volume[93795]: DEBUG cinder.coordination [None req-eb018c81-ee44-43d4-971b-45d697f37e56 tempest-GroupSnapshotsTest-1608754754 None] Lock "cinder-quobyte-3f74cde1-c05d-4280-9dbc-e9c1e8a8e325" acquired by "_delete_snapshot" :: waited 0.031s {{(pid=93795) __acquire /opt/stack/cinder/cinder/coordination.py:141}}
Jun 26 18:39:31 devstack cinder-volume[93795]: DEBUG cinder.volume.drivers.remotefs [None req-eb018c81-ee44-43d4-971b-45d697f37e56 tempest-GroupSnapshotsTest-1608754754 None] Deleting offline snapshot 3f74cde1-c05d-4280-9dbc-e9c1e8a8e325 of volume 86adc893-4a9d-4716-b519-36b676dfd2d8 {{(pid=93795) _delete_snapshot /opt/stack/cinder/cinder/volume/drivers/remotefs.py:1288}}
Jun 26 18:39:31 devstack sudo[96100]: pam_unix(sudo:session): session closed for user root
Jun 26 18:39:31 devstack cinder-volume[93795]: DEBUG cinder.volume.drivers.remotefs [None req-eb018c81-ee44-43d4-971b-45d697f37e56 tempest-GroupSnapshotsTest-1608754754 None] snapshot_file for this snap is: volume-86adc893-4a9d-4716-b519-36b676dfd2d8.3f74cde1-c05d-4280-9dbc-e9c1e8a8e325 {{(pid=93795) _delete_snapshot /opt/stack/cinder/cinder/volume/drivers/remotefs.py:1317}}
Jun 26 18:39:31 devstack cinder-volume[93795]: DEBUG oslo_concurrency.processutils [None req-2fcbf3a4-4d09-4772-be94-65bcc8bc35ea tempest-ServerActionsTestOtherA-157138367 None] CMD "sudo cinder-rootwrap /etc/cinder/rootwrap.conf qemu-img create -f qcow2 -o preallocation=metadata /opt/stack/data/cinder/mnt/8abc97c7e135b7ae9ae3f02017023dba/volume-293bf1f3-7303-4390-b3ae-b04253e8a8eb 1073741824" returned: 0 in 1.405s {{(pid=93795) execute /opt/stack/data/venv/lib/python3.12/site-packages/oslo_concurrency/processutils.py:468}}
Jun 26 18:39:31 devstack cinder-volume[93795]: DEBUG oslo.privsep.daemon [-] privsep: reply[23f8551a-f063-4d17-b3ea-798669b5c6c4]: (4, 'qcow2') {{(pid=94698) _call_back /opt/stack/data/venv/lib/python3.12/site-packages/oslo_privsep/daemon.py:580}}
Jun 26 18:39:31 devstack cinder-volume[93795]: DEBUG oslo_concurrency.processutils [None req-eb018c81-ee44-43d4-971b-45d697f37e56 tempest-GroupSnapshotsTest-1608754754 None] Running cmd (subprocess): /opt/stack/data/venv/bin/python3.12 -m oslo_concurrency.prlimit --as=1073741824 --cpu=60 -- sudo cinder-rootwrap /etc/cinder/rootwrap.conf env LC_ALL=C qemu-img info -f qcow2 --output=json --force-share /opt/stack/data/cinder/mnt/8abc97c7e135b7ae9ae3f02017023dba/volume-86adc893-4a9d-4716-b519-36b676dfd2d8.3f74cde1-c05d-4280-9dbc-e9c1e8a8e325 {{(pid=93795) execute /opt/stack/data/venv/lib/python3.12/site-packages/oslo_concurrency/processutils.py:440}}
Jun 26 18:39:31 devstack cinder-volume[93795]: DEBUG oslo_concurrency.processutils [None req-2fcbf3a4-4d09-4772-be94-65bcc8bc35ea tempest-ServerActionsTestOtherA-157138367 None] Running cmd (subprocess): sudo cinder-rootwrap /etc/cinder/rootwrap.conf chmod ugo+rw /opt/stack/data/cinder/mnt/8abc97c7e135b7ae9ae3f02017023dba/volume-293bf1f3-7303-4390-b3ae-b04253e8a8eb {{(pid=93795) execute /opt/stack/data/venv/lib/python3.12/site-packages/oslo_concurrency/processutils.py:440}}
Jun 26 18:39:31 devstack sudo[96108]: quobyte : PWD=/ ; USER=root ; COMMAND=/opt/stack/data/venv/bin/cinder-rootwrap /etc/cinder/rootwrap.conf chmod ugo+rw /opt/stack/data/cinder/mnt/8abc97c7e135b7ae9ae3f02017023dba/volume-293bf1f3-7303-4390-b3ae-b04253e8a8eb
Jun 26 18:39:31 devstack sudo[96108]: pam_unix(sudo:session): session opened for user root(uid=0) by (uid=1000)
Jun 26 18:39:31 devstack sudo[96107]: quobyte : PWD=/ ; USER=root ; COMMAND=/opt/stack/data/venv/bin/cinder-rootwrap /etc/cinder/rootwrap.conf env LC_ALL=C qemu-img info -f qcow2 --output=json --force-share /opt/stack/data/cinder/mnt/8abc97c7e135b7ae9ae3f02017023dba/volume-86adc893-4a9d-4716-b519-36b676dfd2d8.3f74cde1-c05d-4280-9dbc-e9c1e8a8e325
Jun 26 18:39:31 devstack sudo[96107]: pam_unix(sudo:session): session opened for user root(uid=0) by (uid=1000)
Jun 26 18:39:32 devstack sudo[96108]: pam_unix(sudo:session): session closed for user root
Jun 26 18:39:32 devstack cinder-volume[93795]: DEBUG oslo_concurrency.processutils [None req-2fcbf3a4-4d09-4772-be94-65bcc8bc35ea tempest-ServerActionsTestOtherA-157138367 None] CMD "sudo cinder-rootwrap /etc/cinder/rootwrap.conf chmod ugo+rw /opt/stack/data/cinder/mnt/8abc97c7e135b7ae9ae3f02017023dba/volume-293bf1f3-7303-4390-b3ae-b04253e8a8eb" returned: 0 in 1.036s {{(pid=93795) execute /opt/stack/data/venv/lib/python3.12/site-packages/oslo_concurrency/processutils.py:468}}
Jun 26 18:39:32 devstack cinder-volume[93795]: DEBUG cinder.volume.drivers.quobyte [None req-2fcbf3a4-4d09-4772-be94-65bcc8bc35ea tempest-ServerActionsTestOtherA-157138367 None] <== create_volume: return (2551ms) {'provider_location': 'osci02.corp.quobyte.com/cinder-vol-c6431d08-b057-4067-a806-020d6f984c54'} {{(pid=93795) trace_logging_wrapper /opt/stack/cinder/cinder/volume/volume_utils.py:1522}}
Jun 26 18:39:32 devstack cinder-volume[93795]: DEBUG oslo_concurrency.lockutils [None req-2fcbf3a4-4d09-4772-be94-65bcc8bc35ea tempest-ServerActionsTestOtherA-157138367 None] Lock "quobyte" "released" by "cinder.volume.drivers.quobyte.QuobyteDriver.create_volume" :: held 2.554s {{(pid=93795) inner /opt/stack/data/venv/lib/python3.12/site-packages/oslo_concurrency/lockutils.py:543}}
Jun 26 18:39:32 devstack cinder-volume[93795]: DEBUG cinder.volume.manager [None req-2fcbf3a4-4d09-4772-be94-65bcc8bc35ea tempest-ServerActionsTestOtherA-157138367 None] Task 'cinder.volume.flows.manager.create_volume.CreateVolumeFromSpecTask;volume:create' (59ab3365-2242-462d-9721-89f776b2abde) transitioned into state 'SUCCESS' from state 'RUNNING' with result '{'status': 'creating', 'volume_name': 'volume-293bf1f3-7303-4390-b3ae-b04253e8a8eb', 'volume_size': 1}' {{(pid=93795) _task_receiver /opt/stack/data/venv/lib/python3.12/site-packages/taskflow/listeners/logging.py:218}}
Jun 26 18:39:32 devstack cinder-volume[93795]: DEBUG cinder.volume.manager [None req-2fcbf3a4-4d09-4772-be94-65bcc8bc35ea tempest-ServerActionsTestOtherA-157138367 None] Task 'cinder.volume.flows.manager.create_volume.CreateVolumeOnFinishTask;volume:create, create.end' (42541733-674e-415c-9733-345b052fd8fb) transitioned into state 'RUNNING' from state 'PENDING' {{(pid=93795) _task_receiver /opt/stack/data/venv/lib/python3.12/site-packages/taskflow/listeners/logging.py:242}}
Jun 26 18:39:32 devstack cinder-volume[93795]: DEBUG dbcounter [-] [93795] Writing DB stats cinder:UPDATE=45,cinder:SELECT=59,cinder:INSERT=7,cinder:DELETE=2 {{(pid=93795) stat_writer /opt/stack/data/venv/lib/python3.12/site-packages/dbcounter.py:115}}
Jun 26 18:39:32 devstack cinder-volume[93795]: INFO cinder.volume.flows.manager.create_volume [None req-2fcbf3a4-4d09-4772-be94-65bcc8bc35ea tempest-ServerActionsTestOtherA-157138367 None] Volume volume-293bf1f3-7303-4390-b3ae-b04253e8a8eb (293bf1f3-7303-4390-b3ae-b04253e8a8eb): created successfully
Jun 26 18:39:32 devstack cinder-volume[93795]: DEBUG cinder.volume.manager [None req-2fcbf3a4-4d09-4772-be94-65bcc8bc35ea tempest-ServerActionsTestOtherA-157138367 None] Task 'cinder.volume.flows.manager.create_volume.CreateVolumeOnFinishTask;volume:create, create.end' (42541733-674e-415c-9733-345b052fd8fb) transitioned into state 'SUCCESS' from state 'RUNNING' with result 'None' {{(pid=93795) _task_receiver /opt/stack/data/venv/lib/python3.12/site-packages/taskflow/listeners/logging.py:218}}
Jun 26 18:39:32 devstack cinder-volume[93795]: DEBUG cinder.volume.manager [None req-2fcbf3a4-4d09-4772-be94-65bcc8bc35ea tempest-ServerActionsTestOtherA-157138367 None] Flow 'volume_create_manager' (75fbf857-d408-43e0-a024-1a28a9ee94da) transitioned into state 'SUCCESS' from state 'RUNNING' {{(pid=93795) _flow_receiver /opt/stack/data/venv/lib/python3.12/site-packages/taskflow/listeners/logging.py:160}}
Jun 26 18:39:32 devstack sudo[96107]: pam_unix(sudo:session): session closed for user root
Jun 26 18:39:32 devstack cinder-volume[93795]: DEBUG oslo_concurrency.processutils [None req-eb018c81-ee44-43d4-971b-45d697f37e56 tempest-GroupSnapshotsTest-1608754754 None] CMD "/opt/stack/data/venv/bin/python3.12 -m oslo_concurrency.prlimit --as=1073741824 --cpu=60 -- sudo cinder-rootwrap /etc/cinder/rootwrap.conf env LC_ALL=C qemu-img info -f qcow2 --output=json --force-share /opt/stack/data/cinder/mnt/8abc97c7e135b7ae9ae3f02017023dba/volume-86adc893-4a9d-4716-b519-36b676dfd2d8.3f74cde1-c05d-4280-9dbc-e9c1e8a8e325" returned: 0 in 1.213s {{(pid=93795) execute /opt/stack/data/venv/lib/python3.12/site-packages/oslo_concurrency/processutils.py:468}}
Jun 26 18:39:32 devstack cinder-volume[93795]: DEBUG cinder.volume.drivers.remotefs [None req-eb018c81-ee44-43d4-971b-45d697f37e56 tempest-GroupSnapshotsTest-1608754754 None] Fetching qemu-img info with special backing_file_template: (/opt/stack/data/cinder/mnt/[0-9a-f]+/)?(volume-86adc893-4a9d-4716-b519-36b676dfd2d8(.(tmp-snap-)?[0-9a-f-]+)?|volume_from_snapshot_cache/(tmp-snap-)?[0-9a-f-]+(.(child-|parent-)[0-9a-f-]+)?)$ {{(pid=93795) _qemu_img_info_base /opt/stack/cinder/cinder/volume/drivers/remotefs.py:896}}
Jun 26 18:39:32 devstack cinder-volume[93795]: INFO cinder.volume.manager [None req-2fcbf3a4-4d09-4772-be94-65bcc8bc35ea tempest-ServerActionsTestOtherA-157138367 None] Created volume successfully.
