Aug 25 16:21:57 devstack cinder-volume[94257]: INFO cinder.volume.manager [None req-7878d283-cd36-4ad7-a569-58cd6bc058fb tempest-AbsoluteLimitsTests-1650213211 None] Deleted volume successfully.
Aug 25 16:21:57 devstack cinder-volume[94257]: DEBUG cinder.coordination [None req-7878d283-cd36-4ad7-a569-58cd6bc058fb tempest-AbsoluteLimitsTests-1650213211 None] Lock "cinder-05aa6e9e-147d-4ee3-b8c5-59b861391f28-delete_volume" released by "delete_volume" :: held 1.777s {{(pid=94257) __release /opt/stack/cinder/cinder/coordination.py:152}}
Aug 25 16:21:57 devstack sudo[99644]: pam_unix(sudo:session): session closed for user root
Aug 25 16:21:57 devstack cinder-volume[94257]: DEBUG oslo_concurrency.processutils [None req-2694f500-dcde-4b2d-8e36-77c998914dbc tempest-SnapshotsActionsTest-72627489 None] CMD "sudo cinder-rootwrap /etc/cinder/rootwrap.conf qemu-img create -f qcow2 -o backing_file=/opt/stack/data/cinder/mnt/354e250149d44ff45acfec89f89c8c7c/volume-57aa1cc5-2072-4c0d-b1c2-720ac4e1bfe0,backing_fmt=qcow2 /opt/stack/data/cinder/mnt/354e250149d44ff45acfec89f89c8c7c/volume-57aa1cc5-2072-4c0d-b1c2-720ac4e1bfe0.2e0b1947-2129-45de-b6c1-f325ae3ea781 1G" returned: 0 in 0.657s {{(pid=94257) execute /opt/stack/data/venv/lib/python3.12/site-packages/oslo_concurrency/processutils.py:468}}
Aug 25 16:21:57 devstack cinder-volume[94257]: DEBUG oslo_concurrency.processutils [None req-2694f500-dcde-4b2d-8e36-77c998914dbc tempest-SnapshotsActionsTest-72627489 None] Running cmd (subprocess): sudo cinder-rootwrap /etc/cinder/rootwrap.conf qemu-img rebase -u -b volume-57aa1cc5-2072-4c0d-b1c2-720ac4e1bfe0 -F qcow2 /opt/stack/data/cinder/mnt/354e250149d44ff45acfec89f89c8c7c/volume-57aa1cc5-2072-4c0d-b1c2-720ac4e1bfe0.2e0b1947-2129-45de-b6c1-f325ae3ea781 {{(pid=94257) execute /opt/stack/data/venv/lib/python3.12/site-packages/oslo_concurrency/processutils.py:440}}
Aug 25 16:21:57 devstack sudo[99685]: quobyte : PWD=/ ; USER=root ; COMMAND=/opt/stack/data/venv/bin/cinder-rootwrap /etc/cinder/rootwrap.conf qemu-img rebase -u -b volume-57aa1cc5-2072-4c0d-b1c2-720ac4e1bfe0 -F qcow2 /opt/stack/data/cinder/mnt/354e250149d44ff45acfec89f89c8c7c/volume-57aa1cc5-2072-4c0d-b1c2-720ac4e1bfe0.2e0b1947-2129-45de-b6c1-f325ae3ea781
Aug 25 16:21:57 devstack sudo[99685]: pam_unix(sudo:session): session opened for user root(uid=0) by (uid=1000)
Aug 25 16:21:57 devstack sudo[99685]: pam_unix(sudo:session): session closed for user root
Aug 25 16:21:57 devstack cinder-volume[94257]: DEBUG oslo_concurrency.processutils [None req-2694f500-dcde-4b2d-8e36-77c998914dbc tempest-SnapshotsActionsTest-72627489 None] CMD "sudo cinder-rootwrap /etc/cinder/rootwrap.conf qemu-img rebase -u -b volume-57aa1cc5-2072-4c0d-b1c2-720ac4e1bfe0 -F qcow2 /opt/stack/data/cinder/mnt/354e250149d44ff45acfec89f89c8c7c/volume-57aa1cc5-2072-4c0d-b1c2-720ac4e1bfe0.2e0b1947-2129-45de-b6c1-f325ae3ea781" returned: 0 in 0.464s {{(pid=94257) execute /opt/stack/data/venv/lib/python3.12/site-packages/oslo_concurrency/processutils.py:468}}
Aug 25 16:21:57 devstack cinder-volume[94257]: WARNING cinder.volume.drivers.remotefs [None req-2694f500-dcde-4b2d-8e36-77c998914dbc tempest-SnapshotsActionsTest-72627489 None] /opt/stack/data/cinder/mnt/354e250149d44ff45acfec89f89c8c7c/volume-57aa1cc5-2072-4c0d-b1c2-720ac4e1bfe0.2e0b1947-2129-45de-b6c1-f325ae3ea781 is being set with open permissions: ugo+rw
Aug 25 16:21:57 devstack cinder-volume[94257]: DEBUG oslo_concurrency.processutils [None req-2694f500-dcde-4b2d-8e36-77c998914dbc tempest-SnapshotsActionsTest-72627489 None] Running cmd (subprocess): sudo cinder-rootwrap /etc/cinder/rootwrap.conf chmod ugo+rw /opt/stack/data/cinder/mnt/354e250149d44ff45acfec89f89c8c7c/volume-57aa1cc5-2072-4c0d-b1c2-720ac4e1bfe0.2e0b1947-2129-45de-b6c1-f325ae3ea781 {{(pid=94257) execute /opt/stack/data/venv/lib/python3.12/site-packages/oslo_concurrency/processutils.py:440}}
Aug 25 16:21:58 devstack sudo[99693]: quobyte : PWD=/ ; USER=root ; COMMAND=/opt/stack/data/venv/bin/cinder-rootwrap /etc/cinder/rootwrap.conf chmod ugo+rw /opt/stack/data/cinder/mnt/354e250149d44ff45acfec89f89c8c7c/volume-57aa1cc5-2072-4c0d-b1c2-720ac4e1bfe0.2e0b1947-2129-45de-b6c1-f325ae3ea781
Aug 25 16:21:58 devstack sudo[99693]: pam_unix(sudo:session): session opened for user root(uid=0) by (uid=1000)
Aug 25 16:21:58 devstack sudo[99693]: pam_unix(sudo:session): session closed for user root
Aug 25 16:21:58 devstack cinder-volume[94257]: DEBUG oslo_concurrency.processutils [None req-2694f500-dcde-4b2d-8e36-77c998914dbc tempest-SnapshotsActionsTest-72627489 None] CMD "sudo cinder-rootwrap /etc/cinder/rootwrap.conf chmod ugo+rw /opt/stack/data/cinder/mnt/354e250149d44ff45acfec89f89c8c7c/volume-57aa1cc5-2072-4c0d-b1c2-720ac4e1bfe0.2e0b1947-2129-45de-b6c1-f325ae3ea781" returned: 0 in 0.363s {{(pid=94257) execute /opt/stack/data/venv/lib/python3.12/site-packages/oslo_concurrency/processutils.py:468}}
Aug 25 16:21:58 devstack cinder-volume[94257]: DEBUG oslo_concurrency.processutils [None req-2694f500-dcde-4b2d-8e36-77c998914dbc tempest-SnapshotsActionsTest-72627489 None] Running cmd (subprocess): sudo cinder-rootwrap /etc/cinder/rootwrap.conf truncate -s0 /opt/stack/data/cinder/mnt/354e250149d44ff45acfec89f89c8c7c/volume-57aa1cc5-2072-4c0d-b1c2-720ac4e1bfe0.info {{(pid=94257) execute /opt/stack/data/venv/lib/python3.12/site-packages/oslo_concurrency/processutils.py:440}}
Aug 25 16:21:58 devstack sudo[99696]: quobyte : PWD=/ ; USER=root ; COMMAND=/opt/stack/data/venv/bin/cinder-rootwrap /etc/cinder/rootwrap.conf truncate -s0 /opt/stack/data/cinder/mnt/354e250149d44ff45acfec89f89c8c7c/volume-57aa1cc5-2072-4c0d-b1c2-720ac4e1bfe0.info
Aug 25 16:21:58 devstack sudo[99696]: pam_unix(sudo:session): session opened for user root(uid=0) by (uid=1000)
Aug 25 16:21:58 devstack sudo[99696]: pam_unix(sudo:session): session closed for user root
Aug 25 16:21:58 devstack cinder-volume[94257]: DEBUG oslo_concurrency.processutils [None req-2694f500-dcde-4b2d-8e36-77c998914dbc tempest-SnapshotsActionsTest-72627489 None] CMD "sudo cinder-rootwrap /etc/cinder/rootwrap.conf truncate -s0 /opt/stack/data/cinder/mnt/354e250149d44ff45acfec89f89c8c7c/volume-57aa1cc5-2072-4c0d-b1c2-720ac4e1bfe0.info" returned: 0 in 0.275s {{(pid=94257) execute /opt/stack/data/venv/lib/python3.12/site-packages/oslo_concurrency/processutils.py:468}}
Aug 25 16:21:58 devstack cinder-volume[94257]: WARNING cinder.volume.drivers.remotefs [None req-2694f500-dcde-4b2d-8e36-77c998914dbc tempest-SnapshotsActionsTest-72627489 None] /opt/stack/data/cinder/mnt/354e250149d44ff45acfec89f89c8c7c/volume-57aa1cc5-2072-4c0d-b1c2-720ac4e1bfe0.info is being set with open permissions: ugo+rw
Aug 25 16:21:58 devstack cinder-volume[94257]: DEBUG oslo_concurrency.processutils [None req-2694f500-dcde-4b2d-8e36-77c998914dbc tempest-SnapshotsActionsTest-72627489 None] Running cmd (subprocess): sudo cinder-rootwrap /etc/cinder/rootwrap.conf chmod ugo+rw /opt/stack/data/cinder/mnt/354e250149d44ff45acfec89f89c8c7c/volume-57aa1cc5-2072-4c0d-b1c2-720ac4e1bfe0.info {{(pid=94257) execute /opt/stack/data/venv/lib/python3.12/site-packages/oslo_concurrency/processutils.py:440}}
Aug 25 16:21:58 devstack sudo[99699]: quobyte : PWD=/ ; USER=root ; COMMAND=/opt/stack/data/venv/bin/cinder-rootwrap /etc/cinder/rootwrap.conf chmod ugo+rw /opt/stack/data/cinder/mnt/354e250149d44ff45acfec89f89c8c7c/volume-57aa1cc5-2072-4c0d-b1c2-720ac4e1bfe0.info
Aug 25 16:21:58 devstack sudo[99699]: pam_unix(sudo:session): session opened for user root(uid=0) by (uid=1000)
Aug 25 16:21:58 devstack sudo[99699]: pam_unix(sudo:session): session closed for user root
Aug 25 16:21:58 devstack cinder-volume[94257]: DEBUG oslo_concurrency.processutils [None req-2694f500-dcde-4b2d-8e36-77c998914dbc tempest-SnapshotsActionsTest-72627489 None] CMD "sudo cinder-rootwrap /etc/cinder/rootwrap.conf chmod ugo+rw /opt/stack/data/cinder/mnt/354e250149d44ff45acfec89f89c8c7c/volume-57aa1cc5-2072-4c0d-b1c2-720ac4e1bfe0.info" returned: 0 in 0.260s {{(pid=94257) execute /opt/stack/data/venv/lib/python3.12/site-packages/oslo_concurrency/processutils.py:468}}
Aug 25 16:21:58 devstack cinder-volume[94257]: DEBUG oslo_concurrency.lockutils [None req-2694f500-dcde-4b2d-8e36-77c998914dbc tempest-SnapshotsActionsTest-72627489 None] Lock "quobyte" "released" by "cinder.volume.drivers.quobyte.QuobyteDriver.create_snapshot" :: held 2.766s {{(pid=94257) inner /opt/stack/data/venv/lib/python3.12/site-packages/oslo_concurrency/lockutils.py:544}}
Aug 25 16:21:59 devstack cinder-volume[94257]: INFO cinder.volume.manager [None req-2694f500-dcde-4b2d-8e36-77c998914dbc tempest-SnapshotsActionsTest-72627489 None] Create snapshot completed successfully
Aug 25 16:22:00 devstack cinder-volume[94257]: DEBUG oslo_concurrency.lockutils [None req-fa540186-076c-4648-9dc0-4e80b29e929d tempest-SnapshotsActionsTest-72627489 None] Acquiring lock "quobyte" by "cinder.volume.drivers.quobyte.QuobyteDriver.create_snapshot" {{(pid=94257) inner /opt/stack/data/venv/lib/python3.12/site-packages/oslo_concurrency/lockutils.py:512}}
Aug 25 16:22:00 devstack cinder-volume[94257]: DEBUG oslo_concurrency.lockutils [None req-fa540186-076c-4648-9dc0-4e80b29e929d tempest-SnapshotsActionsTest-72627489 None] Lock "quobyte" acquired by "cinder.volume.drivers.quobyte.QuobyteDriver.create_snapshot" :: waited 0.001s {{(pid=94257) inner /opt/stack/data/venv/lib/python3.12/site-packages/oslo_concurrency/lockutils.py:525}}
Aug 25 16:22:00 devstack cinder-volume[94257]: DEBUG cinder.volume.drivers.remotefs [None req-fa540186-076c-4648-9dc0-4e80b29e929d tempest-SnapshotsActionsTest-72627489 None] Creating offline snapshot f76a887c-48de-4cd7-9082-a5e0867e0ee8 of volume 57aa1cc5-2072-4c0d-b1c2-720ac4e1bfe0 {{(pid=94257) _create_snapshot /opt/stack/cinder/cinder/volume/drivers/remotefs.py:1816}}
Aug 25 16:22:00 devstack cinder-volume[94257]: DEBUG oslo.privsep.daemon [-] privsep: reply[ab6c5383-8350-45e5-8263-406aec955714]: (4, 'qcow2') {{(pid=95916) _call_back /opt/stack/data/venv/lib/python3.12/site-packages/oslo_privsep/daemon.py:580}}
Aug 25 16:22:00 devstack cinder-volume[94257]: DEBUG oslo_concurrency.processutils [None req-fa540186-076c-4648-9dc0-4e80b29e929d tempest-SnapshotsActionsTest-72627489 None] Running cmd (subprocess): /opt/stack/data/venv/bin/python3.12 -m oslo_concurrency.prlimit --as=1073741824 --cpu=60 -- sudo cinder-rootwrap /etc/cinder/rootwrap.conf env LC_ALL=C qemu-img info -f qcow2 --output=json --force-share /opt/stack/data/cinder/mnt/354e250149d44ff45acfec89f89c8c7c/volume-57aa1cc5-2072-4c0d-b1c2-720ac4e1bfe0.2e0b1947-2129-45de-b6c1-f325ae3ea781 {{(pid=94257) execute /opt/stack/data/venv/lib/python3.12/site-packages/oslo_concurrency/processutils.py:440}}
Aug 25 16:22:00 devstack sudo[99702]: quobyte : PWD=/ ; USER=root ; COMMAND=/opt/stack/data/venv/bin/cinder-rootwrap /etc/cinder/rootwrap.conf env LC_ALL=C qemu-img info -f qcow2 --output=json --force-share /opt/stack/data/cinder/mnt/354e250149d44ff45acfec89f89c8c7c/volume-57aa1cc5-2072-4c0d-b1c2-720ac4e1bfe0.2e0b1947-2129-45de-b6c1-f325ae3ea781
Aug 25 16:22:00 devstack sudo[99702]: pam_unix(sudo:session): session opened for user root(uid=0) by (uid=1000)
Aug 25 16:22:00 devstack sudo[99702]: pam_unix(sudo:session): session closed for user root
Aug 25 16:22:00 devstack cinder-volume[94257]: DEBUG oslo_concurrency.processutils [None req-fa540186-076c-4648-9dc0-4e80b29e929d tempest-SnapshotsActionsTest-72627489 None] CMD "/opt/stack/data/venv/bin/python3.12 -m oslo_concurrency.prlimit --as=1073741824 --cpu=60 -- sudo cinder-rootwrap /etc/cinder/rootwrap.conf env LC_ALL=C qemu-img info -f qcow2 --output=json --force-share /opt/stack/data/cinder/mnt/354e250149d44ff45acfec89f89c8c7c/volume-57aa1cc5-2072-4c0d-b1c2-720ac4e1bfe0.2e0b1947-2129-45de-b6c1-f325ae3ea781" returned: 0 in 0.409s {{(pid=94257) execute /opt/stack/data/venv/lib/python3.12/site-packages/oslo_concurrency/processutils.py:468}}
Aug 25 16:22:00 devstack cinder-volume[94257]: DEBUG cinder.volume.drivers.remotefs [None req-fa540186-076c-4648-9dc0-4e80b29e929d tempest-SnapshotsActionsTest-72627489 None] Fetching qemu-img info with special backing_file_template: (/opt/stack/data/cinder/mnt/[0-9a-f]+/)?(volume-57aa1cc5-2072-4c0d-b1c2-720ac4e1bfe0(.(tmp-snap-)?[0-9a-f-]+)?|volume_from_snapshot_cache/(tmp-snap-)?[0-9a-f-]+(.(child-|parent-)[0-9a-f-]+)?)$ {{(pid=94257) _qemu_img_info_base /opt/stack/cinder/cinder/volume/drivers/remotefs.py:896}}
Aug 25 16:22:00 devstack cinder-volume[94257]: DEBUG oslo_concurrency.processutils [None req-fa540186-076c-4648-9dc0-4e80b29e929d tempest-SnapshotsActionsTest-72627489 None] Running cmd (subprocess): sudo cinder-rootwrap /etc/cinder/rootwrap.conf qemu-img create -f qcow2 -o backing_file=/opt/stack/data/cinder/mnt/354e250149d44ff45acfec89f89c8c7c/volume-57aa1cc5-2072-4c0d-b1c2-720ac4e1bfe0.2e0b1947-2129-45de-b6c1-f325ae3ea781,backing_fmt=qcow2 /opt/stack/data/cinder/mnt/354e250149d44ff45acfec89f89c8c7c/volume-57aa1cc5-2072-4c0d-b1c2-720ac4e1bfe0.f76a887c-48de-4cd7-9082-a5e0867e0ee8 1G {{(pid=94257) execute /opt/stack/data/venv/lib/python3.12/site-packages/oslo_concurrency/processutils.py:440}}
Aug 25 16:22:00 devstack sudo[99707]: quobyte : PWD=/ ; USER=root ; COMMAND=/opt/stack/data/venv/bin/cinder-rootwrap /etc/cinder/rootwrap.conf qemu-img create -f qcow2 -o backing_file=/opt/stack/data/cinder/mnt/354e250149d44ff45acfec89f89c8c7c/volume-57aa1cc5-2072-4c0d-b1c2-720ac4e1bfe0.2e0b1947-2129-45de-b6c1-f325ae3ea781,backing_fmt=qcow2 /opt/stack/data/cinder/mnt/354e250149d44ff45acfec89f89c8c7c/volume-57aa1cc5-2072-4c0d-b1c2-720ac4e1bfe0.f76a887c-48de-4cd7-9082-a5e0867e0ee8 1G
Aug 25 16:22:00 devstack sudo[99707]: pam_unix(sudo:session): session opened for user root(uid=0) by (uid=1000)
Aug 25 16:22:01 devstack sudo[99707]: pam_unix(sudo:session): session closed for user root
Aug 25 16:22:01 devstack cinder-volume[94257]: DEBUG oslo_concurrency.processutils [None req-fa540186-076c-4648-9dc0-4e80b29e929d tempest-SnapshotsActionsTest-72627489 None] CMD "sudo cinder-rootwrap /etc/cinder/rootwrap.conf qemu-img create -f qcow2 -o backing_file=/opt/stack/data/cinder/mnt/354e250149d44ff45acfec89f89c8c7c/volume-57aa1cc5-2072-4c0d-b1c2-720ac4e1bfe0.2e0b1947-2129-45de-b6c1-f325ae3ea781,backing_fmt=qcow2 /opt/stack/data/cinder/mnt/354e250149d44ff45acfec89f89c8c7c/volume-57aa1cc5-2072-4c0d-b1c2-720ac4e1bfe0.f76a887c-48de-4cd7-9082-a5e0867e0ee8 1G" returned: 0 in 0.516s {{(pid=94257) execute /opt/stack/data/venv/lib/python3.12/site-packages/oslo_concurrency/processutils.py:468}}
Aug 25 16:22:01 devstack cinder-volume[94257]: DEBUG oslo_concurrency.processutils [None req-fa540186-076c-4648-9dc0-4e80b29e929d tempest-SnapshotsActionsTest-72627489 None] Running cmd (subprocess): sudo cinder-rootwrap /etc/cinder/rootwrap.conf qemu-img rebase -u -b volume-57aa1cc5-2072-4c0d-b1c2-720ac4e1bfe0.2e0b1947-2129-45de-b6c1-f325ae3ea781 -F qcow2 /opt/stack/data/cinder/mnt/354e250149d44ff45acfec89f89c8c7c/volume-57aa1cc5-2072-4c0d-b1c2-720ac4e1bfe0.f76a887c-48de-4cd7-9082-a5e0867e0ee8 {{(pid=94257) execute /opt/stack/data/venv/lib/python3.12/site-packages/oslo_concurrency/processutils.py:440}}
Aug 25 16:22:01 devstack sudo[99714]: quobyte : PWD=/ ; USER=root ; COMMAND=/opt/stack/data/venv/bin/cinder-rootwrap /etc/cinder/rootwrap.conf qemu-img rebase -u -b volume-57aa1cc5-2072-4c0d-b1c2-720ac4e1bfe0.2e0b1947-2129-45de-b6c1-f325ae3ea781 -F qcow2 /opt/stack/data/cinder/mnt/354e250149d44ff45acfec89f89c8c7c/volume-57aa1cc5-2072-4c0d-b1c2-720ac4e1bfe0.f76a887c-48de-4cd7-9082-a5e0867e0ee8
Aug 25 16:22:01 devstack sudo[99714]: pam_unix(sudo:session): session opened for user root(uid=0) by (uid=1000)
Aug 25 16:22:01 devstack sudo[99714]: pam_unix(sudo:session): session closed for user root
Aug 25 16:22:01 devstack cinder-volume[94257]: DEBUG oslo_concurrency.processutils [None req-fa540186-076c-4648-9dc0-4e80b29e929d tempest-SnapshotsActionsTest-72627489 None] CMD "sudo cinder-rootwrap /etc/cinder/rootwrap.conf qemu-img rebase -u -b volume-57aa1cc5-2072-4c0d-b1c2-720ac4e1bfe0.2e0b1947-2129-45de-b6c1-f325ae3ea781 -F qcow2 /opt/stack/data/cinder/mnt/354e250149d44ff45acfec89f89c8c7c/volume-57aa1cc5-2072-4c0d-b1c2-720ac4e1bfe0.f76a887c-48de-4cd7-9082-a5e0867e0ee8" returned: 0 in 0.354s {{(pid=94257) execute /opt/stack/data/venv/lib/python3.12/site-packages/oslo_concurrency/processutils.py:468}}
Aug 25 16:22:01 devstack cinder-volume[94257]: WARNING cinder.volume.drivers.remotefs [None req-fa540186-076c-4648-9dc0-4e80b29e929d tempest-SnapshotsActionsTest-72627489 None] /opt/stack/data/cinder/mnt/354e250149d44ff45acfec89f89c8c7c/volume-57aa1cc5-2072-4c0d-b1c2-720ac4e1bfe0.f76a887c-48de-4cd7-9082-a5e0867e0ee8 is being set with open permissions: ugo+rw
Aug 25 16:22:01 devstack cinder-volume[94257]: DEBUG oslo_concurrency.processutils [None req-fa540186-076c-4648-9dc0-4e80b29e929d tempest-SnapshotsActionsTest-72627489 None] Running cmd (subprocess): sudo cinder-rootwrap /etc/cinder/rootwrap.conf chmod ugo+rw /opt/stack/data/cinder/mnt/354e250149d44ff45acfec89f89c8c7c/volume-57aa1cc5-2072-4c0d-b1c2-720ac4e1bfe0.f76a887c-48de-4cd7-9082-a5e0867e0ee8 {{(pid=94257) execute /opt/stack/data/venv/lib/python3.12/site-packages/oslo_concurrency/processutils.py:440}}
Aug 25 16:22:01 devstack sudo[99719]: quobyte : PWD=/ ; USER=root ; COMMAND=/opt/stack/data/venv/bin/cinder-rootwrap /etc/cinder/rootwrap.conf chmod ugo+rw /opt/stack/data/cinder/mnt/354e250149d44ff45acfec89f89c8c7c/volume-57aa1cc5-2072-4c0d-b1c2-720ac4e1bfe0.f76a887c-48de-4cd7-9082-a5e0867e0ee8
Aug 25 16:22:01 devstack sudo[99719]: pam_unix(sudo:session): session opened for user root(uid=0) by (uid=1000)
Aug 25 16:22:01 devstack sudo[99719]: pam_unix(sudo:session): session closed for user root
Aug 25 16:22:01 devstack cinder-volume[94257]: DEBUG oslo_concurrency.processutils [None req-fa540186-076c-4648-9dc0-4e80b29e929d tempest-SnapshotsActionsTest-72627489 None] CMD "sudo cinder-rootwrap /etc/cinder/rootwrap.conf chmod ugo+rw /opt/stack/data/cinder/mnt/354e250149d44ff45acfec89f89c8c7c/volume-57aa1cc5-2072-4c0d-b1c2-720ac4e1bfe0.f76a887c-48de-4cd7-9082-a5e0867e0ee8" returned: 0 in 0.279s {{(pid=94257) execute /opt/stack/data/venv/lib/python3.12/site-packages/oslo_concurrency/processutils.py:468}}
Aug 25 16:22:01 devstack cinder-volume[94257]: DEBUG oslo_concurrency.lockutils [None req-fa540186-076c-4648-9dc0-4e80b29e929d tempest-SnapshotsActionsTest-72627489 None] Lock "quobyte" "released" by "cinder.volume.drivers.quobyte.QuobyteDriver.create_snapshot" :: held 1.692s {{(pid=94257) inner /opt/stack/data/venv/lib/python3.12/site-packages/oslo_concurrency/lockutils.py:544}}
Aug 25 16:22:01 devstack cinder-volume[94257]: INFO cinder.volume.manager [None req-fa540186-076c-4648-9dc0-4e80b29e929d tempest-SnapshotsActionsTest-72627489 None] Create snapshot completed successfully
Aug 25 16:22:02 devstack cinder-volume[94257]: DEBUG cinder.coordination [None req-781cef27-1ec1-481d-bbc6-57ba871a1b30 tempest-SnapshotsActionsTest-1854866375 None] Acquiring lock "cinder-f76a887c-48de-4cd7-9082-a5e0867e0ee8-delete_snapshot" by "delete_snapshot" {{(pid=94257) __acquire /opt/stack/cinder/cinder/coordination.py:138}}
Aug 25 16:22:02 devstack cinder-volume[94257]: DEBUG cinder.coordination [None req-781cef27-1ec1-481d-bbc6-57ba871a1b30 tempest-SnapshotsActionsTest-1854866375 None] Lock "cinder-f76a887c-48de-4cd7-9082-a5e0867e0ee8-delete_snapshot" acquired by "delete_snapshot" :: waited 0.027s {{(pid=94257) __acquire /opt/stack/cinder/cinder/coordination.py:141}}
Aug 25 16:22:02 devstack cinder-volume[94257]: DEBUG cinder.coordination [None req-781cef27-1ec1-481d-bbc6-57ba871a1b30 tempest-SnapshotsActionsTest-1854866375 None] Acquiring lock "cinder-quobyte-57aa1cc5-2072-4c0d-b1c2-720ac4e1bfe0" by "delete_snapshot" {{(pid=94257) __acquire /opt/stack/cinder/cinder/coordination.py:138}}
Aug 25 16:22:02 devstack cinder-volume[94257]: DEBUG cinder.coordination [None req-781cef27-1ec1-481d-bbc6-57ba871a1b30 tempest-SnapshotsActionsTest-1854866375 None] Lock "cinder-quobyte-57aa1cc5-2072-4c0d-b1c2-720ac4e1bfe0" acquired by "delete_snapshot" :: waited 0.035s {{(pid=94257) __acquire /opt/stack/cinder/cinder/coordination.py:141}}
Aug 25 16:22:02 devstack cinder-volume[94257]: DEBUG cinder.coordination [None req-781cef27-1ec1-481d-bbc6-57ba871a1b30 tempest-SnapshotsActionsTest-1854866375 None] Acquiring lock "cinder-quobyte-f76a887c-48de-4cd7-9082-a5e0867e0ee8" by "_delete_snapshot" {{(pid=94257) __acquire /opt/stack/cinder/cinder/coordination.py:138}}
Aug 25 16:22:02 devstack cinder-volume[94257]: DEBUG cinder.coordination [None req-781cef27-1ec1-481d-bbc6-57ba871a1b30 tempest-SnapshotsActionsTest-1854866375 None] Lock "cinder-quobyte-f76a887c-48de-4cd7-9082-a5e0867e0ee8" acquired by "_delete_snapshot" :: waited 0.018s {{(pid=94257) __acquire /opt/stack/cinder/cinder/coordination.py:141}}
Aug 25 16:22:02 devstack cinder-volume[94257]: DEBUG cinder.volume.drivers.remotefs [None req-781cef27-1ec1-481d-bbc6-57ba871a1b30 tempest-SnapshotsActionsTest-1854866375 None] Deleting offline snapshot f76a887c-48de-4cd7-9082-a5e0867e0ee8 of volume 57aa1cc5-2072-4c0d-b1c2-720ac4e1bfe0 {{(pid=94257) _delete_snapshot /opt/stack/cinder/cinder/volume/drivers/remotefs.py:1288}}
Aug 25 16:22:02 devstack cinder-volume[94257]: DEBUG cinder.volume.drivers.remotefs [None req-781cef27-1ec1-481d-bbc6-57ba871a1b30 tempest-SnapshotsActionsTest-1854866375 None] snapshot_file for this snap is: volume-57aa1cc5-2072-4c0d-b1c2-720ac4e1bfe0.f76a887c-48de-4cd7-9082-a5e0867e0ee8 {{(pid=94257) _delete_snapshot /opt/stack/cinder/cinder/volume/drivers/remotefs.py:1317}}
Aug 25 16:22:02 devstack cinder-volume[94257]: DEBUG oslo.privsep.daemon [-] privsep: reply[543b61fa-3c2a-431c-af83-f973c3527531]: (4, 'qcow2') {{(pid=95916) _call_back /opt/stack/data/venv/lib/python3.12/site-packages/oslo_privsep/daemon.py:580}}
Aug 25 16:22:02 devstack cinder-volume[94257]: DEBUG oslo_concurrency.processutils [None req-781cef27-1ec1-481d-bbc6-57ba871a1b30 tempest-SnapshotsActionsTest-1854866375 None] Running cmd (subprocess): /opt/stack/data/venv/bin/python3.12 -m oslo_concurrency.prlimit --as=1073741824 --cpu=60 -- sudo cinder-rootwrap /etc/cinder/rootwrap.conf env LC_ALL=C qemu-img info -f qcow2 --output=json --force-share /opt/stack/data/cinder/mnt/354e250149d44ff45acfec89f89c8c7c/volume-57aa1cc5-2072-4c0d-b1c2-720ac4e1bfe0.f76a887c-48de-4cd7-9082-a5e0867e0ee8 {{(pid=94257) execute /opt/stack/data/venv/lib/python3.12/site-packages/oslo_concurrency/processutils.py:440}}
Aug 25 16:22:02 devstack cinder-volume[94257]: DEBUG cinder.volume.flows.manager.create_volume [None req-222e5065-dc79-4bd3-a99c-c28f64923cfe tempest-VolumesGetTest-1948150914 None] Volume reschedule parameters: True retry: {'num_attempts': 1, 'backends': ['devstack@QuobyteHD#QuobyteHD'], 'hosts': ['devstack@QuobyteHD#QuobyteHD']} {{(pid=94257) get_flow /opt/stack/cinder/cinder/volume/flows/manager/create_volume.py:1397}}
Aug 25 16:22:02 devstack cinder-volume[94257]: DEBUG cinder.volume.manager [None req-222e5065-dc79-4bd3-a99c-c28f64923cfe tempest-VolumesGetTest-1948150914 None] Flow 'volume_create_manager' (22e40d56-e7d7-4863-972f-88464d7c1339) transitioned into state 'RUNNING' from state 'PENDING' {{(pid=94257) _flow_receiver /opt/stack/data/venv/lib/python3.12/site-packages/taskflow/listeners/logging.py:160}}
Aug 25 16:22:02 devstack cinder-volume[94257]: DEBUG cinder.volume.manager [None req-222e5065-dc79-4bd3-a99c-c28f64923cfe tempest-VolumesGetTest-1948150914 None] Task 'cinder.volume.flows.manager.create_volume.ExtractVolumeRefTask;volume:create' (e35821ac-de63-49f9-904e-9ba8f49a91be) transitioned into state 'RUNNING' from state 'PENDING' {{(pid=94257) _task_receiver /opt/stack/data/venv/lib/python3.12/site-packages/taskflow/listeners/logging.py:242}}
Aug 25 16:22:02 devstack cinder-volume[94257]: DEBUG cinder.volume.manager [None req-222e5065-dc79-4bd3-a99c-c28f64923cfe tempest-VolumesGetTest-1948150914 None] Task 'cinder.volume.flows.manager.create_volume.ExtractVolumeRefTask;volume:create' (e35821ac-de63-49f9-904e-9ba8f49a91be) transitioned into state 'SUCCESS' from state 'RUNNING' with result 'Volume(_name_id=None,admin_metadata=,attach_status='detached',availability_zone='nova',bootable=False,cluster=,cluster_name=None,consistencygroup=,consistencygroup_id=None,created_at=2026-08-25T14:22:02Z,deleted=False,deleted_at=None,display_description=None,display_name='tempest-VolumesGetTest-Volume-1514866009',ec2_id=None,encryption_key_id=None,glance_metadata=,group=,group_id=None,host='devstack@QuobyteHD#QuobyteHD',id=59f5c272-628e-432d-a066-e64cfa6a3529,launched_at=None,metadata={Type='Test'},migration_status=None,multiattach=False,previous_status=None,project_id='6a7b8b24cbe4446e9915e16bf6b6943b',provider_auth=None,provider_geometry=None,provider_id=None,provider_location=None,replication_driver_data=None,replication_extended_status=None,replication_status=None,scheduled_at=2026-08-25T14:22:03Z,service_uuid=None,shared_targets=True,size=1,snapshot_id=None,snapshots=,source_volid=None,status='creating',terminated_at=None,updated_at=2026-08-25T14:22:03Z,use_quota=True,user_id='40b146f9b9cd45fdb8225420e45f8f8d',volume_attachment=VolumeAttachmentList,volume_type=VolumeType(1f4a3f22-8d92-4fd8-b897-3efee99c4a3b),volume_type_id=1f4a3f22-8d92-4fd8-b897-3efee99c4a3b)' {{(pid=94257) _task_receiver /opt/stack/data/venv/lib/python3.12/site-packages/taskflow/listeners/logging.py:218}}
Aug 25 16:22:02 devstack cinder-volume[94257]: DEBUG cinder.volume.manager [None req-222e5065-dc79-4bd3-a99c-c28f64923cfe tempest-VolumesGetTest-1948150914 None] Task 'cinder.volume.flows.manager.create_volume.OnFailureRescheduleTask;volume:create' (73218d1a-c4d2-4e7d-8471-1c57463c8f26) transitioned into state 'RUNNING' from state 'PENDING' {{(pid=94257) _task_receiver /opt/stack/data/venv/lib/python3.12/site-packages/taskflow/listeners/logging.py:242}}
Aug 25 16:22:02 devstack cinder-volume[94257]: DEBUG cinder.volume.manager [None req-222e5065-dc79-4bd3-a99c-c28f64923cfe tempest-VolumesGetTest-1948150914 None] Task 'cinder.volume.flows.manager.create_volume.OnFailureRescheduleTask;volume:create' (73218d1a-c4d2-4e7d-8471-1c57463c8f26) transitioned into state 'SUCCESS' from state 'RUNNING' with result 'None' {{(pid=94257) _task_receiver /opt/stack/data/venv/lib/python3.12/site-packages/taskflow/listeners/logging.py:218}}
Aug 25 16:22:02 devstack sudo[99722]: quobyte : PWD=/ ; USER=root ; COMMAND=/opt/stack/data/venv/bin/cinder-rootwrap /etc/cinder/rootwrap.conf env LC_ALL=C qemu-img info -f qcow2 --output=json --force-share /opt/stack/data/cinder/mnt/354e250149d44ff45acfec89f89c8c7c/volume-57aa1cc5-2072-4c0d-b1c2-720ac4e1bfe0.f76a887c-48de-4cd7-9082-a5e0867e0ee8
Aug 25 16:22:02 devstack sudo[99722]: pam_unix(sudo:session): session opened for user root(uid=0) by (uid=1000)
Aug 25 16:22:02 devstack cinder-volume[94257]: DEBUG cinder.volume.manager [None req-222e5065-dc79-4bd3-a99c-c28f64923cfe tempest-VolumesGetTest-1948150914 None] Task 'cinder.volume.flows.manager.create_volume.ExtractVolumeSpecTask;volume:create' (55f61490-1934-4d75-876d-07ba92c3dbac) transitioned into state 'RUNNING' from state 'PENDING' {{(pid=94257) _task_receiver /opt/stack/data/venv/lib/python3.12/site-packages/taskflow/listeners/logging.py:242}}
Aug 25 16:22:02 devstack cinder-volume[94257]: DEBUG cinder.volume.manager [None req-222e5065-dc79-4bd3-a99c-c28f64923cfe tempest-VolumesGetTest-1948150914 None] Task 'cinder.volume.flows.manager.create_volume.ExtractVolumeSpecTask;volume:create' (55f61490-1934-4d75-876d-07ba92c3dbac) transitioned into state 'SUCCESS' from state 'RUNNING' with result '{'status': 'creating', 'type': 'raw', 'volume_id': '59f5c272-628e-432d-a066-e64cfa6a3529', 'volume_name': 'volume-59f5c272-628e-432d-a066-e64cfa6a3529', 'volume_size': 1}' {{(pid=94257) _task_receiver /opt/stack/data/venv/lib/python3.12/site-packages/taskflow/listeners/logging.py:218}}
Aug 25 16:22:02 devstack cinder-volume[94257]: DEBUG cinder.volume.manager [None req-222e5065-dc79-4bd3-a99c-c28f64923cfe tempest-VolumesGetTest-1948150914 None] Task 'cinder.volume.flows.manager.create_volume.NotifyVolumeActionTask;volume:create, create.start' (78630fb3-6679-44f5-9722-5686c00dfdcf) transitioned into state 'RUNNING' from state 'PENDING' {{(pid=94257) _task_receiver /opt/stack/data/venv/lib/python3.12/site-packages/taskflow/listeners/logging.py:242}}
Aug 25 16:22:02 devstack cinder-volume[94257]: DEBUG cinder.volume.manager [None req-222e5065-dc79-4bd3-a99c-c28f64923cfe tempest-VolumesGetTest-1948150914 None] Task 'cinder.volume.flows.manager.create_volume.NotifyVolumeActionTask;volume:create, create.start' (78630fb3-6679-44f5-9722-5686c00dfdcf) transitioned into state 'SUCCESS' from state 'RUNNING' with result 'None' {{(pid=94257) _task_receiver /opt/stack/data/venv/lib/python3.12/site-packages/taskflow/listeners/logging.py:218}}
Aug 25 16:22:02 devstack cinder-volume[94257]: DEBUG cinder.volume.manager [None req-222e5065-dc79-4bd3-a99c-c28f64923cfe tempest-VolumesGetTest-1948150914 None] Task 'cinder.volume.flows.manager.create_volume.CreateVolumeFromSpecTask;volume:create' (e1eadb6d-dc9a-4cf0-9b15-926796ab6bad) transitioned into state 'RUNNING' from state 'PENDING' {{(pid=94257) _task_receiver /opt/stack/data/venv/lib/python3.12/site-packages/taskflow/listeners/logging.py:242}}
Aug 25 16:22:02 devstack cinder-volume[94257]: INFO cinder.volume.flows.manager.create_volume [None req-222e5065-dc79-4bd3-a99c-c28f64923cfe tempest-VolumesGetTest-1948150914 None] Volume 59f5c272-628e-432d-a066-e64cfa6a3529: being created as raw with specification: {'status': 'creating', 'volume_name': 'volume-59f5c272-628e-432d-a066-e64cfa6a3529', 'volume_size': 1}
Aug 25 16:22:02 devstack cinder-volume[94257]: DEBUG oslo_concurrency.lockutils [None req-222e5065-dc79-4bd3-a99c-c28f64923cfe tempest-VolumesGetTest-1948150914 None] Acquiring lock "quobyte" by "cinder.volume.drivers.quobyte.QuobyteDriver.create_volume" {{(pid=94257) inner /opt/stack/data/venv/lib/python3.12/site-packages/oslo_concurrency/lockutils.py:512}}
Aug 25 16:22:02 devstack cinder-volume[94257]: DEBUG oslo_concurrency.lockutils [None req-222e5065-dc79-4bd3-a99c-c28f64923cfe tempest-VolumesGetTest-1948150914 None] Lock "quobyte" acquired by "cinder.volume.drivers.quobyte.QuobyteDriver.create_volume" :: waited 0.000s {{(pid=94257) inner /opt/stack/data/venv/lib/python3.12/site-packages/oslo_concurrency/lockutils.py:525}}
Aug 25 16:22:02 devstack cinder-volume[94257]: DEBUG cinder.volume.drivers.quobyte [None req-222e5065-dc79-4bd3-a99c-c28f64923cfe tempest-VolumesGetTest-1948150914 None] ==> create_volume: call "{'self': , 'volume': Volume(_name_id=None,admin_metadata=,attach_status='detached',availability_zone='nova',bootable=False,cluster=,cluster_name=None,consistencygroup=,consistencygroup_id=None,created_at=2026-08-25T14:22:02Z,deleted=False,deleted_at=None,display_description=None,display_name='tempest-VolumesGetTest-Volume-1514866009',ec2_id=None,encryption_key_id=None,glance_metadata=,group=,group_id=None,host='devstack@QuobyteHD#QuobyteHD',id=59f5c272-628e-432d-a066-e64cfa6a3529,launched_at=None,metadata={Type='Test'},migration_status=None,multiattach=False,previous_status=None,project_id='6a7b8b24cbe4446e9915e16bf6b6943b',provider_auth=None,provider_geometry=None,provider_id=None,provider_location=None,replication_driver_data=None,replication_extended_status=None,replication_status=None,scheduled_at=2026-08-25T14:22:03Z,service_uuid=None,shared_targets=True,size=1,snapshot_id=None,snapshots=,source_volid=None,status='creating',terminated_at=None,updated_at=2026-08-25T14:22:03Z,use_quota=True,user_id='40b146f9b9cd45fdb8225420e45f8f8d',volume_attachment=VolumeAttachmentList,volume_type=VolumeType(1f4a3f22-8d92-4fd8-b897-3efee99c4a3b),volume_type_id=1f4a3f22-8d92-4fd8-b897-3efee99c4a3b)}" {{(pid=94257) trace_logging_wrapper /opt/stack/cinder/cinder/volume/volume_utils.py:1497}}
Aug 25 16:22:02 devstack cinder-volume[94257]: DEBUG cinder.volume.drivers.remotefs [None req-222e5065-dc79-4bd3-a99c-c28f64923cfe tempest-VolumesGetTest-1948150914 None] Creating volume 59f5c272-628e-432d-a066-e64cfa6a3529 {{(pid=94257) create_volume /opt/stack/cinder/cinder/volume/drivers/remotefs.py:292}}
Aug 25 16:22:02 devstack cinder-volume[94257]: DEBUG oslo_concurrency.lockutils [None req-222e5065-dc79-4bd3-a99c-c28f64923cfe tempest-VolumesGetTest-1948150914 None] Acquiring lock "quobyte_ensure" by "cinder.volume.drivers.quobyte.QuobyteDriver._ensure_shares_mounted" {{(pid=94257) inner /opt/stack/data/venv/lib/python3.12/site-packages/oslo_concurrency/lockutils.py:512}}
Aug 25 16:22:02 devstack cinder-volume[94257]: DEBUG oslo_concurrency.lockutils [None req-222e5065-dc79-4bd3-a99c-c28f64923cfe tempest-VolumesGetTest-1948150914 None] Lock "quobyte_ensure" acquired by "cinder.volume.drivers.quobyte.QuobyteDriver._ensure_shares_mounted" :: waited 0.000s {{(pid=94257) inner /opt/stack/data/venv/lib/python3.12/site-packages/oslo_concurrency/lockutils.py:525}}
Aug 25 16:22:02 devstack cinder-volume[94257]: DEBUG cinder.volume.drivers.quobyte [None req-222e5065-dc79-4bd3-a99c-c28f64923cfe tempest-VolumesGetTest-1948150914 None] Quobyte Volume URL set to: {'osci02.corp.quobyte.com/cinder-vol-5cf2670f-62be-48f1-8331-0156a0f68fac': None} {{(pid=94257) _load_shares_config /opt/stack/cinder/cinder/volume/drivers/quobyte.py:662}}
Aug 25 16:22:02 devstack cinder-volume[94257]: DEBUG cinder.volume.drivers.quobyte [None req-222e5065-dc79-4bd3-a99c-c28f64923cfe tempest-VolumesGetTest-1948150914 None] Available shares ['osci02.corp.quobyte.com/cinder-vol-5cf2670f-62be-48f1-8331-0156a0f68fac'] {{(pid=94257) _ensure_shares_mounted /opt/stack/cinder/cinder/volume/drivers/quobyte.py:692}}
Aug 25 16:22:02 devstack cinder-volume[94257]: DEBUG oslo_concurrency.lockutils [None req-222e5065-dc79-4bd3-a99c-c28f64923cfe tempest-VolumesGetTest-1948150914 None] Lock "quobyte_ensure" "released" by "cinder.volume.drivers.quobyte.QuobyteDriver._ensure_shares_mounted" :: held 0.011s {{(pid=94257) inner /opt/stack/data/venv/lib/python3.12/site-packages/oslo_concurrency/lockutils.py:544}}
Aug 25 16:22:02 devstack cinder-volume[94257]: DEBUG cinder.volume.drivers.quobyte [None req-222e5065-dc79-4bd3-a99c-c28f64923cfe tempest-VolumesGetTest-1948150914 None] Selected osci02.corp.quobyte.com/cinder-vol-5cf2670f-62be-48f1-8331-0156a0f68fac as target Quobyte volume. {{(pid=94257) _find_share /opt/stack/cinder/cinder/volume/drivers/quobyte.py:713}}
Aug 25 16:22:02 devstack cinder-volume[94257]: INFO cinder.volume.drivers.remotefs [None req-222e5065-dc79-4bd3-a99c-c28f64923cfe tempest-VolumesGetTest-1948150914 None] casted to osci02.corp.quobyte.com/cinder-vol-5cf2670f-62be-48f1-8331-0156a0f68fac
Aug 25 16:22:02 devstack cinder-volume[94257]: DEBUG oslo_concurrency.processutils [None req-222e5065-dc79-4bd3-a99c-c28f64923cfe tempest-VolumesGetTest-1948150914 None] Running cmd (subprocess): sudo cinder-rootwrap /etc/cinder/rootwrap.conf qemu-img create -f qcow2 -o preallocation=metadata /opt/stack/data/cinder/mnt/354e250149d44ff45acfec89f89c8c7c/volume-59f5c272-628e-432d-a066-e64cfa6a3529 1073741824 {{(pid=94257) execute /opt/stack/data/venv/lib/python3.12/site-packages/oslo_concurrency/processutils.py:440}}
Aug 25 16:22:02 devstack sudo[99724]: quobyte : PWD=/ ; USER=root ; COMMAND=/opt/stack/data/venv/bin/cinder-rootwrap /etc/cinder/rootwrap.conf qemu-img create -f qcow2 -o preallocation=metadata /opt/stack/data/cinder/mnt/354e250149d44ff45acfec89f89c8c7c/volume-59f5c272-628e-432d-a066-e64cfa6a3529 1073741824
Aug 25 16:22:02 devstack sudo[99724]: pam_unix(sudo:session): session opened for user root(uid=0) by (uid=1000)
Aug 25 16:22:02 devstack sudo[99722]: pam_unix(sudo:session): session closed for user root
Aug 25 16:22:02 devstack cinder-volume[94257]: DEBUG oslo_concurrency.processutils [None req-781cef27-1ec1-481d-bbc6-57ba871a1b30 tempest-SnapshotsActionsTest-1854866375 None] CMD "/opt/stack/data/venv/bin/python3.12 -m oslo_concurrency.prlimit --as=1073741824 --cpu=60 -- sudo cinder-rootwrap /etc/cinder/rootwrap.conf env LC_ALL=C qemu-img info -f qcow2 --output=json --force-share /opt/stack/data/cinder/mnt/354e250149d44ff45acfec89f89c8c7c/volume-57aa1cc5-2072-4c0d-b1c2-720ac4e1bfe0.f76a887c-48de-4cd7-9082-a5e0867e0ee8" returned: 0 in 0.401s {{(pid=94257) execute /opt/stack/data/venv/lib/python3.12/site-packages/oslo_concurrency/processutils.py:468}}
Aug 25 16:22:02 devstack cinder-volume[94257]: DEBUG cinder.volume.drivers.remotefs [None req-781cef27-1ec1-481d-bbc6-57ba871a1b30 tempest-SnapshotsActionsTest-1854866375 None] Fetching qemu-img info with special backing_file_template: (/opt/stack/data/cinder/mnt/[0-9a-f]+/)?(volume-57aa1cc5-2072-4c0d-b1c2-720ac4e1bfe0(.(tmp-snap-)?[0-9a-f-]+)?|volume_from_snapshot_cache/(tmp-snap-)?[0-9a-f-]+(.(child-|parent-)[0-9a-f-]+)?)$ {{(pid=94257) _qemu_img_info_base /opt/stack/cinder/cinder/volume/drivers/remotefs.py:896}}
Aug 25 16:22:02 devstack cinder-volume[94257]: DEBUG oslo.privsep.daemon [-] privsep: reply[4ef3cc76-8ddf-4540-a97c-bc21325ccf94]: (4, 'qcow2') {{(pid=95916) _call_back /opt/stack/data/venv/lib/python3.12/site-packages/oslo_privsep/daemon.py:580}}
Aug 25 16:22:02 devstack cinder-volume[94257]: DEBUG oslo_concurrency.processutils [None req-781cef27-1ec1-481d-bbc6-57ba871a1b30 tempest-SnapshotsActionsTest-1854866375 None] Running cmd (subprocess): /opt/stack/data/venv/bin/python3.12 -m oslo_concurrency.prlimit --as=1073741824 --cpu=60 -- sudo cinder-rootwrap /etc/cinder/rootwrap.conf env LC_ALL=C qemu-img info -f qcow2 --output=json --force-share /opt/stack/data/cinder/mnt/354e250149d44ff45acfec89f89c8c7c/volume-57aa1cc5-2072-4c0d-b1c2-720ac4e1bfe0.2e0b1947-2129-45de-b6c1-f325ae3ea781 {{(pid=94257) execute /opt/stack/data/venv/lib/python3.12/site-packages/oslo_concurrency/processutils.py:440}}
Aug 25 16:22:03 devstack sudo[99732]: quobyte : PWD=/ ; USER=root ; COMMAND=/opt/stack/data/venv/bin/cinder-rootwrap /etc/cinder/rootwrap.conf env LC_ALL=C qemu-img info -f qcow2 --output=json --force-share /opt/stack/data/cinder/mnt/354e250149d44ff45acfec89f89c8c7c/volume-57aa1cc5-2072-4c0d-b1c2-720ac4e1bfe0.2e0b1947-2129-45de-b6c1-f325ae3ea781
Aug 25 16:22:03 devstack sudo[99732]: pam_unix(sudo:session): session opened for user root(uid=0) by (uid=1000)
Aug 25 16:22:03 devstack sudo[99724]: pam_unix(sudo:session): session closed for user root
Aug 25 16:22:03 devstack cinder-volume[94257]: DEBUG oslo_concurrency.processutils [None req-222e5065-dc79-4bd3-a99c-c28f64923cfe tempest-VolumesGetTest-1948150914 None] CMD "sudo cinder-rootwrap /etc/cinder/rootwrap.conf qemu-img create -f qcow2 -o preallocation=metadata /opt/stack/data/cinder/mnt/354e250149d44ff45acfec89f89c8c7c/volume-59f5c272-628e-432d-a066-e64cfa6a3529 1073741824" returned: 0 in 0.505s {{(pid=94257) execute /opt/stack/data/venv/lib/python3.12/site-packages/oslo_concurrency/processutils.py:468}}
Aug 25 16:22:03 devstack cinder-volume[94257]: DEBUG oslo_concurrency.processutils [None req-222e5065-dc79-4bd3-a99c-c28f64923cfe tempest-VolumesGetTest-1948150914 None] Running cmd (subprocess): sudo cinder-rootwrap /etc/cinder/rootwrap.conf chmod ugo+rw /opt/stack/data/cinder/mnt/354e250149d44ff45acfec89f89c8c7c/volume-59f5c272-628e-432d-a066-e64cfa6a3529 {{(pid=94257) execute /opt/stack/data/venv/lib/python3.12/site-packages/oslo_concurrency/processutils.py:440}}
Aug 25 16:22:03 devstack sudo[99734]: quobyte : PWD=/ ; USER=root ; COMMAND=/opt/stack/data/venv/bin/cinder-rootwrap /etc/cinder/rootwrap.conf chmod ugo+rw /opt/stack/data/cinder/mnt/354e250149d44ff45acfec89f89c8c7c/volume-59f5c272-628e-432d-a066-e64cfa6a3529
Aug 25 16:22:03 devstack sudo[99734]: pam_unix(sudo:session): session opened for user root(uid=0) by (uid=1000)
Aug 25 16:22:03 devstack sudo[99732]: pam_unix(sudo:session): session closed for user root
Aug 25 16:22:03 devstack cinder-volume[94257]: DEBUG oslo_concurrency.processutils [None req-781cef27-1ec1-481d-bbc6-57ba871a1b30 tempest-SnapshotsActionsTest-1854866375 None] CMD "/opt/stack/data/venv/bin/python3.12 -m oslo_concurrency.prlimit --as=1073741824 --cpu=60 -- sudo cinder-rootwrap /etc/cinder/rootwrap.conf env LC_ALL=C qemu-img info -f qcow2 --output=json --force-share /opt/stack/data/cinder/mnt/354e250149d44ff45acfec89f89c8c7c/volume-57aa1cc5-2072-4c0d-b1c2-720ac4e1bfe0.2e0b1947-2129-45de-b6c1-f325ae3ea781" returned: 0 in 0.466s {{(pid=94257) execute /opt/stack/data/venv/lib/python3.12/site-packages/oslo_concurrency/processutils.py:468}}
Aug 25 16:22:03 devstack cinder-volume[94257]: DEBUG cinder.volume.drivers.remotefs [None req-781cef27-1ec1-481d-bbc6-57ba871a1b30 tempest-SnapshotsActionsTest-1854866375 None] Fetching qemu-img info with special backing_file_template: (/opt/stack/data/cinder/mnt/[0-9a-f]+/)?(volume-57aa1cc5-2072-4c0d-b1c2-720ac4e1bfe0(.(tmp-snap-)?[0-9a-f-]+)?|volume_from_snapshot_cache/(tmp-snap-)?[0-9a-f-]+(.(child-|parent-)[0-9a-f-]+)?)$ {{(pid=94257) _qemu_img_info_base /opt/stack/cinder/cinder/volume/drivers/remotefs.py:896}}
Aug 25 16:22:03 devstack cinder-volume[94257]: DEBUG oslo_concurrency.processutils [None req-781cef27-1ec1-481d-bbc6-57ba871a1b30 tempest-SnapshotsActionsTest-1854866375 None] Running cmd (subprocess): sudo cinder-rootwrap /etc/cinder/rootwrap.conf qemu-img commit -d /opt/stack/data/cinder/mnt/354e250149d44ff45acfec89f89c8c7c/volume-57aa1cc5-2072-4c0d-b1c2-720ac4e1bfe0.f76a887c-48de-4cd7-9082-a5e0867e0ee8 {{(pid=94257) execute /opt/stack/data/venv/lib/python3.12/site-packages/oslo_concurrency/processutils.py:440}}
Aug 25 16:22:03 devstack sudo[99739]: quobyte : PWD=/ ; USER=root ; COMMAND=/opt/stack/data/venv/bin/cinder-rootwrap /etc/cinder/rootwrap.conf qemu-img commit -d /opt/stack/data/cinder/mnt/354e250149d44ff45acfec89f89c8c7c/volume-57aa1cc5-2072-4c0d-b1c2-720ac4e1bfe0.f76a887c-48de-4cd7-9082-a5e0867e0ee8
Aug 25 16:22:03 devstack sudo[99739]: pam_unix(sudo:session): session opened for user root(uid=0) by (uid=1000)
Aug 25 16:22:03 devstack sudo[99734]: pam_unix(sudo:session): session closed for user root
Aug 25 16:22:03 devstack cinder-volume[94257]: DEBUG oslo_concurrency.processutils [None req-222e5065-dc79-4bd3-a99c-c28f64923cfe tempest-VolumesGetTest-1948150914 None] CMD "sudo cinder-rootwrap /etc/cinder/rootwrap.conf chmod ugo+rw /opt/stack/data/cinder/mnt/354e250149d44ff45acfec89f89c8c7c/volume-59f5c272-628e-432d-a066-e64cfa6a3529" returned: 0 in 0.300s {{(pid=94257) execute /opt/stack/data/venv/lib/python3.12/site-packages/oslo_concurrency/processutils.py:468}}
Aug 25 16:22:03 devstack cinder-volume[94257]: DEBUG cinder.volume.drivers.quobyte [None req-222e5065-dc79-4bd3-a99c-c28f64923cfe tempest-VolumesGetTest-1948150914 None] <== create_volume: return (879ms) {'provider_location': 'osci02.corp.quobyte.com/cinder-vol-5cf2670f-62be-48f1-8331-0156a0f68fac'} {{(pid=94257) trace_logging_wrapper /opt/stack/cinder/cinder/volume/volume_utils.py:1522}}
Aug 25 16:22:03 devstack cinder-volume[94257]: DEBUG oslo_concurrency.lockutils [None req-222e5065-dc79-4bd3-a99c-c28f64923cfe tempest-VolumesGetTest-1948150914 None] Lock "quobyte" "released" by "cinder.volume.drivers.quobyte.QuobyteDriver.create_volume" :: held 0.881s {{(pid=94257) inner /opt/stack/data/venv/lib/python3.12/site-packages/oslo_concurrency/lockutils.py:544}}
Aug 25 16:22:03 devstack cinder-volume[94257]: DEBUG cinder.volume.manager [None req-222e5065-dc79-4bd3-a99c-c28f64923cfe tempest-VolumesGetTest-1948150914 None] Task 'cinder.volume.flows.manager.create_volume.CreateVolumeFromSpecTask;volume:create' (e1eadb6d-dc9a-4cf0-9b15-926796ab6bad) transitioned into state 'SUCCESS' from state 'RUNNING' with result '{'status': 'creating', 'volume_name': 'volume-59f5c272-628e-432d-a066-e64cfa6a3529', 'volume_size': 1}' {{(pid=94257) _task_receiver /opt/stack/data/venv/lib/python3.12/site-packages/taskflow/listeners/logging.py:218}}
Aug 25 16:22:03 devstack cinder-volume[94257]: DEBUG cinder.volume.manager [None req-222e5065-dc79-4bd3-a99c-c28f64923cfe tempest-VolumesGetTest-1948150914 None] Task 'cinder.volume.flows.manager.create_volume.CreateVolumeOnFinishTask;volume:create, create.end' (20bf4f9e-c33b-4fc9-84c8-cf9374e63af5) transitioned into state 'RUNNING' from state 'PENDING' {{(pid=94257) _task_receiver /opt/stack/data/venv/lib/python3.12/site-packages/taskflow/listeners/logging.py:242}}
Aug 25 16:22:03 devstack cinder-volume[94257]: INFO cinder.volume.flows.manager.create_volume [None req-222e5065-dc79-4bd3-a99c-c28f64923cfe tempest-VolumesGetTest-1948150914 None] Volume volume-59f5c272-628e-432d-a066-e64cfa6a3529 (59f5c272-628e-432d-a066-e64cfa6a3529): created successfully
Aug 25 16:22:03 devstack cinder-volume[94257]: DEBUG cinder.volume.manager [None req-222e5065-dc79-4bd3-a99c-c28f64923cfe tempest-VolumesGetTest-1948150914 None] Task 'cinder.volume.flows.manager.create_volume.CreateVolumeOnFinishTask;volume:create, create.end' (20bf4f9e-c33b-4fc9-84c8-cf9374e63af5) transitioned into state 'SUCCESS' from state 'RUNNING' with result 'None' {{(pid=94257) _task_receiver /opt/stack/data/venv/lib/python3.12/site-packages/taskflow/listeners/logging.py:218}}
Aug 25 16:22:03 devstack cinder-volume[94257]: DEBUG cinder.volume.manager [None req-222e5065-dc79-4bd3-a99c-c28f64923cfe tempest-VolumesGetTest-1948150914 None] Flow 'volume_create_manager' (22e40d56-e7d7-4863-972f-88464d7c1339) transitioned into state 'SUCCESS' from state 'RUNNING' {{(pid=94257) _flow_receiver /opt/stack/data/venv/lib/python3.12/site-packages/taskflow/listeners/logging.py:160}}
Aug 25 16:22:03 devstack cinder-volume[94257]: INFO cinder.volume.manager [None req-222e5065-dc79-4bd3-a99c-c28f64923cfe tempest-VolumesGetTest-1948150914 None] Created volume successfully.
Aug 25 16:22:03 devstack sudo[99739]: pam_unix(sudo:session): session closed for user root
Aug 25 16:22:03 devstack cinder-volume[94257]: DEBUG oslo_concurrency.processutils [None req-781cef27-1ec1-481d-bbc6-57ba871a1b30 tempest-SnapshotsActionsTest-1854866375 None] CMD "sudo cinder-rootwrap /etc/cinder/rootwrap.conf qemu-img commit -d /opt/stack/data/cinder/mnt/354e250149d44ff45acfec89f89c8c7c/volume-57aa1cc5-2072-4c0d-b1c2-720ac4e1bfe0.f76a887c-48de-4cd7-9082-a5e0867e0ee8" returned: 0 in 0.411s {{(pid=94257) execute /opt/stack/data/venv/lib/python3.12/site-packages/oslo_concurrency/processutils.py:468}}
Aug 25 16:22:03 devstack cinder-volume[94257]: DEBUG oslo_concurrency.processutils [None req-781cef27-1ec1-481d-bbc6-57ba871a1b30 tempest-SnapshotsActionsTest-1854866375 None] Running cmd (subprocess): sudo cinder-rootwrap /etc/cinder/rootwrap.conf rm -f /opt/stack/data/cinder/mnt/354e250149d44ff45acfec89f89c8c7c/volume-57aa1cc5-2072-4c0d-b1c2-720ac4e1bfe0.f76a887c-48de-4cd7-9082-a5e0867e0ee8 {{(pid=94257) execute /opt/stack/data/venv/lib/python3.12/site-packages/oslo_concurrency/processutils.py:440}}
Aug 25 16:22:03 devstack sudo[99746]: quobyte : PWD=/ ; USER=root ; COMMAND=/opt/stack/data/venv/bin/cinder-rootwrap /etc/cinder/rootwrap.conf rm -f /opt/stack/data/cinder/mnt/354e250149d44ff45acfec89f89c8c7c/volume-57aa1cc5-2072-4c0d-b1c2-720ac4e1bfe0.f76a887c-48de-4cd7-9082-a5e0867e0ee8
Aug 25 16:22:03 devstack sudo[99746]: pam_unix(sudo:session): session opened for user root(uid=0) by (uid=1000)
Aug 25 16:22:04 devstack sudo[99746]: pam_unix(sudo:session): session closed for user root
Aug 25 16:22:04 devstack cinder-volume[94257]: DEBUG oslo_concurrency.processutils [None req-781cef27-1ec1-481d-bbc6-57ba871a1b30 tempest-SnapshotsActionsTest-1854866375 None] CMD "sudo cinder-rootwrap /etc/cinder/rootwrap.conf rm -f /opt/stack/data/cinder/mnt/354e250149d44ff45acfec89f89c8c7c/volume-57aa1cc5-2072-4c0d-b1c2-720ac4e1bfe0.f76a887c-48de-4cd7-9082-a5e0867e0ee8" returned: 0 in 0.244s {{(pid=94257) execute /opt/stack/data/venv/lib/python3.12/site-packages/oslo_concurrency/processutils.py:468}}
Aug 25 16:22:04 devstack cinder-volume[94257]: DEBUG cinder.coordination [None req-781cef27-1ec1-481d-bbc6-57ba871a1b30 tempest-SnapshotsActionsTest-1854866375 None] Lock "cinder-quobyte-f76a887c-48de-4cd7-9082-a5e0867e0ee8" released by "_delete_snapshot" :: held 1.626s {{(pid=94257) __release /opt/stack/cinder/cinder/coordination.py:152}}
Aug 25 16:22:04 devstack cinder-volume[94257]: DEBUG cinder.coordination [None req-781cef27-1ec1-481d-bbc6-57ba871a1b30 tempest-SnapshotsActionsTest-1854866375 None] Lock "cinder-quobyte-57aa1cc5-2072-4c0d-b1c2-720ac4e1bfe0" released by "delete_snapshot" :: held 1.652s {{(pid=94257) __release /opt/stack/cinder/cinder/coordination.py:152}}
Aug 25 16:22:04 devstack cinder-volume[94257]: WARNING cinder.quota [None req-781cef27-1ec1-481d-bbc6-57ba871a1b30 tempest-SnapshotsActionsTest-1854866375 None] Deprecated: Default quota for resource: snapshots_QuobyteHD is set by the default quota flag: quota_snapshots_QuobyteHD, it is now deprecated. Please use the default quota class for default quota.
Aug 25 16:22:04 devstack cinder-volume[94257]: DEBUG cinder.quota [None req-781cef27-1ec1-481d-bbc6-57ba871a1b30 tempest-SnapshotsActionsTest-1854866375 None] Created reservations ['9de7c275-5660-43e2-af05-bb37ea724d8c', 'e32f75aa-aba2-4fd0-aa85-1df95a498bc3', '89a6c87b-50d2-422d-aefe-d05016dec76c', '012445df-963d-47f4-a04c-e5d67cedc417'] {{(pid=94257) reserve /opt/stack/cinder/cinder/quota.py:752}}
Aug 25 16:22:04 devstack cinder-volume[94257]: INFO cinder.volume.manager [None req-781cef27-1ec1-481d-bbc6-57ba871a1b30 tempest-SnapshotsActionsTest-1854866375 None] Delete snapshot completed successfully.
Aug 25 16:22:04 devstack cinder-volume[94257]: DEBUG cinder.coordination [None req-781cef27-1ec1-481d-bbc6-57ba871a1b30 tempest-SnapshotsActionsTest-1854866375 None] Lock "cinder-f76a887c-48de-4cd7-9082-a5e0867e0ee8-delete_snapshot" released by "delete_snapshot" :: held 1.849s {{(pid=94257) __release /opt/stack/cinder/cinder/coordination.py:152}}
