Aug 17 18:32:18 devstack cinder-volume[94676]: DEBUG cinder.volume.drivers.remotefs [None req-359a7780-0921-40ad-9d47-001bf01ccdb0 tempest-SnapshotsActionsTest-838326954 None] Fetching qemu-img info with special backing_file_template: (/opt/stack/data/cinder/mnt/[0-9a-f]+/)?(volume-d1064403-9fb4-4a1f-bde8-cc26bea07a3b(.(tmp-snap-)?[0-9a-f-]+)?|volume_from_snapshot_cache/(tmp-snap-)?[0-9a-f-]+(.(child-|parent-)[0-9a-f-]+)?)$ {{(pid=94676) _qemu_img_info_base /opt/stack/cinder/cinder/volume/drivers/remotefs.py:896}}
Aug 17 18:32:18 devstack cinder-volume[94676]: DEBUG oslo_concurrency.processutils [None req-359a7780-0921-40ad-9d47-001bf01ccdb0 tempest-SnapshotsActionsTest-838326954 None] Running cmd (subprocess): sudo cinder-rootwrap /etc/cinder/rootwrap.conf qemu-img commit -d /opt/stack/data/cinder/mnt/7dbd3d9471aa8d166b5898d17f099698/volume-d1064403-9fb4-4a1f-bde8-cc26bea07a3b.a8dcef1d-ab64-401d-8ce2-f5e3ba601aec {{(pid=94676) execute /opt/stack/data/venv/lib/python3.12/site-packages/oslo_concurrency/processutils.py:440}}
Aug 17 18:32:18 devstack sudo[100667]: quobyte : PWD=/ ; USER=root ; COMMAND=/opt/stack/data/venv/bin/cinder-rootwrap /etc/cinder/rootwrap.conf qemu-img commit -d /opt/stack/data/cinder/mnt/7dbd3d9471aa8d166b5898d17f099698/volume-d1064403-9fb4-4a1f-bde8-cc26bea07a3b.a8dcef1d-ab64-401d-8ce2-f5e3ba601aec
Aug 17 18:32:18 devstack sudo[100667]: pam_unix(sudo:session): session opened for user root(uid=0) by (uid=1000)
Aug 17 18:32:19 devstack sudo[100667]: pam_unix(sudo:session): session closed for user root
Aug 17 18:32:19 devstack cinder-volume[94676]: DEBUG oslo_concurrency.processutils [None req-359a7780-0921-40ad-9d47-001bf01ccdb0 tempest-SnapshotsActionsTest-838326954 None] CMD "sudo cinder-rootwrap /etc/cinder/rootwrap.conf qemu-img commit -d /opt/stack/data/cinder/mnt/7dbd3d9471aa8d166b5898d17f099698/volume-d1064403-9fb4-4a1f-bde8-cc26bea07a3b.a8dcef1d-ab64-401d-8ce2-f5e3ba601aec" returned: 0 in 0.518s {{(pid=94676) execute /opt/stack/data/venv/lib/python3.12/site-packages/oslo_concurrency/processutils.py:468}}
Aug 17 18:32:19 devstack cinder-volume[94676]: DEBUG oslo_concurrency.processutils [None req-359a7780-0921-40ad-9d47-001bf01ccdb0 tempest-SnapshotsActionsTest-838326954 None] Running cmd (subprocess): sudo cinder-rootwrap /etc/cinder/rootwrap.conf rm -f /opt/stack/data/cinder/mnt/7dbd3d9471aa8d166b5898d17f099698/volume-d1064403-9fb4-4a1f-bde8-cc26bea07a3b.a8dcef1d-ab64-401d-8ce2-f5e3ba601aec {{(pid=94676) execute /opt/stack/data/venv/lib/python3.12/site-packages/oslo_concurrency/processutils.py:440}}
Aug 17 18:32:19 devstack sudo[100674]: quobyte : PWD=/ ; USER=root ; COMMAND=/opt/stack/data/venv/bin/cinder-rootwrap /etc/cinder/rootwrap.conf rm -f /opt/stack/data/cinder/mnt/7dbd3d9471aa8d166b5898d17f099698/volume-d1064403-9fb4-4a1f-bde8-cc26bea07a3b.a8dcef1d-ab64-401d-8ce2-f5e3ba601aec
Aug 17 18:32:19 devstack sudo[100674]: pam_unix(sudo:session): session opened for user root(uid=0) by (uid=1000)
Aug 17 18:32:19 devstack sudo[100674]: pam_unix(sudo:session): session closed for user root
Aug 17 18:32:19 devstack cinder-volume[94676]: DEBUG oslo_concurrency.processutils [None req-359a7780-0921-40ad-9d47-001bf01ccdb0 tempest-SnapshotsActionsTest-838326954 None] CMD "sudo cinder-rootwrap /etc/cinder/rootwrap.conf rm -f /opt/stack/data/cinder/mnt/7dbd3d9471aa8d166b5898d17f099698/volume-d1064403-9fb4-4a1f-bde8-cc26bea07a3b.a8dcef1d-ab64-401d-8ce2-f5e3ba601aec" returned: 0 in 0.322s {{(pid=94676) execute /opt/stack/data/venv/lib/python3.12/site-packages/oslo_concurrency/processutils.py:468}}
Aug 17 18:32:19 devstack cinder-volume[94676]: DEBUG cinder.coordination [None req-359a7780-0921-40ad-9d47-001bf01ccdb0 tempest-SnapshotsActionsTest-838326954 None] Lock "cinder-quobyte-a8dcef1d-ab64-401d-8ce2-f5e3ba601aec" released by "_delete_snapshot" :: held 2.291s {{(pid=94676) __release /opt/stack/cinder/cinder/coordination.py:152}}
Aug 17 18:32:19 devstack cinder-volume[94676]: DEBUG cinder.coordination [None req-359a7780-0921-40ad-9d47-001bf01ccdb0 tempest-SnapshotsActionsTest-838326954 None] Lock "cinder-quobyte-d1064403-9fb4-4a1f-bde8-cc26bea07a3b" released by "delete_snapshot" :: held 2.332s {{(pid=94676) __release /opt/stack/cinder/cinder/coordination.py:152}}
Aug 17 18:32:19 devstack cinder-volume[94676]: DEBUG cinder.quota [None req-359a7780-0921-40ad-9d47-001bf01ccdb0 tempest-SnapshotsActionsTest-838326954 None] Created reservations ['4c771736-b1e4-4e90-9d58-803771a9e2ea', '8cf7b27d-48b5-4be6-b675-7ec6c787a1a9', '4671d2a7-95ff-440b-b27a-8581d3702fdf', 'a32c3404-56d8-4d75-b094-baf349ecefa4'] {{(pid=94676) reserve /opt/stack/cinder/cinder/quota.py:752}}
Aug 17 18:32:19 devstack cinder-volume[94676]: INFO cinder.volume.manager [None req-359a7780-0921-40ad-9d47-001bf01ccdb0 tempest-SnapshotsActionsTest-838326954 None] Delete snapshot completed successfully.
Aug 17 18:32:19 devstack cinder-volume[94676]: INFO cinder.volume.manager [req-fcc03002-ea6b-4568-96bd-11d3e09d8a18 req-87f721e6-575e-4981-b1c5-0a89df47f942 tempest-AttachVolumeTestJSON-933758749 None] Terminate volume connection completed successfully.
Aug 17 18:32:19 devstack cinder-volume[94676]: DEBUG cinder.volume.manager [req-fcc03002-ea6b-4568-96bd-11d3e09d8a18 req-87f721e6-575e-4981-b1c5-0a89df47f942 tempest-AttachVolumeTestJSON-933758749 None] Deleting attachment bcf2bce3-c3d6-4552-b86f-035ffd8558e4. {{(pid=94676) attachment_delete /opt/stack/cinder/cinder/volume/manager.py:5055}}
Aug 17 18:32:19 devstack cinder-volume[94676]: DEBUG cinder.coordination [None req-359a7780-0921-40ad-9d47-001bf01ccdb0 tempest-SnapshotsActionsTest-838326954 None] Lock "cinder-a8dcef1d-ab64-401d-8ce2-f5e3ba601aec-delete_snapshot" released by "delete_snapshot" :: held 2.602s {{(pid=94676) __release /opt/stack/cinder/cinder/coordination.py:152}}
Aug 17 18:32:20 devstack cinder-volume[94676]: DEBUG oslo_concurrency.lockutils [None req-1c145320-bafb-432b-90c7-9e15971aa8e2 tempest-SnapshotsActionsTest-972276947 None] Acquiring lock "quobyte" by "cinder.volume.drivers.quobyte.QuobyteDriver.create_snapshot" {{(pid=94676) inner /opt/stack/data/venv/lib/python3.12/site-packages/oslo_concurrency/lockutils.py:512}}
Aug 17 18:32:20 devstack cinder-volume[94676]: DEBUG oslo_concurrency.lockutils [None req-1c145320-bafb-432b-90c7-9e15971aa8e2 tempest-SnapshotsActionsTest-972276947 None] Lock "quobyte" acquired by "cinder.volume.drivers.quobyte.QuobyteDriver.create_snapshot" :: waited 0.001s {{(pid=94676) inner /opt/stack/data/venv/lib/python3.12/site-packages/oslo_concurrency/lockutils.py:525}}
Aug 17 18:32:20 devstack cinder-volume[94676]: DEBUG cinder.volume.drivers.remotefs [None req-1c145320-bafb-432b-90c7-9e15971aa8e2 tempest-SnapshotsActionsTest-972276947 None] Creating offline snapshot 67b73991-043e-4bed-89f2-6caec69d4037 of volume d1064403-9fb4-4a1f-bde8-cc26bea07a3b {{(pid=94676) _create_snapshot /opt/stack/cinder/cinder/volume/drivers/remotefs.py:1816}}
Aug 17 18:32:20 devstack cinder-volume[94676]: DEBUG oslo.privsep.daemon [-] privsep: reply[3b013405-7dd8-463a-8c3e-afbb541474c7]: (4, 'qcow2') {{(pid=96356) _call_back /opt/stack/data/venv/lib/python3.12/site-packages/oslo_privsep/daemon.py:580}}
Aug 17 18:32:20 devstack cinder-volume[94676]: DEBUG oslo_concurrency.processutils [None req-1c145320-bafb-432b-90c7-9e15971aa8e2 tempest-SnapshotsActionsTest-972276947 None] Running cmd (subprocess): /opt/stack/data/venv/bin/python3.12 -m oslo_concurrency.prlimit --as=1073741824 --cpu=60 -- sudo cinder-rootwrap /etc/cinder/rootwrap.conf env LC_ALL=C qemu-img info -f qcow2 --output=json --force-share /opt/stack/data/cinder/mnt/7dbd3d9471aa8d166b5898d17f099698/volume-d1064403-9fb4-4a1f-bde8-cc26bea07a3b.0620d318-68a3-410d-8616-0b41e6314d8a {{(pid=94676) execute /opt/stack/data/venv/lib/python3.12/site-packages/oslo_concurrency/processutils.py:440}}
Aug 17 18:32:20 devstack sudo[100683]: quobyte : PWD=/ ; USER=root ; COMMAND=/opt/stack/data/venv/bin/cinder-rootwrap /etc/cinder/rootwrap.conf env LC_ALL=C qemu-img info -f qcow2 --output=json --force-share /opt/stack/data/cinder/mnt/7dbd3d9471aa8d166b5898d17f099698/volume-d1064403-9fb4-4a1f-bde8-cc26bea07a3b.0620d318-68a3-410d-8616-0b41e6314d8a
Aug 17 18:32:20 devstack sudo[100683]: pam_unix(sudo:session): session opened for user root(uid=0) by (uid=1000)
Aug 17 18:32:21 devstack cinder-volume[94676]: INFO cinder.volume.manager [req-c1ac692f-8374-4b3a-9a74-b95cc0317861 req-21cdb0e1-44a5-40bb-9a93-6c645dc346c3 tempest-AttachVolumeTestJSON-933758749 None] Terminate volume connection completed successfully.
Aug 17 18:32:21 devstack cinder-volume[94676]: DEBUG cinder.volume.manager [req-c1ac692f-8374-4b3a-9a74-b95cc0317861 req-21cdb0e1-44a5-40bb-9a93-6c645dc346c3 tempest-AttachVolumeTestJSON-933758749 None] Deleting attachment 6907fa6c-b4d0-4a4b-bc70-c3d706e3cb4c. {{(pid=94676) attachment_delete /opt/stack/cinder/cinder/volume/manager.py:5055}}
Aug 17 18:32:21 devstack sudo[100683]: pam_unix(sudo:session): session closed for user root
Aug 17 18:32:21 devstack cinder-volume[94676]: DEBUG oslo_concurrency.processutils [None req-1c145320-bafb-432b-90c7-9e15971aa8e2 tempest-SnapshotsActionsTest-972276947 None] CMD "/opt/stack/data/venv/bin/python3.12 -m oslo_concurrency.prlimit --as=1073741824 --cpu=60 -- sudo cinder-rootwrap /etc/cinder/rootwrap.conf env LC_ALL=C qemu-img info -f qcow2 --output=json --force-share /opt/stack/data/cinder/mnt/7dbd3d9471aa8d166b5898d17f099698/volume-d1064403-9fb4-4a1f-bde8-cc26bea07a3b.0620d318-68a3-410d-8616-0b41e6314d8a" returned: 0 in 0.424s {{(pid=94676) execute /opt/stack/data/venv/lib/python3.12/site-packages/oslo_concurrency/processutils.py:468}}
Aug 17 18:32:21 devstack cinder-volume[94676]: DEBUG cinder.volume.drivers.remotefs [None req-1c145320-bafb-432b-90c7-9e15971aa8e2 tempest-SnapshotsActionsTest-972276947 None] Fetching qemu-img info with special backing_file_template: (/opt/stack/data/cinder/mnt/[0-9a-f]+/)?(volume-d1064403-9fb4-4a1f-bde8-cc26bea07a3b(.(tmp-snap-)?[0-9a-f-]+)?|volume_from_snapshot_cache/(tmp-snap-)?[0-9a-f-]+(.(child-|parent-)[0-9a-f-]+)?)$ {{(pid=94676) _qemu_img_info_base /opt/stack/cinder/cinder/volume/drivers/remotefs.py:896}}
Aug 17 18:32:21 devstack cinder-volume[94676]: DEBUG oslo_concurrency.processutils [None req-1c145320-bafb-432b-90c7-9e15971aa8e2 tempest-SnapshotsActionsTest-972276947 None] Running cmd (subprocess): sudo cinder-rootwrap /etc/cinder/rootwrap.conf qemu-img create -f qcow2 -o backing_file=/opt/stack/data/cinder/mnt/7dbd3d9471aa8d166b5898d17f099698/volume-d1064403-9fb4-4a1f-bde8-cc26bea07a3b.0620d318-68a3-410d-8616-0b41e6314d8a,backing_fmt=qcow2 /opt/stack/data/cinder/mnt/7dbd3d9471aa8d166b5898d17f099698/volume-d1064403-9fb4-4a1f-bde8-cc26bea07a3b.67b73991-043e-4bed-89f2-6caec69d4037 1G {{(pid=94676) execute /opt/stack/data/venv/lib/python3.12/site-packages/oslo_concurrency/processutils.py:440}}
Aug 17 18:32:21 devstack sudo[100718]: quobyte : PWD=/ ; USER=root ; COMMAND=/opt/stack/data/venv/bin/cinder-rootwrap /etc/cinder/rootwrap.conf qemu-img create -f qcow2 -o backing_file=/opt/stack/data/cinder/mnt/7dbd3d9471aa8d166b5898d17f099698/volume-d1064403-9fb4-4a1f-bde8-cc26bea07a3b.0620d318-68a3-410d-8616-0b41e6314d8a,backing_fmt=qcow2 /opt/stack/data/cinder/mnt/7dbd3d9471aa8d166b5898d17f099698/volume-d1064403-9fb4-4a1f-bde8-cc26bea07a3b.67b73991-043e-4bed-89f2-6caec69d4037 1G
Aug 17 18:32:21 devstack sudo[100718]: pam_unix(sudo:session): session opened for user root(uid=0) by (uid=1000)
Aug 17 18:32:21 devstack sudo[100718]: pam_unix(sudo:session): session closed for user root
Aug 17 18:32:21 devstack cinder-volume[94676]: DEBUG oslo_concurrency.processutils [None req-1c145320-bafb-432b-90c7-9e15971aa8e2 tempest-SnapshotsActionsTest-972276947 None] CMD "sudo cinder-rootwrap /etc/cinder/rootwrap.conf qemu-img create -f qcow2 -o backing_file=/opt/stack/data/cinder/mnt/7dbd3d9471aa8d166b5898d17f099698/volume-d1064403-9fb4-4a1f-bde8-cc26bea07a3b.0620d318-68a3-410d-8616-0b41e6314d8a,backing_fmt=qcow2 /opt/stack/data/cinder/mnt/7dbd3d9471aa8d166b5898d17f099698/volume-d1064403-9fb4-4a1f-bde8-cc26bea07a3b.67b73991-043e-4bed-89f2-6caec69d4037 1G" returned: 0 in 0.543s {{(pid=94676) execute /opt/stack/data/venv/lib/python3.12/site-packages/oslo_concurrency/processutils.py:468}}
Aug 17 18:32:21 devstack cinder-volume[94676]: DEBUG oslo_concurrency.processutils [None req-1c145320-bafb-432b-90c7-9e15971aa8e2 tempest-SnapshotsActionsTest-972276947 None] Running cmd (subprocess): sudo cinder-rootwrap /etc/cinder/rootwrap.conf qemu-img rebase -u -b volume-d1064403-9fb4-4a1f-bde8-cc26bea07a3b.0620d318-68a3-410d-8616-0b41e6314d8a -F qcow2 /opt/stack/data/cinder/mnt/7dbd3d9471aa8d166b5898d17f099698/volume-d1064403-9fb4-4a1f-bde8-cc26bea07a3b.67b73991-043e-4bed-89f2-6caec69d4037 {{(pid=94676) execute /opt/stack/data/venv/lib/python3.12/site-packages/oslo_concurrency/processutils.py:440}}
Aug 17 18:32:21 devstack sudo[100724]: quobyte : PWD=/ ; USER=root ; COMMAND=/opt/stack/data/venv/bin/cinder-rootwrap /etc/cinder/rootwrap.conf qemu-img rebase -u -b volume-d1064403-9fb4-4a1f-bde8-cc26bea07a3b.0620d318-68a3-410d-8616-0b41e6314d8a -F qcow2 /opt/stack/data/cinder/mnt/7dbd3d9471aa8d166b5898d17f099698/volume-d1064403-9fb4-4a1f-bde8-cc26bea07a3b.67b73991-043e-4bed-89f2-6caec69d4037
Aug 17 18:32:21 devstack sudo[100724]: pam_unix(sudo:session): session opened for user root(uid=0) by (uid=1000)
Aug 17 18:32:22 devstack sudo[100724]: pam_unix(sudo:session): session closed for user root
Aug 17 18:32:22 devstack cinder-volume[94676]: DEBUG oslo_concurrency.processutils [None req-1c145320-bafb-432b-90c7-9e15971aa8e2 tempest-SnapshotsActionsTest-972276947 None] CMD "sudo cinder-rootwrap /etc/cinder/rootwrap.conf qemu-img rebase -u -b volume-d1064403-9fb4-4a1f-bde8-cc26bea07a3b.0620d318-68a3-410d-8616-0b41e6314d8a -F qcow2 /opt/stack/data/cinder/mnt/7dbd3d9471aa8d166b5898d17f099698/volume-d1064403-9fb4-4a1f-bde8-cc26bea07a3b.67b73991-043e-4bed-89f2-6caec69d4037" returned: 0 in 0.363s {{(pid=94676) execute /opt/stack/data/venv/lib/python3.12/site-packages/oslo_concurrency/processutils.py:468}}
Aug 17 18:32:22 devstack cinder-volume[94676]: WARNING cinder.volume.drivers.remotefs [None req-1c145320-bafb-432b-90c7-9e15971aa8e2 tempest-SnapshotsActionsTest-972276947 None] /opt/stack/data/cinder/mnt/7dbd3d9471aa8d166b5898d17f099698/volume-d1064403-9fb4-4a1f-bde8-cc26bea07a3b.67b73991-043e-4bed-89f2-6caec69d4037 is being set with open permissions: ugo+rw
Aug 17 18:32:22 devstack cinder-volume[94676]: DEBUG oslo_concurrency.processutils [None req-1c145320-bafb-432b-90c7-9e15971aa8e2 tempest-SnapshotsActionsTest-972276947 None] Running cmd (subprocess): sudo cinder-rootwrap /etc/cinder/rootwrap.conf chmod ugo+rw /opt/stack/data/cinder/mnt/7dbd3d9471aa8d166b5898d17f099698/volume-d1064403-9fb4-4a1f-bde8-cc26bea07a3b.67b73991-043e-4bed-89f2-6caec69d4037 {{(pid=94676) execute /opt/stack/data/venv/lib/python3.12/site-packages/oslo_concurrency/processutils.py:440}}
Aug 17 18:32:22 devstack sudo[100729]: quobyte : PWD=/ ; USER=root ; COMMAND=/opt/stack/data/venv/bin/cinder-rootwrap /etc/cinder/rootwrap.conf chmod ugo+rw /opt/stack/data/cinder/mnt/7dbd3d9471aa8d166b5898d17f099698/volume-d1064403-9fb4-4a1f-bde8-cc26bea07a3b.67b73991-043e-4bed-89f2-6caec69d4037
Aug 17 18:32:22 devstack sudo[100729]: pam_unix(sudo:session): session opened for user root(uid=0) by (uid=1000)
Aug 17 18:32:22 devstack sudo[100729]: pam_unix(sudo:session): session closed for user root
Aug 17 18:32:22 devstack cinder-volume[94676]: DEBUG oslo_concurrency.processutils [None req-1c145320-bafb-432b-90c7-9e15971aa8e2 tempest-SnapshotsActionsTest-972276947 None] CMD "sudo cinder-rootwrap /etc/cinder/rootwrap.conf chmod ugo+rw /opt/stack/data/cinder/mnt/7dbd3d9471aa8d166b5898d17f099698/volume-d1064403-9fb4-4a1f-bde8-cc26bea07a3b.67b73991-043e-4bed-89f2-6caec69d4037" returned: 0 in 0.374s {{(pid=94676) execute /opt/stack/data/venv/lib/python3.12/site-packages/oslo_concurrency/processutils.py:468}}
Aug 17 18:32:22 devstack cinder-volume[94676]: DEBUG oslo_concurrency.lockutils [None req-1c145320-bafb-432b-90c7-9e15971aa8e2 tempest-SnapshotsActionsTest-972276947 None] Lock "quobyte" "released" by "cinder.volume.drivers.quobyte.QuobyteDriver.create_snapshot" :: held 1.834s {{(pid=94676) inner /opt/stack/data/venv/lib/python3.12/site-packages/oslo_concurrency/lockutils.py:544}}
Aug 17 18:32:22 devstack cinder-volume[94676]: INFO cinder.volume.manager [None req-1c145320-bafb-432b-90c7-9e15971aa8e2 tempest-SnapshotsActionsTest-972276947 None] Create snapshot completed successfully
Aug 17 18:32:23 devstack cinder-volume[94676]: DEBUG cinder.coordination [None req-207567c4-3235-4357-9f64-556724eaea7c tempest-SnapshotsActionsTest-838326954 None] Acquiring lock "cinder-67b73991-043e-4bed-89f2-6caec69d4037-delete_snapshot" by "delete_snapshot" {{(pid=94676) __acquire /opt/stack/cinder/cinder/coordination.py:138}}
Aug 17 18:32:23 devstack cinder-volume[94676]: DEBUG cinder.coordination [None req-207567c4-3235-4357-9f64-556724eaea7c tempest-SnapshotsActionsTest-838326954 None] Lock "cinder-67b73991-043e-4bed-89f2-6caec69d4037-delete_snapshot" acquired by "delete_snapshot" :: waited 0.047s {{(pid=94676) __acquire /opt/stack/cinder/cinder/coordination.py:141}}
Aug 17 18:32:23 devstack cinder-volume[94676]: DEBUG cinder.coordination [None req-207567c4-3235-4357-9f64-556724eaea7c tempest-SnapshotsActionsTest-838326954 None] Acquiring lock "cinder-quobyte-d1064403-9fb4-4a1f-bde8-cc26bea07a3b" by "delete_snapshot" {{(pid=94676) __acquire /opt/stack/cinder/cinder/coordination.py:138}}
Aug 17 18:32:23 devstack cinder-volume[94676]: DEBUG cinder.coordination [None req-207567c4-3235-4357-9f64-556724eaea7c tempest-SnapshotsActionsTest-838326954 None] Lock "cinder-quobyte-d1064403-9fb4-4a1f-bde8-cc26bea07a3b" acquired by "delete_snapshot" :: waited 0.026s {{(pid=94676) __acquire /opt/stack/cinder/cinder/coordination.py:141}}
Aug 17 18:32:23 devstack cinder-volume[94676]: DEBUG cinder.coordination [None req-207567c4-3235-4357-9f64-556724eaea7c tempest-SnapshotsActionsTest-838326954 None] Acquiring lock "cinder-quobyte-67b73991-043e-4bed-89f2-6caec69d4037" by "_delete_snapshot" {{(pid=94676) __acquire /opt/stack/cinder/cinder/coordination.py:138}}
Aug 17 18:32:23 devstack cinder-volume[94676]: DEBUG cinder.coordination [None req-207567c4-3235-4357-9f64-556724eaea7c tempest-SnapshotsActionsTest-838326954 None] Lock "cinder-quobyte-67b73991-043e-4bed-89f2-6caec69d4037" acquired by "_delete_snapshot" :: waited 0.024s {{(pid=94676) __acquire /opt/stack/cinder/cinder/coordination.py:141}}
Aug 17 18:32:23 devstack cinder-volume[94676]: DEBUG cinder.volume.drivers.remotefs [None req-207567c4-3235-4357-9f64-556724eaea7c tempest-SnapshotsActionsTest-838326954 None] Deleting offline snapshot 67b73991-043e-4bed-89f2-6caec69d4037 of volume d1064403-9fb4-4a1f-bde8-cc26bea07a3b {{(pid=94676) _delete_snapshot /opt/stack/cinder/cinder/volume/drivers/remotefs.py:1288}}
Aug 17 18:32:23 devstack cinder-volume[94676]: DEBUG cinder.volume.drivers.remotefs [None req-207567c4-3235-4357-9f64-556724eaea7c tempest-SnapshotsActionsTest-838326954 None] snapshot_file for this snap is: volume-d1064403-9fb4-4a1f-bde8-cc26bea07a3b.67b73991-043e-4bed-89f2-6caec69d4037 {{(pid=94676) _delete_snapshot /opt/stack/cinder/cinder/volume/drivers/remotefs.py:1317}}
Aug 17 18:32:23 devstack cinder-volume[94676]: DEBUG oslo.privsep.daemon [-] privsep: reply[e739594f-b538-4766-a78c-2d47be11f63c]: (4, 'qcow2') {{(pid=96356) _call_back /opt/stack/data/venv/lib/python3.12/site-packages/oslo_privsep/daemon.py:580}}
Aug 17 18:32:23 devstack cinder-volume[94676]: DEBUG oslo_concurrency.processutils [None req-207567c4-3235-4357-9f64-556724eaea7c tempest-SnapshotsActionsTest-838326954 None] Running cmd (subprocess): /opt/stack/data/venv/bin/python3.12 -m oslo_concurrency.prlimit --as=1073741824 --cpu=60 -- sudo cinder-rootwrap /etc/cinder/rootwrap.conf env LC_ALL=C qemu-img info -f qcow2 --output=json --force-share /opt/stack/data/cinder/mnt/7dbd3d9471aa8d166b5898d17f099698/volume-d1064403-9fb4-4a1f-bde8-cc26bea07a3b.67b73991-043e-4bed-89f2-6caec69d4037 {{(pid=94676) execute /opt/stack/data/venv/lib/python3.12/site-packages/oslo_concurrency/processutils.py:440}}
Aug 17 18:32:23 devstack sudo[100752]: quobyte : PWD=/ ; USER=root ; COMMAND=/opt/stack/data/venv/bin/cinder-rootwrap /etc/cinder/rootwrap.conf env LC_ALL=C qemu-img info -f qcow2 --output=json --force-share /opt/stack/data/cinder/mnt/7dbd3d9471aa8d166b5898d17f099698/volume-d1064403-9fb4-4a1f-bde8-cc26bea07a3b.67b73991-043e-4bed-89f2-6caec69d4037
Aug 17 18:32:23 devstack sudo[100752]: pam_unix(sudo:session): session opened for user root(uid=0) by (uid=1000)
Aug 17 18:32:23 devstack sudo[100752]: pam_unix(sudo:session): session closed for user root
Aug 17 18:32:23 devstack cinder-volume[94676]: DEBUG oslo_concurrency.processutils [None req-207567c4-3235-4357-9f64-556724eaea7c tempest-SnapshotsActionsTest-838326954 None] CMD "/opt/stack/data/venv/bin/python3.12 -m oslo_concurrency.prlimit --as=1073741824 --cpu=60 -- sudo cinder-rootwrap /etc/cinder/rootwrap.conf env LC_ALL=C qemu-img info -f qcow2 --output=json --force-share /opt/stack/data/cinder/mnt/7dbd3d9471aa8d166b5898d17f099698/volume-d1064403-9fb4-4a1f-bde8-cc26bea07a3b.67b73991-043e-4bed-89f2-6caec69d4037" returned: 0 in 0.568s {{(pid=94676) execute /opt/stack/data/venv/lib/python3.12/site-packages/oslo_concurrency/processutils.py:468}}
Aug 17 18:32:23 devstack cinder-volume[94676]: DEBUG cinder.volume.drivers.remotefs [None req-207567c4-3235-4357-9f64-556724eaea7c tempest-SnapshotsActionsTest-838326954 None] Fetching qemu-img info with special backing_file_template: (/opt/stack/data/cinder/mnt/[0-9a-f]+/)?(volume-d1064403-9fb4-4a1f-bde8-cc26bea07a3b(.(tmp-snap-)?[0-9a-f-]+)?|volume_from_snapshot_cache/(tmp-snap-)?[0-9a-f-]+(.(child-|parent-)[0-9a-f-]+)?)$ {{(pid=94676) _qemu_img_info_base /opt/stack/cinder/cinder/volume/drivers/remotefs.py:896}}
Aug 17 18:32:23 devstack cinder-volume[94676]: DEBUG oslo.privsep.daemon [-] privsep: reply[ac87e569-48f2-4e46-bb8f-807f5113569e]: (4, 'qcow2') {{(pid=96356) _call_back /opt/stack/data/venv/lib/python3.12/site-packages/oslo_privsep/daemon.py:580}}
Aug 17 18:32:23 devstack cinder-volume[94676]: DEBUG oslo_concurrency.processutils [None req-207567c4-3235-4357-9f64-556724eaea7c tempest-SnapshotsActionsTest-838326954 None] Running cmd (subprocess): /opt/stack/data/venv/bin/python3.12 -m oslo_concurrency.prlimit --as=1073741824 --cpu=60 -- sudo cinder-rootwrap /etc/cinder/rootwrap.conf env LC_ALL=C qemu-img info -f qcow2 --output=json --force-share /opt/stack/data/cinder/mnt/7dbd3d9471aa8d166b5898d17f099698/volume-d1064403-9fb4-4a1f-bde8-cc26bea07a3b.0620d318-68a3-410d-8616-0b41e6314d8a {{(pid=94676) execute /opt/stack/data/venv/lib/python3.12/site-packages/oslo_concurrency/processutils.py:440}}
Aug 17 18:32:24 devstack sudo[100762]: quobyte : PWD=/ ; USER=root ; COMMAND=/opt/stack/data/venv/bin/cinder-rootwrap /etc/cinder/rootwrap.conf env LC_ALL=C qemu-img info -f qcow2 --output=json --force-share /opt/stack/data/cinder/mnt/7dbd3d9471aa8d166b5898d17f099698/volume-d1064403-9fb4-4a1f-bde8-cc26bea07a3b.0620d318-68a3-410d-8616-0b41e6314d8a
Aug 17 18:32:24 devstack sudo[100762]: pam_unix(sudo:session): session opened for user root(uid=0) by (uid=1000)
Aug 17 18:32:24 devstack sudo[100762]: pam_unix(sudo:session): session closed for user root
Aug 17 18:32:24 devstack cinder-volume[94676]: DEBUG oslo_concurrency.processutils [None req-207567c4-3235-4357-9f64-556724eaea7c tempest-SnapshotsActionsTest-838326954 None] CMD "/opt/stack/data/venv/bin/python3.12 -m oslo_concurrency.prlimit --as=1073741824 --cpu=60 -- sudo cinder-rootwrap /etc/cinder/rootwrap.conf env LC_ALL=C qemu-img info -f qcow2 --output=json --force-share /opt/stack/data/cinder/mnt/7dbd3d9471aa8d166b5898d17f099698/volume-d1064403-9fb4-4a1f-bde8-cc26bea07a3b.0620d318-68a3-410d-8616-0b41e6314d8a" returned: 0 in 0.449s {{(pid=94676) execute /opt/stack/data/venv/lib/python3.12/site-packages/oslo_concurrency/processutils.py:468}}
Aug 17 18:32:24 devstack cinder-volume[94676]: DEBUG cinder.volume.drivers.remotefs [None req-207567c4-3235-4357-9f64-556724eaea7c tempest-SnapshotsActionsTest-838326954 None] Fetching qemu-img info with special backing_file_template: (/opt/stack/data/cinder/mnt/[0-9a-f]+/)?(volume-d1064403-9fb4-4a1f-bde8-cc26bea07a3b(.(tmp-snap-)?[0-9a-f-]+)?|volume_from_snapshot_cache/(tmp-snap-)?[0-9a-f-]+(.(child-|parent-)[0-9a-f-]+)?)$ {{(pid=94676) _qemu_img_info_base /opt/stack/cinder/cinder/volume/drivers/remotefs.py:896}}
Aug 17 18:32:24 devstack cinder-volume[94676]: DEBUG oslo_concurrency.processutils [None req-207567c4-3235-4357-9f64-556724eaea7c tempest-SnapshotsActionsTest-838326954 None] Running cmd (subprocess): sudo cinder-rootwrap /etc/cinder/rootwrap.conf qemu-img commit -d /opt/stack/data/cinder/mnt/7dbd3d9471aa8d166b5898d17f099698/volume-d1064403-9fb4-4a1f-bde8-cc26bea07a3b.67b73991-043e-4bed-89f2-6caec69d4037 {{(pid=94676) execute /opt/stack/data/venv/lib/python3.12/site-packages/oslo_concurrency/processutils.py:440}}
Aug 17 18:32:24 devstack sudo[100769]: quobyte : PWD=/ ; USER=root ; COMMAND=/opt/stack/data/venv/bin/cinder-rootwrap /etc/cinder/rootwrap.conf qemu-img commit -d /opt/stack/data/cinder/mnt/7dbd3d9471aa8d166b5898d17f099698/volume-d1064403-9fb4-4a1f-bde8-cc26bea07a3b.67b73991-043e-4bed-89f2-6caec69d4037
Aug 17 18:32:24 devstack sudo[100769]: pam_unix(sudo:session): session opened for user root(uid=0) by (uid=1000)
Aug 17 18:32:24 devstack sudo[100769]: pam_unix(sudo:session): session closed for user root
Aug 17 18:32:24 devstack cinder-volume[94676]: DEBUG oslo_concurrency.processutils [None req-207567c4-3235-4357-9f64-556724eaea7c tempest-SnapshotsActionsTest-838326954 None] CMD "sudo cinder-rootwrap /etc/cinder/rootwrap.conf qemu-img commit -d /opt/stack/data/cinder/mnt/7dbd3d9471aa8d166b5898d17f099698/volume-d1064403-9fb4-4a1f-bde8-cc26bea07a3b.67b73991-043e-4bed-89f2-6caec69d4037" returned: 0 in 0.432s {{(pid=94676) execute /opt/stack/data/venv/lib/python3.12/site-packages/oslo_concurrency/processutils.py:468}}
Aug 17 18:32:24 devstack cinder-volume[94676]: DEBUG oslo_concurrency.processutils [None req-207567c4-3235-4357-9f64-556724eaea7c tempest-SnapshotsActionsTest-838326954 None] Running cmd (subprocess): sudo cinder-rootwrap /etc/cinder/rootwrap.conf rm -f /opt/stack/data/cinder/mnt/7dbd3d9471aa8d166b5898d17f099698/volume-d1064403-9fb4-4a1f-bde8-cc26bea07a3b.67b73991-043e-4bed-89f2-6caec69d4037 {{(pid=94676) execute /opt/stack/data/venv/lib/python3.12/site-packages/oslo_concurrency/processutils.py:440}}
Aug 17 18:32:24 devstack sudo[100775]: quobyte : PWD=/ ; USER=root ; COMMAND=/opt/stack/data/venv/bin/cinder-rootwrap /etc/cinder/rootwrap.conf rm -f /opt/stack/data/cinder/mnt/7dbd3d9471aa8d166b5898d17f099698/volume-d1064403-9fb4-4a1f-bde8-cc26bea07a3b.67b73991-043e-4bed-89f2-6caec69d4037
Aug 17 18:32:24 devstack sudo[100775]: pam_unix(sudo:session): session opened for user root(uid=0) by (uid=1000)
Aug 17 18:32:25 devstack sudo[100775]: pam_unix(sudo:session): session closed for user root
Aug 17 18:32:25 devstack cinder-volume[94676]: DEBUG oslo_concurrency.processutils [None req-207567c4-3235-4357-9f64-556724eaea7c tempest-SnapshotsActionsTest-838326954 None] CMD "sudo cinder-rootwrap /etc/cinder/rootwrap.conf rm -f /opt/stack/data/cinder/mnt/7dbd3d9471aa8d166b5898d17f099698/volume-d1064403-9fb4-4a1f-bde8-cc26bea07a3b.67b73991-043e-4bed-89f2-6caec69d4037" returned: 0 in 0.393s {{(pid=94676) execute /opt/stack/data/venv/lib/python3.12/site-packages/oslo_concurrency/processutils.py:468}}
Aug 17 18:32:25 devstack cinder-volume[94676]: DEBUG cinder.coordination [None req-207567c4-3235-4357-9f64-556724eaea7c tempest-SnapshotsActionsTest-838326954 None] Lock "cinder-quobyte-67b73991-043e-4bed-89f2-6caec69d4037" released by "_delete_snapshot" :: held 1.970s {{(pid=94676) __release /opt/stack/cinder/cinder/coordination.py:152}}
Aug 17 18:32:25 devstack cinder-volume[94676]: DEBUG cinder.coordination [None req-207567c4-3235-4357-9f64-556724eaea7c tempest-SnapshotsActionsTest-838326954 None] Lock "cinder-quobyte-d1064403-9fb4-4a1f-bde8-cc26bea07a3b" released by "delete_snapshot" :: held 2.005s {{(pid=94676) __release /opt/stack/cinder/cinder/coordination.py:152}}
Aug 17 18:32:25 devstack cinder-volume[94676]: DEBUG cinder.quota [None req-207567c4-3235-4357-9f64-556724eaea7c tempest-SnapshotsActionsTest-838326954 None] Created reservations ['81cbdf73-7f2a-4b3a-bb30-2d86c0a20f1f', '2d37a14d-0c93-4dba-bea8-3ab99b55efb8', '3802c7e7-2938-4d91-b35f-1e863f0e6299', '464cf08b-52e8-4f3c-b169-e41ea84cb76d'] {{(pid=94676) reserve /opt/stack/cinder/cinder/quota.py:752}}
Aug 17 18:32:25 devstack cinder-volume[94676]: INFO cinder.volume.manager [None req-207567c4-3235-4357-9f64-556724eaea7c tempest-SnapshotsActionsTest-838326954 None] Delete snapshot completed successfully.
Aug 17 18:32:25 devstack cinder-volume[94676]: DEBUG cinder.coordination [None req-207567c4-3235-4357-9f64-556724eaea7c tempest-SnapshotsActionsTest-838326954 None] Lock "cinder-67b73991-043e-4bed-89f2-6caec69d4037-delete_snapshot" released by "delete_snapshot" :: held 2.249s {{(pid=94676) __release /opt/stack/cinder/cinder/coordination.py:152}}
Aug 17 18:32:26 devstack cinder-volume[94676]: DEBUG oslo_concurrency.lockutils [None req-549099fb-6049-4d9a-b752-d68023346540 tempest-SnapshotsActionsTest-972276947 None] Acquiring lock "quobyte" by "cinder.volume.drivers.quobyte.QuobyteDriver.create_snapshot" {{(pid=94676) inner /opt/stack/data/venv/lib/python3.12/site-packages/oslo_concurrency/lockutils.py:512}}
Aug 17 18:32:26 devstack cinder-volume[94676]: DEBUG oslo_concurrency.lockutils [None req-549099fb-6049-4d9a-b752-d68023346540 tempest-SnapshotsActionsTest-972276947 None] Lock "quobyte" acquired by "cinder.volume.drivers.quobyte.QuobyteDriver.create_snapshot" :: waited 0.001s {{(pid=94676) inner /opt/stack/data/venv/lib/python3.12/site-packages/oslo_concurrency/lockutils.py:525}}
Aug 17 18:32:26 devstack cinder-volume[94676]: DEBUG cinder.volume.drivers.remotefs [None req-549099fb-6049-4d9a-b752-d68023346540 tempest-SnapshotsActionsTest-972276947 None] Creating offline snapshot b3f4cd6e-f076-4912-be7a-a74a9bd6c2d4 of volume d1064403-9fb4-4a1f-bde8-cc26bea07a3b {{(pid=94676) _create_snapshot /opt/stack/cinder/cinder/volume/drivers/remotefs.py:1816}}
Aug 17 18:32:26 devstack cinder-volume[94676]: DEBUG oslo.privsep.daemon [-] privsep: reply[d42d30bd-e68f-4367-bbf7-511fe1e060d0]: (4, 'qcow2') {{(pid=96356) _call_back /opt/stack/data/venv/lib/python3.12/site-packages/oslo_privsep/daemon.py:580}}
Aug 17 18:32:26 devstack cinder-volume[94676]: DEBUG oslo_concurrency.processutils [None req-549099fb-6049-4d9a-b752-d68023346540 tempest-SnapshotsActionsTest-972276947 None] Running cmd (subprocess): /opt/stack/data/venv/bin/python3.12 -m oslo_concurrency.prlimit --as=1073741824 --cpu=60 -- sudo cinder-rootwrap /etc/cinder/rootwrap.conf env LC_ALL=C qemu-img info -f qcow2 --output=json --force-share /opt/stack/data/cinder/mnt/7dbd3d9471aa8d166b5898d17f099698/volume-d1064403-9fb4-4a1f-bde8-cc26bea07a3b.0620d318-68a3-410d-8616-0b41e6314d8a {{(pid=94676) execute /opt/stack/data/venv/lib/python3.12/site-packages/oslo_concurrency/processutils.py:440}}
Aug 17 18:32:26 devstack sudo[100779]: quobyte : PWD=/ ; USER=root ; COMMAND=/opt/stack/data/venv/bin/cinder-rootwrap /etc/cinder/rootwrap.conf env LC_ALL=C qemu-img info -f qcow2 --output=json --force-share /opt/stack/data/cinder/mnt/7dbd3d9471aa8d166b5898d17f099698/volume-d1064403-9fb4-4a1f-bde8-cc26bea07a3b.0620d318-68a3-410d-8616-0b41e6314d8a
Aug 17 18:32:26 devstack sudo[100779]: pam_unix(sudo:session): session opened for user root(uid=0) by (uid=1000)
Aug 17 18:32:27 devstack sudo[100779]: pam_unix(sudo:session): session closed for user root
Aug 17 18:32:27 devstack cinder-volume[94676]: DEBUG oslo_concurrency.processutils [None req-549099fb-6049-4d9a-b752-d68023346540 tempest-SnapshotsActionsTest-972276947 None] CMD "/opt/stack/data/venv/bin/python3.12 -m oslo_concurrency.prlimit --as=1073741824 --cpu=60 -- sudo cinder-rootwrap /etc/cinder/rootwrap.conf env LC_ALL=C qemu-img info -f qcow2 --output=json --force-share /opt/stack/data/cinder/mnt/7dbd3d9471aa8d166b5898d17f099698/volume-d1064403-9fb4-4a1f-bde8-cc26bea07a3b.0620d318-68a3-410d-8616-0b41e6314d8a" returned: 0 in 0.507s {{(pid=94676) execute /opt/stack/data/venv/lib/python3.12/site-packages/oslo_concurrency/processutils.py:468}}
Aug 17 18:32:27 devstack cinder-volume[94676]: DEBUG cinder.volume.drivers.remotefs [None req-549099fb-6049-4d9a-b752-d68023346540 tempest-SnapshotsActionsTest-972276947 None] Fetching qemu-img info with special backing_file_template: (/opt/stack/data/cinder/mnt/[0-9a-f]+/)?(volume-d1064403-9fb4-4a1f-bde8-cc26bea07a3b(.(tmp-snap-)?[0-9a-f-]+)?|volume_from_snapshot_cache/(tmp-snap-)?[0-9a-f-]+(.(child-|parent-)[0-9a-f-]+)?)$ {{(pid=94676) _qemu_img_info_base /opt/stack/cinder/cinder/volume/drivers/remotefs.py:896}}
Aug 17 18:32:27 devstack cinder-volume[94676]: DEBUG oslo_concurrency.processutils [None req-549099fb-6049-4d9a-b752-d68023346540 tempest-SnapshotsActionsTest-972276947 None] Running cmd (subprocess): sudo cinder-rootwrap /etc/cinder/rootwrap.conf qemu-img create -f qcow2 -o backing_file=/opt/stack/data/cinder/mnt/7dbd3d9471aa8d166b5898d17f099698/volume-d1064403-9fb4-4a1f-bde8-cc26bea07a3b.0620d318-68a3-410d-8616-0b41e6314d8a,backing_fmt=qcow2 /opt/stack/data/cinder/mnt/7dbd3d9471aa8d166b5898d17f099698/volume-d1064403-9fb4-4a1f-bde8-cc26bea07a3b.b3f4cd6e-f076-4912-be7a-a74a9bd6c2d4 1G {{(pid=94676) execute /opt/stack/data/venv/lib/python3.12/site-packages/oslo_concurrency/processutils.py:440}}
Aug 17 18:32:27 devstack sudo[100785]: quobyte : PWD=/ ; USER=root ; COMMAND=/opt/stack/data/venv/bin/cinder-rootwrap /etc/cinder/rootwrap.conf qemu-img create -f qcow2 -o backing_file=/opt/stack/data/cinder/mnt/7dbd3d9471aa8d166b5898d17f099698/volume-d1064403-9fb4-4a1f-bde8-cc26bea07a3b.0620d318-68a3-410d-8616-0b41e6314d8a,backing_fmt=qcow2 /opt/stack/data/cinder/mnt/7dbd3d9471aa8d166b5898d17f099698/volume-d1064403-9fb4-4a1f-bde8-cc26bea07a3b.b3f4cd6e-f076-4912-be7a-a74a9bd6c2d4 1G
Aug 17 18:32:27 devstack sudo[100785]: pam_unix(sudo:session): session opened for user root(uid=0) by (uid=1000)
Aug 17 18:32:27 devstack cinder-volume[94676]: DEBUG cinder.coordination [None req-82cd9039-f365-46ae-b5d1-60659dd60a65 tempest-AttachVolumeTestJSON-933758749 None] Acquiring lock "cinder-f59ac9a9-9e8f-4ed2-97ef-caee9c1ae43e-delete_volume" by "delete_volume" {{(pid=94676) __acquire /opt/stack/cinder/cinder/coordination.py:138}}
Aug 17 18:32:27 devstack cinder-volume[94676]: DEBUG cinder.coordination [None req-82cd9039-f365-46ae-b5d1-60659dd60a65 tempest-AttachVolumeTestJSON-933758749 None] Lock "cinder-f59ac9a9-9e8f-4ed2-97ef-caee9c1ae43e-delete_volume" acquired by "delete_volume" :: waited 0.025s {{(pid=94676) __acquire /opt/stack/cinder/cinder/coordination.py:141}}
Aug 17 18:32:27 devstack cinder-volume[94676]: DEBUG cinder.coordination [None req-82cd9039-f365-46ae-b5d1-60659dd60a65 tempest-AttachVolumeTestJSON-933758749 None] Acquiring lock "cinder-quobyte-f59ac9a9-9e8f-4ed2-97ef-caee9c1ae43e" by "delete_volume" {{(pid=94676) __acquire /opt/stack/cinder/cinder/coordination.py:138}}
Aug 17 18:32:27 devstack cinder-volume[94676]: DEBUG cinder.coordination [None req-82cd9039-f365-46ae-b5d1-60659dd60a65 tempest-AttachVolumeTestJSON-933758749 None] Lock "cinder-quobyte-f59ac9a9-9e8f-4ed2-97ef-caee9c1ae43e" acquired by "delete_volume" :: waited 0.018s {{(pid=94676) __acquire /opt/stack/cinder/cinder/coordination.py:141}}
Aug 17 18:32:27 devstack cinder-volume[94676]: DEBUG oslo.privsep.daemon [-] privsep: reply[9393b0f5-bc60-4ab5-82f9-fc1fe8079194]: (4, 'qcow2') {{(pid=96356) _call_back /opt/stack/data/venv/lib/python3.12/site-packages/oslo_privsep/daemon.py:580}}
Aug 17 18:32:27 devstack cinder-volume[94676]: DEBUG oslo_concurrency.processutils [None req-82cd9039-f365-46ae-b5d1-60659dd60a65 tempest-AttachVolumeTestJSON-933758749 None] Running cmd (subprocess): /opt/stack/data/venv/bin/python3.12 -m oslo_concurrency.prlimit --as=1073741824 --cpu=60 -- sudo cinder-rootwrap /etc/cinder/rootwrap.conf env LC_ALL=C qemu-img info -f qcow2 --output=json --force-share /opt/stack/data/cinder/mnt/7dbd3d9471aa8d166b5898d17f099698/volume-f59ac9a9-9e8f-4ed2-97ef-caee9c1ae43e {{(pid=94676) execute /opt/stack/data/venv/lib/python3.12/site-packages/oslo_concurrency/processutils.py:440}}
Aug 17 18:32:28 devstack sudo[100785]: pam_unix(sudo:session): session closed for user root
Aug 17 18:32:28 devstack sudo[100791]: quobyte : PWD=/ ; USER=root ; COMMAND=/opt/stack/data/venv/bin/cinder-rootwrap /etc/cinder/rootwrap.conf env LC_ALL=C qemu-img info -f qcow2 --output=json --force-share /opt/stack/data/cinder/mnt/7dbd3d9471aa8d166b5898d17f099698/volume-f59ac9a9-9e8f-4ed2-97ef-caee9c1ae43e
Aug 17 18:32:28 devstack cinder-volume[94676]: DEBUG oslo_concurrency.processutils [None req-549099fb-6049-4d9a-b752-d68023346540 tempest-SnapshotsActionsTest-972276947 None] CMD "sudo cinder-rootwrap /etc/cinder/rootwrap.conf qemu-img create -f qcow2 -o backing_file=/opt/stack/data/cinder/mnt/7dbd3d9471aa8d166b5898d17f099698/volume-d1064403-9fb4-4a1f-bde8-cc26bea07a3b.0620d318-68a3-410d-8616-0b41e6314d8a,backing_fmt=qcow2 /opt/stack/data/cinder/mnt/7dbd3d9471aa8d166b5898d17f099698/volume-d1064403-9fb4-4a1f-bde8-cc26bea07a3b.b3f4cd6e-f076-4912-be7a-a74a9bd6c2d4 1G" returned: 0 in 0.739s {{(pid=94676) execute /opt/stack/data/venv/lib/python3.12/site-packages/oslo_concurrency/processutils.py:468}}
Aug 17 18:32:28 devstack cinder-volume[94676]: DEBUG oslo_concurrency.processutils [None req-549099fb-6049-4d9a-b752-d68023346540 tempest-SnapshotsActionsTest-972276947 None] Running cmd (subprocess): sudo cinder-rootwrap /etc/cinder/rootwrap.conf qemu-img rebase -u -b volume-d1064403-9fb4-4a1f-bde8-cc26bea07a3b.0620d318-68a3-410d-8616-0b41e6314d8a -F qcow2 /opt/stack/data/cinder/mnt/7dbd3d9471aa8d166b5898d17f099698/volume-d1064403-9fb4-4a1f-bde8-cc26bea07a3b.b3f4cd6e-f076-4912-be7a-a74a9bd6c2d4 {{(pid=94676) execute /opt/stack/data/venv/lib/python3.12/site-packages/oslo_concurrency/processutils.py:440}}
Aug 17 18:32:28 devstack sudo[100791]: pam_unix(sudo:session): session opened for user root(uid=0) by (uid=1000)
Aug 17 18:32:28 devstack sudo[100793]: quobyte : PWD=/ ; USER=root ; COMMAND=/opt/stack/data/venv/bin/cinder-rootwrap /etc/cinder/rootwrap.conf qemu-img rebase -u -b volume-d1064403-9fb4-4a1f-bde8-cc26bea07a3b.0620d318-68a3-410d-8616-0b41e6314d8a -F qcow2 /opt/stack/data/cinder/mnt/7dbd3d9471aa8d166b5898d17f099698/volume-d1064403-9fb4-4a1f-bde8-cc26bea07a3b.b3f4cd6e-f076-4912-be7a-a74a9bd6c2d4
Aug 17 18:32:28 devstack sudo[100793]: pam_unix(sudo:session): session opened for user root(uid=0) by (uid=1000)
Aug 17 18:32:28 devstack sudo[100791]: pam_unix(sudo:session): session closed for user root
Aug 17 18:32:28 devstack cinder-volume[94676]: DEBUG oslo_concurrency.processutils [None req-82cd9039-f365-46ae-b5d1-60659dd60a65 tempest-AttachVolumeTestJSON-933758749 None] CMD "/opt/stack/data/venv/bin/python3.12 -m oslo_concurrency.prlimit --as=1073741824 --cpu=60 -- sudo cinder-rootwrap /etc/cinder/rootwrap.conf env LC_ALL=C qemu-img info -f qcow2 --output=json --force-share /opt/stack/data/cinder/mnt/7dbd3d9471aa8d166b5898d17f099698/volume-f59ac9a9-9e8f-4ed2-97ef-caee9c1ae43e" returned: 0 in 0.466s {{(pid=94676) execute /opt/stack/data/venv/lib/python3.12/site-packages/oslo_concurrency/processutils.py:468}}
Aug 17 18:32:28 devstack cinder-volume[94676]: DEBUG oslo_concurrency.processutils [None req-82cd9039-f365-46ae-b5d1-60659dd60a65 tempest-AttachVolumeTestJSON-933758749 None] Running cmd (subprocess): sudo cinder-rootwrap /etc/cinder/rootwrap.conf rm -f /opt/stack/data/cinder/mnt/7dbd3d9471aa8d166b5898d17f099698/volume-f59ac9a9-9e8f-4ed2-97ef-caee9c1ae43e {{(pid=94676) execute /opt/stack/data/venv/lib/python3.12/site-packages/oslo_concurrency/processutils.py:440}}
Aug 17 18:32:28 devstack sudo[100801]: quobyte : PWD=/ ; USER=root ; COMMAND=/opt/stack/data/venv/bin/cinder-rootwrap /etc/cinder/rootwrap.conf rm -f /opt/stack/data/cinder/mnt/7dbd3d9471aa8d166b5898d17f099698/volume-f59ac9a9-9e8f-4ed2-97ef-caee9c1ae43e
Aug 17 18:32:28 devstack sudo[100801]: pam_unix(sudo:session): session opened for user root(uid=0) by (uid=1000)
Aug 17 18:32:28 devstack sudo[100793]: pam_unix(sudo:session): session closed for user root
Aug 17 18:32:28 devstack cinder-volume[94676]: DEBUG oslo_concurrency.processutils [None req-549099fb-6049-4d9a-b752-d68023346540 tempest-SnapshotsActionsTest-972276947 None] CMD "sudo cinder-rootwrap /etc/cinder/rootwrap.conf qemu-img rebase -u -b volume-d1064403-9fb4-4a1f-bde8-cc26bea07a3b.0620d318-68a3-410d-8616-0b41e6314d8a -F qcow2 /opt/stack/data/cinder/mnt/7dbd3d9471aa8d166b5898d17f099698/volume-d1064403-9fb4-4a1f-bde8-cc26bea07a3b.b3f4cd6e-f076-4912-be7a-a74a9bd6c2d4" returned: 0 in 0.326s {{(pid=94676) execute /opt/stack/data/venv/lib/python3.12/site-packages/oslo_concurrency/processutils.py:468}}
Aug 17 18:32:28 devstack cinder-volume[94676]: WARNING cinder.volume.drivers.remotefs [None req-549099fb-6049-4d9a-b752-d68023346540 tempest-SnapshotsActionsTest-972276947 None] /opt/stack/data/cinder/mnt/7dbd3d9471aa8d166b5898d17f099698/volume-d1064403-9fb4-4a1f-bde8-cc26bea07a3b.b3f4cd6e-f076-4912-be7a-a74a9bd6c2d4 is being set with open permissions: ugo+rw
Aug 17 18:32:28 devstack cinder-volume[94676]: DEBUG oslo_concurrency.processutils [None req-549099fb-6049-4d9a-b752-d68023346540 tempest-SnapshotsActionsTest-972276947 None] Running cmd (subprocess): sudo cinder-rootwrap /etc/cinder/rootwrap.conf chmod ugo+rw /opt/stack/data/cinder/mnt/7dbd3d9471aa8d166b5898d17f099698/volume-d1064403-9fb4-4a1f-bde8-cc26bea07a3b.b3f4cd6e-f076-4912-be7a-a74a9bd6c2d4 {{(pid=94676) execute /opt/stack/data/venv/lib/python3.12/site-packages/oslo_concurrency/processutils.py:440}}
Aug 17 18:32:28 devstack sudo[100803]: quobyte : PWD=/ ; USER=root ; COMMAND=/opt/stack/data/venv/bin/cinder-rootwrap /etc/cinder/rootwrap.conf chmod ugo+rw /opt/stack/data/cinder/mnt/7dbd3d9471aa8d166b5898d17f099698/volume-d1064403-9fb4-4a1f-bde8-cc26bea07a3b.b3f4cd6e-f076-4912-be7a-a74a9bd6c2d4
Aug 17 18:32:28 devstack sudo[100803]: pam_unix(sudo:session): session opened for user root(uid=0) by (uid=1000)
Aug 17 18:32:28 devstack sudo[100801]: pam_unix(sudo:session): session closed for user root
Aug 17 18:32:28 devstack cinder-volume[94676]: DEBUG oslo_concurrency.processutils [None req-82cd9039-f365-46ae-b5d1-60659dd60a65 tempest-AttachVolumeTestJSON-933758749 None] CMD "sudo cinder-rootwrap /etc/cinder/rootwrap.conf rm -f /opt/stack/data/cinder/mnt/7dbd3d9471aa8d166b5898d17f099698/volume-f59ac9a9-9e8f-4ed2-97ef-caee9c1ae43e" returned: 0 in 0.300s {{(pid=94676) execute /opt/stack/data/venv/lib/python3.12/site-packages/oslo_concurrency/processutils.py:468}}
Aug 17 18:32:28 devstack cinder-volume[94676]: DEBUG cinder.coordination [None req-82cd9039-f365-46ae-b5d1-60659dd60a65 tempest-AttachVolumeTestJSON-933758749 None] Lock "cinder-quobyte-f59ac9a9-9e8f-4ed2-97ef-caee9c1ae43e" released by "delete_volume" :: held 0.832s {{(pid=94676) __release /opt/stack/cinder/cinder/coordination.py:152}}
Aug 17 18:32:28 devstack cinder-volume[94676]: DEBUG dbcounter [-] [94676] Writing DB stats cinder:SELECT=110,cinder:UPDATE=109,cinder:INSERT=11,cinder:DELETE=9 {{(pid=94676) stat_writer /opt/stack/data/venv/lib/python3.12/site-packages/dbcounter.py:115}}
Aug 17 18:32:28 devstack cinder-volume[94676]: DEBUG dbcounter [-] [94676] Writing DB stats cinder:SELECT=103,cinder:UPDATE=110,cinder:INSERT=35,cinder:DELETE=7 {{(pid=94676) stat_writer /opt/stack/data/venv/lib/python3.12/site-packages/dbcounter.py:115}}
Aug 17 18:32:28 devstack sudo[100803]: pam_unix(sudo:session): session closed for user root
Aug 17 18:32:28 devstack cinder-volume[94676]: DEBUG oslo_concurrency.processutils [None req-549099fb-6049-4d9a-b752-d68023346540 tempest-SnapshotsActionsTest-972276947 None] CMD "sudo cinder-rootwrap /etc/cinder/rootwrap.conf chmod ugo+rw /opt/stack/data/cinder/mnt/7dbd3d9471aa8d166b5898d17f099698/volume-d1064403-9fb4-4a1f-bde8-cc26bea07a3b.b3f4cd6e-f076-4912-be7a-a74a9bd6c2d4" returned: 0 in 0.349s {{(pid=94676) execute /opt/stack/data/venv/lib/python3.12/site-packages/oslo_concurrency/processutils.py:468}}
Aug 17 18:32:28 devstack cinder-volume[94676]: DEBUG oslo_concurrency.lockutils [None req-549099fb-6049-4d9a-b752-d68023346540 tempest-SnapshotsActionsTest-972276947 None] Lock "quobyte" "released" by "cinder.volume.drivers.quobyte.QuobyteDriver.create_snapshot" :: held 2.103s {{(pid=94676) inner /opt/stack/data/venv/lib/python3.12/site-packages/oslo_concurrency/lockutils.py:544}}
Aug 17 18:32:28 devstack cinder-volume[94676]: DEBUG cinder.quota [None req-82cd9039-f365-46ae-b5d1-60659dd60a65 tempest-AttachVolumeTestJSON-933758749 None] Created reservations ['4c1729c2-9d5e-4491-bcd4-4e6eaf6097d5', 'ebe6c4cf-a276-494a-97e2-5059d221579a', '0170a306-f1ad-49d9-8309-e3d5e406ebc4', 'c1647206-1fe7-4bfc-8de6-9ba48ed1b9f4'] {{(pid=94676) reserve /opt/stack/cinder/cinder/quota.py:752}}
Aug 17 18:32:28 devstack cinder-volume[94676]: INFO cinder.volume.manager [None req-549099fb-6049-4d9a-b752-d68023346540 tempest-SnapshotsActionsTest-972276947 None] Create snapshot completed successfully
Aug 17 18:32:29 devstack cinder-volume[94676]: DEBUG oslo_concurrency.lockutils [None req-82cd9039-f365-46ae-b5d1-60659dd60a65 tempest-AttachVolumeTestJSON-933758749 None] Acquiring lock "quobyte_ensure" by "cinder.volume.drivers.quobyte.QuobyteDriver._ensure_shares_mounted" {{(pid=94676) inner /opt/stack/data/venv/lib/python3.12/site-packages/oslo_concurrency/lockutils.py:512}}
Aug 17 18:32:29 devstack cinder-volume[94676]: DEBUG oslo_concurrency.lockutils [None req-82cd9039-f365-46ae-b5d1-60659dd60a65 tempest-AttachVolumeTestJSON-933758749 None] Lock "quobyte_ensure" acquired by "cinder.volume.drivers.quobyte.QuobyteDriver._ensure_shares_mounted" :: waited 0.001s {{(pid=94676) inner /opt/stack/data/venv/lib/python3.12/site-packages/oslo_concurrency/lockutils.py:525}}
Aug 17 18:32:29 devstack cinder-volume[94676]: DEBUG cinder.volume.drivers.quobyte [None req-82cd9039-f365-46ae-b5d1-60659dd60a65 tempest-AttachVolumeTestJSON-933758749 None] Quobyte Volume URL set to: {'osci02.corp.quobyte.com/cinder-vol-90958077-e311-4439-977e-e884a35530f0': None} {{(pid=94676) _load_shares_config /opt/stack/cinder/cinder/volume/drivers/quobyte.py:651}}
Aug 17 18:32:29 devstack cinder-volume[94676]: DEBUG cinder.volume.drivers.quobyte [None req-82cd9039-f365-46ae-b5d1-60659dd60a65 tempest-AttachVolumeTestJSON-933758749 None] Available shares ['osci02.corp.quobyte.com/cinder-vol-90958077-e311-4439-977e-e884a35530f0'] {{(pid=94676) _ensure_shares_mounted /opt/stack/cinder/cinder/volume/drivers/quobyte.py:681}}
Aug 17 18:32:29 devstack cinder-volume[94676]: DEBUG oslo_concurrency.lockutils [None req-82cd9039-f365-46ae-b5d1-60659dd60a65 tempest-AttachVolumeTestJSON-933758749 None] Lock "quobyte_ensure" "released" by "cinder.volume.drivers.quobyte.QuobyteDriver._ensure_shares_mounted" :: held 0.007s {{(pid=94676) inner /opt/stack/data/venv/lib/python3.12/site-packages/oslo_concurrency/lockutils.py:544}}
Aug 17 18:32:29 devstack cinder-volume[94676]: DEBUG oslo_concurrency.processutils [None req-82cd9039-f365-46ae-b5d1-60659dd60a65 tempest-AttachVolumeTestJSON-933758749 None] Running cmd (subprocess): sudo cinder-rootwrap /etc/cinder/rootwrap.conf df --portability --block-size 1 /opt/stack/data/cinder/mnt/7dbd3d9471aa8d166b5898d17f099698 {{(pid=94676) execute /opt/stack/data/venv/lib/python3.12/site-packages/oslo_concurrency/processutils.py:440}}
Aug 17 18:32:29 devstack sudo[100810]: quobyte : PWD=/ ; USER=root ; COMMAND=/opt/stack/data/venv/bin/cinder-rootwrap /etc/cinder/rootwrap.conf df --portability --block-size 1 /opt/stack/data/cinder/mnt/7dbd3d9471aa8d166b5898d17f099698
Aug 17 18:32:29 devstack sudo[100810]: pam_unix(sudo:session): session opened for user root(uid=0) by (uid=1000)
Aug 17 18:32:29 devstack sudo[100810]: pam_unix(sudo:session): session closed for user root
Aug 17 18:32:29 devstack cinder-volume[94676]: DEBUG oslo_concurrency.processutils [None req-82cd9039-f365-46ae-b5d1-60659dd60a65 tempest-AttachVolumeTestJSON-933758749 None] CMD "sudo cinder-rootwrap /etc/cinder/rootwrap.conf df --portability --block-size 1 /opt/stack/data/cinder/mnt/7dbd3d9471aa8d166b5898d17f099698" returned: 0 in 0.263s {{(pid=94676) execute /opt/stack/data/venv/lib/python3.12/site-packages/oslo_concurrency/processutils.py:468}}
Aug 17 18:32:29 devstack cinder-volume[94676]: DEBUG cinder.manager [None req-82cd9039-f365-46ae-b5d1-60659dd60a65 tempest-AttachVolumeTestJSON-933758749 None] Notifying Schedulers of capabilities ... {{(pid=94676) _publish_service_capabilities /opt/stack/cinder/cinder/manager.py:219}}
Aug 17 18:32:29 devstack cinder-volume[94676]: INFO cinder.volume.manager [None req-82cd9039-f365-46ae-b5d1-60659dd60a65 tempest-AttachVolumeTestJSON-933758749 None] Deleted volume successfully.
Aug 17 18:32:29 devstack cinder-volume[94676]: DEBUG cinder.coordination [None req-82cd9039-f365-46ae-b5d1-60659dd60a65 tempest-AttachVolumeTestJSON-933758749 None] Lock "cinder-f59ac9a9-9e8f-4ed2-97ef-caee9c1ae43e-delete_volume" released by "delete_volume" :: held 1.524s {{(pid=94676) __release /opt/stack/cinder/cinder/coordination.py:152}}
Aug 17 18:32:30 devstack cinder-volume[94676]: DEBUG cinder.coordination [None req-c70bd568-9e3a-450b-83dc-a2135a2fe388 tempest-AttachVolumeTestJSON-933758749 None] Acquiring lock "cinder-1a448dcc-d5b5-4a3c-aa03-6d8872eb2106-delete_volume" by "delete_volume" {{(pid=94676) __acquire /opt/stack/cinder/cinder/coordination.py:138}}
