Aug 17 18:30:45 devstack cinder-volume[94676]: DEBUG oslo_concurrency.processutils [None req-1a6d53a1-0021-4224-9feb-84caca7cfe84 tempest-GroupsV314Test-1239333699 None] Running cmd (subprocess): sudo cinder-rootwrap /etc/cinder/rootwrap.conf qemu-img rebase -u -b volume-406a52ea-0415-473b-9999-0cd791a20e5a -F qcow2 /opt/stack/data/cinder/mnt/7dbd3d9471aa8d166b5898d17f099698/volume-406a52ea-0415-473b-9999-0cd791a20e5a.3b8a101b-9386-45c3-9ddf-77ab754696f4 {{(pid=94676) execute /opt/stack/data/venv/lib/python3.12/site-packages/oslo_concurrency/processutils.py:440}}
Aug 17 18:30:45 devstack sudo[99253]: quobyte : PWD=/ ; USER=root ; COMMAND=/opt/stack/data/venv/bin/cinder-rootwrap /etc/cinder/rootwrap.conf qemu-img rebase -u -b volume-406a52ea-0415-473b-9999-0cd791a20e5a -F qcow2 /opt/stack/data/cinder/mnt/7dbd3d9471aa8d166b5898d17f099698/volume-406a52ea-0415-473b-9999-0cd791a20e5a.3b8a101b-9386-45c3-9ddf-77ab754696f4
Aug 17 18:30:45 devstack sudo[99253]: pam_unix(sudo:session): session opened for user root(uid=0) by (uid=1000)
Aug 17 18:30:46 devstack sudo[99253]: pam_unix(sudo:session): session closed for user root
Aug 17 18:30:46 devstack cinder-volume[94676]: DEBUG oslo_concurrency.processutils [None req-1a6d53a1-0021-4224-9feb-84caca7cfe84 tempest-GroupsV314Test-1239333699 None] CMD "sudo cinder-rootwrap /etc/cinder/rootwrap.conf qemu-img rebase -u -b volume-406a52ea-0415-473b-9999-0cd791a20e5a -F qcow2 /opt/stack/data/cinder/mnt/7dbd3d9471aa8d166b5898d17f099698/volume-406a52ea-0415-473b-9999-0cd791a20e5a.3b8a101b-9386-45c3-9ddf-77ab754696f4" returned: 0 in 0.552s {{(pid=94676) execute /opt/stack/data/venv/lib/python3.12/site-packages/oslo_concurrency/processutils.py:468}}
Aug 17 18:30:46 devstack cinder-volume[94676]: WARNING cinder.volume.drivers.remotefs [None req-1a6d53a1-0021-4224-9feb-84caca7cfe84 tempest-GroupsV314Test-1239333699 None] /opt/stack/data/cinder/mnt/7dbd3d9471aa8d166b5898d17f099698/volume-406a52ea-0415-473b-9999-0cd791a20e5a.3b8a101b-9386-45c3-9ddf-77ab754696f4 is being set with open permissions: ugo+rw: NotImplementedError
Aug 17 18:30:46 devstack cinder-volume[94676]: DEBUG oslo_concurrency.processutils [None req-1a6d53a1-0021-4224-9feb-84caca7cfe84 tempest-GroupsV314Test-1239333699 None] Running cmd (subprocess): sudo cinder-rootwrap /etc/cinder/rootwrap.conf chmod ugo+rw /opt/stack/data/cinder/mnt/7dbd3d9471aa8d166b5898d17f099698/volume-406a52ea-0415-473b-9999-0cd791a20e5a.3b8a101b-9386-45c3-9ddf-77ab754696f4 {{(pid=94676) execute /opt/stack/data/venv/lib/python3.12/site-packages/oslo_concurrency/processutils.py:440}}
Aug 17 18:30:46 devstack sudo[99259]: quobyte : PWD=/ ; USER=root ; COMMAND=/opt/stack/data/venv/bin/cinder-rootwrap /etc/cinder/rootwrap.conf chmod ugo+rw /opt/stack/data/cinder/mnt/7dbd3d9471aa8d166b5898d17f099698/volume-406a52ea-0415-473b-9999-0cd791a20e5a.3b8a101b-9386-45c3-9ddf-77ab754696f4
Aug 17 18:30:46 devstack sudo[99259]: pam_unix(sudo:session): session opened for user root(uid=0) by (uid=1000)
Aug 17 18:30:46 devstack sudo[99259]: pam_unix(sudo:session): session closed for user root
Aug 17 18:30:46 devstack cinder-volume[94676]: DEBUG oslo_concurrency.processutils [None req-1a6d53a1-0021-4224-9feb-84caca7cfe84 tempest-GroupsV314Test-1239333699 None] CMD "sudo cinder-rootwrap /etc/cinder/rootwrap.conf chmod ugo+rw /opt/stack/data/cinder/mnt/7dbd3d9471aa8d166b5898d17f099698/volume-406a52ea-0415-473b-9999-0cd791a20e5a.3b8a101b-9386-45c3-9ddf-77ab754696f4" returned: 0 in 0.425s {{(pid=94676) execute /opt/stack/data/venv/lib/python3.12/site-packages/oslo_concurrency/processutils.py:468}}
Aug 17 18:30:46 devstack cinder-volume[94676]: DEBUG oslo_concurrency.processutils [None req-1a6d53a1-0021-4224-9feb-84caca7cfe84 tempest-GroupsV314Test-1239333699 None] Running cmd (subprocess): sudo cinder-rootwrap /etc/cinder/rootwrap.conf truncate -s0 /opt/stack/data/cinder/mnt/7dbd3d9471aa8d166b5898d17f099698/volume-406a52ea-0415-473b-9999-0cd791a20e5a.info {{(pid=94676) execute /opt/stack/data/venv/lib/python3.12/site-packages/oslo_concurrency/processutils.py:440}}
Aug 17 18:30:47 devstack sudo[99298]: quobyte : PWD=/ ; USER=root ; COMMAND=/opt/stack/data/venv/bin/cinder-rootwrap /etc/cinder/rootwrap.conf truncate -s0 /opt/stack/data/cinder/mnt/7dbd3d9471aa8d166b5898d17f099698/volume-406a52ea-0415-473b-9999-0cd791a20e5a.info
Aug 17 18:30:47 devstack sudo[99298]: pam_unix(sudo:session): session opened for user root(uid=0) by (uid=1000)
Aug 17 18:30:47 devstack sudo[99298]: pam_unix(sudo:session): session closed for user root
Aug 17 18:30:47 devstack cinder-volume[94676]: DEBUG oslo_concurrency.processutils [None req-1a6d53a1-0021-4224-9feb-84caca7cfe84 tempest-GroupsV314Test-1239333699 None] CMD "sudo cinder-rootwrap /etc/cinder/rootwrap.conf truncate -s0 /opt/stack/data/cinder/mnt/7dbd3d9471aa8d166b5898d17f099698/volume-406a52ea-0415-473b-9999-0cd791a20e5a.info" returned: 0 in 0.425s {{(pid=94676) execute /opt/stack/data/venv/lib/python3.12/site-packages/oslo_concurrency/processutils.py:468}}
Aug 17 18:30:47 devstack cinder-volume[94676]: WARNING cinder.volume.drivers.remotefs [None req-1a6d53a1-0021-4224-9feb-84caca7cfe84 tempest-GroupsV314Test-1239333699 None] /opt/stack/data/cinder/mnt/7dbd3d9471aa8d166b5898d17f099698/volume-406a52ea-0415-473b-9999-0cd791a20e5a.info is being set with open permissions: ugo+rw: NotImplementedError
Aug 17 18:30:47 devstack cinder-volume[94676]: DEBUG oslo_concurrency.processutils [None req-1a6d53a1-0021-4224-9feb-84caca7cfe84 tempest-GroupsV314Test-1239333699 None] Running cmd (subprocess): sudo cinder-rootwrap /etc/cinder/rootwrap.conf chmod ugo+rw /opt/stack/data/cinder/mnt/7dbd3d9471aa8d166b5898d17f099698/volume-406a52ea-0415-473b-9999-0cd791a20e5a.info {{(pid=94676) execute /opt/stack/data/venv/lib/python3.12/site-packages/oslo_concurrency/processutils.py:440}}
Aug 17 18:30:47 devstack sudo[99301]: quobyte : PWD=/ ; USER=root ; COMMAND=/opt/stack/data/venv/bin/cinder-rootwrap /etc/cinder/rootwrap.conf chmod ugo+rw /opt/stack/data/cinder/mnt/7dbd3d9471aa8d166b5898d17f099698/volume-406a52ea-0415-473b-9999-0cd791a20e5a.info
Aug 17 18:30:47 devstack sudo[99301]: pam_unix(sudo:session): session opened for user root(uid=0) by (uid=1000)
Aug 17 18:30:47 devstack sudo[99301]: pam_unix(sudo:session): session closed for user root
Aug 17 18:30:47 devstack cinder-volume[94676]: DEBUG oslo_concurrency.processutils [None req-1a6d53a1-0021-4224-9feb-84caca7cfe84 tempest-GroupsV314Test-1239333699 None] CMD "sudo cinder-rootwrap /etc/cinder/rootwrap.conf chmod ugo+rw /opt/stack/data/cinder/mnt/7dbd3d9471aa8d166b5898d17f099698/volume-406a52ea-0415-473b-9999-0cd791a20e5a.info" returned: 0 in 0.336s {{(pid=94676) execute /opt/stack/data/venv/lib/python3.12/site-packages/oslo_concurrency/processutils.py:468}}
Aug 17 18:30:47 devstack cinder-volume[94676]: DEBUG cinder.coordination [None req-1a6d53a1-0021-4224-9feb-84caca7cfe84 tempest-GroupsV314Test-1239333699 None] Acquiring lock "cinder-quobyte-aa2a15f7-a69d-44c4-b95d-02b0514af35f" by "_copy_volume_from_snapshot" {{(pid=94676) __acquire /opt/stack/cinder/cinder/coordination.py:138}}
Aug 17 18:30:47 devstack cinder-volume[94676]: DEBUG cinder.coordination [None req-1a6d53a1-0021-4224-9feb-84caca7cfe84 tempest-GroupsV314Test-1239333699 None] Lock "cinder-quobyte-aa2a15f7-a69d-44c4-b95d-02b0514af35f" acquired by "_copy_volume_from_snapshot" :: waited 0.027s {{(pid=94676) __acquire /opt/stack/cinder/cinder/coordination.py:141}}
Aug 17 18:30:47 devstack cinder-volume[94676]: DEBUG cinder.volume.drivers.quobyte [None req-1a6d53a1-0021-4224-9feb-84caca7cfe84 tempest-GroupsV314Test-1239333699 None] snapshot: 3b8a101b-9386-45c3-9ddf-77ab754696f4, volume: aa2a15f7-a69d-44c4-b95d-02b0514af35f, {{(pid=94676) _copy_volume_from_snapshot /opt/stack/cinder/cinder/volume/drivers/quobyte.py:403}}
Aug 17 18:30:47 devstack cinder-volume[94676]: DEBUG oslo_concurrency.lockutils [None req-1a6d53a1-0021-4224-9feb-84caca7cfe84 tempest-GroupsV314Test-1239333699 None] Acquiring lock "quobyte_ensure" by "cinder.volume.drivers.quobyte.QuobyteDriver._ensure_shares_mounted" {{(pid=94676) inner /opt/stack/data/venv/lib/python3.12/site-packages/oslo_concurrency/lockutils.py:512}}
Aug 17 18:30:47 devstack cinder-volume[94676]: DEBUG oslo_concurrency.lockutils [None req-1a6d53a1-0021-4224-9feb-84caca7cfe84 tempest-GroupsV314Test-1239333699 None] Lock "quobyte_ensure" acquired by "cinder.volume.drivers.quobyte.QuobyteDriver._ensure_shares_mounted" :: waited 0.001s {{(pid=94676) inner /opt/stack/data/venv/lib/python3.12/site-packages/oslo_concurrency/lockutils.py:525}}
Aug 17 18:30:47 devstack cinder-volume[94676]: DEBUG cinder.volume.drivers.quobyte [None req-1a6d53a1-0021-4224-9feb-84caca7cfe84 tempest-GroupsV314Test-1239333699 None] Quobyte Volume URL set to: {'osci02.corp.quobyte.com/cinder-vol-90958077-e311-4439-977e-e884a35530f0': None} {{(pid=94676) _load_shares_config /opt/stack/cinder/cinder/volume/drivers/quobyte.py:651}}
Aug 17 18:30:47 devstack cinder-volume[94676]: DEBUG cinder.volume.drivers.quobyte [None req-1a6d53a1-0021-4224-9feb-84caca7cfe84 tempest-GroupsV314Test-1239333699 None] Available shares ['osci02.corp.quobyte.com/cinder-vol-90958077-e311-4439-977e-e884a35530f0'] {{(pid=94676) _ensure_shares_mounted /opt/stack/cinder/cinder/volume/drivers/quobyte.py:681}}
Aug 17 18:30:47 devstack cinder-volume[94676]: DEBUG oslo_concurrency.lockutils [None req-1a6d53a1-0021-4224-9feb-84caca7cfe84 tempest-GroupsV314Test-1239333699 None] Lock "quobyte_ensure" "released" by "cinder.volume.drivers.quobyte.QuobyteDriver._ensure_shares_mounted" :: held 0.012s {{(pid=94676) inner /opt/stack/data/venv/lib/python3.12/site-packages/oslo_concurrency/lockutils.py:544}}
Aug 17 18:30:47 devstack cinder-volume[94676]: DEBUG oslo.privsep.daemon [-] privsep: reply[bc415d91-7a1c-4f57-b407-ccb37042d45d]: (4, 'qcow2') {{(pid=96356) _call_back /opt/stack/data/venv/lib/python3.12/site-packages/oslo_privsep/daemon.py:580}}
Aug 17 18:30:47 devstack cinder-volume[94676]: DEBUG oslo_concurrency.processutils [None req-1a6d53a1-0021-4224-9feb-84caca7cfe84 tempest-GroupsV314Test-1239333699 None] Running cmd (subprocess): /opt/stack/data/venv/bin/python3.12 -m oslo_concurrency.prlimit --as=1073741824 --cpu=60 -- sudo cinder-rootwrap /etc/cinder/rootwrap.conf env LC_ALL=C qemu-img info -f qcow2 --output=json --force-share /opt/stack/data/cinder/mnt/7dbd3d9471aa8d166b5898d17f099698/volume-406a52ea-0415-473b-9999-0cd791a20e5a.3b8a101b-9386-45c3-9ddf-77ab754696f4 {{(pid=94676) execute /opt/stack/data/venv/lib/python3.12/site-packages/oslo_concurrency/processutils.py:440}}
Aug 17 18:30:48 devstack sudo[99305]: quobyte : PWD=/ ; USER=root ; COMMAND=/opt/stack/data/venv/bin/cinder-rootwrap /etc/cinder/rootwrap.conf env LC_ALL=C qemu-img info -f qcow2 --output=json --force-share /opt/stack/data/cinder/mnt/7dbd3d9471aa8d166b5898d17f099698/volume-406a52ea-0415-473b-9999-0cd791a20e5a.3b8a101b-9386-45c3-9ddf-77ab754696f4
Aug 17 18:30:48 devstack sudo[99305]: pam_unix(sudo:session): session opened for user root(uid=0) by (uid=1000)
Aug 17 18:30:48 devstack sudo[99305]: pam_unix(sudo:session): session closed for user root
Aug 17 18:30:48 devstack cinder-volume[94676]: DEBUG oslo_concurrency.processutils [None req-1a6d53a1-0021-4224-9feb-84caca7cfe84 tempest-GroupsV314Test-1239333699 None] CMD "/opt/stack/data/venv/bin/python3.12 -m oslo_concurrency.prlimit --as=1073741824 --cpu=60 -- sudo cinder-rootwrap /etc/cinder/rootwrap.conf env LC_ALL=C qemu-img info -f qcow2 --output=json --force-share /opt/stack/data/cinder/mnt/7dbd3d9471aa8d166b5898d17f099698/volume-406a52ea-0415-473b-9999-0cd791a20e5a.3b8a101b-9386-45c3-9ddf-77ab754696f4" returned: 0 in 0.579s {{(pid=94676) execute /opt/stack/data/venv/lib/python3.12/site-packages/oslo_concurrency/processutils.py:468}}
Aug 17 18:30:48 devstack cinder-volume[94676]: DEBUG cinder.volume.drivers.remotefs [None req-1a6d53a1-0021-4224-9feb-84caca7cfe84 tempest-GroupsV314Test-1239333699 None] Fetching qemu-img info with special backing_file_template: (/opt/stack/data/cinder/mnt/[0-9a-f]+/)?(volume-406a52ea-0415-473b-9999-0cd791a20e5a(.(tmp-snap-)?[0-9a-f-]+)?|volume_from_snapshot_cache/(tmp-snap-)?[0-9a-f-]+(.(child-|parent-)[0-9a-f-]+)?)$ {{(pid=94676) _qemu_img_info_base /opt/stack/cinder/cinder/volume/drivers/remotefs.py:896}}
Aug 17 18:30:48 devstack cinder-volume[94676]: DEBUG cinder.volume.drivers.quobyte [None req-1a6d53a1-0021-4224-9feb-84caca7cfe84 tempest-GroupsV314Test-1239333699 None] will copy from snapshot at /opt/stack/data/cinder/mnt/7dbd3d9471aa8d166b5898d17f099698/volume-406a52ea-0415-473b-9999-0cd791a20e5a {{(pid=94676) _copy_volume_from_snapshot /opt/stack/cinder/cinder/volume/drivers/quobyte.py:422}}
Aug 17 18:30:48 devstack cinder-volume[94676]: DEBUG cinder.volume.drivers.quobyte [None req-1a6d53a1-0021-4224-9feb-84caca7cfe84 tempest-GroupsV314Test-1239333699 None] Creating direct copy from snapshot {{(pid=94676) _copy_volume_from_snapshot /opt/stack/cinder/cinder/volume/drivers/quobyte.py:430}}
Aug 17 18:30:48 devstack cinder-volume[94676]: DEBUG oslo.privsep.daemon [-] privsep: reply[87a1d129-cbb2-4f19-be0d-5bee9e5e86c7]: (4, 'qcow2') {{(pid=96356) _call_back /opt/stack/data/venv/lib/python3.12/site-packages/oslo_privsep/daemon.py:580}}
Aug 17 18:30:48 devstack cinder-volume[94676]: DEBUG oslo_concurrency.processutils [None req-1a6d53a1-0021-4224-9feb-84caca7cfe84 tempest-GroupsV314Test-1239333699 None] Running cmd (subprocess): /opt/stack/data/venv/bin/python3.12 -m oslo_concurrency.prlimit --as=1073741824 --cpu=60 -- sudo cinder-rootwrap /etc/cinder/rootwrap.conf env LC_ALL=C qemu-img info -f qcow2 --output=json /opt/stack/data/cinder/mnt/7dbd3d9471aa8d166b5898d17f099698/volume-406a52ea-0415-473b-9999-0cd791a20e5a {{(pid=94676) execute /opt/stack/data/venv/lib/python3.12/site-packages/oslo_concurrency/processutils.py:440}}
Aug 17 18:30:48 devstack sudo[99315]: quobyte : PWD=/ ; USER=root ; COMMAND=/opt/stack/data/venv/bin/cinder-rootwrap /etc/cinder/rootwrap.conf env LC_ALL=C qemu-img info -f qcow2 --output=json /opt/stack/data/cinder/mnt/7dbd3d9471aa8d166b5898d17f099698/volume-406a52ea-0415-473b-9999-0cd791a20e5a
Aug 17 18:30:48 devstack sudo[99315]: pam_unix(sudo:session): session opened for user root(uid=0) by (uid=1000)
Aug 17 18:30:49 devstack sudo[99315]: pam_unix(sudo:session): session closed for user root
Aug 17 18:30:49 devstack cinder-volume[94676]: DEBUG oslo_concurrency.processutils [None req-1a6d53a1-0021-4224-9feb-84caca7cfe84 tempest-GroupsV314Test-1239333699 None] CMD "/opt/stack/data/venv/bin/python3.12 -m oslo_concurrency.prlimit --as=1073741824 --cpu=60 -- sudo cinder-rootwrap /etc/cinder/rootwrap.conf env LC_ALL=C qemu-img info -f qcow2 --output=json /opt/stack/data/cinder/mnt/7dbd3d9471aa8d166b5898d17f099698/volume-406a52ea-0415-473b-9999-0cd791a20e5a" returned: 0 in 0.860s {{(pid=94676) execute /opt/stack/data/venv/lib/python3.12/site-packages/oslo_concurrency/processutils.py:468}}
Aug 17 18:30:49 devstack cinder-volume[94676]: DEBUG cinder.utils [None req-1a6d53a1-0021-4224-9feb-84caca7cfe84 tempest-GroupsV314Test-1239333699 None] Path /opt/stack/data/cinder/mnt/7dbd3d9471aa8d166b5898d17f099698/volume-aa2a15f7-a69d-44c4-b95d-02b0514af35f not found in is_blk_device check {{(pid=94676) is_blk_device /opt/stack/cinder/cinder/utils.py:615}}
Aug 17 18:30:49 devstack cinder-volume[94676]: DEBUG oslo_concurrency.processutils [None req-1a6d53a1-0021-4224-9feb-84caca7cfe84 tempest-GroupsV314Test-1239333699 None] Running cmd (subprocess): sudo cinder-rootwrap /etc/cinder/rootwrap.conf qemu-img convert -O qcow2 /opt/stack/data/cinder/mnt/7dbd3d9471aa8d166b5898d17f099698/volume-406a52ea-0415-473b-9999-0cd791a20e5a /opt/stack/data/cinder/mnt/7dbd3d9471aa8d166b5898d17f099698/volume-aa2a15f7-a69d-44c4-b95d-02b0514af35f {{(pid=94676) execute /opt/stack/data/venv/lib/python3.12/site-packages/oslo_concurrency/processutils.py:440}}
Aug 17 18:30:49 devstack sudo[99336]: quobyte : PWD=/ ; USER=root ; COMMAND=/opt/stack/data/venv/bin/cinder-rootwrap /etc/cinder/rootwrap.conf qemu-img convert -O qcow2 /opt/stack/data/cinder/mnt/7dbd3d9471aa8d166b5898d17f099698/volume-406a52ea-0415-473b-9999-0cd791a20e5a /opt/stack/data/cinder/mnt/7dbd3d9471aa8d166b5898d17f099698/volume-aa2a15f7-a69d-44c4-b95d-02b0514af35f
Aug 17 18:30:49 devstack sudo[99336]: pam_unix(sudo:session): session opened for user root(uid=0) by (uid=1000)
Aug 17 18:30:55 devstack cinder-volume[94676]: DEBUG cinder.coordination [None req-6984dc24-30dd-47fb-b617-71c1691a71f1 tempest-AttachVolumeShelveTestJSON-2039894280 None] Acquiring lock "cinder-a4c2754d-60ce-4a03-8609-8c623ee637f6-delete_volume" by "delete_volume" {{(pid=94676) __acquire /opt/stack/cinder/cinder/coordination.py:138}}
Aug 17 18:30:55 devstack cinder-volume[94676]: DEBUG cinder.coordination [None req-6984dc24-30dd-47fb-b617-71c1691a71f1 tempest-AttachVolumeShelveTestJSON-2039894280 None] Lock "cinder-a4c2754d-60ce-4a03-8609-8c623ee637f6-delete_volume" acquired by "delete_volume" :: waited 0.098s {{(pid=94676) __acquire /opt/stack/cinder/cinder/coordination.py:141}}
Aug 17 18:30:55 devstack cinder-volume[94676]: DEBUG cinder.coordination [None req-6984dc24-30dd-47fb-b617-71c1691a71f1 tempest-AttachVolumeShelveTestJSON-2039894280 None] Acquiring lock "cinder-quobyte-a4c2754d-60ce-4a03-8609-8c623ee637f6" by "delete_volume" {{(pid=94676) __acquire /opt/stack/cinder/cinder/coordination.py:138}}
Aug 17 18:30:55 devstack cinder-volume[94676]: DEBUG cinder.coordination [None req-6984dc24-30dd-47fb-b617-71c1691a71f1 tempest-AttachVolumeShelveTestJSON-2039894280 None] Lock "cinder-quobyte-a4c2754d-60ce-4a03-8609-8c623ee637f6" acquired by "delete_volume" :: waited 0.037s {{(pid=94676) __acquire /opt/stack/cinder/cinder/coordination.py:141}}
Aug 17 18:30:56 devstack cinder-volume[94676]: DEBUG oslo.privsep.daemon [-] privsep: reply[7adac345-53ac-4de4-8636-150a161095d5]: (4, 'qcow2') {{(pid=96356) _call_back /opt/stack/data/venv/lib/python3.12/site-packages/oslo_privsep/daemon.py:580}}
Aug 17 18:30:56 devstack cinder-volume[94676]: DEBUG oslo_concurrency.processutils [None req-6984dc24-30dd-47fb-b617-71c1691a71f1 tempest-AttachVolumeShelveTestJSON-2039894280 None] Running cmd (subprocess): /opt/stack/data/venv/bin/python3.12 -m oslo_concurrency.prlimit --as=1073741824 --cpu=60 -- sudo cinder-rootwrap /etc/cinder/rootwrap.conf env LC_ALL=C qemu-img info -f qcow2 --output=json --force-share /opt/stack/data/cinder/mnt/7dbd3d9471aa8d166b5898d17f099698/volume-a4c2754d-60ce-4a03-8609-8c623ee637f6 {{(pid=94676) execute /opt/stack/data/venv/lib/python3.12/site-packages/oslo_concurrency/processutils.py:440}}
Aug 17 18:30:56 devstack sudo[99470]: quobyte : PWD=/ ; USER=root ; COMMAND=/opt/stack/data/venv/bin/cinder-rootwrap /etc/cinder/rootwrap.conf env LC_ALL=C qemu-img info -f qcow2 --output=json --force-share /opt/stack/data/cinder/mnt/7dbd3d9471aa8d166b5898d17f099698/volume-a4c2754d-60ce-4a03-8609-8c623ee637f6
Aug 17 18:30:56 devstack sudo[99470]: pam_unix(sudo:session): session opened for user root(uid=0) by (uid=1000)
Aug 17 18:30:57 devstack sudo[99470]: pam_unix(sudo:session): session closed for user root
Aug 17 18:30:57 devstack cinder-volume[94676]: DEBUG oslo_concurrency.processutils [None req-6984dc24-30dd-47fb-b617-71c1691a71f1 tempest-AttachVolumeShelveTestJSON-2039894280 None] CMD "/opt/stack/data/venv/bin/python3.12 -m oslo_concurrency.prlimit --as=1073741824 --cpu=60 -- sudo cinder-rootwrap /etc/cinder/rootwrap.conf env LC_ALL=C qemu-img info -f qcow2 --output=json --force-share /opt/stack/data/cinder/mnt/7dbd3d9471aa8d166b5898d17f099698/volume-a4c2754d-60ce-4a03-8609-8c623ee637f6" returned: 0 in 1.282s {{(pid=94676) execute /opt/stack/data/venv/lib/python3.12/site-packages/oslo_concurrency/processutils.py:468}}
Aug 17 18:30:57 devstack cinder-volume[94676]: DEBUG oslo_concurrency.processutils [None req-6984dc24-30dd-47fb-b617-71c1691a71f1 tempest-AttachVolumeShelveTestJSON-2039894280 None] Running cmd (subprocess): sudo cinder-rootwrap /etc/cinder/rootwrap.conf rm -f /opt/stack/data/cinder/mnt/7dbd3d9471aa8d166b5898d17f099698/volume-a4c2754d-60ce-4a03-8609-8c623ee637f6 {{(pid=94676) execute /opt/stack/data/venv/lib/python3.12/site-packages/oslo_concurrency/processutils.py:440}}
Aug 17 18:30:57 devstack sudo[99336]: pam_unix(sudo:session): session closed for user root
Aug 17 18:30:57 devstack cinder-volume[94676]: DEBUG oslo_concurrency.processutils [None req-1a6d53a1-0021-4224-9feb-84caca7cfe84 tempest-GroupsV314Test-1239333699 None] CMD "sudo cinder-rootwrap /etc/cinder/rootwrap.conf qemu-img convert -O qcow2 /opt/stack/data/cinder/mnt/7dbd3d9471aa8d166b5898d17f099698/volume-406a52ea-0415-473b-9999-0cd791a20e5a /opt/stack/data/cinder/mnt/7dbd3d9471aa8d166b5898d17f099698/volume-aa2a15f7-a69d-44c4-b95d-02b0514af35f" returned: 0 in 8.109s {{(pid=94676) execute /opt/stack/data/venv/lib/python3.12/site-packages/oslo_concurrency/processutils.py:468}}
Aug 17 18:30:57 devstack sudo[99476]: quobyte : PWD=/ ; USER=root ; COMMAND=/opt/stack/data/venv/bin/cinder-rootwrap /etc/cinder/rootwrap.conf rm -f /opt/stack/data/cinder/mnt/7dbd3d9471aa8d166b5898d17f099698/volume-a4c2754d-60ce-4a03-8609-8c623ee637f6
Aug 17 18:30:57 devstack sudo[99476]: pam_unix(sudo:session): session opened for user root(uid=0) by (uid=1000)
Aug 17 18:30:57 devstack cinder-volume[94676]: DEBUG oslo.privsep.daemon [-] privsep: reply[96a7a856-5957-4f2f-8b05-4ab0e0cd6c57]: (4, 'qcow2') {{(pid=96356) _call_back /opt/stack/data/venv/lib/python3.12/site-packages/oslo_privsep/daemon.py:580}}
Aug 17 18:30:57 devstack cinder-volume[94676]: DEBUG oslo_concurrency.processutils [None req-1a6d53a1-0021-4224-9feb-84caca7cfe84 tempest-GroupsV314Test-1239333699 None] Running cmd (subprocess): /opt/stack/data/venv/bin/python3.12 -m oslo_concurrency.prlimit --as=1073741824 --cpu=60 -- sudo cinder-rootwrap /etc/cinder/rootwrap.conf env LC_ALL=C qemu-img info -f qcow2 --output=json /opt/stack/data/cinder/mnt/7dbd3d9471aa8d166b5898d17f099698/volume-406a52ea-0415-473b-9999-0cd791a20e5a {{(pid=94676) execute /opt/stack/data/venv/lib/python3.12/site-packages/oslo_concurrency/processutils.py:440}}
Aug 17 18:30:57 devstack sudo[99478]: quobyte : PWD=/ ; USER=root ; COMMAND=/opt/stack/data/venv/bin/cinder-rootwrap /etc/cinder/rootwrap.conf env LC_ALL=C qemu-img info -f qcow2 --output=json /opt/stack/data/cinder/mnt/7dbd3d9471aa8d166b5898d17f099698/volume-406a52ea-0415-473b-9999-0cd791a20e5a
Aug 17 18:30:57 devstack sudo[99478]: pam_unix(sudo:session): session opened for user root(uid=0) by (uid=1000)
Aug 17 18:30:57 devstack sudo[99476]: pam_unix(sudo:session): session closed for user root
Aug 17 18:30:57 devstack cinder-volume[94676]: DEBUG oslo_concurrency.processutils [None req-6984dc24-30dd-47fb-b617-71c1691a71f1 tempest-AttachVolumeShelveTestJSON-2039894280 None] CMD "sudo cinder-rootwrap /etc/cinder/rootwrap.conf rm -f /opt/stack/data/cinder/mnt/7dbd3d9471aa8d166b5898d17f099698/volume-a4c2754d-60ce-4a03-8609-8c623ee637f6" returned: 0 in 0.405s {{(pid=94676) execute /opt/stack/data/venv/lib/python3.12/site-packages/oslo_concurrency/processutils.py:468}}
Aug 17 18:30:57 devstack cinder-volume[94676]: DEBUG cinder.coordination [None req-6984dc24-30dd-47fb-b617-71c1691a71f1 tempest-AttachVolumeShelveTestJSON-2039894280 None] Lock "cinder-quobyte-a4c2754d-60ce-4a03-8609-8c623ee637f6" released by "delete_volume" :: held 1.904s {{(pid=94676) __release /opt/stack/cinder/cinder/coordination.py:152}}
Aug 17 18:30:57 devstack cinder-volume[94676]: DEBUG cinder.quota [None req-6984dc24-30dd-47fb-b617-71c1691a71f1 tempest-AttachVolumeShelveTestJSON-2039894280 None] Created reservations ['e9e397c8-90db-4b13-bc30-258433baf413', '6aad808b-324a-4243-ae41-d3b6ccbebd2e', '7cf362e0-6434-47f6-9d05-88daa3de3e8f', 'e3a28453-d130-4ae6-9eb9-0a4aa3e23a7e'] {{(pid=94676) reserve /opt/stack/cinder/cinder/quota.py:752}}
Aug 17 18:30:58 devstack cinder-volume[94676]: DEBUG oslo_concurrency.lockutils [None req-6984dc24-30dd-47fb-b617-71c1691a71f1 tempest-AttachVolumeShelveTestJSON-2039894280 None] Acquiring lock "quobyte_ensure" by "cinder.volume.drivers.quobyte.QuobyteDriver._ensure_shares_mounted" {{(pid=94676) inner /opt/stack/data/venv/lib/python3.12/site-packages/oslo_concurrency/lockutils.py:512}}
Aug 17 18:30:58 devstack cinder-volume[94676]: DEBUG oslo_concurrency.lockutils [None req-6984dc24-30dd-47fb-b617-71c1691a71f1 tempest-AttachVolumeShelveTestJSON-2039894280 None] Lock "quobyte_ensure" acquired by "cinder.volume.drivers.quobyte.QuobyteDriver._ensure_shares_mounted" :: waited 0.002s {{(pid=94676) inner /opt/stack/data/venv/lib/python3.12/site-packages/oslo_concurrency/lockutils.py:525}}
Aug 17 18:30:58 devstack cinder-volume[94676]: DEBUG cinder.volume.drivers.quobyte [None req-6984dc24-30dd-47fb-b617-71c1691a71f1 tempest-AttachVolumeShelveTestJSON-2039894280 None] Quobyte Volume URL set to: {'osci02.corp.quobyte.com/cinder-vol-90958077-e311-4439-977e-e884a35530f0': None} {{(pid=94676) _load_shares_config /opt/stack/cinder/cinder/volume/drivers/quobyte.py:651}}
Aug 17 18:30:58 devstack cinder-volume[94676]: DEBUG cinder.volume.drivers.quobyte [None req-6984dc24-30dd-47fb-b617-71c1691a71f1 tempest-AttachVolumeShelveTestJSON-2039894280 None] Available shares ['osci02.corp.quobyte.com/cinder-vol-90958077-e311-4439-977e-e884a35530f0'] {{(pid=94676) _ensure_shares_mounted /opt/stack/cinder/cinder/volume/drivers/quobyte.py:681}}
Aug 17 18:30:58 devstack cinder-volume[94676]: DEBUG oslo_concurrency.lockutils [None req-6984dc24-30dd-47fb-b617-71c1691a71f1 tempest-AttachVolumeShelveTestJSON-2039894280 None] Lock "quobyte_ensure" "released" by "cinder.volume.drivers.quobyte.QuobyteDriver._ensure_shares_mounted" :: held 0.011s {{(pid=94676) inner /opt/stack/data/venv/lib/python3.12/site-packages/oslo_concurrency/lockutils.py:544}}
Aug 17 18:30:58 devstack cinder-volume[94676]: DEBUG oslo_concurrency.processutils [None req-6984dc24-30dd-47fb-b617-71c1691a71f1 tempest-AttachVolumeShelveTestJSON-2039894280 None] Running cmd (subprocess): sudo cinder-rootwrap /etc/cinder/rootwrap.conf df --portability --block-size 1 /opt/stack/data/cinder/mnt/7dbd3d9471aa8d166b5898d17f099698 {{(pid=94676) execute /opt/stack/data/venv/lib/python3.12/site-packages/oslo_concurrency/processutils.py:440}}
Aug 17 18:30:58 devstack sudo[99483]: quobyte : PWD=/ ; USER=root ; COMMAND=/opt/stack/data/venv/bin/cinder-rootwrap /etc/cinder/rootwrap.conf df --portability --block-size 1 /opt/stack/data/cinder/mnt/7dbd3d9471aa8d166b5898d17f099698
Aug 17 18:30:58 devstack sudo[99483]: pam_unix(sudo:session): session opened for user root(uid=0) by (uid=1000)
Aug 17 18:30:58 devstack sudo[99478]: pam_unix(sudo:session): session closed for user root
Aug 17 18:30:58 devstack cinder-volume[94676]: DEBUG oslo_concurrency.processutils [None req-1a6d53a1-0021-4224-9feb-84caca7cfe84 tempest-GroupsV314Test-1239333699 None] CMD "/opt/stack/data/venv/bin/python3.12 -m oslo_concurrency.prlimit --as=1073741824 --cpu=60 -- sudo cinder-rootwrap /etc/cinder/rootwrap.conf env LC_ALL=C qemu-img info -f qcow2 --output=json /opt/stack/data/cinder/mnt/7dbd3d9471aa8d166b5898d17f099698/volume-406a52ea-0415-473b-9999-0cd791a20e5a" returned: 0 in 0.830s {{(pid=94676) execute /opt/stack/data/venv/lib/python3.12/site-packages/oslo_concurrency/processutils.py:468}}
Aug 17 18:30:58 devstack cinder-volume[94676]: DEBUG cinder.image.image_utils [None req-1a6d53a1-0021-4224-9feb-84caca7cfe84 tempest-GroupsV314Test-1239333699 None] Image conversion details: src /opt/stack/data/cinder/mnt/7dbd3d9471aa8d166b5898d17f099698/volume-406a52ea-0415-473b-9999-0cd791a20e5a, size 1024.00 MB, duration 8.11 sec, destination /opt/stack/data/cinder/mnt/7dbd3d9471aa8d166b5898d17f099698/volume-aa2a15f7-a69d-44c4-b95d-02b0514af35f {{(pid=94676) _convert_image /opt/stack/cinder/cinder/image/image_utils.py:536}}
Aug 17 18:30:58 devstack cinder-volume[94676]: INFO cinder.image.image_utils [None req-1a6d53a1-0021-4224-9feb-84caca7cfe84 tempest-GroupsV314Test-1239333699 None] Converted 1024.00 MB image at 126.27 MB/s
Aug 17 18:30:58 devstack cinder-volume[94676]: WARNING cinder.volume.drivers.remotefs [None req-1a6d53a1-0021-4224-9feb-84caca7cfe84 tempest-GroupsV314Test-1239333699 None] /opt/stack/data/cinder/mnt/7dbd3d9471aa8d166b5898d17f099698/volume-aa2a15f7-a69d-44c4-b95d-02b0514af35f is being set with open permissions: ugo+rw: NotImplementedError
Aug 17 18:30:58 devstack cinder-volume[94676]: DEBUG oslo_concurrency.processutils [None req-1a6d53a1-0021-4224-9feb-84caca7cfe84 tempest-GroupsV314Test-1239333699 None] Running cmd (subprocess): sudo cinder-rootwrap /etc/cinder/rootwrap.conf chmod ugo+rw /opt/stack/data/cinder/mnt/7dbd3d9471aa8d166b5898d17f099698/volume-aa2a15f7-a69d-44c4-b95d-02b0514af35f {{(pid=94676) execute /opt/stack/data/venv/lib/python3.12/site-packages/oslo_concurrency/processutils.py:440}}
Aug 17 18:30:58 devstack sudo[99486]: quobyte : PWD=/ ; USER=root ; COMMAND=/opt/stack/data/venv/bin/cinder-rootwrap /etc/cinder/rootwrap.conf chmod ugo+rw /opt/stack/data/cinder/mnt/7dbd3d9471aa8d166b5898d17f099698/volume-aa2a15f7-a69d-44c4-b95d-02b0514af35f
Aug 17 18:30:58 devstack sudo[99486]: pam_unix(sudo:session): session opened for user root(uid=0) by (uid=1000)
Aug 17 18:30:58 devstack sudo[99483]: pam_unix(sudo:session): session closed for user root
Aug 17 18:30:58 devstack cinder-volume[94676]: DEBUG oslo_concurrency.processutils [None req-6984dc24-30dd-47fb-b617-71c1691a71f1 tempest-AttachVolumeShelveTestJSON-2039894280 None] CMD "sudo cinder-rootwrap /etc/cinder/rootwrap.conf df --portability --block-size 1 /opt/stack/data/cinder/mnt/7dbd3d9471aa8d166b5898d17f099698" returned: 0 in 0.486s {{(pid=94676) execute /opt/stack/data/venv/lib/python3.12/site-packages/oslo_concurrency/processutils.py:468}}
Aug 17 18:30:58 devstack cinder-volume[94676]: DEBUG cinder.manager [None req-6984dc24-30dd-47fb-b617-71c1691a71f1 tempest-AttachVolumeShelveTestJSON-2039894280 None] Notifying Schedulers of capabilities ... {{(pid=94676) _publish_service_capabilities /opt/stack/cinder/cinder/manager.py:219}}
Aug 17 18:30:58 devstack cinder-volume[94676]: INFO cinder.volume.manager [None req-6984dc24-30dd-47fb-b617-71c1691a71f1 tempest-AttachVolumeShelveTestJSON-2039894280 None] Deleted volume successfully.
Aug 17 18:30:58 devstack cinder-volume[94676]: DEBUG cinder.coordination [None req-6984dc24-30dd-47fb-b617-71c1691a71f1 tempest-AttachVolumeShelveTestJSON-2039894280 None] Lock "cinder-a4c2754d-60ce-4a03-8609-8c623ee637f6-delete_volume" released by "delete_volume" :: held 2.863s {{(pid=94676) __release /opt/stack/cinder/cinder/coordination.py:152}}
Aug 17 18:30:58 devstack sudo[99486]: pam_unix(sudo:session): session closed for user root
Aug 17 18:30:58 devstack cinder-volume[94676]: DEBUG oslo_concurrency.processutils [None req-1a6d53a1-0021-4224-9feb-84caca7cfe84 tempest-GroupsV314Test-1239333699 None] CMD "sudo cinder-rootwrap /etc/cinder/rootwrap.conf chmod ugo+rw /opt/stack/data/cinder/mnt/7dbd3d9471aa8d166b5898d17f099698/volume-aa2a15f7-a69d-44c4-b95d-02b0514af35f" returned: 0 in 0.477s {{(pid=94676) execute /opt/stack/data/venv/lib/python3.12/site-packages/oslo_concurrency/processutils.py:468}}
Aug 17 18:30:58 devstack cinder-volume[94676]: DEBUG cinder.coordination [None req-1a6d53a1-0021-4224-9feb-84caca7cfe84 tempest-GroupsV314Test-1239333699 None] Lock "cinder-quobyte-aa2a15f7-a69d-44c4-b95d-02b0514af35f" released by "_copy_volume_from_snapshot" :: held 10.993s {{(pid=94676) __release /opt/stack/cinder/cinder/coordination.py:152}}
Aug 17 18:30:58 devstack cinder-volume[94676]: DEBUG cinder.coordination [None req-1a6d53a1-0021-4224-9feb-84caca7cfe84 tempest-GroupsV314Test-1239333699 None] Acquiring lock "cinder-quobyte-3b8a101b-9386-45c3-9ddf-77ab754696f4" by "_delete_snapshot" {{(pid=94676) __acquire /opt/stack/cinder/cinder/coordination.py:138}}
Aug 17 18:30:58 devstack cinder-volume[94676]: DEBUG cinder.coordination [None req-1a6d53a1-0021-4224-9feb-84caca7cfe84 tempest-GroupsV314Test-1239333699 None] Lock "cinder-quobyte-3b8a101b-9386-45c3-9ddf-77ab754696f4" acquired by "_delete_snapshot" :: waited 0.023s {{(pid=94676) __acquire /opt/stack/cinder/cinder/coordination.py:141}}
Aug 17 18:30:58 devstack cinder-volume[94676]: DEBUG cinder.volume.drivers.remotefs [None req-1a6d53a1-0021-4224-9feb-84caca7cfe84 tempest-GroupsV314Test-1239333699 None] Deleting offline snapshot 3b8a101b-9386-45c3-9ddf-77ab754696f4 of volume 406a52ea-0415-473b-9999-0cd791a20e5a {{(pid=94676) _delete_snapshot /opt/stack/cinder/cinder/volume/drivers/remotefs.py:1288}}
Aug 17 18:30:58 devstack cinder-volume[94676]: DEBUG cinder.volume.drivers.remotefs [None req-1a6d53a1-0021-4224-9feb-84caca7cfe84 tempest-GroupsV314Test-1239333699 None] snapshot_file for this snap is: volume-406a52ea-0415-473b-9999-0cd791a20e5a.3b8a101b-9386-45c3-9ddf-77ab754696f4 {{(pid=94676) _delete_snapshot /opt/stack/cinder/cinder/volume/drivers/remotefs.py:1317}}
Aug 17 18:30:58 devstack cinder-volume[94676]: DEBUG oslo.privsep.daemon [-] privsep: reply[7c1053b4-ea87-46c1-9995-277c6f73b7d5]: (4, 'qcow2') {{(pid=96356) _call_back /opt/stack/data/venv/lib/python3.12/site-packages/oslo_privsep/daemon.py:580}}
Aug 17 18:30:58 devstack cinder-volume[94676]: DEBUG oslo_concurrency.processutils [None req-1a6d53a1-0021-4224-9feb-84caca7cfe84 tempest-GroupsV314Test-1239333699 None] Running cmd (subprocess): /opt/stack/data/venv/bin/python3.12 -m oslo_concurrency.prlimit --as=1073741824 --cpu=60 -- sudo cinder-rootwrap /etc/cinder/rootwrap.conf env LC_ALL=C qemu-img info -f qcow2 --output=json --force-share /opt/stack/data/cinder/mnt/7dbd3d9471aa8d166b5898d17f099698/volume-406a52ea-0415-473b-9999-0cd791a20e5a.3b8a101b-9386-45c3-9ddf-77ab754696f4 {{(pid=94676) execute /opt/stack/data/venv/lib/python3.12/site-packages/oslo_concurrency/processutils.py:440}}
Aug 17 18:30:58 devstack sudo[99490]: quobyte : PWD=/ ; USER=root ; COMMAND=/opt/stack/data/venv/bin/cinder-rootwrap /etc/cinder/rootwrap.conf env LC_ALL=C qemu-img info -f qcow2 --output=json --force-share /opt/stack/data/cinder/mnt/7dbd3d9471aa8d166b5898d17f099698/volume-406a52ea-0415-473b-9999-0cd791a20e5a.3b8a101b-9386-45c3-9ddf-77ab754696f4
Aug 17 18:30:58 devstack sudo[99490]: pam_unix(sudo:session): session opened for user root(uid=0) by (uid=1000)
Aug 17 18:30:59 devstack sudo[99490]: pam_unix(sudo:session): session closed for user root
Aug 17 18:30:59 devstack cinder-volume[94676]: DEBUG oslo_concurrency.processutils [None req-1a6d53a1-0021-4224-9feb-84caca7cfe84 tempest-GroupsV314Test-1239333699 None] CMD "/opt/stack/data/venv/bin/python3.12 -m oslo_concurrency.prlimit --as=1073741824 --cpu=60 -- sudo cinder-rootwrap /etc/cinder/rootwrap.conf env LC_ALL=C qemu-img info -f qcow2 --output=json --force-share /opt/stack/data/cinder/mnt/7dbd3d9471aa8d166b5898d17f099698/volume-406a52ea-0415-473b-9999-0cd791a20e5a.3b8a101b-9386-45c3-9ddf-77ab754696f4" returned: 0 in 0.429s {{(pid=94676) execute /opt/stack/data/venv/lib/python3.12/site-packages/oslo_concurrency/processutils.py:468}}
Aug 17 18:30:59 devstack cinder-volume[94676]: DEBUG cinder.volume.drivers.remotefs [None req-1a6d53a1-0021-4224-9feb-84caca7cfe84 tempest-GroupsV314Test-1239333699 None] Fetching qemu-img info with special backing_file_template: (/opt/stack/data/cinder/mnt/[0-9a-f]+/)?(volume-406a52ea-0415-473b-9999-0cd791a20e5a(.(tmp-snap-)?[0-9a-f-]+)?|volume_from_snapshot_cache/(tmp-snap-)?[0-9a-f-]+(.(child-|parent-)[0-9a-f-]+)?)$ {{(pid=94676) _qemu_img_info_base /opt/stack/cinder/cinder/volume/drivers/remotefs.py:896}}
Aug 17 18:30:59 devstack cinder-volume[94676]: DEBUG oslo.privsep.daemon [-] privsep: reply[c2eac8c6-82ec-46d0-944f-e12c863420c6]: (4, 'qcow2') {{(pid=96356) _call_back /opt/stack/data/venv/lib/python3.12/site-packages/oslo_privsep/daemon.py:580}}
Aug 17 18:30:59 devstack cinder-volume[94676]: DEBUG oslo_concurrency.processutils [None req-1a6d53a1-0021-4224-9feb-84caca7cfe84 tempest-GroupsV314Test-1239333699 None] Running cmd (subprocess): /opt/stack/data/venv/bin/python3.12 -m oslo_concurrency.prlimit --as=1073741824 --cpu=60 -- sudo cinder-rootwrap /etc/cinder/rootwrap.conf env LC_ALL=C qemu-img info -f qcow2 --output=json --force-share /opt/stack/data/cinder/mnt/7dbd3d9471aa8d166b5898d17f099698/volume-406a52ea-0415-473b-9999-0cd791a20e5a {{(pid=94676) execute /opt/stack/data/venv/lib/python3.12/site-packages/oslo_concurrency/processutils.py:440}}
Aug 17 18:30:59 devstack sudo[99495]: quobyte : PWD=/ ; USER=root ; COMMAND=/opt/stack/data/venv/bin/cinder-rootwrap /etc/cinder/rootwrap.conf env LC_ALL=C qemu-img info -f qcow2 --output=json --force-share /opt/stack/data/cinder/mnt/7dbd3d9471aa8d166b5898d17f099698/volume-406a52ea-0415-473b-9999-0cd791a20e5a
Aug 17 18:30:59 devstack sudo[99495]: pam_unix(sudo:session): session opened for user root(uid=0) by (uid=1000)
Aug 17 18:30:59 devstack sudo[99495]: pam_unix(sudo:session): session closed for user root
Aug 17 18:30:59 devstack cinder-volume[94676]: DEBUG oslo_concurrency.processutils [None req-1a6d53a1-0021-4224-9feb-84caca7cfe84 tempest-GroupsV314Test-1239333699 None] CMD "/opt/stack/data/venv/bin/python3.12 -m oslo_concurrency.prlimit --as=1073741824 --cpu=60 -- sudo cinder-rootwrap /etc/cinder/rootwrap.conf env LC_ALL=C qemu-img info -f qcow2 --output=json --force-share /opt/stack/data/cinder/mnt/7dbd3d9471aa8d166b5898d17f099698/volume-406a52ea-0415-473b-9999-0cd791a20e5a" returned: 0 in 0.552s {{(pid=94676) execute /opt/stack/data/venv/lib/python3.12/site-packages/oslo_concurrency/processutils.py:468}}
Aug 17 18:30:59 devstack cinder-volume[94676]: DEBUG oslo_concurrency.processutils [None req-1a6d53a1-0021-4224-9feb-84caca7cfe84 tempest-GroupsV314Test-1239333699 None] Running cmd (subprocess): sudo cinder-rootwrap /etc/cinder/rootwrap.conf qemu-img commit -d /opt/stack/data/cinder/mnt/7dbd3d9471aa8d166b5898d17f099698/volume-406a52ea-0415-473b-9999-0cd791a20e5a.3b8a101b-9386-45c3-9ddf-77ab754696f4 {{(pid=94676) execute /opt/stack/data/venv/lib/python3.12/site-packages/oslo_concurrency/processutils.py:440}}
Aug 17 18:30:59 devstack sudo[99500]: quobyte : PWD=/ ; USER=root ; COMMAND=/opt/stack/data/venv/bin/cinder-rootwrap /etc/cinder/rootwrap.conf qemu-img commit -d /opt/stack/data/cinder/mnt/7dbd3d9471aa8d166b5898d17f099698/volume-406a52ea-0415-473b-9999-0cd791a20e5a.3b8a101b-9386-45c3-9ddf-77ab754696f4
Aug 17 18:30:59 devstack sudo[99500]: pam_unix(sudo:session): session opened for user root(uid=0) by (uid=1000)
Aug 17 18:31:00 devstack sudo[99500]: pam_unix(sudo:session): session closed for user root
Aug 17 18:31:00 devstack cinder-volume[94676]: DEBUG oslo_concurrency.processutils [None req-1a6d53a1-0021-4224-9feb-84caca7cfe84 tempest-GroupsV314Test-1239333699 None] CMD "sudo cinder-rootwrap /etc/cinder/rootwrap.conf qemu-img commit -d /opt/stack/data/cinder/mnt/7dbd3d9471aa8d166b5898d17f099698/volume-406a52ea-0415-473b-9999-0cd791a20e5a.3b8a101b-9386-45c3-9ddf-77ab754696f4" returned: 0 in 0.485s {{(pid=94676) execute /opt/stack/data/venv/lib/python3.12/site-packages/oslo_concurrency/processutils.py:468}}
Aug 17 18:31:00 devstack cinder-volume[94676]: DEBUG oslo_concurrency.processutils [None req-1a6d53a1-0021-4224-9feb-84caca7cfe84 tempest-GroupsV314Test-1239333699 None] Running cmd (subprocess): sudo cinder-rootwrap /etc/cinder/rootwrap.conf rm -f /opt/stack/data/cinder/mnt/7dbd3d9471aa8d166b5898d17f099698/volume-406a52ea-0415-473b-9999-0cd791a20e5a.3b8a101b-9386-45c3-9ddf-77ab754696f4 {{(pid=94676) execute /opt/stack/data/venv/lib/python3.12/site-packages/oslo_concurrency/processutils.py:440}}
Aug 17 18:31:00 devstack sudo[99507]: quobyte : PWD=/ ; USER=root ; COMMAND=/opt/stack/data/venv/bin/cinder-rootwrap /etc/cinder/rootwrap.conf rm -f /opt/stack/data/cinder/mnt/7dbd3d9471aa8d166b5898d17f099698/volume-406a52ea-0415-473b-9999-0cd791a20e5a.3b8a101b-9386-45c3-9ddf-77ab754696f4
Aug 17 18:31:00 devstack sudo[99507]: pam_unix(sudo:session): session opened for user root(uid=0) by (uid=1000)
Aug 17 18:31:00 devstack sudo[99507]: pam_unix(sudo:session): session closed for user root
Aug 17 18:31:00 devstack cinder-volume[94676]: DEBUG oslo_concurrency.processutils [None req-1a6d53a1-0021-4224-9feb-84caca7cfe84 tempest-GroupsV314Test-1239333699 None] CMD "sudo cinder-rootwrap /etc/cinder/rootwrap.conf rm -f /opt/stack/data/cinder/mnt/7dbd3d9471aa8d166b5898d17f099698/volume-406a52ea-0415-473b-9999-0cd791a20e5a.3b8a101b-9386-45c3-9ddf-77ab754696f4" returned: 0 in 0.436s {{(pid=94676) execute /opt/stack/data/venv/lib/python3.12/site-packages/oslo_concurrency/processutils.py:468}}
Aug 17 18:31:00 devstack cinder-volume[94676]: DEBUG cinder.coordination [None req-1a6d53a1-0021-4224-9feb-84caca7cfe84 tempest-GroupsV314Test-1239333699 None] Lock "cinder-quobyte-3b8a101b-9386-45c3-9ddf-77ab754696f4" released by "_delete_snapshot" :: held 2.049s {{(pid=94676) __release /opt/stack/cinder/cinder/coordination.py:152}}
Aug 17 18:31:00 devstack cinder-volume[94676]: DEBUG oslo_concurrency.lockutils [None req-1a6d53a1-0021-4224-9feb-84caca7cfe84 tempest-GroupsV314Test-1239333699 None] Lock "quobyte" "released" by "cinder.volume.drivers.quobyte.QuobyteDriver.create_cloned_volume" :: held 16.623s {{(pid=94676) inner /opt/stack/data/venv/lib/python3.12/site-packages/oslo_concurrency/lockutils.py:544}}
Aug 17 18:31:00 devstack cinder-volume[94676]: INFO cinder.volume.manager [None req-1a6d53a1-0021-4224-9feb-84caca7cfe84 tempest-GroupsV314Test-1239333699 None] Create group from source-group-58412e98-4440-4b65-a099-cfea975d4b13 completed successfully.
Aug 17 18:31:02 devstack cinder-volume[94676]: DEBUG cinder.coordination [None req-155d60be-279a-4cbf-ac4f-273abb6e3dcf tempest-GroupsV314Test-1239333699 None] Acquiring lock "cinder-quobyte-aa2a15f7-a69d-44c4-b95d-02b0514af35f" by "delete_volume" {{(pid=94676) __acquire /opt/stack/cinder/cinder/coordination.py:138}}
Aug 17 18:31:02 devstack cinder-volume[94676]: DEBUG cinder.coordination [None req-155d60be-279a-4cbf-ac4f-273abb6e3dcf tempest-GroupsV314Test-1239333699 None] Lock "cinder-quobyte-aa2a15f7-a69d-44c4-b95d-02b0514af35f" acquired by "delete_volume" :: waited 0.027s {{(pid=94676) __acquire /opt/stack/cinder/cinder/coordination.py:141}}
Aug 17 18:31:02 devstack cinder-volume[94676]: DEBUG oslo.privsep.daemon [-] privsep: reply[0c7966c3-b162-429a-9c1d-bbd6c71e6f13]: (4, 'qcow2') {{(pid=96356) _call_back /opt/stack/data/venv/lib/python3.12/site-packages/oslo_privsep/daemon.py:580}}
Aug 17 18:31:02 devstack cinder-volume[94676]: DEBUG oslo_concurrency.processutils [None req-155d60be-279a-4cbf-ac4f-273abb6e3dcf tempest-GroupsV314Test-1239333699 None] Running cmd (subprocess): /opt/stack/data/venv/bin/python3.12 -m oslo_concurrency.prlimit --as=1073741824 --cpu=60 -- sudo cinder-rootwrap /etc/cinder/rootwrap.conf env LC_ALL=C qemu-img info -f qcow2 --output=json --force-share /opt/stack/data/cinder/mnt/7dbd3d9471aa8d166b5898d17f099698/volume-aa2a15f7-a69d-44c4-b95d-02b0514af35f {{(pid=94676) execute /opt/stack/data/venv/lib/python3.12/site-packages/oslo_concurrency/processutils.py:440}}
Aug 17 18:31:03 devstack sudo[99510]: quobyte : PWD=/ ; USER=root ; COMMAND=/opt/stack/data/venv/bin/cinder-rootwrap /etc/cinder/rootwrap.conf env LC_ALL=C qemu-img info -f qcow2 --output=json --force-share /opt/stack/data/cinder/mnt/7dbd3d9471aa8d166b5898d17f099698/volume-aa2a15f7-a69d-44c4-b95d-02b0514af35f
Aug 17 18:31:03 devstack sudo[99510]: pam_unix(sudo:session): session opened for user root(uid=0) by (uid=1000)
Aug 17 18:31:03 devstack sudo[99510]: pam_unix(sudo:session): session closed for user root
Aug 17 18:31:03 devstack cinder-volume[94676]: DEBUG oslo_concurrency.processutils [None req-155d60be-279a-4cbf-ac4f-273abb6e3dcf tempest-GroupsV314Test-1239333699 None] CMD "/opt/stack/data/venv/bin/python3.12 -m oslo_concurrency.prlimit --as=1073741824 --cpu=60 -- sudo cinder-rootwrap /etc/cinder/rootwrap.conf env LC_ALL=C qemu-img info -f qcow2 --output=json --force-share /opt/stack/data/cinder/mnt/7dbd3d9471aa8d166b5898d17f099698/volume-aa2a15f7-a69d-44c4-b95d-02b0514af35f" returned: 0 in 0.963s {{(pid=94676) execute /opt/stack/data/venv/lib/python3.12/site-packages/oslo_concurrency/processutils.py:468}}
Aug 17 18:31:03 devstack cinder-volume[94676]: DEBUG oslo_concurrency.processutils [None req-155d60be-279a-4cbf-ac4f-273abb6e3dcf tempest-GroupsV314Test-1239333699 None] Running cmd (subprocess): sudo cinder-rootwrap /etc/cinder/rootwrap.conf rm -f /opt/stack/data/cinder/mnt/7dbd3d9471aa8d166b5898d17f099698/volume-aa2a15f7-a69d-44c4-b95d-02b0514af35f {{(pid=94676) execute /opt/stack/data/venv/lib/python3.12/site-packages/oslo_concurrency/processutils.py:440}}
Aug 17 18:31:03 devstack sudo[99525]: quobyte : PWD=/ ; USER=root ; COMMAND=/opt/stack/data/venv/bin/cinder-rootwrap /etc/cinder/rootwrap.conf rm -f /opt/stack/data/cinder/mnt/7dbd3d9471aa8d166b5898d17f099698/volume-aa2a15f7-a69d-44c4-b95d-02b0514af35f
Aug 17 18:31:03 devstack sudo[99525]: pam_unix(sudo:session): session opened for user root(uid=0) by (uid=1000)
Aug 17 18:31:04 devstack sudo[99525]: pam_unix(sudo:session): session closed for user root
Aug 17 18:31:04 devstack cinder-volume[94676]: DEBUG oslo_concurrency.processutils [None req-155d60be-279a-4cbf-ac4f-273abb6e3dcf tempest-GroupsV314Test-1239333699 None] CMD "sudo cinder-rootwrap /etc/cinder/rootwrap.conf rm -f /opt/stack/data/cinder/mnt/7dbd3d9471aa8d166b5898d17f099698/volume-aa2a15f7-a69d-44c4-b95d-02b0514af35f" returned: 0 in 0.518s {{(pid=94676) execute /opt/stack/data/venv/lib/python3.12/site-packages/oslo_concurrency/processutils.py:468}}
Aug 17 18:31:04 devstack cinder-volume[94676]: DEBUG cinder.coordination [None req-155d60be-279a-4cbf-ac4f-273abb6e3dcf tempest-GroupsV314Test-1239333699 None] Lock "cinder-quobyte-aa2a15f7-a69d-44c4-b95d-02b0514af35f" released by "delete_volume" :: held 1.540s {{(pid=94676) __release /opt/stack/cinder/cinder/coordination.py:152}}
Aug 17 18:31:04 devstack cinder-volume[94676]: DEBUG cinder.quota [None req-155d60be-279a-4cbf-ac4f-273abb6e3dcf tempest-GroupsV314Test-1239333699 None] Created reservations ['0828b2a8-34fc-420f-b8e4-2314347ffbe4'] {{(pid=94676) reserve /opt/stack/cinder/cinder/quota.py:752}}
Aug 17 18:31:04 devstack cinder-volume[94676]: WARNING cinder.quota [None req-155d60be-279a-4cbf-ac4f-273abb6e3dcf tempest-GroupsV314Test-1239333699 None] Deprecated: Default quota for resource: volumes_tempest-GroupsV314Test-volume-type-593788346 is set by the default quota flag: quota_volumes_tempest-GroupsV314Test-volume-type-593788346, it is now deprecated. Please use the default quota class for default quota.
Aug 17 18:31:04 devstack cinder-volume[94676]: WARNING cinder.quota [None req-155d60be-279a-4cbf-ac4f-273abb6e3dcf tempest-GroupsV314Test-1239333699 None] Deprecated: Default quota for resource: gigabytes_tempest-GroupsV314Test-volume-type-593788346 is set by the default quota flag: quota_gigabytes_tempest-GroupsV314Test-volume-type-593788346, it is now deprecated. Please use the default quota class for default quota.
Aug 17 18:31:04 devstack cinder-volume[94676]: DEBUG cinder.quota [None req-155d60be-279a-4cbf-ac4f-273abb6e3dcf tempest-GroupsV314Test-1239333699 None] Created reservations ['882e44cf-f4ad-4a23-abe1-97ffec16dab6', '8fd44d55-bfca-44e1-be5f-12c4b1aa049a', '316cb4ec-2e51-4c0e-ba74-2511cd03a1bd', 'a60128e0-f4b8-4da6-8b27-043317370680'] {{(pid=94676) reserve /opt/stack/cinder/cinder/quota.py:752}}
Aug 17 18:31:04 devstack cinder-volume[94676]: DEBUG oslo_concurrency.lockutils [None req-155d60be-279a-4cbf-ac4f-273abb6e3dcf tempest-GroupsV314Test-1239333699 None] Acquiring lock "quobyte_ensure" by "cinder.volume.drivers.quobyte.QuobyteDriver._ensure_shares_mounted" {{(pid=94676) inner /opt/stack/data/venv/lib/python3.12/site-packages/oslo_concurrency/lockutils.py:512}}
Aug 17 18:31:04 devstack cinder-volume[94676]: DEBUG oslo_concurrency.lockutils [None req-155d60be-279a-4cbf-ac4f-273abb6e3dcf tempest-GroupsV314Test-1239333699 None] Lock "quobyte_ensure" acquired by "cinder.volume.drivers.quobyte.QuobyteDriver._ensure_shares_mounted" :: waited 0.001s {{(pid=94676) inner /opt/stack/data/venv/lib/python3.12/site-packages/oslo_concurrency/lockutils.py:525}}
Aug 17 18:31:04 devstack cinder-volume[94676]: DEBUG cinder.volume.drivers.quobyte [None req-155d60be-279a-4cbf-ac4f-273abb6e3dcf tempest-GroupsV314Test-1239333699 None] Quobyte Volume URL set to: {'osci02.corp.quobyte.com/cinder-vol-90958077-e311-4439-977e-e884a35530f0': None} {{(pid=94676) _load_shares_config /opt/stack/cinder/cinder/volume/drivers/quobyte.py:651}}
Aug 17 18:31:04 devstack cinder-volume[94676]: DEBUG cinder.volume.drivers.quobyte [None req-155d60be-279a-4cbf-ac4f-273abb6e3dcf tempest-GroupsV314Test-1239333699 None] Available shares ['osci02.corp.quobyte.com/cinder-vol-90958077-e311-4439-977e-e884a35530f0'] {{(pid=94676) _ensure_shares_mounted /opt/stack/cinder/cinder/volume/drivers/quobyte.py:681}}
Aug 17 18:31:04 devstack cinder-volume[94676]: DEBUG oslo_concurrency.lockutils [None req-155d60be-279a-4cbf-ac4f-273abb6e3dcf tempest-GroupsV314Test-1239333699 None] Lock "quobyte_ensure" "released" by "cinder.volume.drivers.quobyte.QuobyteDriver._ensure_shares_mounted" :: held 0.016s {{(pid=94676) inner /opt/stack/data/venv/lib/python3.12/site-packages/oslo_concurrency/lockutils.py:544}}
Aug 17 18:31:04 devstack cinder-volume[94676]: DEBUG oslo_concurrency.processutils [None req-155d60be-279a-4cbf-ac4f-273abb6e3dcf tempest-GroupsV314Test-1239333699 None] Running cmd (subprocess): sudo cinder-rootwrap /etc/cinder/rootwrap.conf df --portability --block-size 1 /opt/stack/data/cinder/mnt/7dbd3d9471aa8d166b5898d17f099698 {{(pid=94676) execute /opt/stack/data/venv/lib/python3.12/site-packages/oslo_concurrency/processutils.py:440}}
