Aug 17 18:21:13 devstack devstack@g-api.service[83851]: DEBUG glance.common.config [None req-440146f3-d0d3-46db-a106-65523037759b None None] barbican_service_user.certfile = None {{(pid=83851) log_opt_values /opt/stack/data/venv/lib/python3.12/site-packages/oslo_config/cfg.py:3560}}
Aug 17 18:21:13 devstack devstack@g-api.service[83851]: DEBUG glance.common.config [None req-440146f3-d0d3-46db-a106-65523037759b None None] barbican_service_user.collect_timing = False {{(pid=83851) log_opt_values /opt/stack/data/venv/lib/python3.12/site-packages/oslo_config/cfg.py:3560}}
Aug 17 18:21:13 devstack devstack@g-api.service[83851]: DEBUG glance.common.config [None req-440146f3-d0d3-46db-a106-65523037759b None None] barbican_service_user.insecure = False {{(pid=83851) log_opt_values /opt/stack/data/venv/lib/python3.12/site-packages/oslo_config/cfg.py:3560}}
Aug 17 18:21:13 devstack devstack@g-api.service[83851]: DEBUG glance.common.config [None req-440146f3-d0d3-46db-a106-65523037759b None None] barbican_service_user.keyfile = None {{(pid=83851) log_opt_values /opt/stack/data/venv/lib/python3.12/site-packages/oslo_config/cfg.py:3560}}
Aug 17 18:21:13 devstack devstack@g-api.service[83851]: DEBUG glance.common.config [None req-440146f3-d0d3-46db-a106-65523037759b None None] barbican_service_user.split_loggers = False {{(pid=83851) log_opt_values /opt/stack/data/venv/lib/python3.12/site-packages/oslo_config/cfg.py:3560}}
Aug 17 18:21:13 devstack devstack@g-api.service[83851]: DEBUG glance.common.config [None req-440146f3-d0d3-46db-a106-65523037759b None None] barbican_service_user.timeout = None {{(pid=83851) log_opt_values /opt/stack/data/venv/lib/python3.12/site-packages/oslo_config/cfg.py:3560}}
Aug 17 18:21:13 devstack devstack@g-api.service[83851]: DEBUG glance.common.config [None req-440146f3-d0d3-46db-a106-65523037759b None None] database.asyncio_connection = **** {{(pid=83851) log_opt_values /opt/stack/data/venv/lib/python3.12/site-packages/oslo_config/cfg.py:3560}}
Aug 17 18:21:13 devstack devstack@g-api.service[83851]: DEBUG glance.common.config [None req-440146f3-d0d3-46db-a106-65523037759b None None] database.asyncio_slave_connection = **** {{(pid=83851) log_opt_values /opt/stack/data/venv/lib/python3.12/site-packages/oslo_config/cfg.py:3560}}
Aug 17 18:21:13 devstack devstack@g-api.service[83851]: DEBUG glance.common.config [None req-440146f3-d0d3-46db-a106-65523037759b None None] database.backend = sqlalchemy {{(pid=83851) log_opt_values /opt/stack/data/venv/lib/python3.12/site-packages/oslo_config/cfg.py:3560}}
Aug 17 18:21:13 devstack devstack@g-api.service[83851]: DEBUG glance.common.config [None req-440146f3-d0d3-46db-a106-65523037759b None None] database.connection = **** {{(pid=83851) log_opt_values /opt/stack/data/venv/lib/python3.12/site-packages/oslo_config/cfg.py:3560}}
Aug 17 18:21:13 devstack devstack@g-api.service[83851]: DEBUG glance.common.config [None req-440146f3-d0d3-46db-a106-65523037759b None None] database.connection_debug = 0 {{(pid=83851) log_opt_values /opt/stack/data/venv/lib/python3.12/site-packages/oslo_config/cfg.py:3560}}
Aug 17 18:21:13 devstack devstack@g-api.service[83851]: DEBUG glance.common.config [None req-440146f3-d0d3-46db-a106-65523037759b None None] database.connection_parameters = {{(pid=83851) log_opt_values /opt/stack/data/venv/lib/python3.12/site-packages/oslo_config/cfg.py:3560}}
Aug 17 18:21:13 devstack devstack@g-api.service[83851]: DEBUG glance.common.config [None req-440146f3-d0d3-46db-a106-65523037759b None None] database.connection_recycle_time = 3600 {{(pid=83851) log_opt_values /opt/stack/data/venv/lib/python3.12/site-packages/oslo_config/cfg.py:3560}}
Aug 17 18:21:13 devstack devstack@g-api.service[83851]: DEBUG glance.common.config [None req-440146f3-d0d3-46db-a106-65523037759b None None] database.connection_trace = False {{(pid=83851) log_opt_values /opt/stack/data/venv/lib/python3.12/site-packages/oslo_config/cfg.py:3560}}
Aug 17 18:21:13 devstack devstack@g-api.service[83851]: DEBUG glance.common.config [None req-440146f3-d0d3-46db-a106-65523037759b None None] database.db_inc_retry_interval = True {{(pid=83851) log_opt_values /opt/stack/data/venv/lib/python3.12/site-packages/oslo_config/cfg.py:3560}}
Aug 17 18:21:13 devstack devstack@g-api.service[83851]: DEBUG glance.common.config [None req-440146f3-d0d3-46db-a106-65523037759b None None] database.db_max_retries = 20 {{(pid=83851) log_opt_values /opt/stack/data/venv/lib/python3.12/site-packages/oslo_config/cfg.py:3560}}
Aug 17 18:21:13 devstack devstack@g-api.service[83851]: DEBUG glance.common.config [None req-440146f3-d0d3-46db-a106-65523037759b None None] database.db_max_retry_interval = 10 {{(pid=83851) log_opt_values /opt/stack/data/venv/lib/python3.12/site-packages/oslo_config/cfg.py:3560}}
Aug 17 18:21:13 devstack devstack@g-api.service[83851]: DEBUG glance.common.config [None req-440146f3-d0d3-46db-a106-65523037759b None None] database.db_retry_interval = 1 {{(pid=83851) log_opt_values /opt/stack/data/venv/lib/python3.12/site-packages/oslo_config/cfg.py:3560}}
Aug 17 18:21:13 devstack devstack@g-api.service[83851]: DEBUG glance.common.config [None req-440146f3-d0d3-46db-a106-65523037759b None None] database.max_overflow = 50 {{(pid=83851) log_opt_values /opt/stack/data/venv/lib/python3.12/site-packages/oslo_config/cfg.py:3560}}
Aug 17 18:21:13 devstack devstack@g-api.service[83851]: DEBUG glance.common.config [None req-440146f3-d0d3-46db-a106-65523037759b None None] database.max_pool_size = 5 {{(pid=83851) log_opt_values /opt/stack/data/venv/lib/python3.12/site-packages/oslo_config/cfg.py:3560}}
Aug 17 18:21:13 devstack devstack@g-api.service[83851]: DEBUG glance.common.config [None req-440146f3-d0d3-46db-a106-65523037759b None None] database.max_retries = 10 {{(pid=83851) log_opt_values /opt/stack/data/venv/lib/python3.12/site-packages/oslo_config/cfg.py:3560}}
Aug 17 18:21:13 devstack devstack@g-api.service[83851]: DEBUG glance.common.config [None req-440146f3-d0d3-46db-a106-65523037759b None None] database.mysql_sql_mode = TRADITIONAL {{(pid=83851) log_opt_values /opt/stack/data/venv/lib/python3.12/site-packages/oslo_config/cfg.py:3560}}
Aug 17 18:21:13 devstack devstack@g-api.service[83851]: DEBUG glance.common.config [None req-440146f3-d0d3-46db-a106-65523037759b None None] database.mysql_wsrep_sync_wait = None {{(pid=83851) log_opt_values /opt/stack/data/venv/lib/python3.12/site-packages/oslo_config/cfg.py:3560}}
Aug 17 18:21:13 devstack devstack@g-api.service[83851]: DEBUG glance.common.config [None req-440146f3-d0d3-46db-a106-65523037759b None None] database.pool_timeout = None {{(pid=83851) log_opt_values /opt/stack/data/venv/lib/python3.12/site-packages/oslo_config/cfg.py:3560}}
Aug 17 18:21:13 devstack devstack@g-api.service[83851]: DEBUG glance.common.config [None req-440146f3-d0d3-46db-a106-65523037759b None None] database.retry_interval = 10 {{(pid=83851) log_opt_values /opt/stack/data/venv/lib/python3.12/site-packages/oslo_config/cfg.py:3560}}
Aug 17 18:21:13 devstack devstack@g-api.service[83851]: DEBUG glance.common.config [None req-440146f3-d0d3-46db-a106-65523037759b None None] database.slave_connection = **** {{(pid=83851) log_opt_values /opt/stack/data/venv/lib/python3.12/site-packages/oslo_config/cfg.py:3560}}
Aug 17 18:21:13 devstack devstack@g-api.service[83851]: DEBUG glance.common.config [None req-440146f3-d0d3-46db-a106-65523037759b None None] database.sqlite_synchronous = True {{(pid=83851) log_opt_values /opt/stack/data/venv/lib/python3.12/site-packages/oslo_config/cfg.py:3560}}
Aug 17 18:21:13 devstack devstack@g-api.service[83851]: DEBUG glance.common.config [None req-440146f3-d0d3-46db-a106-65523037759b None None] database.synchronous_reader = True {{(pid=83851) log_opt_values /opt/stack/data/venv/lib/python3.12/site-packages/oslo_config/cfg.py:3560}}
Aug 17 18:21:13 devstack devstack@g-api.service[83851]: DEBUG glance.common.config [None req-440146f3-d0d3-46db-a106-65523037759b None None] database.use_db_reconnect = False {{(pid=83851) log_opt_values /opt/stack/data/venv/lib/python3.12/site-packages/oslo_config/cfg.py:3560}}
Aug 17 18:21:13 devstack devstack@g-api.service[83851]: DEBUG glance.common.config [None req-440146f3-d0d3-46db-a106-65523037759b None None] healthcheck.allowed_source_ranges = [] {{(pid=83851) log_opt_values /opt/stack/data/venv/lib/python3.12/site-packages/oslo_config/cfg.py:3560}}
Aug 17 18:21:13 devstack devstack@g-api.service[83851]: DEBUG glance.common.config [None req-440146f3-d0d3-46db-a106-65523037759b None None] healthcheck.backends = ['disable_by_file'] {{(pid=83851) log_opt_values /opt/stack/data/venv/lib/python3.12/site-packages/oslo_config/cfg.py:3560}}
Aug 17 18:21:13 devstack devstack@g-api.service[83851]: DEBUG glance.common.config [None req-440146f3-d0d3-46db-a106-65523037759b None None] healthcheck.detailed = False {{(pid=83851) log_opt_values /opt/stack/data/venv/lib/python3.12/site-packages/oslo_config/cfg.py:3560}}
Aug 17 18:21:13 devstack devstack@g-api.service[83851]: DEBUG glance.common.config [None req-440146f3-d0d3-46db-a106-65523037759b None None] healthcheck.disable_by_file_path = None {{(pid=83851) log_opt_values /opt/stack/data/venv/lib/python3.12/site-packages/oslo_config/cfg.py:3560}}
Aug 17 18:21:13 devstack devstack@g-api.service[83851]: DEBUG glance.common.config [None req-440146f3-d0d3-46db-a106-65523037759b None None] healthcheck.ignore_proxied_requests = False {{(pid=83851) log_opt_values /opt/stack/data/venv/lib/python3.12/site-packages/oslo_config/cfg.py:3560}}
Aug 17 18:21:13 devstack devstack@g-api.service[83851]: DEBUG glance.common.config [None req-440146f3-d0d3-46db-a106-65523037759b None None] ******************************************************************************** {{(pid=83851) log_opt_values /opt/stack/data/venv/lib/python3.12/site-packages/oslo_config/cfg.py:3567}}
Aug 17 18:21:13 devstack devstack@g-api.service[83851]: WSGI app 0 (mountpoint='') ready in 5 seconds on interpreter 0x741b7aca4668 pid: 83851 (default app)
Aug 17 18:21:16 devstack devstack@g-api.service[83850]: DEBUG glance.api.middleware.version_negotiation [None req-688dcd74-c260-40e1-ac63-1fa915e8db4c None None] Determining version of request: GET / Accept: application/json {{(pid=83850) process_request /opt/stack/glance/glance/api/middleware/version_negotiation.py:44}}
Aug 17 18:21:16 devstack devstack@g-api.service[83850]: DEBUG glance.api.middleware.version_negotiation [None req-688dcd74-c260-40e1-ac63-1fa915e8db4c None None] Using url versioning {{(pid=83850) process_request /opt/stack/glance/glance/api/middleware/version_negotiation.py:57}}
Aug 17 18:21:16 devstack devstack@g-api.service[83850]: DEBUG glance.api.middleware.version_negotiation [None req-688dcd74-c260-40e1-ac63-1fa915e8db4c None None] Unknown version. Returning version choices. {{(pid=83850) process_request /opt/stack/glance/glance/api/middleware/version_negotiation.py:64}}
Aug 17 18:21:16 devstack devstack@g-api.service[83850]: [pid: 83850|app: 0|req: 2/2] 127.0.0.1 () {34 vars in 519 bytes} [Mon Aug 17 18:21:16 2026] GET / => generated 1571 bytes in 2 msecs (HTTP/1.1 300) 3 headers in 106 bytes (1 switches on core 0)
Aug 17 18:21:16 devstack devstack@g-api.service[83851]: DEBUG glance.api.middleware.version_negotiation [None req-440146f3-d0d3-46db-a106-65523037759b None None] Determining version of request: POST /v2/images Accept: */* {{(pid=83851) process_request /opt/stack/glance/glance/api/middleware/version_negotiation.py:44}}
Aug 17 18:21:16 devstack devstack@g-api.service[83851]: DEBUG glance.api.middleware.version_negotiation [None req-440146f3-d0d3-46db-a106-65523037759b None None] Using url versioning {{(pid=83851) process_request /opt/stack/glance/glance/api/middleware/version_negotiation.py:57}}
Aug 17 18:21:16 devstack devstack@g-api.service[83851]: DEBUG glance.api.middleware.version_negotiation [None req-440146f3-d0d3-46db-a106-65523037759b None None] Matched version: v2 {{(pid=83851) process_request /opt/stack/glance/glance/api/middleware/version_negotiation.py:69}}
Aug 17 18:21:16 devstack devstack@g-api.service[83851]: DEBUG glance.api.middleware.version_negotiation [None req-440146f3-d0d3-46db-a106-65523037759b None None] new path /v2/images {{(pid=83851) process_request /opt/stack/glance/glance/api/middleware/version_negotiation.py:70}}
Aug 17 18:21:17 devstack devstack@g-api.service[83851]: [pid: 83851|app: 0|req: 1/3] 127.0.0.1 () {40 vars in 782 bytes} [Mon Aug 17 18:21:16 2026] POST /v2/images => generated 807 bytes in 1310 msecs (HTTP/1.1 201) 6 headers in 314 bytes (1 switches on core 0)
Aug 17 18:21:17 devstack devstack@g-api.service[83850]: DEBUG glance.api.middleware.version_negotiation [None req-688dcd74-c260-40e1-ac63-1fa915e8db4c None None] Determining version of request: PUT /v2/images/d8062395-1deb-4b4b-87a4-477f600fddf0/file Accept: {{(pid=83850) process_request /opt/stack/glance/glance/api/middleware/version_negotiation.py:44}}
Aug 17 18:21:17 devstack devstack@g-api.service[83850]: DEBUG glance.api.middleware.version_negotiation [None req-688dcd74-c260-40e1-ac63-1fa915e8db4c None None] Using url versioning {{(pid=83850) process_request /opt/stack/glance/glance/api/middleware/version_negotiation.py:57}}
Aug 17 18:21:17 devstack devstack@g-api.service[83850]: DEBUG glance.api.middleware.version_negotiation [None req-688dcd74-c260-40e1-ac63-1fa915e8db4c None None] Matched version: v2 {{(pid=83850) process_request /opt/stack/glance/glance/api/middleware/version_negotiation.py:69}}
Aug 17 18:21:17 devstack devstack@g-api.service[83850]: DEBUG glance.api.middleware.version_negotiation [None req-688dcd74-c260-40e1-ac63-1fa915e8db4c None None] new path /v2/images/d8062395-1deb-4b4b-87a4-477f600fddf0/file {{(pid=83850) process_request /opt/stack/glance/glance/api/middleware/version_negotiation.py:70}}
Aug 17 18:21:18 devstack devstack@g-api.service[83850]: INFO glance.api.v2.image_data [None req-c11fbfe1-5465-4478-813c-b9992e3e8ffc admin admin] Unable to create trust: no such option collect_timing in group [keystone_authtoken] Use the existing user token.
Aug 17 18:21:19 devstack devstack@g-api.service[83850]: DEBUG glance.location [None req-c11fbfe1-5465-4478-813c-b9992e3e8ffc admin admin] Enabling in-flight format inspection for qcow2 {{(pid=83850) set_data /opt/stack/glance/glance/location.py:596}}
Aug 17 18:21:19 devstack devstack@g-api.service[83850]: DEBUG oslo_utils.imageutils.format_inspector [None req-c11fbfe1-5465-4478-813c-b9992e3e8ffc admin admin] Format inspector for vmdk does not match, excluding from consideration (Signature KDMV not found: b'QFI\xfb') {{(pid=83850) _process_chunk /opt/stack/data/venv/lib/python3.12/site-packages/oslo_utils/imageutils/format_inspector.py:1758}}
Aug 17 18:21:19 devstack devstack@g-api.service[83850]: DEBUG oslo_utils.imageutils.format_inspector [None req-c11fbfe1-5465-4478-813c-b9992e3e8ffc admin admin] Format inspector for vhdx does not match, excluding from consideration (Region signature not found at 30000) {{(pid=83850) _process_chunk /opt/stack/data/venv/lib/python3.12/site-packages/oslo_utils/imageutils/format_inspector.py:1758}}
Aug 17 18:21:19 devstack devstack@g-api.service[83850]: DEBUG glance_store._drivers.filesystem [None req-c11fbfe1-5465-4478-813c-b9992e3e8ffc admin admin] Wrote 21692416 bytes to /opt/stack/data/glance/images/d8062395-1deb-4b4b-87a4-477f600fddf0 with checksum 87617e24a5e30cb3b87fda8c0764838f and multihash 9a9bce0083a00939ec17c11febbfc767aa211aaa54f51e75c5a8b271a9b5637c77205a518b7a2007cb391d23cceb01e0e4e8d64832317151bc85b734b92a7be0 {{(pid=83850) add /opt/stack/data/venv/lib/python3.12/site-packages/glance_store/_drivers/filesystem.py:899}}
Aug 17 18:21:19 devstack devstack@g-api.service[83850]: INFO glance.location [None req-c11fbfe1-5465-4478-813c-b9992e3e8ffc admin admin] Image format matched and virtual size computed: 117440512
Aug 17 18:21:19 devstack devstack@g-api.service[83850]: DEBUG glance_store.backend [None req-c11fbfe1-5465-4478-813c-b9992e3e8ffc admin admin] Skipping store.set_acls... not implemented. {{(pid=83850) set_acls /opt/stack/data/venv/lib/python3.12/site-packages/glance_store/backend.py:507}}
Aug 17 18:21:19 devstack devstack@g-api.service[83850]: [pid: 83850|app: 0|req: 3/4] 127.0.0.1 () {42 vars in 914 bytes} [Mon Aug 17 18:21:17 2026] PUT /v2/images/d8062395-1deb-4b4b-87a4-477f600fddf0/file => generated 0 bytes in 1810 msecs (HTTP/1.1 204) 4 headers in 171 bytes (1 switches on core 0)
Aug 17 18:21:19 devstack devstack@g-api.service[83851]: DEBUG glance.api.middleware.version_negotiation [None req-3702c4a1-46c3-4ff3-8262-6da3eea0eed2 admin admin] Determining version of request: GET /v2/images/d8062395-1deb-4b4b-87a4-477f600fddf0 Accept: */* {{(pid=83851) process_request /opt/stack/glance/glance/api/middleware/version_negotiation.py:44}}
Aug 17 18:21:19 devstack devstack@g-api.service[83851]: DEBUG glance.api.middleware.version_negotiation [None req-3702c4a1-46c3-4ff3-8262-6da3eea0eed2 admin admin] Using url versioning {{(pid=83851) process_request /opt/stack/glance/glance/api/middleware/version_negotiation.py:57}}
Aug 17 18:21:19 devstack devstack@g-api.service[83851]: DEBUG glance.api.middleware.version_negotiation [None req-3702c4a1-46c3-4ff3-8262-6da3eea0eed2 admin admin] Matched version: v2 {{(pid=83851) process_request /opt/stack/glance/glance/api/middleware/version_negotiation.py:69}}
Aug 17 18:21:19 devstack devstack@g-api.service[83851]: DEBUG glance.api.middleware.version_negotiation [None req-3702c4a1-46c3-4ff3-8262-6da3eea0eed2 admin admin] new path /v2/images/d8062395-1deb-4b4b-87a4-477f600fddf0 {{(pid=83851) process_request /opt/stack/glance/glance/api/middleware/version_negotiation.py:70}}
Aug 17 18:21:19 devstack devstack@g-api.service[83851]: [pid: 83851|app: 0|req: 2/5] 127.0.0.1 () {36 vars in 802 bytes} [Mon Aug 17 18:21:19 2026] GET /v2/images/d8062395-1deb-4b4b-87a4-477f600fddf0 => generated 976 bytes in 20 msecs (HTTP/1.1 200) 4 headers in 157 bytes (1 switches on core 0)
Aug 17 18:21:29 devstack devstack@g-api.service[83850]: DEBUG dbcounter [-] [83850] Writing DB stats glance:INSERT=5,glance:SELECT=16,glance:UPDATE=2 {{(pid=83850) stat_writer /opt/stack/data/venv/lib/python3.12/site-packages/dbcounter.py:115}}
Aug 17 18:21:29 devstack devstack@g-api.service[83851]: DEBUG dbcounter [-] [83851] Writing DB stats glance:INSERT=9,glance:SELECT=6 {{(pid=83851) stat_writer /opt/stack/data/venv/lib/python3.12/site-packages/dbcounter.py:115}}
Aug 17 18:22:02 devstack devstack@g-api.service[83850]: DEBUG glance.api.middleware.version_negotiation [None req-c11fbfe1-5465-4478-813c-b9992e3e8ffc admin admin] Determining version of request: GET / Accept: application/json {{(pid=83850) process_request /opt/stack/glance/glance/api/middleware/version_negotiation.py:44}}
Aug 17 18:22:02 devstack devstack@g-api.service[83850]: DEBUG glance.api.middleware.version_negotiation [None req-c11fbfe1-5465-4478-813c-b9992e3e8ffc admin admin] Using url versioning {{(pid=83850) process_request /opt/stack/glance/glance/api/middleware/version_negotiation.py:57}}
Aug 17 18:22:02 devstack devstack@g-api.service[83850]: DEBUG glance.api.middleware.version_negotiation [None req-c11fbfe1-5465-4478-813c-b9992e3e8ffc admin admin] Unknown version. Returning version choices. {{(pid=83850) process_request /opt/stack/glance/glance/api/middleware/version_negotiation.py:64}}
Aug 17 18:22:02 devstack devstack@g-api.service[83850]: [pid: 83850|app: 0|req: 4/6] 127.0.0.1 () {34 vars in 519 bytes} [Mon Aug 17 18:22:02 2026] GET / => generated 1571 bytes in 2 msecs (HTTP/1.1 300) 3 headers in 106 bytes (1 switches on core 0)
Aug 17 18:22:02 devstack devstack@g-api.service[83851]: DEBUG glance.api.middleware.version_negotiation [None req-c69ee7bf-cf27-420e-af00-8962f478bff5 admin admin] Determining version of request: GET /v2/images Accept: application/json {{(pid=83851) process_request /opt/stack/glance/glance/api/middleware/version_negotiation.py:44}}
Aug 17 18:22:02 devstack devstack@g-api.service[83851]: DEBUG glance.api.middleware.version_negotiation [None req-c69ee7bf-cf27-420e-af00-8962f478bff5 admin admin] Using url versioning {{(pid=83851) process_request /opt/stack/glance/glance/api/middleware/version_negotiation.py:57}}
Aug 17 18:22:02 devstack devstack@g-api.service[83851]: DEBUG glance.api.middleware.version_negotiation [None req-c69ee7bf-cf27-420e-af00-8962f478bff5 admin admin] Matched version: v2 {{(pid=83851) process_request /opt/stack/glance/glance/api/middleware/version_negotiation.py:69}}
Aug 17 18:22:02 devstack devstack@g-api.service[83851]: DEBUG glance.api.middleware.version_negotiation [None req-c69ee7bf-cf27-420e-af00-8962f478bff5 admin admin] new path /v2/images {{(pid=83851) process_request /opt/stack/glance/glance/api/middleware/version_negotiation.py:70}}
Aug 17 18:22:02 devstack devstack@g-api.service[83851]: [pid: 83851|app: 0|req: 3/7] 127.0.0.1 () {36 vars in 741 bytes} [Mon Aug 17 18:22:02 2026] GET /v2/images => generated 1045 bytes in 89 msecs (HTTP/1.1 200) 4 headers in 158 bytes (1 switches on core 0)
Aug 17 18:22:12 devstack devstack@g-api.service[83850]: DEBUG glance.api.middleware.version_negotiation [None req-c11fbfe1-5465-4478-813c-b9992e3e8ffc admin admin] Determining version of request: GET / Accept: application/json {{(pid=83850) process_request /opt/stack/glance/glance/api/middleware/version_negotiation.py:44}}
Aug 17 18:22:12 devstack devstack@g-api.service[83850]: DEBUG glance.api.middleware.version_negotiation [None req-c11fbfe1-5465-4478-813c-b9992e3e8ffc admin admin] Using url versioning {{(pid=83850) process_request /opt/stack/glance/glance/api/middleware/version_negotiation.py:57}}
Aug 17 18:22:12 devstack devstack@g-api.service[83850]: DEBUG glance.api.middleware.version_negotiation [None req-c11fbfe1-5465-4478-813c-b9992e3e8ffc admin admin] Unknown version. Returning version choices. {{(pid=83850) process_request /opt/stack/glance/glance/api/middleware/version_negotiation.py:64}}
Aug 17 18:22:12 devstack devstack@g-api.service[83850]: [pid: 83850|app: 0|req: 5/8] 127.0.0.1 () {34 vars in 519 bytes} [Mon Aug 17 18:22:12 2026] GET / => generated 1571 bytes in 2 msecs (HTTP/1.1 300) 3 headers in 106 bytes (1 switches on core 0)
Aug 17 18:22:12 devstack devstack@g-api.service[83851]: DEBUG glance.api.middleware.version_negotiation [None req-56eb59ee-8ba5-4df3-88f5-228a414caa87 admin admin] Determining version of request: GET /v2/images/d8062395-1deb-4b4b-87a4-477f600fddf0 Accept: */* {{(pid=83851) process_request /opt/stack/glance/glance/api/middleware/version_negotiation.py:44}}
Aug 17 18:22:12 devstack devstack@g-api.service[83851]: DEBUG glance.api.middleware.version_negotiation [None req-56eb59ee-8ba5-4df3-88f5-228a414caa87 admin admin] Using url versioning {{(pid=83851) process_request /opt/stack/glance/glance/api/middleware/version_negotiation.py:57}}
Aug 17 18:22:12 devstack devstack@g-api.service[83851]: DEBUG glance.api.middleware.version_negotiation [None req-56eb59ee-8ba5-4df3-88f5-228a414caa87 admin admin] Matched version: v2 {{(pid=83851) process_request /opt/stack/glance/glance/api/middleware/version_negotiation.py:69}}
Aug 17 18:22:12 devstack devstack@g-api.service[83851]: DEBUG glance.api.middleware.version_negotiation [None req-56eb59ee-8ba5-4df3-88f5-228a414caa87 admin admin] new path /v2/images/d8062395-1deb-4b4b-87a4-477f600fddf0 {{(pid=83851) process_request /opt/stack/glance/glance/api/middleware/version_negotiation.py:70}}
Aug 17 18:22:12 devstack devstack@g-api.service[83851]: [pid: 83851|app: 0|req: 4/9] 127.0.0.1 () {36 vars in 802 bytes} [Mon Aug 17 18:22:12 2026] GET /v2/images/d8062395-1deb-4b4b-87a4-477f600fddf0 => generated 976 bytes in 83 msecs (HTTP/1.1 200) 4 headers in 157 bytes (1 switches on core 0)
Aug 17 18:22:18 devstack devstack@g-api.service[83850]: DEBUG glance.api.middleware.version_negotiation [None req-c11fbfe1-5465-4478-813c-b9992e3e8ffc admin admin] Determining version of request: GET / Accept: application/json {{(pid=83850) process_request /opt/stack/glance/glance/api/middleware/version_negotiation.py:44}}
Aug 17 18:22:18 devstack devstack@g-api.service[83850]: DEBUG glance.api.middleware.version_negotiation [None req-c11fbfe1-5465-4478-813c-b9992e3e8ffc admin admin] Using url versioning {{(pid=83850) process_request /opt/stack/glance/glance/api/middleware/version_negotiation.py:57}}
Aug 17 18:22:18 devstack devstack@g-api.service[83850]: DEBUG glance.api.middleware.version_negotiation [None req-c11fbfe1-5465-4478-813c-b9992e3e8ffc admin admin] Unknown version. Returning version choices. {{(pid=83850) process_request /opt/stack/glance/glance/api/middleware/version_negotiation.py:64}}
Aug 17 18:22:18 devstack devstack@g-api.service[83850]: [pid: 83850|app: 0|req: 6/10] 127.0.0.1 () {34 vars in 519 bytes} [Mon Aug 17 18:22:18 2026] GET / => generated 1571 bytes in 2 msecs (HTTP/1.1 300) 3 headers in 106 bytes (1 switches on core 0)
Aug 17 18:22:18 devstack devstack@g-api.service[83851]: DEBUG glance.api.middleware.version_negotiation [None req-efaf2ee8-06e8-4e1e-a228-af117f53d288 admin admin] Determining version of request: GET /v2/images/d8062395-1deb-4b4b-87a4-477f600fddf0 Accept: */* {{(pid=83851) process_request /opt/stack/glance/glance/api/middleware/version_negotiation.py:44}}
Aug 17 18:22:18 devstack devstack@g-api.service[83851]: DEBUG glance.api.middleware.version_negotiation [None req-efaf2ee8-06e8-4e1e-a228-af117f53d288 admin admin] Using url versioning {{(pid=83851) process_request /opt/stack/glance/glance/api/middleware/version_negotiation.py:57}}
Aug 17 18:22:18 devstack devstack@g-api.service[83851]: DEBUG glance.api.middleware.version_negotiation [None req-efaf2ee8-06e8-4e1e-a228-af117f53d288 admin admin] Matched version: v2 {{(pid=83851) process_request /opt/stack/glance/glance/api/middleware/version_negotiation.py:69}}
Aug 17 18:22:18 devstack devstack@g-api.service[83851]: DEBUG glance.api.middleware.version_negotiation [None req-efaf2ee8-06e8-4e1e-a228-af117f53d288 admin admin] new path /v2/images/d8062395-1deb-4b4b-87a4-477f600fddf0 {{(pid=83851) process_request /opt/stack/glance/glance/api/middleware/version_negotiation.py:70}}
Aug 17 18:22:18 devstack devstack@g-api.service[83851]: [pid: 83851|app: 0|req: 5/11] 127.0.0.1 () {36 vars in 802 bytes} [Mon Aug 17 18:22:18 2026] GET /v2/images/d8062395-1deb-4b4b-87a4-477f600fddf0 => generated 976 bytes in 80 msecs (HTTP/1.1 200) 4 headers in 157 bytes (1 switches on core 0)
Aug 17 18:22:28 devstack devstack@g-api.service[83851]: DEBUG dbcounter [-] [83851] Writing DB stats glance:SELECT=5 {{(pid=83851) stat_writer /opt/stack/data/venv/lib/python3.12/site-packages/dbcounter.py:115}}
Aug 17 18:23:35 devstack devstack@g-api.service[83850]: DEBUG glance.api.middleware.version_negotiation [None req-c11fbfe1-5465-4478-813c-b9992e3e8ffc admin admin] Determining version of request: GET / Accept: application/json {{(pid=83850) process_request /opt/stack/glance/glance/api/middleware/version_negotiation.py:44}}
Aug 17 18:23:35 devstack devstack@g-api.service[83850]: DEBUG glance.api.middleware.version_negotiation [None req-c11fbfe1-5465-4478-813c-b9992e3e8ffc admin admin] Using url versioning {{(pid=83850) process_request /opt/stack/glance/glance/api/middleware/version_negotiation.py:57}}
Aug 17 18:23:35 devstack devstack@g-api.service[83850]: DEBUG glance.api.middleware.version_negotiation [None req-c11fbfe1-5465-4478-813c-b9992e3e8ffc admin admin] Unknown version. Returning version choices. {{(pid=83850) process_request /opt/stack/glance/glance/api/middleware/version_negotiation.py:64}}
Aug 17 18:23:35 devstack devstack@g-api.service[83850]: [pid: 83850|app: 0|req: 7/12] 127.0.0.1 () {36 vars in 488 bytes} [Mon Aug 17 18:23:35 2026] GET / => generated 1571 bytes in 3 msecs (HTTP/1.1 300) 3 headers in 106 bytes (1 switches on core 0)
Aug 17 18:26:34 devstack devstack@g-api.service[83851]: DEBUG glance.api.middleware.version_negotiation [None req-25a15f94-709f-4337-a3ea-0282d85bdcb8 admin admin] Determining version of request: GET / Accept: application/json {{(pid=83851) process_request /opt/stack/glance/glance/api/middleware/version_negotiation.py:44}}
Aug 17 18:26:34 devstack devstack@g-api.service[83851]: DEBUG glance.api.middleware.version_negotiation [None req-25a15f94-709f-4337-a3ea-0282d85bdcb8 admin admin] Using url versioning {{(pid=83851) process_request /opt/stack/glance/glance/api/middleware/version_negotiation.py:57}}
Aug 17 18:26:34 devstack devstack@g-api.service[83851]: DEBUG glance.api.middleware.version_negotiation [None req-25a15f94-709f-4337-a3ea-0282d85bdcb8 admin admin] Unknown version. Returning version choices. {{(pid=83851) process_request /opt/stack/glance/glance/api/middleware/version_negotiation.py:64}}
Aug 17 18:26:34 devstack devstack@g-api.service[83851]: [pid: 83851|app: 0|req: 6/13] 127.0.0.1 () {34 vars in 505 bytes} [Mon Aug 17 18:26:34 2026] GET / => generated 1571 bytes in 4 msecs (HTTP/1.1 300) 3 headers in 106 bytes (1 switches on core 0)
Aug 17 18:26:34 devstack devstack@g-api.service[83850]: DEBUG glance.api.middleware.version_negotiation [None req-c11fbfe1-5465-4478-813c-b9992e3e8ffc admin admin] Determining version of request: GET /v2/images/d8062395-1deb-4b4b-87a4-477f600fddf0 Accept: */* {{(pid=83850) process_request /opt/stack/glance/glance/api/middleware/version_negotiation.py:44}}
Aug 17 18:26:34 devstack devstack@g-api.service[83850]: DEBUG glance.api.middleware.version_negotiation [None req-c11fbfe1-5465-4478-813c-b9992e3e8ffc admin admin] Using url versioning {{(pid=83850) process_request /opt/stack/glance/glance/api/middleware/version_negotiation.py:57}}
Aug 17 18:26:34 devstack devstack@g-api.service[83850]: DEBUG glance.api.middleware.version_negotiation [None req-c11fbfe1-5465-4478-813c-b9992e3e8ffc admin admin] Matched version: v2 {{(pid=83850) process_request /opt/stack/glance/glance/api/middleware/version_negotiation.py:69}}
Aug 17 18:26:34 devstack devstack@g-api.service[83850]: DEBUG glance.api.middleware.version_negotiation [None req-c11fbfe1-5465-4478-813c-b9992e3e8ffc admin admin] new path /v2/images/d8062395-1deb-4b4b-87a4-477f600fddf0 {{(pid=83850) process_request /opt/stack/glance/glance/api/middleware/version_negotiation.py:70}}
Aug 17 18:26:34 devstack devstack@g-api.service[83850]: [pid: 83850|app: 0|req: 8/14] 127.0.0.1 () {42 vars in 1061 bytes} [Mon Aug 17 18:26:34 2026] GET /v2/images/d8062395-1deb-4b4b-87a4-477f600fddf0 => generated 976 bytes in 324 msecs (HTTP/1.1 200) 4 headers in 157 bytes (1 switches on core 0)
Aug 17 18:26:34 devstack devstack@g-api.service[83851]: DEBUG glance.api.middleware.version_negotiation [None req-25a15f94-709f-4337-a3ea-0282d85bdcb8 admin admin] Determining version of request: GET /v2/schemas/image Accept: */* {{(pid=83851) process_request /opt/stack/glance/glance/api/middleware/version_negotiation.py:44}}
Aug 17 18:26:34 devstack devstack@g-api.service[83851]: DEBUG glance.api.middleware.version_negotiation [None req-25a15f94-709f-4337-a3ea-0282d85bdcb8 admin admin] Using url versioning {{(pid=83851) process_request /opt/stack/glance/glance/api/middleware/version_negotiation.py:57}}
Aug 17 18:26:34 devstack devstack@g-api.service[83851]: DEBUG glance.api.middleware.version_negotiation [None req-25a15f94-709f-4337-a3ea-0282d85bdcb8 admin admin] Matched version: v2 {{(pid=83851) process_request /opt/stack/glance/glance/api/middleware/version_negotiation.py:69}}
Aug 17 18:26:34 devstack devstack@g-api.service[83851]: DEBUG glance.api.middleware.version_negotiation [None req-25a15f94-709f-4337-a3ea-0282d85bdcb8 admin admin] new path /v2/schemas/image {{(pid=83851) process_request /opt/stack/glance/glance/api/middleware/version_negotiation.py:70}}
Aug 17 18:26:34 devstack devstack@g-api.service[83851]: [pid: 83851|app: 0|req: 7/15] 127.0.0.1 () {42 vars in 1001 bytes} [Mon Aug 17 18:26:34 2026] GET /v2/schemas/image => generated 6083 bytes in 11 msecs (HTTP/1.1 200) 4 headers in 158 bytes (1 switches on core 0)
Aug 17 18:26:37 devstack devstack@g-api.service[83850]: DEBUG glance.api.middleware.version_negotiation [None req-301c1572-7337-4dde-a004-b37aac1d2348 tempest-DeleteServersTestJSON-1856866936 tempest-DeleteServersTestJSON-1856866936-project-member] Determining version of request: GET / Accept: application/json {{(pid=83850) process_request /opt/stack/glance/glance/api/middleware/version_negotiation.py:44}}
Aug 17 18:26:37 devstack devstack@g-api.service[83850]: DEBUG glance.api.middleware.version_negotiation [None req-301c1572-7337-4dde-a004-b37aac1d2348 tempest-DeleteServersTestJSON-1856866936 tempest-DeleteServersTestJSON-1856866936-project-member] Using url versioning {{(pid=83850) process_request /opt/stack/glance/glance/api/middleware/version_negotiation.py:57}}
Aug 17 18:26:37 devstack devstack@g-api.service[83850]: DEBUG glance.api.middleware.version_negotiation [None req-301c1572-7337-4dde-a004-b37aac1d2348 tempest-DeleteServersTestJSON-1856866936 tempest-DeleteServersTestJSON-1856866936-project-member] Unknown version. Returning version choices. {{(pid=83850) process_request /opt/stack/glance/glance/api/middleware/version_negotiation.py:64}}
Aug 17 18:26:37 devstack devstack@g-api.service[83850]: [pid: 83850|app: 0|req: 9/16] 127.0.0.1 () {34 vars in 505 bytes} [Mon Aug 17 18:26:37 2026] GET / => generated 1571 bytes in 5 msecs (HTTP/1.1 300) 3 headers in 106 bytes (1 switches on core 0)
Aug 17 18:26:37 devstack devstack@g-api.service[83851]: DEBUG glance.api.middleware.version_negotiation [None req-301c1572-7337-4dde-a004-b37aac1d2348 tempest-DeleteServersTestJSON-1856866936 tempest-DeleteServersTestJSON-1856866936-project-member] Determining version of request: GET /v2/images/d8062395-1deb-4b4b-87a4-477f600fddf0 Accept: */* {{(pid=83851) process_request /opt/stack/glance/glance/api/middleware/version_negotiation.py:44}}
Aug 17 18:26:37 devstack devstack@g-api.service[83851]: DEBUG glance.api.middleware.version_negotiation [None req-301c1572-7337-4dde-a004-b37aac1d2348 tempest-DeleteServersTestJSON-1856866936 tempest-DeleteServersTestJSON-1856866936-project-member] Using url versioning {{(pid=83851) process_request /opt/stack/glance/glance/api/middleware/version_negotiation.py:57}}
Aug 17 18:26:37 devstack devstack@g-api.service[83851]: DEBUG glance.api.middleware.version_negotiation [None req-301c1572-7337-4dde-a004-b37aac1d2348 tempest-DeleteServersTestJSON-1856866936 tempest-DeleteServersTestJSON-1856866936-project-member] Matched version: v2 {{(pid=83851) process_request /opt/stack/glance/glance/api/middleware/version_negotiation.py:69}}
Aug 17 18:26:37 devstack devstack@g-api.service[83851]: DEBUG glance.api.middleware.version_negotiation [None req-301c1572-7337-4dde-a004-b37aac1d2348 tempest-DeleteServersTestJSON-1856866936 tempest-DeleteServersTestJSON-1856866936-project-member] new path /v2/images/d8062395-1deb-4b4b-87a4-477f600fddf0 {{(pid=83851) process_request /opt/stack/glance/glance/api/middleware/version_negotiation.py:70}}
Aug 17 18:26:38 devstack devstack@g-api.service[83851]: [pid: 83851|app: 0|req: 8/17] 127.0.0.1 () {42 vars in 1061 bytes} [Mon Aug 17 18:26:37 2026] GET /v2/images/d8062395-1deb-4b4b-87a4-477f600fddf0 => generated 976 bytes in 274 msecs (HTTP/1.1 200) 4 headers in 157 bytes (1 switches on core 0)
Aug 17 18:26:38 devstack devstack@g-api.service[83850]: DEBUG glance.api.middleware.version_negotiation [None req-301c1572-7337-4dde-a004-b37aac1d2348 tempest-DeleteServersTestJSON-1856866936 tempest-DeleteServersTestJSON-1856866936-project-member] Determining version of request: GET /v2/schemas/image Accept: */* {{(pid=83850) process_request /opt/stack/glance/glance/api/middleware/version_negotiation.py:44}}
Aug 17 18:26:38 devstack devstack@g-api.service[83850]: DEBUG glance.api.middleware.version_negotiation [None req-301c1572-7337-4dde-a004-b37aac1d2348 tempest-DeleteServersTestJSON-1856866936 tempest-DeleteServersTestJSON-1856866936-project-member] Using url versioning {{(pid=83850) process_request /opt/stack/glance/glance/api/middleware/version_negotiation.py:57}}
Aug 17 18:26:38 devstack devstack@g-api.service[83850]: DEBUG glance.api.middleware.version_negotiation [None req-301c1572-7337-4dde-a004-b37aac1d2348 tempest-DeleteServersTestJSON-1856866936 tempest-DeleteServersTestJSON-1856866936-project-member] Matched version: v2 {{(pid=83850) process_request /opt/stack/glance/glance/api/middleware/version_negotiation.py:69}}
Aug 17 18:26:38 devstack devstack@g-api.service[83850]: DEBUG glance.api.middleware.version_negotiation [None req-301c1572-7337-4dde-a004-b37aac1d2348 tempest-DeleteServersTestJSON-1856866936 tempest-DeleteServersTestJSON-1856866936-project-member] new path /v2/schemas/image {{(pid=83850) process_request /opt/stack/glance/glance/api/middleware/version_negotiation.py:70}}
Aug 17 18:26:38 devstack devstack@g-api.service[83850]: [pid: 83850|app: 0|req: 10/18] 127.0.0.1 () {42 vars in 1001 bytes} [Mon Aug 17 18:26:38 2026] GET /v2/schemas/image => generated 6083 bytes in 10 msecs (HTTP/1.1 200) 4 headers in 158 bytes (1 switches on core 0)
Aug 17 18:26:44 devstack devstack@g-api.service[83850]: DEBUG dbcounter [-] [83850] Writing DB stats glance:SELECT=2 {{(pid=83850) stat_writer /opt/stack/data/venv/lib/python3.12/site-packages/dbcounter.py:115}}
Aug 17 18:26:46 devstack devstack@g-api.service[83851]: DEBUG glance.api.middleware.version_negotiation [None req-309e9115-11b1-4f3f-a794-64e39a626e7a tempest-ServerRescueNegativeTestJSON-687525849 tempest-ServerRescueNegativeTestJSON-687525849-project-member] Determining version of request: GET /v2/images/d8062395-1deb-4b4b-87a4-477f600fddf0 Accept: */* {{(pid=83851) process_request /opt/stack/glance/glance/api/middleware/version_negotiation.py:44}}
Aug 17 18:26:46 devstack devstack@g-api.service[83851]: DEBUG glance.api.middleware.version_negotiation [None req-309e9115-11b1-4f3f-a794-64e39a626e7a tempest-ServerRescueNegativeTestJSON-687525849 tempest-ServerRescueNegativeTestJSON-687525849-project-member] Using url versioning {{(pid=83851) process_request /opt/stack/glance/glance/api/middleware/version_negotiation.py:57}}
Aug 17 18:26:46 devstack devstack@g-api.service[83851]: DEBUG glance.api.middleware.version_negotiation [None req-309e9115-11b1-4f3f-a794-64e39a626e7a tempest-ServerRescueNegativeTestJSON-687525849 tempest-ServerRescueNegativeTestJSON-687525849-project-member] Matched version: v2 {{(pid=83851) process_request /opt/stack/glance/glance/api/middleware/version_negotiation.py:69}}
Aug 17 18:26:46 devstack devstack@g-api.service[83851]: DEBUG glance.api.middleware.version_negotiation [None req-309e9115-11b1-4f3f-a794-64e39a626e7a tempest-ServerRescueNegativeTestJSON-687525849 tempest-ServerRescueNegativeTestJSON-687525849-project-member] new path /v2/images/d8062395-1deb-4b4b-87a4-477f600fddf0 {{(pid=83851) process_request /opt/stack/glance/glance/api/middleware/version_negotiation.py:70}}
Aug 17 18:26:46 devstack devstack@g-api.service[83851]: [pid: 83851|app: 0|req: 9/19] 127.0.0.1 () {42 vars in 1061 bytes} [Mon Aug 17 18:26:46 2026] GET /v2/images/d8062395-1deb-4b4b-87a4-477f600fddf0 => generated 976 bytes in 48 msecs (HTTP/1.1 200) 4 headers in 157 bytes (1 switches on core 0)
Aug 17 18:26:46 devstack devstack@g-api.service[83850]: DEBUG glance.api.middleware.version_negotiation [None req-309e9115-11b1-4f3f-a794-64e39a626e7a tempest-ServerRescueNegativeTestJSON-687525849 tempest-ServerRescueNegativeTestJSON-687525849-project-member] Determining version of request: GET /v2/schemas/image Accept: */* {{(pid=83850) process_request /opt/stack/glance/glance/api/middleware/version_negotiation.py:44}}
Aug 17 18:26:46 devstack devstack@g-api.service[83850]: DEBUG glance.api.middleware.version_negotiation [None req-309e9115-11b1-4f3f-a794-64e39a626e7a tempest-ServerRescueNegativeTestJSON-687525849 tempest-ServerRescueNegativeTestJSON-687525849-project-member] Using url versioning {{(pid=83850) process_request /opt/stack/glance/glance/api/middleware/version_negotiation.py:57}}
Aug 17 18:26:46 devstack devstack@g-api.service[83850]: DEBUG glance.api.middleware.version_negotiation [None req-309e9115-11b1-4f3f-a794-64e39a626e7a tempest-ServerRescueNegativeTestJSON-687525849 tempest-ServerRescueNegativeTestJSON-687525849-project-member] Matched version: v2 {{(pid=83850) process_request /opt/stack/glance/glance/api/middleware/version_negotiation.py:69}}
Aug 17 18:26:46 devstack devstack@g-api.service[83850]: DEBUG glance.api.middleware.version_negotiation [None req-309e9115-11b1-4f3f-a794-64e39a626e7a tempest-ServerRescueNegativeTestJSON-687525849 tempest-ServerRescueNegativeTestJSON-687525849-project-member] new path /v2/schemas/image {{(pid=83850) process_request /opt/stack/glance/glance/api/middleware/version_negotiation.py:70}}
Aug 17 18:26:46 devstack devstack@g-api.service[83850]: [pid: 83850|app: 0|req: 11/20] 127.0.0.1 () {42 vars in 1001 bytes} [Mon Aug 17 18:26:46 2026] GET /v2/schemas/image => generated 6083 bytes in 11 msecs (HTTP/1.1 200) 4 headers in 158 bytes (1 switches on core 0)
Aug 17 18:26:50 devstack devstack@g-api.service[83851]: DEBUG glance.api.middleware.version_negotiation [None req-0831c883-8da3-455a-9a2c-9bd3cbc5deaa tempest-ServerRescueNegativeTestJSON-687525849 tempest-ServerRescueNegativeTestJSON-687525849-project-member] Determining version of request: GET /v2/images/d8062395-1deb-4b4b-87a4-477f600fddf0 Accept: */* {{(pid=83851) process_request /opt/stack/glance/glance/api/middleware/version_negotiation.py:44}}
Aug 17 18:26:50 devstack devstack@g-api.service[83851]: DEBUG glance.api.middleware.version_negotiation [None req-0831c883-8da3-455a-9a2c-9bd3cbc5deaa tempest-ServerRescueNegativeTestJSON-687525849 tempest-ServerRescueNegativeTestJSON-687525849-project-member] Using url versioning {{(pid=83851) process_request /opt/stack/glance/glance/api/middleware/version_negotiation.py:57}}
Aug 17 18:26:50 devstack devstack@g-api.service[83851]: DEBUG glance.api.middleware.version_negotiation [None req-0831c883-8da3-455a-9a2c-9bd3cbc5deaa tempest-ServerRescueNegativeTestJSON-687525849 tempest-ServerRescueNegativeTestJSON-687525849-project-member] Matched version: v2 {{(pid=83851) process_request /opt/stack/glance/glance/api/middleware/version_negotiation.py:69}}
Aug 17 18:26:50 devstack devstack@g-api.service[83851]: DEBUG glance.api.middleware.version_negotiation [None req-0831c883-8da3-455a-9a2c-9bd3cbc5deaa tempest-ServerRescueNegativeTestJSON-687525849 tempest-ServerRescueNegativeTestJSON-687525849-project-member] new path /v2/images/d8062395-1deb-4b4b-87a4-477f600fddf0 {{(pid=83851) process_request /opt/stack/glance/glance/api/middleware/version_negotiation.py:70}}
Aug 17 18:26:50 devstack devstack@g-api.service[83851]: [pid: 83851|app: 0|req: 10/21] 127.0.0.1 () {42 vars in 1061 bytes} [Mon Aug 17 18:26:50 2026] GET /v2/images/d8062395-1deb-4b4b-87a4-477f600fddf0 => generated 976 bytes in 347 msecs (HTTP/1.1 200) 4 headers in 157 bytes (1 switches on core 0)
Aug 17 18:26:50 devstack devstack@g-api.service[83850]: DEBUG glance.api.middleware.version_negotiation [None req-0831c883-8da3-455a-9a2c-9bd3cbc5deaa tempest-ServerRescueNegativeTestJSON-687525849 tempest-ServerRescueNegativeTestJSON-687525849-project-member] Determining version of request: GET /v2/images/d8062395-1deb-4b4b-87a4-477f600fddf0/file Accept: */* {{(pid=83850) process_request /opt/stack/glance/glance/api/middleware/version_negotiation.py:44}}
Aug 17 18:26:50 devstack devstack@g-api.service[83850]: DEBUG glance.api.middleware.version_negotiation [None req-0831c883-8da3-455a-9a2c-9bd3cbc5deaa tempest-ServerRescueNegativeTestJSON-687525849 tempest-ServerRescueNegativeTestJSON-687525849-project-member] Using url versioning {{(pid=83850) process_request /opt/stack/glance/glance/api/middleware/version_negotiation.py:57}}
Aug 17 18:26:50 devstack devstack@g-api.service[83850]: DEBUG glance.api.middleware.version_negotiation [None req-0831c883-8da3-455a-9a2c-9bd3cbc5deaa tempest-ServerRescueNegativeTestJSON-687525849 tempest-ServerRescueNegativeTestJSON-687525849-project-member] Matched version: v2 {{(pid=83850) process_request /opt/stack/glance/glance/api/middleware/version_negotiation.py:69}}
Aug 17 18:26:50 devstack devstack@g-api.service[83850]: DEBUG glance.api.middleware.version_negotiation [None req-0831c883-8da3-455a-9a2c-9bd3cbc5deaa tempest-ServerRescueNegativeTestJSON-687525849 tempest-ServerRescueNegativeTestJSON-687525849-project-member] new path /v2/images/d8062395-1deb-4b4b-87a4-477f600fddf0/file {{(pid=83850) process_request /opt/stack/glance/glance/api/middleware/version_negotiation.py:70}}
Aug 17 18:26:50 devstack devstack@g-api.service[83850]: DEBUG glance_store._drivers.filesystem [None req-301c1572-7337-4dde-a004-b37aac1d2348 tempest-DeleteServersTestJSON-1856866936 tempest-DeleteServersTestJSON-1856866936-project-member] Found image at /opt/stack/data/glance/images/d8062395-1deb-4b4b-87a4-477f600fddf0. Returning in ChunkedFile. {{(pid=83850) get /opt/stack/data/venv/lib/python3.12/site-packages/glance_store/_drivers/filesystem.py:724}}
Aug 17 18:26:50 devstack devstack@g-api.service[83850]: DEBUG glance.image_cache [None req-301c1572-7337-4dde-a004-b37aac1d2348 tempest-DeleteServersTestJSON-1856866936 tempest-DeleteServersTestJSON-1856866936-project-member] Tee'ing image 'd8062395-1deb-4b4b-87a4-477f600fddf0' into cache {{(pid=83850) get_caching_iter /opt/stack/glance/glance/image_cache/__init__.py:356}}
Aug 17 18:26:51 devstack devstack@g-api.service[83850]: DEBUG glance.image_cache.drivers.centralized_db [None req-301c1572-7337-4dde-a004-b37aac1d2348 tempest-DeleteServersTestJSON-1856866936 tempest-DeleteServersTestJSON-1856866936-project-member] Fetch finished, moving '/opt/stack/data/glance/cache/incomplete/d8062395-1deb-4b4b-87a4-477f600fddf0' to '/opt/stack/data/glance/cache/d8062395-1deb-4b4b-87a4-477f600fddf0' {{(pid=83850) commit /opt/stack/glance/glance/image_cache/drivers/centralized_db.py:243}}
Aug 17 18:26:51 devstack devstack@g-api.service[83850]: DEBUG glance.image_cache.drivers.centralized_db [None req-301c1572-7337-4dde-a004-b37aac1d2348 tempest-DeleteServersTestJSON-1856866936 tempest-DeleteServersTestJSON-1856866936-project-member] Image cached successfully. {{(pid=83850) commit /opt/stack/glance/glance/image_cache/drivers/centralized_db.py:258}}
Aug 17 18:26:51 devstack devstack@g-api.service[83850]: [pid: 83850|app: 0|req: 12/22] 127.0.0.1 () {42 vars in 1071 bytes} [Mon Aug 17 18:26:50 2026] GET /v2/images/d8062395-1deb-4b4b-87a4-477f600fddf0/file => generated 21692416 bytes in 607 msecs (HTTP/1.1 200) 4 headers in 191 bytes (335 switches on core 0)
Aug 17 18:26:51 devstack devstack@g-api.service[83851]: DEBUG glance.api.middleware.version_negotiation [None req-301c1572-7337-4dde-a004-b37aac1d2348 tempest-DeleteServersTestJSON-1856866936 tempest-DeleteServersTestJSON-1856866936-project-member] Determining version of request: GET /v2/images/d8062395-1deb-4b4b-87a4-477f600fddf0 Accept: */* {{(pid=83851) process_request /opt/stack/glance/glance/api/middleware/version_negotiation.py:44}}
Aug 17 18:26:51 devstack devstack@g-api.service[83851]: DEBUG glance.api.middleware.version_negotiation [None req-301c1572-7337-4dde-a004-b37aac1d2348 tempest-DeleteServersTestJSON-1856866936 tempest-DeleteServersTestJSON-1856866936-project-member] Using url versioning {{(pid=83851) process_request /opt/stack/glance/glance/api/middleware/version_negotiation.py:57}}
Aug 17 18:26:51 devstack devstack@g-api.service[83851]: DEBUG glance.api.middleware.version_negotiation [None req-301c1572-7337-4dde-a004-b37aac1d2348 tempest-DeleteServersTestJSON-1856866936 tempest-DeleteServersTestJSON-1856866936-project-member] Matched version: v2 {{(pid=83851) process_request /opt/stack/glance/glance/api/middleware/version_negotiation.py:69}}
Aug 17 18:26:51 devstack devstack@g-api.service[83851]: DEBUG glance.api.middleware.version_negotiation [None req-301c1572-7337-4dde-a004-b37aac1d2348 tempest-DeleteServersTestJSON-1856866936 tempest-DeleteServersTestJSON-1856866936-project-member] new path /v2/images/d8062395-1deb-4b4b-87a4-477f600fddf0 {{(pid=83851) process_request /opt/stack/glance/glance/api/middleware/version_negotiation.py:70}}
Aug 17 18:26:51 devstack devstack@g-api.service[83851]: [pid: 83851|app: 0|req: 11/23] 127.0.0.1 () {42 vars in 1061 bytes} [Mon Aug 17 18:26:51 2026] GET /v2/images/d8062395-1deb-4b4b-87a4-477f600fddf0 => generated 976 bytes in 31 msecs (HTTP/1.1 200) 4 headers in 157 bytes (1 switches on core 0)
Aug 17 18:26:51 devstack devstack@g-api.service[83850]: DEBUG glance.api.middleware.version_negotiation [None req-301c1572-7337-4dde-a004-b37aac1d2348 tempest-DeleteServersTestJSON-1856866936 tempest-DeleteServersTestJSON-1856866936-project-member] Determining version of request: GET /v2/schemas/image Accept: */* {{(pid=83850) process_request /opt/stack/glance/glance/api/middleware/version_negotiation.py:44}}
Aug 17 18:26:51 devstack devstack@g-api.service[83850]: DEBUG glance.api.middleware.version_negotiation [None req-301c1572-7337-4dde-a004-b37aac1d2348 tempest-DeleteServersTestJSON-1856866936 tempest-DeleteServersTestJSON-1856866936-project-member] Using url versioning {{(pid=83850) process_request /opt/stack/glance/glance/api/middleware/version_negotiation.py:57}}
Aug 17 18:26:51 devstack devstack@g-api.service[83850]: DEBUG glance.api.middleware.version_negotiation [None req-301c1572-7337-4dde-a004-b37aac1d2348 tempest-DeleteServersTestJSON-1856866936 tempest-DeleteServersTestJSON-1856866936-project-member] Matched version: v2 {{(pid=83850) process_request /opt/stack/glance/glance/api/middleware/version_negotiation.py:69}}
