Jun 17 04:37:57 devstack devstack@c-api.service[91767]: DEBUG cinder.api.openstack.wsgi [req-af0d5983-15f6-4821-b795-ad206e86ab31 req-63104d9f-8307-4d82-94b1-10f81d0fba3e tempest-TaggedAttachmentsTest-658082151 tempest-TaggedAttachmentsTest-658082151-project-member] Action body: b'{"os-complete": null}' {{(pid=91767) get_method /opt/stack/cinder/cinder/api/openstack/wsgi.py:993}}
Jun 17 04:37:57 devstack devstack@c-api.service[91767]: DEBUG cinder.api.openstack.wsgi [req-af0d5983-15f6-4821-b795-ad206e86ab31 req-63104d9f-8307-4d82-94b1-10f81d0fba3e tempest-TaggedAttachmentsTest-658082151 tempest-TaggedAttachmentsTest-658082151-project-member] Action: 'action', calling method: complete, body: {"os-complete": null} {{(pid=91767) _process_stack /opt/stack/cinder/cinder/api/openstack/wsgi.py:876}}
Jun 17 04:37:57 devstack devstack@c-api.service[91767]: /opt/stack/data/venv/lib/python3.12/site-packages/oslo_context/context.py:101: DeprecationWarning: Policy enforcement is depending on the value of is_admin. This key is deprecated. Please update your policy file to use the standard policy values.
Jun 17 04:37:57 devstack devstack@c-api.service[91767]: warnings.warn(
Jun 17 04:37:57 devstack devstack@c-api.service[91767]: INFO cinder.api.openstack.wsgi [req-af0d5983-15f6-4821-b795-ad206e86ab31 req-63104d9f-8307-4d82-94b1-10f81d0fba3e tempest-TaggedAttachmentsTest-658082151 tempest-TaggedAttachmentsTest-658082151-project-member] http://192.168.122.240/volume/v3/attachments/1cce6cf8-fde0-4ddd-901c-06ca8773fd19/action returned with HTTP 204
Jun 17 04:37:57 devstack devstack@c-api.service[91767]: [pid: 91767|app: 0|req: 82/166] 192.168.122.240 () {66 vars in 1614 bytes} [Wed Jun 17 04:37:57 2026] POST /volume/v3/attachments/1cce6cf8-fde0-4ddd-901c-06ca8773fd19/action => generated 0 bytes in 132 msecs (HTTP/1.1 204) 7 headers in 292 bytes (2 switches on core 0)
Jun 17 04:37:57 devstack devstack@c-api.service[91766]: DEBUG cinder.api.middleware.request_id [None req-5335b850-57cc-43b8-a080-c167c3628385 None None] RequestId filter calling following filter/app {{(pid=91766) _context_setter /opt/stack/cinder/cinder/api/middleware/request_id.py:62}}
Jun 17 04:37:57 devstack devstack@c-api.service[91766]: INFO cinder.api.openstack.wsgi [None req-5335b850-57cc-43b8-a080-c167c3628385 tempest-GroupSnapshotsTest-2072112239 tempest-GroupSnapshotsTest-2072112239-project-member] GET http://192.168.122.240/volume/v3/snapshots/4663a6de-8a4e-43df-94c9-8938197055b8
Jun 17 04:37:57 devstack devstack@c-api.service[91766]: DEBUG cinder.api.openstack.wsgi [None req-5335b850-57cc-43b8-a080-c167c3628385 tempest-GroupSnapshotsTest-2072112239 tempest-GroupSnapshotsTest-2072112239-project-member] Empty body provided in request {{(pid=91766) get_body /opt/stack/cinder/cinder/api/openstack/wsgi.py:725}}
Jun 17 04:37:57 devstack devstack@c-api.service[91766]: DEBUG cinder.api.openstack.wsgi [None req-5335b850-57cc-43b8-a080-c167c3628385 tempest-GroupSnapshotsTest-2072112239 tempest-GroupSnapshotsTest-2072112239-project-member] Calling method 'show' {{(pid=91766) _process_stack /opt/stack/cinder/cinder/api/openstack/wsgi.py:878}}
Jun 17 04:37:57 devstack devstack@c-api.service[91766]: /opt/stack/data/venv/lib/python3.12/site-packages/oslo_context/context.py:101: DeprecationWarning: Policy enforcement is depending on the value of is_admin. This key is deprecated. Please update your policy file to use the standard policy values.
Jun 17 04:37:57 devstack devstack@c-api.service[91766]: warnings.warn(
Jun 17 04:37:57 devstack devstack@c-api.service[91766]: INFO cinder.volume.api [None req-5335b850-57cc-43b8-a080-c167c3628385 tempest-GroupSnapshotsTest-2072112239 tempest-GroupSnapshotsTest-2072112239-project-member] Snapshot retrieved successfully.
Jun 17 04:37:57 devstack devstack@c-api.service[91766]: INFO cinder.api.openstack.wsgi [None req-5335b850-57cc-43b8-a080-c167c3628385 tempest-GroupSnapshotsTest-2072112239 tempest-GroupSnapshotsTest-2072112239-project-member] http://192.168.122.240/volume/v3/snapshots/4663a6de-8a4e-43df-94c9-8938197055b8 returned with HTTP 200
Jun 17 04:37:57 devstack devstack@c-api.service[91766]: [pid: 91766|app: 0|req: 85/167] 192.168.122.240 () {58 vars in 1238 bytes} [Wed Jun 17 04:37:57 2026] GET /volume/v3/snapshots/4663a6de-8a4e-43df-94c9-8938197055b8 => generated 449 bytes in 41 msecs (HTTP/1.1 200) 7 headers in 285 bytes (1 switches on core 0)
Jun 17 04:37:57 devstack devstack@c-api.service[91767]: DEBUG cinder.api.middleware.request_id [None req-a6240a18-09d0-467b-b882-d1e8348bd826 None None] RequestId filter calling following filter/app {{(pid=91767) _context_setter /opt/stack/cinder/cinder/api/middleware/request_id.py:62}}
Jun 17 04:37:57 devstack devstack@c-api.service[91767]: INFO cinder.api.openstack.wsgi [None req-a6240a18-09d0-467b-b882-d1e8348bd826 tempest-TaggedAttachmentsTest-658082151 tempest-TaggedAttachmentsTest-658082151-project-member] GET http://192.168.122.240/volume/v3/volumes/846d0cdb-7c70-4c34-97aa-f7bef6b0f570
Jun 17 04:37:57 devstack devstack@c-api.service[91767]: DEBUG cinder.api.openstack.wsgi [None req-a6240a18-09d0-467b-b882-d1e8348bd826 tempest-TaggedAttachmentsTest-658082151 tempest-TaggedAttachmentsTest-658082151-project-member] Empty body provided in request {{(pid=91767) get_body /opt/stack/cinder/cinder/api/openstack/wsgi.py:725}}
Jun 17 04:37:57 devstack devstack@c-api.service[91767]: DEBUG cinder.api.openstack.wsgi [None req-a6240a18-09d0-467b-b882-d1e8348bd826 tempest-TaggedAttachmentsTest-658082151 tempest-TaggedAttachmentsTest-658082151-project-member] Calling method 'show' {{(pid=91767) _process_stack /opt/stack/cinder/cinder/api/openstack/wsgi.py:878}}
Jun 17 04:37:57 devstack devstack@c-api.service[91767]: /opt/stack/data/venv/lib/python3.12/site-packages/oslo_context/context.py:101: DeprecationWarning: Policy enforcement is depending on the value of is_admin. This key is deprecated. Please update your policy file to use the standard policy values.
Jun 17 04:37:57 devstack devstack@c-api.service[91767]: warnings.warn(
Jun 17 04:37:57 devstack devstack@c-api.service[91767]: INFO cinder.volume.api [None req-a6240a18-09d0-467b-b882-d1e8348bd826 tempest-TaggedAttachmentsTest-658082151 tempest-TaggedAttachmentsTest-658082151-project-member] Volume info retrieved successfully.
Jun 17 04:37:57 devstack devstack@c-api.service[91767]: INFO cinder.api.openstack.wsgi [None req-a6240a18-09d0-467b-b882-d1e8348bd826 tempest-TaggedAttachmentsTest-658082151 tempest-TaggedAttachmentsTest-658082151-project-member] http://192.168.122.240/volume/v3/volumes/846d0cdb-7c70-4c34-97aa-f7bef6b0f570 returned with HTTP 200
Jun 17 04:37:57 devstack devstack@c-api.service[91767]: [pid: 91767|app: 0|req: 83/168] 192.168.122.240 () {58 vars in 1232 bytes} [Wed Jun 17 04:37:57 2026] GET /volume/v3/volumes/846d0cdb-7c70-4c34-97aa-f7bef6b0f570 => generated 1146 bytes in 66 msecs (HTTP/1.1 200) 7 headers in 286 bytes (1 switches on core 0)
Jun 17 04:37:58 devstack devstack@c-api.service[91766]: DEBUG cinder.api.middleware.request_id [None req-1386b645-0e7f-4586-aa66-19ea3decb0c6 None None] RequestId filter calling following filter/app {{(pid=91766) _context_setter /opt/stack/cinder/cinder/api/middleware/request_id.py:62}}
Jun 17 04:37:58 devstack devstack@c-api.service[91766]: INFO cinder.api.openstack.wsgi [None req-1386b645-0e7f-4586-aa66-19ea3decb0c6 tempest-TaggedAttachmentsTest-658082151 tempest-TaggedAttachmentsTest-658082151-project-member] GET http://192.168.122.240/volume/v3/volumes/846d0cdb-7c70-4c34-97aa-f7bef6b0f570
Jun 17 04:37:58 devstack devstack@c-api.service[91766]: DEBUG cinder.api.openstack.wsgi [None req-1386b645-0e7f-4586-aa66-19ea3decb0c6 tempest-TaggedAttachmentsTest-658082151 tempest-TaggedAttachmentsTest-658082151-project-member] Empty body provided in request {{(pid=91766) get_body /opt/stack/cinder/cinder/api/openstack/wsgi.py:725}}
Jun 17 04:37:58 devstack devstack@c-api.service[91766]: DEBUG cinder.api.openstack.wsgi [None req-1386b645-0e7f-4586-aa66-19ea3decb0c6 tempest-TaggedAttachmentsTest-658082151 tempest-TaggedAttachmentsTest-658082151-project-member] Calling method 'show' {{(pid=91766) _process_stack /opt/stack/cinder/cinder/api/openstack/wsgi.py:878}}
Jun 17 04:37:58 devstack devstack@c-api.service[91766]: /opt/stack/data/venv/lib/python3.12/site-packages/oslo_context/context.py:101: DeprecationWarning: Policy enforcement is depending on the value of is_admin. This key is deprecated. Please update your policy file to use the standard policy values.
Jun 17 04:37:58 devstack devstack@c-api.service[91766]: warnings.warn(
Jun 17 04:37:58 devstack devstack@c-api.service[91766]: INFO cinder.volume.api [None req-1386b645-0e7f-4586-aa66-19ea3decb0c6 tempest-TaggedAttachmentsTest-658082151 tempest-TaggedAttachmentsTest-658082151-project-member] Volume info retrieved successfully.
Jun 17 04:37:58 devstack devstack@c-api.service[91766]: INFO cinder.api.openstack.wsgi [None req-1386b645-0e7f-4586-aa66-19ea3decb0c6 tempest-TaggedAttachmentsTest-658082151 tempest-TaggedAttachmentsTest-658082151-project-member] http://192.168.122.240/volume/v3/volumes/846d0cdb-7c70-4c34-97aa-f7bef6b0f570 returned with HTTP 200
Jun 17 04:37:58 devstack devstack@c-api.service[91766]: [pid: 91766|app: 0|req: 86/169] 192.168.122.240 () {58 vars in 1232 bytes} [Wed Jun 17 04:37:58 2026] GET /volume/v3/volumes/846d0cdb-7c70-4c34-97aa-f7bef6b0f570 => generated 1146 bytes in 79 msecs (HTTP/1.1 200) 7 headers in 286 bytes (1 switches on core 0)
Jun 17 04:37:58 devstack devstack@c-api.service[91767]: DEBUG cinder.api.middleware.request_id [None req-d44ad08c-14f7-4aca-a2f8-b65b6395abd9 None None] RequestId filter calling following filter/app {{(pid=91767) _context_setter /opt/stack/cinder/cinder/api/middleware/request_id.py:62}}
Jun 17 04:37:58 devstack devstack@c-api.service[91767]: INFO cinder.api.openstack.wsgi [None req-d44ad08c-14f7-4aca-a2f8-b65b6395abd9 tempest-GroupSnapshotsTest-2072112239 tempest-GroupSnapshotsTest-2072112239-project-member] GET http://192.168.122.240/volume/v3/snapshots/4663a6de-8a4e-43df-94c9-8938197055b8
Jun 17 04:37:58 devstack devstack@c-api.service[91767]: DEBUG cinder.api.openstack.wsgi [None req-d44ad08c-14f7-4aca-a2f8-b65b6395abd9 tempest-GroupSnapshotsTest-2072112239 tempest-GroupSnapshotsTest-2072112239-project-member] Empty body provided in request {{(pid=91767) get_body /opt/stack/cinder/cinder/api/openstack/wsgi.py:725}}
Jun 17 04:37:58 devstack devstack@c-api.service[91767]: DEBUG cinder.api.openstack.wsgi [None req-d44ad08c-14f7-4aca-a2f8-b65b6395abd9 tempest-GroupSnapshotsTest-2072112239 tempest-GroupSnapshotsTest-2072112239-project-member] Calling method 'show' {{(pid=91767) _process_stack /opt/stack/cinder/cinder/api/openstack/wsgi.py:878}}
Jun 17 04:37:58 devstack devstack@c-api.service[91767]: /opt/stack/data/venv/lib/python3.12/site-packages/oslo_context/context.py:101: DeprecationWarning: Policy enforcement is depending on the value of is_admin. This key is deprecated. Please update your policy file to use the standard policy values.
Jun 17 04:37:58 devstack devstack@c-api.service[91767]: warnings.warn(
Jun 17 04:37:58 devstack devstack@c-api.service[91767]: INFO cinder.volume.api [None req-d44ad08c-14f7-4aca-a2f8-b65b6395abd9 tempest-GroupSnapshotsTest-2072112239 tempest-GroupSnapshotsTest-2072112239-project-member] Snapshot retrieved successfully.
Jun 17 04:37:58 devstack devstack@c-api.service[91767]: INFO cinder.api.openstack.wsgi [None req-d44ad08c-14f7-4aca-a2f8-b65b6395abd9 tempest-GroupSnapshotsTest-2072112239 tempest-GroupSnapshotsTest-2072112239-project-member] http://192.168.122.240/volume/v3/snapshots/4663a6de-8a4e-43df-94c9-8938197055b8 returned with HTTP 200
Jun 17 04:37:58 devstack devstack@c-api.service[91767]: [pid: 91767|app: 0|req: 84/170] 192.168.122.240 () {58 vars in 1238 bytes} [Wed Jun 17 04:37:58 2026] GET /volume/v3/snapshots/4663a6de-8a4e-43df-94c9-8938197055b8 => generated 449 bytes in 49 msecs (HTTP/1.1 200) 7 headers in 285 bytes (1 switches on core 0)
Jun 17 04:37:59 devstack devstack@c-api.service[91766]: DEBUG cinder.api.middleware.request_id [req-365ef2b2-c0a7-4a11-a5b5-fa55d8bcfd54 req-19c4c361-e343-4558-9c8c-617e087c2375 None None] RequestId filter calling following filter/app {{(pid=91766) _context_setter /opt/stack/cinder/cinder/api/middleware/request_id.py:62}}
Jun 17 04:37:59 devstack devstack@c-api.service[91766]: INFO cinder.api.openstack.wsgi [req-365ef2b2-c0a7-4a11-a5b5-fa55d8bcfd54 req-19c4c361-e343-4558-9c8c-617e087c2375 tempest-TaggedAttachmentsTest-658082151 tempest-TaggedAttachmentsTest-658082151-project-member] GET http://192.168.122.240/volume/v3/volumes/846d0cdb-7c70-4c34-97aa-f7bef6b0f570
Jun 17 04:37:59 devstack devstack@c-api.service[91766]: DEBUG cinder.api.openstack.wsgi [req-365ef2b2-c0a7-4a11-a5b5-fa55d8bcfd54 req-19c4c361-e343-4558-9c8c-617e087c2375 tempest-TaggedAttachmentsTest-658082151 tempest-TaggedAttachmentsTest-658082151-project-member] Empty body provided in request {{(pid=91766) get_body /opt/stack/cinder/cinder/api/openstack/wsgi.py:725}}
Jun 17 04:37:59 devstack devstack@c-api.service[91766]: DEBUG cinder.api.openstack.wsgi [req-365ef2b2-c0a7-4a11-a5b5-fa55d8bcfd54 req-19c4c361-e343-4558-9c8c-617e087c2375 tempest-TaggedAttachmentsTest-658082151 tempest-TaggedAttachmentsTest-658082151-project-member] Calling method 'show' {{(pid=91766) _process_stack /opt/stack/cinder/cinder/api/openstack/wsgi.py:878}}
Jun 17 04:37:59 devstack devstack@c-api.service[91766]: /opt/stack/data/venv/lib/python3.12/site-packages/oslo_context/context.py:101: DeprecationWarning: Policy enforcement is depending on the value of is_admin. This key is deprecated. Please update your policy file to use the standard policy values.
Jun 17 04:37:59 devstack devstack@c-api.service[91766]: warnings.warn(
Jun 17 04:37:59 devstack devstack@c-api.service[91766]: INFO cinder.volume.api [req-365ef2b2-c0a7-4a11-a5b5-fa55d8bcfd54 req-19c4c361-e343-4558-9c8c-617e087c2375 tempest-TaggedAttachmentsTest-658082151 tempest-TaggedAttachmentsTest-658082151-project-member] Volume info retrieved successfully.
Jun 17 04:37:59 devstack devstack@c-api.service[91766]: INFO cinder.api.openstack.wsgi [req-365ef2b2-c0a7-4a11-a5b5-fa55d8bcfd54 req-19c4c361-e343-4558-9c8c-617e087c2375 tempest-TaggedAttachmentsTest-658082151 tempest-TaggedAttachmentsTest-658082151-project-member] http://192.168.122.240/volume/v3/volumes/846d0cdb-7c70-4c34-97aa-f7bef6b0f570 returned with HTTP 200
Jun 17 04:37:59 devstack devstack@c-api.service[91766]: [pid: 91766|app: 0|req: 87/171] 192.168.122.240 () {60 vars in 1487 bytes} [Wed Jun 17 04:37:59 2026] GET /volume/v3/volumes/846d0cdb-7c70-4c34-97aa-f7bef6b0f570 => generated 1146 bytes in 79 msecs (HTTP/1.1 200) 7 headers in 286 bytes (1 switches on core 0)
Jun 17 04:37:59 devstack devstack@c-api.service[91767]: DEBUG cinder.api.middleware.request_id [req-365ef2b2-c0a7-4a11-a5b5-fa55d8bcfd54 req-12c8f978-74b1-436a-bc7d-b398a8706e50 None None] RequestId filter calling following filter/app {{(pid=91767) _context_setter /opt/stack/cinder/cinder/api/middleware/request_id.py:62}}
Jun 17 04:37:59 devstack devstack@c-api.service[91767]: INFO cinder.api.openstack.wsgi [req-365ef2b2-c0a7-4a11-a5b5-fa55d8bcfd54 req-12c8f978-74b1-436a-bc7d-b398a8706e50 tempest-TaggedAttachmentsTest-658082151 tempest-TaggedAttachmentsTest-658082151-project-member] POST http://192.168.122.240/volume/v3/volumes/846d0cdb-7c70-4c34-97aa-f7bef6b0f570/action
Jun 17 04:37:59 devstack devstack@c-api.service[91767]: DEBUG cinder.api.openstack.wsgi [req-365ef2b2-c0a7-4a11-a5b5-fa55d8bcfd54 req-12c8f978-74b1-436a-bc7d-b398a8706e50 tempest-TaggedAttachmentsTest-658082151 tempest-TaggedAttachmentsTest-658082151-project-member] Action body: b'{"os-begin_detaching": null}' {{(pid=91767) get_method /opt/stack/cinder/cinder/api/openstack/wsgi.py:993}}
Jun 17 04:37:59 devstack devstack@c-api.service[91767]: DEBUG cinder.api.openstack.wsgi [req-365ef2b2-c0a7-4a11-a5b5-fa55d8bcfd54 req-12c8f978-74b1-436a-bc7d-b398a8706e50 tempest-TaggedAttachmentsTest-658082151 tempest-TaggedAttachmentsTest-658082151-project-member] Action: 'action', calling method: _begin_detaching, body: {"os-begin_detaching": null} {{(pid=91767) _process_stack /opt/stack/cinder/cinder/api/openstack/wsgi.py:876}}
Jun 17 04:37:59 devstack devstack@c-api.service[91767]: /opt/stack/data/venv/lib/python3.12/site-packages/oslo_context/context.py:101: DeprecationWarning: Policy enforcement is depending on the value of is_admin. This key is deprecated. Please update your policy file to use the standard policy values.
Jun 17 04:37:59 devstack devstack@c-api.service[91767]: warnings.warn(
Jun 17 04:37:59 devstack devstack@c-api.service[91767]: INFO cinder.volume.api [req-365ef2b2-c0a7-4a11-a5b5-fa55d8bcfd54 req-12c8f978-74b1-436a-bc7d-b398a8706e50 tempest-TaggedAttachmentsTest-658082151 tempest-TaggedAttachmentsTest-658082151-project-member] Volume info retrieved successfully.
Jun 17 04:37:59 devstack devstack@c-api.service[91767]: INFO cinder.volume.api [req-365ef2b2-c0a7-4a11-a5b5-fa55d8bcfd54 req-12c8f978-74b1-436a-bc7d-b398a8706e50 tempest-TaggedAttachmentsTest-658082151 tempest-TaggedAttachmentsTest-658082151-project-member] Begin detaching volume completed successfully.
Jun 17 04:37:59 devstack devstack@c-api.service[91767]: INFO cinder.api.openstack.wsgi [req-365ef2b2-c0a7-4a11-a5b5-fa55d8bcfd54 req-12c8f978-74b1-436a-bc7d-b398a8706e50 tempest-TaggedAttachmentsTest-658082151 tempest-TaggedAttachmentsTest-658082151-project-member] http://192.168.122.240/volume/v3/volumes/846d0cdb-7c70-4c34-97aa-f7bef6b0f570/action returned with HTTP 202
Jun 17 04:37:59 devstack devstack@c-api.service[91767]: [pid: 91767|app: 0|req: 85/172] 192.168.122.240 () {64 vars in 1561 bytes} [Wed Jun 17 04:37:59 2026] POST /volume/v3/volumes/846d0cdb-7c70-4c34-97aa-f7bef6b0f570/action => generated 0 bytes in 113 msecs (HTTP/1.1 202) 7 headers in 289 bytes (1 switches on core 0)
Jun 17 04:37:59 devstack devstack@c-api.service[91766]: DEBUG cinder.api.middleware.request_id [None req-c9cb627b-dbbe-4d30-b54c-0da43dd3b95b None None] RequestId filter calling following filter/app {{(pid=91766) _context_setter /opt/stack/cinder/cinder/api/middleware/request_id.py:62}}
Jun 17 04:37:59 devstack devstack@c-api.service[91766]: INFO cinder.api.openstack.wsgi [None req-c9cb627b-dbbe-4d30-b54c-0da43dd3b95b tempest-TaggedAttachmentsTest-658082151 tempest-TaggedAttachmentsTest-658082151-project-member] GET http://192.168.122.240/volume/v3/volumes/846d0cdb-7c70-4c34-97aa-f7bef6b0f570
Jun 17 04:37:59 devstack devstack@c-api.service[91766]: DEBUG cinder.api.openstack.wsgi [None req-c9cb627b-dbbe-4d30-b54c-0da43dd3b95b tempest-TaggedAttachmentsTest-658082151 tempest-TaggedAttachmentsTest-658082151-project-member] Empty body provided in request {{(pid=91766) get_body /opt/stack/cinder/cinder/api/openstack/wsgi.py:725}}
Jun 17 04:37:59 devstack devstack@c-api.service[91766]: DEBUG cinder.api.openstack.wsgi [None req-c9cb627b-dbbe-4d30-b54c-0da43dd3b95b tempest-TaggedAttachmentsTest-658082151 tempest-TaggedAttachmentsTest-658082151-project-member] Calling method 'show' {{(pid=91766) _process_stack /opt/stack/cinder/cinder/api/openstack/wsgi.py:878}}
Jun 17 04:37:59 devstack devstack@c-api.service[91767]: DEBUG cinder.api.middleware.request_id [None req-749c8f81-3e16-444e-8274-4e0124719a90 None None] RequestId filter calling following filter/app {{(pid=91767) _context_setter /opt/stack/cinder/cinder/api/middleware/request_id.py:62}}
Jun 17 04:37:59 devstack devstack@c-api.service[91766]: /opt/stack/data/venv/lib/python3.12/site-packages/oslo_context/context.py:101: DeprecationWarning: Policy enforcement is depending on the value of is_admin. This key is deprecated. Please update your policy file to use the standard policy values.
Jun 17 04:37:59 devstack devstack@c-api.service[91766]: warnings.warn(
Jun 17 04:37:59 devstack devstack@c-api.service[91767]: INFO cinder.api.openstack.wsgi [None req-749c8f81-3e16-444e-8274-4e0124719a90 tempest-GroupSnapshotsTest-2072112239 tempest-GroupSnapshotsTest-2072112239-project-member] GET http://192.168.122.240/volume/v3/snapshots/4663a6de-8a4e-43df-94c9-8938197055b8
Jun 17 04:37:59 devstack devstack@c-api.service[91767]: DEBUG cinder.api.openstack.wsgi [None req-749c8f81-3e16-444e-8274-4e0124719a90 tempest-GroupSnapshotsTest-2072112239 tempest-GroupSnapshotsTest-2072112239-project-member] Empty body provided in request {{(pid=91767) get_body /opt/stack/cinder/cinder/api/openstack/wsgi.py:725}}
Jun 17 04:37:59 devstack devstack@c-api.service[91767]: DEBUG cinder.api.openstack.wsgi [None req-749c8f81-3e16-444e-8274-4e0124719a90 tempest-GroupSnapshotsTest-2072112239 tempest-GroupSnapshotsTest-2072112239-project-member] Calling method 'show' {{(pid=91767) _process_stack /opt/stack/cinder/cinder/api/openstack/wsgi.py:878}}
Jun 17 04:37:59 devstack devstack@c-api.service[91766]: INFO cinder.volume.api [None req-c9cb627b-dbbe-4d30-b54c-0da43dd3b95b tempest-TaggedAttachmentsTest-658082151 tempest-TaggedAttachmentsTest-658082151-project-member] Volume info retrieved successfully.
Jun 17 04:37:59 devstack devstack@c-api.service[91767]: INFO cinder.api.openstack.wsgi [None req-749c8f81-3e16-444e-8274-4e0124719a90 tempest-GroupSnapshotsTest-2072112239 tempest-GroupSnapshotsTest-2072112239-project-member] http://192.168.122.240/volume/v3/snapshots/4663a6de-8a4e-43df-94c9-8938197055b8 returned with HTTP 404
Jun 17 04:37:59 devstack devstack@c-api.service[91767]: [pid: 91767|app: 0|req: 86/173] 192.168.122.240 () {58 vars in 1238 bytes} [Wed Jun 17 04:37:59 2026] GET /volume/v3/snapshots/4663a6de-8a4e-43df-94c9-8938197055b8 => generated 111 bytes in 50 msecs (HTTP/1.1 404) 7 headers in 292 bytes (1 switches on core 0)
Jun 17 04:37:59 devstack devstack@c-api.service[91766]: INFO cinder.api.openstack.wsgi [None req-c9cb627b-dbbe-4d30-b54c-0da43dd3b95b tempest-TaggedAttachmentsTest-658082151 tempest-TaggedAttachmentsTest-658082151-project-member] http://192.168.122.240/volume/v3/volumes/846d0cdb-7c70-4c34-97aa-f7bef6b0f570 returned with HTTP 200
Jun 17 04:37:59 devstack devstack@c-api.service[91767]: DEBUG cinder.api.middleware.request_id [None req-5a5b3f70-a12e-407f-b42d-11670f3bf513 None None] RequestId filter calling following filter/app {{(pid=91767) _context_setter /opt/stack/cinder/cinder/api/middleware/request_id.py:62}}
Jun 17 04:37:59 devstack devstack@c-api.service[91766]: [pid: 91766|app: 0|req: 88/174] 192.168.122.240 () {58 vars in 1232 bytes} [Wed Jun 17 04:37:59 2026] GET /volume/v3/volumes/846d0cdb-7c70-4c34-97aa-f7bef6b0f570 => generated 1149 bytes in 91 msecs (HTTP/1.1 200) 7 headers in 286 bytes (1 switches on core 0)
Jun 17 04:37:59 devstack devstack@c-api.service[91767]: INFO cinder.api.openstack.wsgi [None req-5a5b3f70-a12e-407f-b42d-11670f3bf513 tempest-GroupSnapshotsTest-2072112239 tempest-GroupSnapshotsTest-2072112239-project-member] GET http://192.168.122.240/volume/v3/group_snapshots/4bcdc1ef-23c9-4e0d-9e24-de5290ca47bb
Jun 17 04:37:59 devstack devstack@c-api.service[91767]: DEBUG cinder.api.openstack.wsgi [None req-5a5b3f70-a12e-407f-b42d-11670f3bf513 tempest-GroupSnapshotsTest-2072112239 tempest-GroupSnapshotsTest-2072112239-project-member] Empty body provided in request {{(pid=91767) get_body /opt/stack/cinder/cinder/api/openstack/wsgi.py:725}}
Jun 17 04:37:59 devstack devstack@c-api.service[91767]: DEBUG cinder.api.openstack.wsgi [None req-5a5b3f70-a12e-407f-b42d-11670f3bf513 tempest-GroupSnapshotsTest-2072112239 tempest-GroupSnapshotsTest-2072112239-project-member] Calling method 'version_select' {{(pid=91767) _process_stack /opt/stack/cinder/cinder/api/openstack/wsgi.py:878}}
Jun 17 04:37:59 devstack devstack@c-api.service[91767]: DEBUG cinder.api.v3.group_snapshots [None req-5a5b3f70-a12e-407f-b42d-11670f3bf513 tempest-GroupSnapshotsTest-2072112239 tempest-GroupSnapshotsTest-2072112239-project-member] show called for member 4bcdc1ef-23c9-4e0d-9e24-de5290ca47bb {{(pid=91767) show /opt/stack/cinder/cinder/api/v3/group_snapshots.py:58}}
Jun 17 04:37:59 devstack devstack@c-api.service[91767]: INFO cinder.api.openstack.wsgi [None req-5a5b3f70-a12e-407f-b42d-11670f3bf513 tempest-GroupSnapshotsTest-2072112239 tempest-GroupSnapshotsTest-2072112239-project-member] http://192.168.122.240/volume/v3/group_snapshots/4bcdc1ef-23c9-4e0d-9e24-de5290ca47bb returned with HTTP 404
Jun 17 04:37:59 devstack devstack@c-api.service[91767]: [pid: 91767|app: 0|req: 87/175] 192.168.122.240 () {60 vars in 1297 bytes} [Wed Jun 17 04:37:59 2026] GET /volume/v3/group_snapshots/4bcdc1ef-23c9-4e0d-9e24-de5290ca47bb => generated 116 bytes in 25 msecs (HTTP/1.1 404) 7 headers in 293 bytes (1 switches on core 0)
Jun 17 04:37:59 devstack devstack@c-api.service[91766]: DEBUG cinder.api.middleware.request_id [None req-83b9f64f-7688-4ba9-b9b5-7158f81489a7 None None] RequestId filter calling following filter/app {{(pid=91766) _context_setter /opt/stack/cinder/cinder/api/middleware/request_id.py:62}}
Jun 17 04:37:59 devstack devstack@c-api.service[91766]: INFO cinder.api.openstack.wsgi [None req-83b9f64f-7688-4ba9-b9b5-7158f81489a7 tempest-GroupSnapshotsTest-2072112239 tempest-GroupSnapshotsTest-2072112239-project-member] GET http://192.168.122.240/volume/v3/volumes/detail
Jun 17 04:37:59 devstack devstack@c-api.service[91766]: DEBUG cinder.api.openstack.wsgi [None req-83b9f64f-7688-4ba9-b9b5-7158f81489a7 tempest-GroupSnapshotsTest-2072112239 tempest-GroupSnapshotsTest-2072112239-project-member] Empty body provided in request {{(pid=91766) get_body /opt/stack/cinder/cinder/api/openstack/wsgi.py:725}}
Jun 17 04:37:59 devstack devstack@c-api.service[91766]: DEBUG cinder.api.openstack.wsgi [None req-83b9f64f-7688-4ba9-b9b5-7158f81489a7 tempest-GroupSnapshotsTest-2072112239 tempest-GroupSnapshotsTest-2072112239-project-member] Calling method 'detail' {{(pid=91766) _process_stack /opt/stack/cinder/cinder/api/openstack/wsgi.py:878}}
Jun 17 04:37:59 devstack devstack@c-api.service[91766]: DEBUG cinder.api.api_utils [None req-83b9f64f-7688-4ba9-b9b5-7158f81489a7 tempest-GroupSnapshotsTest-2072112239 tempest-GroupSnapshotsTest-2072112239-project-member] Removing options '' from query. {{(pid=91766) remove_invalid_filter_options /opt/stack/cinder/cinder/api/api_utils.py:82}}
Jun 17 04:37:59 devstack devstack@c-api.service[91766]: DEBUG cinder.volume.api [None req-83b9f64f-7688-4ba9-b9b5-7158f81489a7 tempest-GroupSnapshotsTest-2072112239 tempest-GroupSnapshotsTest-2072112239-project-member] Searching by: MultiDict([('no_migration_targets', True)]). {{(pid=91766) get_all /opt/stack/cinder/cinder/volume/api.py:664}}
Jun 17 04:37:59 devstack devstack@c-api.service[91766]: INFO cinder.volume.api [None req-83b9f64f-7688-4ba9-b9b5-7158f81489a7 tempest-GroupSnapshotsTest-2072112239 tempest-GroupSnapshotsTest-2072112239-project-member] Get all volumes completed successfully.
Jun 17 04:37:59 devstack devstack@c-api.service[91766]: WARNING stevedore.named [None req-83b9f64f-7688-4ba9-b9b5-7158f81489a7 tempest-GroupSnapshotsTest-2072112239 tempest-GroupSnapshotsTest-2072112239-project-member] Could not load cinder.keymgr.conf_key_mgr.ConfKeyManager
Jun 17 04:37:59 devstack devstack@c-api.service[91766]: WARNING castellan.key_manager [None req-83b9f64f-7688-4ba9-b9b5-7158f81489a7 tempest-GroupSnapshotsTest-2072112239 tempest-GroupSnapshotsTest-2072112239-project-member] Deprecation Warning : cinder.keymgr.conf_key_mgr.ConfKeyManager is not a stevedore based driver, trying to load it as a class: stevedore.exception.NoMatches: No 'castellan.drivers' driver found, looking for 'cinder.keymgr.conf_key_mgr.ConfKeyManager'
Jun 17 04:37:59 devstack devstack@c-api.service[91766]: DEBUG oslo_db.sqlalchemy.engines [None req-83b9f64f-7688-4ba9-b9b5-7158f81489a7 tempest-GroupSnapshotsTest-2072112239 tempest-GroupSnapshotsTest-2072112239-project-member] MySQL server mode set to STRICT_TRANS_TABLES,STRICT_ALL_TABLES,NO_ZERO_IN_DATE,NO_ZERO_DATE,ERROR_FOR_DIVISION_BY_ZERO,TRADITIONAL,NO_ENGINE_SUBSTITUTION {{(pid=91766) _check_effective_sql_mode /opt/stack/data/venv/lib/python3.12/site-packages/oslo_db/sqlalchemy/engines.py:325}}
Jun 17 04:37:59 devstack devstack@c-api.service[91766]: /opt/stack/data/venv/lib/python3.12/site-packages/oslo_context/context.py:101: DeprecationWarning: Policy enforcement is depending on the value of is_admin. This key is deprecated. Please update your policy file to use the standard policy values.
Jun 17 04:37:59 devstack devstack@c-api.service[91766]: warnings.warn(
Jun 17 04:37:59 devstack devstack@c-api.service[91766]: INFO cinder.api.openstack.wsgi [None req-83b9f64f-7688-4ba9-b9b5-7158f81489a7 tempest-GroupSnapshotsTest-2072112239 tempest-GroupSnapshotsTest-2072112239-project-member] http://192.168.122.240/volume/v3/volumes/detail returned with HTTP 200
Jun 17 04:37:59 devstack devstack@c-api.service[91766]: [pid: 91766|app: 0|req: 89/176] 192.168.122.240 () {60 vars in 1183 bytes} [Wed Jun 17 04:37:59 2026] GET /volume/v3/volumes/detail => generated 926 bytes in 74 msecs (HTTP/1.1 200) 7 headers in 286 bytes (2 switches on core 0)
Jun 17 04:37:59 devstack devstack@c-api.service[91767]: DEBUG cinder.api.middleware.request_id [None req-de878136-11dc-4c85-a92e-a7647fef3e29 None None] RequestId filter calling following filter/app {{(pid=91767) _context_setter /opt/stack/cinder/cinder/api/middleware/request_id.py:62}}
Jun 17 04:37:59 devstack devstack@c-api.service[91767]: INFO cinder.api.openstack.wsgi [None req-de878136-11dc-4c85-a92e-a7647fef3e29 tempest-GroupSnapshotsTest-2072112239 tempest-GroupSnapshotsTest-2072112239-project-member] POST http://192.168.122.240/volume/v3/groups/1d627f8e-1cc4-48d8-9a3f-819b76678a03/action
Jun 17 04:37:59 devstack devstack@c-api.service[91767]: DEBUG cinder.api.openstack.wsgi [None req-de878136-11dc-4c85-a92e-a7647fef3e29 tempest-GroupSnapshotsTest-2072112239 tempest-GroupSnapshotsTest-2072112239-project-member] Action body: b'{"delete": {"delete-volumes": true}}' {{(pid=91767) get_method /opt/stack/cinder/cinder/api/openstack/wsgi.py:993}}
Jun 17 04:37:59 devstack devstack@c-api.service[91767]: DEBUG cinder.api.openstack.wsgi [None req-de878136-11dc-4c85-a92e-a7647fef3e29 tempest-GroupSnapshotsTest-2072112239 tempest-GroupSnapshotsTest-2072112239-project-member] Action: 'action', calling method: delete_group, body: {"delete": {"delete-volumes": true}} {{(pid=91767) _process_stack /opt/stack/cinder/cinder/api/openstack/wsgi.py:876}}
Jun 17 04:37:59 devstack devstack@c-api.service[91767]: DEBUG cinder.api.v3.groups [None req-de878136-11dc-4c85-a92e-a7647fef3e29 tempest-GroupSnapshotsTest-2072112239 tempest-GroupSnapshotsTest-2072112239-project-member] delete called for group 1d627f8e-1cc4-48d8-9a3f-819b76678a03 {{(pid=91767) _delete /opt/stack/cinder/cinder/api/v3/groups.py:117}}
Jun 17 04:37:59 devstack devstack@c-api.service[91767]: INFO cinder.api.v3.groups [None req-de878136-11dc-4c85-a92e-a7647fef3e29 tempest-GroupSnapshotsTest-2072112239 tempest-GroupSnapshotsTest-2072112239-project-member] Delete group with id: 1d627f8e-1cc4-48d8-9a3f-819b76678a03
Jun 17 04:37:59 devstack devstack@c-api.service[91767]: /opt/stack/data/venv/lib/python3.12/site-packages/oslo_context/context.py:101: DeprecationWarning: Policy enforcement is depending on the value of is_admin. This key is deprecated. Please update your policy file to use the standard policy values.
Jun 17 04:37:59 devstack devstack@c-api.service[91767]: warnings.warn(
Jun 17 04:37:59 devstack devstack@c-api.service[91767]: INFO cinder.api.openstack.wsgi [None req-de878136-11dc-4c85-a92e-a7647fef3e29 tempest-GroupSnapshotsTest-2072112239 tempest-GroupSnapshotsTest-2072112239-project-member] http://192.168.122.240/volume/v3/groups/1d627f8e-1cc4-48d8-9a3f-819b76678a03/action returned with HTTP 202
Jun 17 04:37:59 devstack devstack@c-api.service[91767]: [pid: 91767|app: 0|req: 88/177] 192.168.122.240 () {62 vars in 1312 bytes} [Wed Jun 17 04:37:59 2026] POST /volume/v3/groups/1d627f8e-1cc4-48d8-9a3f-819b76678a03/action => generated 0 bytes in 155 msecs (HTTP/1.1 202) 6 headers in 234 bytes (1 switches on core 0)
Jun 17 04:37:59 devstack devstack@c-api.service[91766]: DEBUG cinder.api.middleware.request_id [None req-a9dfcb73-0d45-43aa-8550-653dd924dfd6 None None] RequestId filter calling following filter/app {{(pid=91766) _context_setter /opt/stack/cinder/cinder/api/middleware/request_id.py:62}}
Jun 17 04:37:59 devstack devstack@c-api.service[91766]: INFO cinder.api.openstack.wsgi [None req-a9dfcb73-0d45-43aa-8550-653dd924dfd6 tempest-GroupSnapshotsTest-2072112239 tempest-GroupSnapshotsTest-2072112239-project-member] GET http://192.168.122.240/volume/v3/volumes/7877b275-cef0-44bb-97f9-4500c5973de7
Jun 17 04:37:59 devstack devstack@c-api.service[91766]: DEBUG cinder.api.openstack.wsgi [None req-a9dfcb73-0d45-43aa-8550-653dd924dfd6 tempest-GroupSnapshotsTest-2072112239 tempest-GroupSnapshotsTest-2072112239-project-member] Empty body provided in request {{(pid=91766) get_body /opt/stack/cinder/cinder/api/openstack/wsgi.py:725}}
Jun 17 04:37:59 devstack devstack@c-api.service[91766]: DEBUG cinder.api.openstack.wsgi [None req-a9dfcb73-0d45-43aa-8550-653dd924dfd6 tempest-GroupSnapshotsTest-2072112239 tempest-GroupSnapshotsTest-2072112239-project-member] Calling method 'show' {{(pid=91766) _process_stack /opt/stack/cinder/cinder/api/openstack/wsgi.py:878}}
Jun 17 04:37:59 devstack devstack@c-api.service[91766]: /opt/stack/data/venv/lib/python3.12/site-packages/oslo_context/context.py:101: DeprecationWarning: Policy enforcement is depending on the value of is_admin. This key is deprecated. Please update your policy file to use the standard policy values.
Jun 17 04:37:59 devstack devstack@c-api.service[91766]: warnings.warn(
Jun 17 04:37:59 devstack devstack@c-api.service[91766]: INFO cinder.volume.api [None req-a9dfcb73-0d45-43aa-8550-653dd924dfd6 tempest-GroupSnapshotsTest-2072112239 tempest-GroupSnapshotsTest-2072112239-project-member] Volume info retrieved successfully.
Jun 17 04:37:59 devstack devstack@c-api.service[91766]: WARNING stevedore.named [None req-a9dfcb73-0d45-43aa-8550-653dd924dfd6 tempest-GroupSnapshotsTest-2072112239 tempest-GroupSnapshotsTest-2072112239-project-member] Could not load cinder.keymgr.conf_key_mgr.ConfKeyManager
Jun 17 04:37:59 devstack devstack@c-api.service[91766]: WARNING castellan.key_manager [None req-a9dfcb73-0d45-43aa-8550-653dd924dfd6 tempest-GroupSnapshotsTest-2072112239 tempest-GroupSnapshotsTest-2072112239-project-member] Deprecation Warning : cinder.keymgr.conf_key_mgr.ConfKeyManager is not a stevedore based driver, trying to load it as a class: stevedore.exception.NoMatches: No 'castellan.drivers' driver found, looking for 'cinder.keymgr.conf_key_mgr.ConfKeyManager'
Jun 17 04:38:00 devstack devstack@c-api.service[91766]: DEBUG oslo_db.sqlalchemy.engines [None req-a9dfcb73-0d45-43aa-8550-653dd924dfd6 tempest-GroupSnapshotsTest-2072112239 tempest-GroupSnapshotsTest-2072112239-project-member] MySQL server mode set to STRICT_TRANS_TABLES,STRICT_ALL_TABLES,NO_ZERO_IN_DATE,NO_ZERO_DATE,ERROR_FOR_DIVISION_BY_ZERO,TRADITIONAL,NO_ENGINE_SUBSTITUTION {{(pid=91766) _check_effective_sql_mode /opt/stack/data/venv/lib/python3.12/site-packages/oslo_db/sqlalchemy/engines.py:325}}
Jun 17 04:38:00 devstack devstack@c-api.service[91766]: /opt/stack/data/venv/lib/python3.12/site-packages/oslo_context/context.py:101: DeprecationWarning: Policy enforcement is depending on the value of is_admin. This key is deprecated. Please update your policy file to use the standard policy values.
Jun 17 04:38:00 devstack devstack@c-api.service[91766]: warnings.warn(
Jun 17 04:38:00 devstack devstack@c-api.service[91766]: INFO cinder.api.openstack.wsgi [None req-a9dfcb73-0d45-43aa-8550-653dd924dfd6 tempest-GroupSnapshotsTest-2072112239 tempest-GroupSnapshotsTest-2072112239-project-member] http://192.168.122.240/volume/v3/volumes/7877b275-cef0-44bb-97f9-4500c5973de7 returned with HTTP 200
Jun 17 04:38:00 devstack devstack@c-api.service[91766]: [pid: 91766|app: 0|req: 90/178] 192.168.122.240 () {60 vars in 1273 bytes} [Wed Jun 17 04:37:59 2026] GET /volume/v3/volumes/7877b275-cef0-44bb-97f9-4500c5973de7 => generated 922 bytes in 267 msecs (HTTP/1.1 200) 7 headers in 286 bytes (1 switches on core 0)
Jun 17 04:38:00 devstack devstack@c-api.service[91766]: DEBUG cinder.api.middleware.request_id [None req-5a0b62dc-854c-4ba9-b077-0ba3805ccca0 None None] RequestId filter calling following filter/app {{(pid=91766) _context_setter /opt/stack/cinder/cinder/api/middleware/request_id.py:62}}
Jun 17 04:38:00 devstack devstack@c-api.service[91767]: DEBUG cinder.api.middleware.request_id [None req-710fcfc1-7fcd-413d-b328-448e153c2d1b None None] RequestId filter calling following filter/app {{(pid=91767) _context_setter /opt/stack/cinder/cinder/api/middleware/request_id.py:62}}
Jun 17 04:38:00 devstack devstack@c-api.service[91767]: INFO cinder.api.openstack.wsgi [None req-710fcfc1-7fcd-413d-b328-448e153c2d1b None None] GET http://192.168.122.240/volume//
Jun 17 04:38:00 devstack devstack@c-api.service[91767]: DEBUG cinder.api.openstack.wsgi [None req-710fcfc1-7fcd-413d-b328-448e153c2d1b None None] Empty body provided in request {{(pid=91767) get_body /opt/stack/cinder/cinder/api/openstack/wsgi.py:725}}
Jun 17 04:38:00 devstack devstack@c-api.service[91767]: DEBUG cinder.api.openstack.wsgi [None req-710fcfc1-7fcd-413d-b328-448e153c2d1b None None] Calling method 'all' {{(pid=91767) _process_stack /opt/stack/cinder/cinder/api/openstack/wsgi.py:878}}
Jun 17 04:38:00 devstack devstack@c-api.service[91766]: INFO cinder.api.openstack.wsgi [None req-5a0b62dc-854c-4ba9-b077-0ba3805ccca0 tempest-TaggedAttachmentsTest-658082151 tempest-TaggedAttachmentsTest-658082151-project-member] GET http://192.168.122.240/volume/v3/volumes/846d0cdb-7c70-4c34-97aa-f7bef6b0f570
Jun 17 04:38:00 devstack devstack@c-api.service[91766]: DEBUG cinder.api.openstack.wsgi [None req-5a0b62dc-854c-4ba9-b077-0ba3805ccca0 tempest-TaggedAttachmentsTest-658082151 tempest-TaggedAttachmentsTest-658082151-project-member] Empty body provided in request {{(pid=91766) get_body /opt/stack/cinder/cinder/api/openstack/wsgi.py:725}}
Jun 17 04:38:00 devstack devstack@c-api.service[91766]: DEBUG cinder.api.openstack.wsgi [None req-5a0b62dc-854c-4ba9-b077-0ba3805ccca0 tempest-TaggedAttachmentsTest-658082151 tempest-TaggedAttachmentsTest-658082151-project-member] Calling method 'show' {{(pid=91766) _process_stack /opt/stack/cinder/cinder/api/openstack/wsgi.py:878}}
Jun 17 04:38:00 devstack devstack@c-api.service[91767]: INFO cinder.api.openstack.wsgi [None req-710fcfc1-7fcd-413d-b328-448e153c2d1b None None] http://192.168.122.240/volume// returned with HTTP 300
Jun 17 04:38:00 devstack devstack@c-api.service[91767]: [pid: 91767|app: 0|req: 89/179] 192.168.122.240 () {58 vars in 1315 bytes} [Wed Jun 17 04:38:00 2026] GET /volume/ => generated 390 bytes in 26 msecs (HTTP/1.1 300) 7 headers in 299 bytes (2 switches on core 0)
Jun 17 04:38:00 devstack devstack@c-api.service[91767]: DEBUG cinder.api.middleware.request_id [req-365ef2b2-c0a7-4a11-a5b5-fa55d8bcfd54 req-912b0090-8274-4625-b57d-4465aeb2e600 None None] RequestId filter calling following filter/app {{(pid=91767) _context_setter /opt/stack/cinder/cinder/api/middleware/request_id.py:62}}
Jun 17 04:38:00 devstack devstack@c-api.service[91766]: /opt/stack/data/venv/lib/python3.12/site-packages/oslo_context/context.py:101: DeprecationWarning: Policy enforcement is depending on the value of is_admin. This key is deprecated. Please update your policy file to use the standard policy values.
Jun 17 04:38:00 devstack devstack@c-api.service[91766]: warnings.warn(
Jun 17 04:38:00 devstack devstack@c-api.service[91767]: INFO cinder.api.openstack.wsgi [req-365ef2b2-c0a7-4a11-a5b5-fa55d8bcfd54 req-912b0090-8274-4625-b57d-4465aeb2e600 tempest-TaggedAttachmentsTest-658082151 tempest-TaggedAttachmentsTest-658082151-project-member] GET http://192.168.122.240/volume/v3/volumes/846d0cdb-7c70-4c34-97aa-f7bef6b0f570
Jun 17 04:38:00 devstack devstack@c-api.service[91767]: DEBUG cinder.api.openstack.wsgi [req-365ef2b2-c0a7-4a11-a5b5-fa55d8bcfd54 req-912b0090-8274-4625-b57d-4465aeb2e600 tempest-TaggedAttachmentsTest-658082151 tempest-TaggedAttachmentsTest-658082151-project-member] Empty body provided in request {{(pid=91767) get_body /opt/stack/cinder/cinder/api/openstack/wsgi.py:725}}
Jun 17 04:38:00 devstack devstack@c-api.service[91767]: DEBUG cinder.api.openstack.wsgi [req-365ef2b2-c0a7-4a11-a5b5-fa55d8bcfd54 req-912b0090-8274-4625-b57d-4465aeb2e600 tempest-TaggedAttachmentsTest-658082151 tempest-TaggedAttachmentsTest-658082151-project-member] Calling method 'show' {{(pid=91767) _process_stack /opt/stack/cinder/cinder/api/openstack/wsgi.py:878}}
Jun 17 04:38:00 devstack devstack@c-api.service[91766]: INFO cinder.volume.api [None req-5a0b62dc-854c-4ba9-b077-0ba3805ccca0 tempest-TaggedAttachmentsTest-658082151 tempest-TaggedAttachmentsTest-658082151-project-member] Volume info retrieved successfully.
Jun 17 04:38:00 devstack devstack@c-api.service[91767]: /opt/stack/data/venv/lib/python3.12/site-packages/oslo_context/context.py:101: DeprecationWarning: Policy enforcement is depending on the value of is_admin. This key is deprecated. Please update your policy file to use the standard policy values.
Jun 17 04:38:00 devstack devstack@c-api.service[91767]: warnings.warn(
Jun 17 04:38:00 devstack devstack@c-api.service[91766]: INFO cinder.api.openstack.wsgi [None req-5a0b62dc-854c-4ba9-b077-0ba3805ccca0 tempest-TaggedAttachmentsTest-658082151 tempest-TaggedAttachmentsTest-658082151-project-member] http://192.168.122.240/volume/v3/volumes/846d0cdb-7c70-4c34-97aa-f7bef6b0f570 returned with HTTP 200
Jun 17 04:38:00 devstack devstack@c-api.service[91766]: [pid: 91766|app: 0|req: 91/180] 192.168.122.240 () {58 vars in 1232 bytes} [Wed Jun 17 04:38:00 2026] GET /volume/v3/volumes/846d0cdb-7c70-4c34-97aa-f7bef6b0f570 => generated 1149 bytes in 139 msecs (HTTP/1.1 200) 7 headers in 286 bytes (1 switches on core 0)
Jun 17 04:38:00 devstack devstack@c-api.service[91767]: INFO cinder.volume.api [req-365ef2b2-c0a7-4a11-a5b5-fa55d8bcfd54 req-912b0090-8274-4625-b57d-4465aeb2e600 tempest-TaggedAttachmentsTest-658082151 tempest-TaggedAttachmentsTest-658082151-project-member] Volume info retrieved successfully.
Jun 17 04:38:00 devstack devstack@c-api.service[91767]: INFO cinder.api.openstack.wsgi [req-365ef2b2-c0a7-4a11-a5b5-fa55d8bcfd54 req-912b0090-8274-4625-b57d-4465aeb2e600 tempest-TaggedAttachmentsTest-658082151 tempest-TaggedAttachmentsTest-658082151-project-member] http://192.168.122.240/volume/v3/volumes/846d0cdb-7c70-4c34-97aa-f7bef6b0f570 returned with HTTP 200
Jun 17 04:38:00 devstack devstack@c-api.service[91767]: [pid: 91767|app: 0|req: 90/181] 192.168.122.240 () {62 vars in 1528 bytes} [Wed Jun 17 04:38:00 2026] GET /volume/v3/volumes/846d0cdb-7c70-4c34-97aa-f7bef6b0f570 => generated 1330 bytes in 131 msecs (HTTP/1.1 200) 7 headers in 287 bytes (1 switches on core 0)
Jun 17 04:38:01 devstack devstack@c-api.service[91766]: DEBUG cinder.api.middleware.request_id [None req-686ed7f9-a10a-4160-b62e-058033f810e2 None None] RequestId filter calling following filter/app {{(pid=91766) _context_setter /opt/stack/cinder/cinder/api/middleware/request_id.py:62}}
Jun 17 04:38:01 devstack devstack@c-api.service[91766]: INFO cinder.api.openstack.wsgi [None req-686ed7f9-a10a-4160-b62e-058033f810e2 tempest-GroupSnapshotsTest-2072112239 tempest-GroupSnapshotsTest-2072112239-project-member] GET http://192.168.122.240/volume/v3/volumes/7877b275-cef0-44bb-97f9-4500c5973de7
Jun 17 04:38:01 devstack devstack@c-api.service[91766]: DEBUG cinder.api.openstack.wsgi [None req-686ed7f9-a10a-4160-b62e-058033f810e2 tempest-GroupSnapshotsTest-2072112239 tempest-GroupSnapshotsTest-2072112239-project-member] Empty body provided in request {{(pid=91766) get_body /opt/stack/cinder/cinder/api/openstack/wsgi.py:725}}
Jun 17 04:38:01 devstack devstack@c-api.service[91766]: DEBUG cinder.api.openstack.wsgi [None req-686ed7f9-a10a-4160-b62e-058033f810e2 tempest-GroupSnapshotsTest-2072112239 tempest-GroupSnapshotsTest-2072112239-project-member] Calling method 'show' {{(pid=91766) _process_stack /opt/stack/cinder/cinder/api/openstack/wsgi.py:878}}
Jun 17 04:38:01 devstack devstack@c-api.service[91766]: /opt/stack/data/venv/lib/python3.12/site-packages/oslo_context/context.py:101: DeprecationWarning: Policy enforcement is depending on the value of is_admin. This key is deprecated. Please update your policy file to use the standard policy values.
Jun 17 04:38:01 devstack devstack@c-api.service[91766]: warnings.warn(
Jun 17 04:38:01 devstack devstack@c-api.service[91766]: INFO cinder.volume.api [None req-686ed7f9-a10a-4160-b62e-058033f810e2 tempest-GroupSnapshotsTest-2072112239 tempest-GroupSnapshotsTest-2072112239-project-member] Volume info retrieved successfully.
Jun 17 04:38:01 devstack devstack@c-api.service[91767]: DEBUG cinder.api.middleware.request_id [req-365ef2b2-c0a7-4a11-a5b5-fa55d8bcfd54 req-d85aef69-d2fe-494a-a315-adc1f812e679 None None] RequestId filter calling following filter/app {{(pid=91767) _context_setter /opt/stack/cinder/cinder/api/middleware/request_id.py:62}}
Jun 17 04:38:01 devstack devstack@c-api.service[91766]: WARNING stevedore.named [None req-686ed7f9-a10a-4160-b62e-058033f810e2 tempest-GroupSnapshotsTest-2072112239 tempest-GroupSnapshotsTest-2072112239-project-member] Could not load cinder.keymgr.conf_key_mgr.ConfKeyManager
Jun 17 04:38:01 devstack devstack@c-api.service[91766]: WARNING castellan.key_manager [None req-686ed7f9-a10a-4160-b62e-058033f810e2 tempest-GroupSnapshotsTest-2072112239 tempest-GroupSnapshotsTest-2072112239-project-member] Deprecation Warning : cinder.keymgr.conf_key_mgr.ConfKeyManager is not a stevedore based driver, trying to load it as a class: stevedore.exception.NoMatches: No 'castellan.drivers' driver found, looking for 'cinder.keymgr.conf_key_mgr.ConfKeyManager'
Jun 17 04:38:01 devstack devstack@c-api.service[91767]: INFO cinder.api.openstack.wsgi [req-365ef2b2-c0a7-4a11-a5b5-fa55d8bcfd54 req-d85aef69-d2fe-494a-a315-adc1f812e679 tempest-TaggedAttachmentsTest-658082151 tempest-TaggedAttachmentsTest-658082151-project-member] DELETE http://192.168.122.240/volume/v3/attachments/1cce6cf8-fde0-4ddd-901c-06ca8773fd19
Jun 17 04:38:01 devstack devstack@c-api.service[91767]: DEBUG cinder.api.openstack.wsgi [req-365ef2b2-c0a7-4a11-a5b5-fa55d8bcfd54 req-d85aef69-d2fe-494a-a315-adc1f812e679 tempest-TaggedAttachmentsTest-658082151 tempest-TaggedAttachmentsTest-658082151-project-member] Empty body provided in request {{(pid=91767) get_body /opt/stack/cinder/cinder/api/openstack/wsgi.py:725}}
Jun 17 04:38:01 devstack devstack@c-api.service[91767]: DEBUG cinder.api.openstack.wsgi [req-365ef2b2-c0a7-4a11-a5b5-fa55d8bcfd54 req-d85aef69-d2fe-494a-a315-adc1f812e679 tempest-TaggedAttachmentsTest-658082151 tempest-TaggedAttachmentsTest-658082151-project-member] Calling method 'version_select' {{(pid=91767) _process_stack /opt/stack/cinder/cinder/api/openstack/wsgi.py:878}}
Jun 17 04:38:01 devstack devstack@c-api.service[91766]: DEBUG oslo_db.sqlalchemy.engines [None req-686ed7f9-a10a-4160-b62e-058033f810e2 tempest-GroupSnapshotsTest-2072112239 tempest-GroupSnapshotsTest-2072112239-project-member] MySQL server mode set to STRICT_TRANS_TABLES,STRICT_ALL_TABLES,NO_ZERO_IN_DATE,NO_ZERO_DATE,ERROR_FOR_DIVISION_BY_ZERO,TRADITIONAL,NO_ENGINE_SUBSTITUTION {{(pid=91766) _check_effective_sql_mode /opt/stack/data/venv/lib/python3.12/site-packages/oslo_db/sqlalchemy/engines.py:325}}
Jun 17 04:38:01 devstack devstack@c-api.service[91766]: /opt/stack/data/venv/lib/python3.12/site-packages/oslo_context/context.py:101: DeprecationWarning: Policy enforcement is depending on the value of is_admin. This key is deprecated. Please update your policy file to use the standard policy values.
Jun 17 04:38:01 devstack devstack@c-api.service[91766]: warnings.warn(
Jun 17 04:38:01 devstack devstack@c-api.service[91767]: /opt/stack/data/venv/lib/python3.12/site-packages/oslo_context/context.py:101: DeprecationWarning: Policy enforcement is depending on the value of is_admin. This key is deprecated. Please update your policy file to use the standard policy values.
Jun 17 04:38:01 devstack devstack@c-api.service[91767]: warnings.warn(
Jun 17 04:38:01 devstack devstack@c-api.service[91766]: INFO cinder.api.openstack.wsgi [None req-686ed7f9-a10a-4160-b62e-058033f810e2 tempest-GroupSnapshotsTest-2072112239 tempest-GroupSnapshotsTest-2072112239-project-member] http://192.168.122.240/volume/v3/volumes/7877b275-cef0-44bb-97f9-4500c5973de7 returned with HTTP 200
Jun 17 04:38:01 devstack devstack@c-api.service[91766]: [pid: 91766|app: 0|req: 92/182] 192.168.122.240 () {60 vars in 1273 bytes} [Wed Jun 17 04:38:01 2026] GET /volume/v3/volumes/7877b275-cef0-44bb-97f9-4500c5973de7 => generated 922 bytes in 232 msecs (HTTP/1.1 200) 7 headers in 286 bytes (1 switches on core 0)
Jun 17 04:38:01 devstack devstack@c-api.service[91766]: DEBUG cinder.api.middleware.request_id [None req-479e8c37-efbc-427d-bdb2-df7bdf274ec3 None None] RequestId filter calling following filter/app {{(pid=91766) _context_setter /opt/stack/cinder/cinder/api/middleware/request_id.py:62}}
Jun 17 04:38:01 devstack devstack@c-api.service[91766]: INFO cinder.api.openstack.wsgi [None req-479e8c37-efbc-427d-bdb2-df7bdf274ec3 tempest-TaggedAttachmentsTest-658082151 tempest-TaggedAttachmentsTest-658082151-project-member] GET http://192.168.122.240/volume/v3/volumes/846d0cdb-7c70-4c34-97aa-f7bef6b0f570
