Jun 17 04:40:01 devstack cinder-volume[92060]: DEBUG oslo_concurrency.lockutils [None req-53b86a4a-ad9d-4c6f-a2b1-f9ef9ea74db3 tempest-AttachVolumeShelveTestJSON-134363980 None] Acquiring lock "quobyte" by "cinder.volume.drivers.quobyte.QuobyteDriver.create_volume" {{(pid=92060) inner /opt/stack/data/venv/lib/python3.12/site-packages/oslo_concurrency/lockutils.py:506}}
Jun 17 04:40:01 devstack sudo[97303]: pam_unix(sudo:session): session closed for user root
Jun 17 04:40:01 devstack cinder-volume[92060]: DEBUG oslo_concurrency.processutils [None req-564b1aeb-3fe6-4ce9-84b1-7f68f20652a4 tempest-GroupsV314Test-1381606140 None] CMD "/opt/stack/data/venv/bin/python3.12 -m oslo_concurrency.prlimit --as=1073741824 --cpu=60 -- sudo cinder-rootwrap /etc/cinder/rootwrap.conf env LC_ALL=C qemu-img info -f qcow2 --output=json --force-share /opt/stack/data/cinder/mnt/8ddfc6b49c537fa834880163c93e710a/volume-37ce51f1-26d3-4eab-bc2e-1acdac1cf844" returned: 0 in 1.561s {{(pid=92060) execute /opt/stack/data/venv/lib/python3.12/site-packages/oslo_concurrency/processutils.py:468}}
Jun 17 04:40:01 devstack cinder-volume[92060]: DEBUG oslo_concurrency.processutils [None req-564b1aeb-3fe6-4ce9-84b1-7f68f20652a4 tempest-GroupsV314Test-1381606140 None] Running cmd (subprocess): sudo cinder-rootwrap /etc/cinder/rootwrap.conf qemu-img create -f qcow2 -o backing_file=/opt/stack/data/cinder/mnt/8ddfc6b49c537fa834880163c93e710a/volume-37ce51f1-26d3-4eab-bc2e-1acdac1cf844,backing_fmt=qcow2 /opt/stack/data/cinder/mnt/8ddfc6b49c537fa834880163c93e710a/volume-37ce51f1-26d3-4eab-bc2e-1acdac1cf844.eed89e36-2b6b-4caf-b0fd-84867dc9585b 1G {{(pid=92060) execute /opt/stack/data/venv/lib/python3.12/site-packages/oslo_concurrency/processutils.py:440}}
Jun 17 04:40:01 devstack sudo[97343]: quobyte : PWD=/ ; USER=root ; COMMAND=/opt/stack/data/venv/bin/cinder-rootwrap /etc/cinder/rootwrap.conf qemu-img create -f qcow2 -o backing_file=/opt/stack/data/cinder/mnt/8ddfc6b49c537fa834880163c93e710a/volume-37ce51f1-26d3-4eab-bc2e-1acdac1cf844,backing_fmt=qcow2 /opt/stack/data/cinder/mnt/8ddfc6b49c537fa834880163c93e710a/volume-37ce51f1-26d3-4eab-bc2e-1acdac1cf844.eed89e36-2b6b-4caf-b0fd-84867dc9585b 1G
Jun 17 04:40:01 devstack sudo[97343]: pam_unix(sudo:session): session opened for user root(uid=0) by (uid=1000)
Jun 17 04:40:02 devstack sudo[97343]: pam_unix(sudo:session): session closed for user root
Jun 17 04:40:02 devstack cinder-volume[92060]: DEBUG oslo_concurrency.processutils [None req-564b1aeb-3fe6-4ce9-84b1-7f68f20652a4 tempest-GroupsV314Test-1381606140 None] CMD "sudo cinder-rootwrap /etc/cinder/rootwrap.conf qemu-img create -f qcow2 -o backing_file=/opt/stack/data/cinder/mnt/8ddfc6b49c537fa834880163c93e710a/volume-37ce51f1-26d3-4eab-bc2e-1acdac1cf844,backing_fmt=qcow2 /opt/stack/data/cinder/mnt/8ddfc6b49c537fa834880163c93e710a/volume-37ce51f1-26d3-4eab-bc2e-1acdac1cf844.eed89e36-2b6b-4caf-b0fd-84867dc9585b 1G" returned: 0 in 1.228s {{(pid=92060) execute /opt/stack/data/venv/lib/python3.12/site-packages/oslo_concurrency/processutils.py:468}}
Jun 17 04:40:02 devstack cinder-volume[92060]: DEBUG oslo_concurrency.processutils [None req-564b1aeb-3fe6-4ce9-84b1-7f68f20652a4 tempest-GroupsV314Test-1381606140 None] Running cmd (subprocess): sudo cinder-rootwrap /etc/cinder/rootwrap.conf qemu-img rebase -u -b volume-37ce51f1-26d3-4eab-bc2e-1acdac1cf844 -F qcow2 /opt/stack/data/cinder/mnt/8ddfc6b49c537fa834880163c93e710a/volume-37ce51f1-26d3-4eab-bc2e-1acdac1cf844.eed89e36-2b6b-4caf-b0fd-84867dc9585b {{(pid=92060) execute /opt/stack/data/venv/lib/python3.12/site-packages/oslo_concurrency/processutils.py:440}}
Jun 17 04:40:02 devstack sudo[97350]: quobyte : PWD=/ ; USER=root ; COMMAND=/opt/stack/data/venv/bin/cinder-rootwrap /etc/cinder/rootwrap.conf qemu-img rebase -u -b volume-37ce51f1-26d3-4eab-bc2e-1acdac1cf844 -F qcow2 /opt/stack/data/cinder/mnt/8ddfc6b49c537fa834880163c93e710a/volume-37ce51f1-26d3-4eab-bc2e-1acdac1cf844.eed89e36-2b6b-4caf-b0fd-84867dc9585b
Jun 17 04:40:02 devstack sudo[97350]: pam_unix(sudo:session): session opened for user root(uid=0) by (uid=1000)
Jun 17 04:40:03 devstack sudo[97350]: pam_unix(sudo:session): session closed for user root
Jun 17 04:40:03 devstack cinder-volume[92060]: DEBUG oslo_concurrency.processutils [None req-564b1aeb-3fe6-4ce9-84b1-7f68f20652a4 tempest-GroupsV314Test-1381606140 None] CMD "sudo cinder-rootwrap /etc/cinder/rootwrap.conf qemu-img rebase -u -b volume-37ce51f1-26d3-4eab-bc2e-1acdac1cf844 -F qcow2 /opt/stack/data/cinder/mnt/8ddfc6b49c537fa834880163c93e710a/volume-37ce51f1-26d3-4eab-bc2e-1acdac1cf844.eed89e36-2b6b-4caf-b0fd-84867dc9585b" returned: 0 in 0.845s {{(pid=92060) execute /opt/stack/data/venv/lib/python3.12/site-packages/oslo_concurrency/processutils.py:468}}
Jun 17 04:40:03 devstack cinder-volume[92060]: WARNING cinder.volume.drivers.remotefs [None req-564b1aeb-3fe6-4ce9-84b1-7f68f20652a4 tempest-GroupsV314Test-1381606140 None] /opt/stack/data/cinder/mnt/8ddfc6b49c537fa834880163c93e710a/volume-37ce51f1-26d3-4eab-bc2e-1acdac1cf844.eed89e36-2b6b-4caf-b0fd-84867dc9585b is being set with open permissions: ugo+rw: NotImplementedError
Jun 17 04:40:03 devstack cinder-volume[92060]: DEBUG oslo_concurrency.processutils [None req-564b1aeb-3fe6-4ce9-84b1-7f68f20652a4 tempest-GroupsV314Test-1381606140 None] Running cmd (subprocess): sudo cinder-rootwrap /etc/cinder/rootwrap.conf chmod ugo+rw /opt/stack/data/cinder/mnt/8ddfc6b49c537fa834880163c93e710a/volume-37ce51f1-26d3-4eab-bc2e-1acdac1cf844.eed89e36-2b6b-4caf-b0fd-84867dc9585b {{(pid=92060) execute /opt/stack/data/venv/lib/python3.12/site-packages/oslo_concurrency/processutils.py:440}}
Jun 17 04:40:03 devstack sudo[97356]: quobyte : PWD=/ ; USER=root ; COMMAND=/opt/stack/data/venv/bin/cinder-rootwrap /etc/cinder/rootwrap.conf chmod ugo+rw /opt/stack/data/cinder/mnt/8ddfc6b49c537fa834880163c93e710a/volume-37ce51f1-26d3-4eab-bc2e-1acdac1cf844.eed89e36-2b6b-4caf-b0fd-84867dc9585b
Jun 17 04:40:03 devstack sudo[97356]: pam_unix(sudo:session): session opened for user root(uid=0) by (uid=1000)
Jun 17 04:40:03 devstack cinder-volume[92060]: INFO cinder.volume.manager [None req-02fedff1-c724-455a-a143-3c398d90dde6 tempest-GroupSnapshotsV319Test-664216753 None] Group tempest-GroupSnapshotsV319Test-Group-1738921539: creating
Jun 17 04:40:03 devstack cinder-volume[92060]: INFO cinder.volume.manager [None req-02fedff1-c724-455a-a143-3c398d90dde6 tempest-GroupSnapshotsV319Test-664216753 None] Group tempest-GroupSnapshotsV319Test-Group-1738921539: created successfully
Jun 17 04:40:03 devstack cinder-volume[92060]: INFO cinder.volume.manager [None req-02fedff1-c724-455a-a143-3c398d90dde6 tempest-GroupSnapshotsV319Test-664216753 None] Create group completed successfully.
Jun 17 04:40:04 devstack sudo[97356]: pam_unix(sudo:session): session closed for user root
Jun 17 04:40:04 devstack cinder-volume[92060]: DEBUG oslo_concurrency.processutils [None req-564b1aeb-3fe6-4ce9-84b1-7f68f20652a4 tempest-GroupsV314Test-1381606140 None] CMD "sudo cinder-rootwrap /etc/cinder/rootwrap.conf chmod ugo+rw /opt/stack/data/cinder/mnt/8ddfc6b49c537fa834880163c93e710a/volume-37ce51f1-26d3-4eab-bc2e-1acdac1cf844.eed89e36-2b6b-4caf-b0fd-84867dc9585b" returned: 0 in 0.645s {{(pid=92060) execute /opt/stack/data/venv/lib/python3.12/site-packages/oslo_concurrency/processutils.py:468}}
Jun 17 04:40:04 devstack cinder-volume[92060]: DEBUG oslo_concurrency.processutils [None req-564b1aeb-3fe6-4ce9-84b1-7f68f20652a4 tempest-GroupsV314Test-1381606140 None] Running cmd (subprocess): sudo cinder-rootwrap /etc/cinder/rootwrap.conf truncate -s0 /opt/stack/data/cinder/mnt/8ddfc6b49c537fa834880163c93e710a/volume-37ce51f1-26d3-4eab-bc2e-1acdac1cf844.info {{(pid=92060) execute /opt/stack/data/venv/lib/python3.12/site-packages/oslo_concurrency/processutils.py:440}}
Jun 17 04:40:04 devstack sudo[97359]: quobyte : PWD=/ ; USER=root ; COMMAND=/opt/stack/data/venv/bin/cinder-rootwrap /etc/cinder/rootwrap.conf truncate -s0 /opt/stack/data/cinder/mnt/8ddfc6b49c537fa834880163c93e710a/volume-37ce51f1-26d3-4eab-bc2e-1acdac1cf844.info
Jun 17 04:40:04 devstack sudo[97359]: pam_unix(sudo:session): session opened for user root(uid=0) by (uid=1000)
Jun 17 04:40:05 devstack sudo[97359]: pam_unix(sudo:session): session closed for user root
Jun 17 04:40:05 devstack cinder-volume[92060]: DEBUG oslo_concurrency.processutils [None req-564b1aeb-3fe6-4ce9-84b1-7f68f20652a4 tempest-GroupsV314Test-1381606140 None] CMD "sudo cinder-rootwrap /etc/cinder/rootwrap.conf truncate -s0 /opt/stack/data/cinder/mnt/8ddfc6b49c537fa834880163c93e710a/volume-37ce51f1-26d3-4eab-bc2e-1acdac1cf844.info" returned: 0 in 0.666s {{(pid=92060) execute /opt/stack/data/venv/lib/python3.12/site-packages/oslo_concurrency/processutils.py:468}}
Jun 17 04:40:05 devstack cinder-volume[92060]: WARNING cinder.volume.drivers.remotefs [None req-564b1aeb-3fe6-4ce9-84b1-7f68f20652a4 tempest-GroupsV314Test-1381606140 None] /opt/stack/data/cinder/mnt/8ddfc6b49c537fa834880163c93e710a/volume-37ce51f1-26d3-4eab-bc2e-1acdac1cf844.info is being set with open permissions: ugo+rw: NotImplementedError
Jun 17 04:40:05 devstack cinder-volume[92060]: DEBUG oslo_concurrency.processutils [None req-564b1aeb-3fe6-4ce9-84b1-7f68f20652a4 tempest-GroupsV314Test-1381606140 None] Running cmd (subprocess): sudo cinder-rootwrap /etc/cinder/rootwrap.conf chmod ugo+rw /opt/stack/data/cinder/mnt/8ddfc6b49c537fa834880163c93e710a/volume-37ce51f1-26d3-4eab-bc2e-1acdac1cf844.info {{(pid=92060) execute /opt/stack/data/venv/lib/python3.12/site-packages/oslo_concurrency/processutils.py:440}}
Jun 17 04:40:05 devstack sudo[97362]: quobyte : PWD=/ ; USER=root ; COMMAND=/opt/stack/data/venv/bin/cinder-rootwrap /etc/cinder/rootwrap.conf chmod ugo+rw /opt/stack/data/cinder/mnt/8ddfc6b49c537fa834880163c93e710a/volume-37ce51f1-26d3-4eab-bc2e-1acdac1cf844.info
Jun 17 04:40:05 devstack sudo[97362]: pam_unix(sudo:session): session opened for user root(uid=0) by (uid=1000)
Jun 17 04:40:05 devstack cinder-volume[92060]: DEBUG cinder.volume.flows.manager.create_volume [None req-82609a69-75e4-46c5-b673-35eba0715970 tempest-GroupSnapshotsV319Test-664216753 None] Volume reschedule parameters: True retry: {'num_attempts': 1, 'backends': ['devstack@QuobyteHD#QuobyteHD'], 'hosts': ['devstack@QuobyteHD#QuobyteHD']} {{(pid=92060) get_flow /opt/stack/cinder/cinder/volume/flows/manager/create_volume.py:1397}}
Jun 17 04:40:05 devstack cinder-volume[92060]: DEBUG cinder.volume.manager [None req-82609a69-75e4-46c5-b673-35eba0715970 tempest-GroupSnapshotsV319Test-664216753 None] Flow 'volume_create_manager' (a287ec36-3b30-4da4-860c-6b2676fbf23f) transitioned into state 'RUNNING' from state 'PENDING' {{(pid=92060) _flow_receiver /opt/stack/data/venv/lib/python3.12/site-packages/taskflow/listeners/logging.py:145}}
Jun 17 04:40:05 devstack cinder-volume[92060]: DEBUG cinder.volume.manager [None req-82609a69-75e4-46c5-b673-35eba0715970 tempest-GroupSnapshotsV319Test-664216753 None] Task 'cinder.volume.flows.manager.create_volume.ExtractVolumeRefTask;volume:create' (8fdba6a3-32b9-41a8-8362-20a4031f5154) transitioned into state 'RUNNING' from state 'PENDING' {{(pid=92060) _task_receiver /opt/stack/data/venv/lib/python3.12/site-packages/taskflow/listeners/logging.py:194}}
Jun 17 04:40:05 devstack cinder-volume[92060]: DEBUG cinder.volume.manager [None req-82609a69-75e4-46c5-b673-35eba0715970 tempest-GroupSnapshotsV319Test-664216753 None] Task 'cinder.volume.flows.manager.create_volume.ExtractVolumeRefTask;volume:create' (8fdba6a3-32b9-41a8-8362-20a4031f5154) transitioned into state 'SUCCESS' from state 'RUNNING' with result 'Volume(_name_id=None,admin_metadata=,attach_status='detached',availability_zone='nova',bootable=False,cluster=,cluster_name=None,consistencygroup=,consistencygroup_id=None,created_at=2026-06-17T02:40:05Z,deleted=False,deleted_at=None,display_description=None,display_name='tempest-volume-1381660902',ec2_id=None,encryption_key_id=None,glance_metadata=,group=,group_id=2bebf677-ba73-434d-98ea-3026b371a0c7,host='devstack@QuobyteHD#QuobyteHD',id=1098e642-cecd-431a-9f2d-805ea9ca164d,launched_at=None,metadata={},migration_status=None,multiattach=False,previous_status=None,project_id='6e8ed10ff1f349b18559f3f2be45fbbf',provider_auth=None,provider_geometry=None,provider_id=None,provider_location=None,replication_driver_data=None,replication_extended_status=None,replication_status=None,scheduled_at=2026-06-17T02:40:05Z,service_uuid=None,shared_targets=True,size=1,snapshot_id=None,snapshots=,source_volid=None,status='creating',terminated_at=None,updated_at=2026-06-17T02:40:05Z,use_quota=True,user_id='47cbe4f05dcd44bcbdd2f4b874897ff9',volume_attachment=VolumeAttachmentList,volume_type=VolumeType(421f069a-0429-4066-b23d-6e6f089ee1ee),volume_type_id=421f069a-0429-4066-b23d-6e6f089ee1ee)' {{(pid=92060) _task_receiver /opt/stack/data/venv/lib/python3.12/site-packages/taskflow/listeners/logging.py:182}}
Jun 17 04:40:05 devstack cinder-volume[92060]: DEBUG cinder.volume.manager [None req-82609a69-75e4-46c5-b673-35eba0715970 tempest-GroupSnapshotsV319Test-664216753 None] Task 'cinder.volume.flows.manager.create_volume.OnFailureRescheduleTask;volume:create' (b52ef7c9-a13c-4cfb-99ba-1dc5b675e876) transitioned into state 'RUNNING' from state 'PENDING' {{(pid=92060) _task_receiver /opt/stack/data/venv/lib/python3.12/site-packages/taskflow/listeners/logging.py:194}}
Jun 17 04:40:05 devstack cinder-volume[92060]: DEBUG cinder.volume.manager [None req-82609a69-75e4-46c5-b673-35eba0715970 tempest-GroupSnapshotsV319Test-664216753 None] Task 'cinder.volume.flows.manager.create_volume.OnFailureRescheduleTask;volume:create' (b52ef7c9-a13c-4cfb-99ba-1dc5b675e876) transitioned into state 'SUCCESS' from state 'RUNNING' with result 'None' {{(pid=92060) _task_receiver /opt/stack/data/venv/lib/python3.12/site-packages/taskflow/listeners/logging.py:182}}
Jun 17 04:40:05 devstack cinder-volume[92060]: DEBUG cinder.volume.manager [None req-82609a69-75e4-46c5-b673-35eba0715970 tempest-GroupSnapshotsV319Test-664216753 None] Task 'cinder.volume.flows.manager.create_volume.ExtractVolumeSpecTask;volume:create' (3885e474-141f-4c9e-981d-1f0bfef8a717) transitioned into state 'RUNNING' from state 'PENDING' {{(pid=92060) _task_receiver /opt/stack/data/venv/lib/python3.12/site-packages/taskflow/listeners/logging.py:194}}
Jun 17 04:40:05 devstack cinder-volume[92060]: DEBUG cinder.volume.manager [None req-82609a69-75e4-46c5-b673-35eba0715970 tempest-GroupSnapshotsV319Test-664216753 None] Task 'cinder.volume.flows.manager.create_volume.ExtractVolumeSpecTask;volume:create' (3885e474-141f-4c9e-981d-1f0bfef8a717) transitioned into state 'SUCCESS' from state 'RUNNING' with result '{'status': 'creating', 'type': 'raw', 'volume_id': '1098e642-cecd-431a-9f2d-805ea9ca164d', 'volume_name': 'volume-1098e642-cecd-431a-9f2d-805ea9ca164d', 'volume_size': 1}' {{(pid=92060) _task_receiver /opt/stack/data/venv/lib/python3.12/site-packages/taskflow/listeners/logging.py:182}}
Jun 17 04:40:05 devstack cinder-volume[92060]: DEBUG cinder.volume.manager [None req-82609a69-75e4-46c5-b673-35eba0715970 tempest-GroupSnapshotsV319Test-664216753 None] Task 'cinder.volume.flows.manager.create_volume.NotifyVolumeActionTask;volume:create, create.start' (23665490-026f-422a-84f6-38f7085a5e2b) transitioned into state 'RUNNING' from state 'PENDING' {{(pid=92060) _task_receiver /opt/stack/data/venv/lib/python3.12/site-packages/taskflow/listeners/logging.py:194}}
Jun 17 04:40:05 devstack cinder-volume[92060]: DEBUG cinder.volume.manager [None req-82609a69-75e4-46c5-b673-35eba0715970 tempest-GroupSnapshotsV319Test-664216753 None] Task 'cinder.volume.flows.manager.create_volume.NotifyVolumeActionTask;volume:create, create.start' (23665490-026f-422a-84f6-38f7085a5e2b) transitioned into state 'SUCCESS' from state 'RUNNING' with result 'None' {{(pid=92060) _task_receiver /opt/stack/data/venv/lib/python3.12/site-packages/taskflow/listeners/logging.py:182}}
Jun 17 04:40:05 devstack cinder-volume[92060]: DEBUG cinder.volume.manager [None req-82609a69-75e4-46c5-b673-35eba0715970 tempest-GroupSnapshotsV319Test-664216753 None] Task 'cinder.volume.flows.manager.create_volume.CreateVolumeFromSpecTask;volume:create' (780d3a14-174d-4790-bf8f-20bf63534d73) transitioned into state 'RUNNING' from state 'PENDING' {{(pid=92060) _task_receiver /opt/stack/data/venv/lib/python3.12/site-packages/taskflow/listeners/logging.py:194}}
Jun 17 04:40:05 devstack cinder-volume[92060]: INFO cinder.volume.flows.manager.create_volume [None req-82609a69-75e4-46c5-b673-35eba0715970 tempest-GroupSnapshotsV319Test-664216753 None] Volume 1098e642-cecd-431a-9f2d-805ea9ca164d: being created as raw with specification: {'status': 'creating', 'volume_name': 'volume-1098e642-cecd-431a-9f2d-805ea9ca164d', 'volume_size': 1}
Jun 17 04:40:05 devstack cinder-volume[92060]: DEBUG oslo_concurrency.lockutils [None req-82609a69-75e4-46c5-b673-35eba0715970 tempest-GroupSnapshotsV319Test-664216753 None] Acquiring lock "quobyte" by "cinder.volume.drivers.quobyte.QuobyteDriver.create_volume" {{(pid=92060) inner /opt/stack/data/venv/lib/python3.12/site-packages/oslo_concurrency/lockutils.py:506}}
Jun 17 04:40:05 devstack sudo[97362]: pam_unix(sudo:session): session closed for user root
Jun 17 04:40:05 devstack cinder-volume[92060]: DEBUG oslo_concurrency.processutils [None req-564b1aeb-3fe6-4ce9-84b1-7f68f20652a4 tempest-GroupsV314Test-1381606140 None] CMD "sudo cinder-rootwrap /etc/cinder/rootwrap.conf chmod ugo+rw /opt/stack/data/cinder/mnt/8ddfc6b49c537fa834880163c93e710a/volume-37ce51f1-26d3-4eab-bc2e-1acdac1cf844.info" returned: 0 in 0.702s {{(pid=92060) execute /opt/stack/data/venv/lib/python3.12/site-packages/oslo_concurrency/processutils.py:468}}
Jun 17 04:40:05 devstack cinder-volume[92060]: DEBUG cinder.coordination [None req-564b1aeb-3fe6-4ce9-84b1-7f68f20652a4 tempest-GroupsV314Test-1381606140 None] Acquiring lock "cinder-quobyte-f2cf2842-3aa2-4e5b-b658-865023e4304d" by "_copy_volume_from_snapshot" {{(pid=92060) __acquire /opt/stack/cinder/cinder/coordination.py:138}}
Jun 17 04:40:05 devstack cinder-volume[92060]: DEBUG cinder.coordination [None req-564b1aeb-3fe6-4ce9-84b1-7f68f20652a4 tempest-GroupsV314Test-1381606140 None] Lock "cinder-quobyte-f2cf2842-3aa2-4e5b-b658-865023e4304d" acquired by "_copy_volume_from_snapshot" :: waited 0.020s {{(pid=92060) __acquire /opt/stack/cinder/cinder/coordination.py:141}}
Jun 17 04:40:05 devstack cinder-volume[92060]: DEBUG cinder.volume.drivers.quobyte [None req-564b1aeb-3fe6-4ce9-84b1-7f68f20652a4 tempest-GroupsV314Test-1381606140 None] snapshot: eed89e36-2b6b-4caf-b0fd-84867dc9585b, volume: f2cf2842-3aa2-4e5b-b658-865023e4304d, {{(pid=92060) _copy_volume_from_snapshot /opt/stack/cinder/cinder/volume/drivers/quobyte.py:401}}
Jun 17 04:40:05 devstack cinder-volume[92060]: DEBUG oslo_concurrency.lockutils [None req-564b1aeb-3fe6-4ce9-84b1-7f68f20652a4 tempest-GroupsV314Test-1381606140 None] Acquiring lock "quobyte_ensure" by "cinder.volume.drivers.quobyte.QuobyteDriver._ensure_shares_mounted" {{(pid=92060) inner /opt/stack/data/venv/lib/python3.12/site-packages/oslo_concurrency/lockutils.py:506}}
Jun 17 04:40:05 devstack cinder-volume[92060]: DEBUG oslo_concurrency.lockutils [None req-564b1aeb-3fe6-4ce9-84b1-7f68f20652a4 tempest-GroupsV314Test-1381606140 None] Lock "quobyte_ensure" acquired by "cinder.volume.drivers.quobyte.QuobyteDriver._ensure_shares_mounted" :: waited 0.001s {{(pid=92060) inner /opt/stack/data/venv/lib/python3.12/site-packages/oslo_concurrency/lockutils.py:519}}
Jun 17 04:40:05 devstack cinder-volume[92060]: DEBUG cinder.volume.drivers.quobyte [None req-564b1aeb-3fe6-4ce9-84b1-7f68f20652a4 tempest-GroupsV314Test-1381606140 None] Quobyte Volume URL set to: {'osci02.corp.quobyte.com/cinder-vol-30bb4fd4-a017-4553-95c0-71230fbcf588': None} {{(pid=92060) _load_shares_config /opt/stack/cinder/cinder/volume/drivers/quobyte.py:617}}
Jun 17 04:40:05 devstack cinder-volume[92060]: DEBUG cinder.volume.drivers.quobyte [None req-564b1aeb-3fe6-4ce9-84b1-7f68f20652a4 tempest-GroupsV314Test-1381606140 None] Available shares ['osci02.corp.quobyte.com/cinder-vol-30bb4fd4-a017-4553-95c0-71230fbcf588'] {{(pid=92060) _ensure_shares_mounted /opt/stack/cinder/cinder/volume/drivers/quobyte.py:647}}
Jun 17 04:40:05 devstack cinder-volume[92060]: DEBUG oslo_concurrency.lockutils [None req-564b1aeb-3fe6-4ce9-84b1-7f68f20652a4 tempest-GroupsV314Test-1381606140 None] Lock "quobyte_ensure" "released" by "cinder.volume.drivers.quobyte.QuobyteDriver._ensure_shares_mounted" :: held 0.005s {{(pid=92060) inner /opt/stack/data/venv/lib/python3.12/site-packages/oslo_concurrency/lockutils.py:538}}
Jun 17 04:40:05 devstack cinder-volume[92060]: DEBUG oslo.privsep.daemon [-] privsep: reply[1b8b48be-2a27-49a5-914d-57a844fa3638]: (4, 'qcow2') {{(pid=93130) _call_back /opt/stack/data/venv/lib/python3.12/site-packages/oslo_privsep/daemon.py:573}}
Jun 17 04:40:05 devstack cinder-volume[92060]: DEBUG oslo_concurrency.processutils [None req-564b1aeb-3fe6-4ce9-84b1-7f68f20652a4 tempest-GroupsV314Test-1381606140 None] Running cmd (subprocess): /opt/stack/data/venv/bin/python3.12 -m oslo_concurrency.prlimit --as=1073741824 --cpu=60 -- sudo cinder-rootwrap /etc/cinder/rootwrap.conf env LC_ALL=C qemu-img info -f qcow2 --output=json --force-share /opt/stack/data/cinder/mnt/8ddfc6b49c537fa834880163c93e710a/volume-37ce51f1-26d3-4eab-bc2e-1acdac1cf844.eed89e36-2b6b-4caf-b0fd-84867dc9585b {{(pid=92060) execute /opt/stack/data/venv/lib/python3.12/site-packages/oslo_concurrency/processutils.py:440}}
Jun 17 04:40:05 devstack sudo[97365]: quobyte : PWD=/ ; USER=root ; COMMAND=/opt/stack/data/venv/bin/cinder-rootwrap /etc/cinder/rootwrap.conf env LC_ALL=C qemu-img info -f qcow2 --output=json --force-share /opt/stack/data/cinder/mnt/8ddfc6b49c537fa834880163c93e710a/volume-37ce51f1-26d3-4eab-bc2e-1acdac1cf844.eed89e36-2b6b-4caf-b0fd-84867dc9585b
Jun 17 04:40:05 devstack sudo[97365]: pam_unix(sudo:session): session opened for user root(uid=0) by (uid=1000)
Jun 17 04:40:06 devstack sudo[97365]: pam_unix(sudo:session): session closed for user root
Jun 17 04:40:06 devstack cinder-volume[92060]: DEBUG oslo_concurrency.processutils [None req-564b1aeb-3fe6-4ce9-84b1-7f68f20652a4 tempest-GroupsV314Test-1381606140 None] CMD "/opt/stack/data/venv/bin/python3.12 -m oslo_concurrency.prlimit --as=1073741824 --cpu=60 -- sudo cinder-rootwrap /etc/cinder/rootwrap.conf env LC_ALL=C qemu-img info -f qcow2 --output=json --force-share /opt/stack/data/cinder/mnt/8ddfc6b49c537fa834880163c93e710a/volume-37ce51f1-26d3-4eab-bc2e-1acdac1cf844.eed89e36-2b6b-4caf-b0fd-84867dc9585b" returned: 0 in 0.779s {{(pid=92060) execute /opt/stack/data/venv/lib/python3.12/site-packages/oslo_concurrency/processutils.py:468}}
Jun 17 04:40:06 devstack cinder-volume[92060]: DEBUG cinder.volume.drivers.remotefs [None req-564b1aeb-3fe6-4ce9-84b1-7f68f20652a4 tempest-GroupsV314Test-1381606140 None] Fetching qemu-img info with special backing_file_template: (/opt/stack/data/cinder/mnt/[0-9a-f]+/)?(volume-37ce51f1-26d3-4eab-bc2e-1acdac1cf844(.(tmp-snap-)?[0-9a-f-]+)?|volume_from_snapshot_cache/(tmp-snap-)?[0-9a-f-]+(.(child-|parent-)[0-9a-f-]+)?)$ {{(pid=92060) _qemu_img_info_base /opt/stack/cinder/cinder/volume/drivers/remotefs.py:896}}
Jun 17 04:40:06 devstack cinder-volume[92060]: DEBUG cinder.volume.drivers.quobyte [None req-564b1aeb-3fe6-4ce9-84b1-7f68f20652a4 tempest-GroupsV314Test-1381606140 None] will copy from snapshot at /opt/stack/data/cinder/mnt/8ddfc6b49c537fa834880163c93e710a/volume-37ce51f1-26d3-4eab-bc2e-1acdac1cf844 {{(pid=92060) _copy_volume_from_snapshot /opt/stack/cinder/cinder/volume/drivers/quobyte.py:420}}
Jun 17 04:40:06 devstack cinder-volume[92060]: DEBUG cinder.volume.drivers.quobyte [None req-564b1aeb-3fe6-4ce9-84b1-7f68f20652a4 tempest-GroupsV314Test-1381606140 None] Creating direct copy from snapshot {{(pid=92060) _copy_volume_from_snapshot /opt/stack/cinder/cinder/volume/drivers/quobyte.py:428}}
Jun 17 04:40:06 devstack cinder-volume[92060]: DEBUG oslo.privsep.daemon [-] privsep: reply[fe82253a-eb51-4fb4-a71d-228c20a3dfe7]: (4, 'qcow2') {{(pid=93130) _call_back /opt/stack/data/venv/lib/python3.12/site-packages/oslo_privsep/daemon.py:573}}
Jun 17 04:40:06 devstack cinder-volume[92060]: DEBUG oslo_concurrency.processutils [None req-564b1aeb-3fe6-4ce9-84b1-7f68f20652a4 tempest-GroupsV314Test-1381606140 None] Running cmd (subprocess): /opt/stack/data/venv/bin/python3.12 -m oslo_concurrency.prlimit --as=1073741824 --cpu=60 -- sudo cinder-rootwrap /etc/cinder/rootwrap.conf env LC_ALL=C qemu-img info -f qcow2 --output=json /opt/stack/data/cinder/mnt/8ddfc6b49c537fa834880163c93e710a/volume-37ce51f1-26d3-4eab-bc2e-1acdac1cf844 {{(pid=92060) execute /opt/stack/data/venv/lib/python3.12/site-packages/oslo_concurrency/processutils.py:440}}
Jun 17 04:40:06 devstack sudo[97370]: quobyte : PWD=/ ; USER=root ; COMMAND=/opt/stack/data/venv/bin/cinder-rootwrap /etc/cinder/rootwrap.conf env LC_ALL=C qemu-img info -f qcow2 --output=json /opt/stack/data/cinder/mnt/8ddfc6b49c537fa834880163c93e710a/volume-37ce51f1-26d3-4eab-bc2e-1acdac1cf844
Jun 17 04:40:06 devstack sudo[97370]: pam_unix(sudo:session): session opened for user root(uid=0) by (uid=1000)
Jun 17 04:40:07 devstack sudo[97370]: pam_unix(sudo:session): session closed for user root
Jun 17 04:40:07 devstack cinder-volume[92060]: DEBUG oslo_concurrency.processutils [None req-564b1aeb-3fe6-4ce9-84b1-7f68f20652a4 tempest-GroupsV314Test-1381606140 None] CMD "/opt/stack/data/venv/bin/python3.12 -m oslo_concurrency.prlimit --as=1073741824 --cpu=60 -- sudo cinder-rootwrap /etc/cinder/rootwrap.conf env LC_ALL=C qemu-img info -f qcow2 --output=json /opt/stack/data/cinder/mnt/8ddfc6b49c537fa834880163c93e710a/volume-37ce51f1-26d3-4eab-bc2e-1acdac1cf844" returned: 0 in 0.763s {{(pid=92060) execute /opt/stack/data/venv/lib/python3.12/site-packages/oslo_concurrency/processutils.py:468}}
Jun 17 04:40:07 devstack cinder-volume[92060]: DEBUG cinder.utils [None req-564b1aeb-3fe6-4ce9-84b1-7f68f20652a4 tempest-GroupsV314Test-1381606140 None] Path /opt/stack/data/cinder/mnt/8ddfc6b49c537fa834880163c93e710a/volume-f2cf2842-3aa2-4e5b-b658-865023e4304d not found in is_blk_device check {{(pid=92060) is_blk_device /opt/stack/cinder/cinder/utils.py:615}}
Jun 17 04:40:07 devstack cinder-volume[92060]: DEBUG oslo_concurrency.processutils [None req-564b1aeb-3fe6-4ce9-84b1-7f68f20652a4 tempest-GroupsV314Test-1381606140 None] Running cmd (subprocess): sudo cinder-rootwrap /etc/cinder/rootwrap.conf qemu-img convert -O qcow2 /opt/stack/data/cinder/mnt/8ddfc6b49c537fa834880163c93e710a/volume-37ce51f1-26d3-4eab-bc2e-1acdac1cf844 /opt/stack/data/cinder/mnt/8ddfc6b49c537fa834880163c93e710a/volume-f2cf2842-3aa2-4e5b-b658-865023e4304d {{(pid=92060) execute /opt/stack/data/venv/lib/python3.12/site-packages/oslo_concurrency/processutils.py:440}}
Jun 17 04:40:07 devstack sudo[97384]: quobyte : PWD=/ ; USER=root ; COMMAND=/opt/stack/data/venv/bin/cinder-rootwrap /etc/cinder/rootwrap.conf qemu-img convert -O qcow2 /opt/stack/data/cinder/mnt/8ddfc6b49c537fa834880163c93e710a/volume-37ce51f1-26d3-4eab-bc2e-1acdac1cf844 /opt/stack/data/cinder/mnt/8ddfc6b49c537fa834880163c93e710a/volume-f2cf2842-3aa2-4e5b-b658-865023e4304d
Jun 17 04:40:07 devstack sudo[97384]: pam_unix(sudo:session): session opened for user root(uid=0) by (uid=1000)
Jun 17 04:40:12 devstack sudo[97384]: pam_unix(sudo:session): session closed for user root
Jun 17 04:40:12 devstack cinder-volume[92060]: DEBUG oslo_concurrency.processutils [None req-564b1aeb-3fe6-4ce9-84b1-7f68f20652a4 tempest-GroupsV314Test-1381606140 None] CMD "sudo cinder-rootwrap /etc/cinder/rootwrap.conf qemu-img convert -O qcow2 /opt/stack/data/cinder/mnt/8ddfc6b49c537fa834880163c93e710a/volume-37ce51f1-26d3-4eab-bc2e-1acdac1cf844 /opt/stack/data/cinder/mnt/8ddfc6b49c537fa834880163c93e710a/volume-f2cf2842-3aa2-4e5b-b658-865023e4304d" returned: 0 in 5.547s {{(pid=92060) execute /opt/stack/data/venv/lib/python3.12/site-packages/oslo_concurrency/processutils.py:468}}
Jun 17 04:40:12 devstack cinder-volume[92060]: DEBUG oslo.privsep.daemon [-] privsep: reply[78b622b2-9a2b-4f82-8754-7cb1b809ecff]: (4, 'qcow2') {{(pid=93130) _call_back /opt/stack/data/venv/lib/python3.12/site-packages/oslo_privsep/daemon.py:573}}
Jun 17 04:40:12 devstack cinder-volume[92060]: DEBUG oslo_concurrency.processutils [None req-564b1aeb-3fe6-4ce9-84b1-7f68f20652a4 tempest-GroupsV314Test-1381606140 None] Running cmd (subprocess): /opt/stack/data/venv/bin/python3.12 -m oslo_concurrency.prlimit --as=1073741824 --cpu=60 -- sudo cinder-rootwrap /etc/cinder/rootwrap.conf env LC_ALL=C qemu-img info -f qcow2 --output=json /opt/stack/data/cinder/mnt/8ddfc6b49c537fa834880163c93e710a/volume-37ce51f1-26d3-4eab-bc2e-1acdac1cf844 {{(pid=92060) execute /opt/stack/data/venv/lib/python3.12/site-packages/oslo_concurrency/processutils.py:440}}
Jun 17 04:40:13 devstack sudo[97439]: quobyte : PWD=/ ; USER=root ; COMMAND=/opt/stack/data/venv/bin/cinder-rootwrap /etc/cinder/rootwrap.conf env LC_ALL=C qemu-img info -f qcow2 --output=json /opt/stack/data/cinder/mnt/8ddfc6b49c537fa834880163c93e710a/volume-37ce51f1-26d3-4eab-bc2e-1acdac1cf844
Jun 17 04:40:13 devstack sudo[97439]: pam_unix(sudo:session): session opened for user root(uid=0) by (uid=1000)
Jun 17 04:40:13 devstack sudo[97439]: pam_unix(sudo:session): session closed for user root
Jun 17 04:40:13 devstack cinder-volume[92060]: DEBUG oslo_concurrency.processutils [None req-564b1aeb-3fe6-4ce9-84b1-7f68f20652a4 tempest-GroupsV314Test-1381606140 None] CMD "/opt/stack/data/venv/bin/python3.12 -m oslo_concurrency.prlimit --as=1073741824 --cpu=60 -- sudo cinder-rootwrap /etc/cinder/rootwrap.conf env LC_ALL=C qemu-img info -f qcow2 --output=json /opt/stack/data/cinder/mnt/8ddfc6b49c537fa834880163c93e710a/volume-37ce51f1-26d3-4eab-bc2e-1acdac1cf844" returned: 0 in 0.854s {{(pid=92060) execute /opt/stack/data/venv/lib/python3.12/site-packages/oslo_concurrency/processutils.py:468}}
Jun 17 04:40:13 devstack cinder-volume[92060]: DEBUG cinder.image.image_utils [None req-564b1aeb-3fe6-4ce9-84b1-7f68f20652a4 tempest-GroupsV314Test-1381606140 None] Image conversion details: src /opt/stack/data/cinder/mnt/8ddfc6b49c537fa834880163c93e710a/volume-37ce51f1-26d3-4eab-bc2e-1acdac1cf844, size 1024.00 MB, duration 5.55 sec, destination /opt/stack/data/cinder/mnt/8ddfc6b49c537fa834880163c93e710a/volume-f2cf2842-3aa2-4e5b-b658-865023e4304d {{(pid=92060) _convert_image /opt/stack/cinder/cinder/image/image_utils.py:536}}
Jun 17 04:40:13 devstack cinder-volume[92060]: INFO cinder.image.image_utils [None req-564b1aeb-3fe6-4ce9-84b1-7f68f20652a4 tempest-GroupsV314Test-1381606140 None] Converted 1024.00 MB image at 184.57 MB/s
Jun 17 04:40:13 devstack cinder-volume[92060]: WARNING cinder.volume.drivers.remotefs [None req-564b1aeb-3fe6-4ce9-84b1-7f68f20652a4 tempest-GroupsV314Test-1381606140 None] /opt/stack/data/cinder/mnt/8ddfc6b49c537fa834880163c93e710a/volume-f2cf2842-3aa2-4e5b-b658-865023e4304d is being set with open permissions: ugo+rw: NotImplementedError
Jun 17 04:40:13 devstack cinder-volume[92060]: DEBUG oslo_concurrency.processutils [None req-564b1aeb-3fe6-4ce9-84b1-7f68f20652a4 tempest-GroupsV314Test-1381606140 None] Running cmd (subprocess): sudo cinder-rootwrap /etc/cinder/rootwrap.conf chmod ugo+rw /opt/stack/data/cinder/mnt/8ddfc6b49c537fa834880163c93e710a/volume-f2cf2842-3aa2-4e5b-b658-865023e4304d {{(pid=92060) execute /opt/stack/data/venv/lib/python3.12/site-packages/oslo_concurrency/processutils.py:440}}
Jun 17 04:40:13 devstack sudo[97445]: quobyte : PWD=/ ; USER=root ; COMMAND=/opt/stack/data/venv/bin/cinder-rootwrap /etc/cinder/rootwrap.conf chmod ugo+rw /opt/stack/data/cinder/mnt/8ddfc6b49c537fa834880163c93e710a/volume-f2cf2842-3aa2-4e5b-b658-865023e4304d
Jun 17 04:40:13 devstack sudo[97445]: pam_unix(sudo:session): session opened for user root(uid=0) by (uid=1000)
Jun 17 04:40:14 devstack sudo[97445]: pam_unix(sudo:session): session closed for user root
Jun 17 04:40:14 devstack cinder-volume[92060]: DEBUG oslo_concurrency.processutils [None req-564b1aeb-3fe6-4ce9-84b1-7f68f20652a4 tempest-GroupsV314Test-1381606140 None] CMD "sudo cinder-rootwrap /etc/cinder/rootwrap.conf chmod ugo+rw /opt/stack/data/cinder/mnt/8ddfc6b49c537fa834880163c93e710a/volume-f2cf2842-3aa2-4e5b-b658-865023e4304d" returned: 0 in 0.584s {{(pid=92060) execute /opt/stack/data/venv/lib/python3.12/site-packages/oslo_concurrency/processutils.py:468}}
Jun 17 04:40:14 devstack cinder-volume[92060]: DEBUG cinder.coordination [None req-564b1aeb-3fe6-4ce9-84b1-7f68f20652a4 tempest-GroupsV314Test-1381606140 None] Lock "cinder-quobyte-f2cf2842-3aa2-4e5b-b658-865023e4304d" released by "_copy_volume_from_snapshot" :: held 8.609s {{(pid=92060) __release /opt/stack/cinder/cinder/coordination.py:152}}
Jun 17 04:40:14 devstack cinder-volume[92060]: DEBUG cinder.coordination [None req-564b1aeb-3fe6-4ce9-84b1-7f68f20652a4 tempest-GroupsV314Test-1381606140 None] Acquiring lock "cinder-quobyte-eed89e36-2b6b-4caf-b0fd-84867dc9585b" by "_delete_snapshot" {{(pid=92060) __acquire /opt/stack/cinder/cinder/coordination.py:138}}
Jun 17 04:40:14 devstack cinder-volume[92060]: DEBUG cinder.coordination [None req-564b1aeb-3fe6-4ce9-84b1-7f68f20652a4 tempest-GroupsV314Test-1381606140 None] Lock "cinder-quobyte-eed89e36-2b6b-4caf-b0fd-84867dc9585b" acquired by "_delete_snapshot" :: waited 0.014s {{(pid=92060) __acquire /opt/stack/cinder/cinder/coordination.py:141}}
Jun 17 04:40:14 devstack cinder-volume[92060]: DEBUG cinder.volume.drivers.remotefs [None req-564b1aeb-3fe6-4ce9-84b1-7f68f20652a4 tempest-GroupsV314Test-1381606140 None] Deleting offline snapshot eed89e36-2b6b-4caf-b0fd-84867dc9585b of volume 37ce51f1-26d3-4eab-bc2e-1acdac1cf844 {{(pid=92060) _delete_snapshot /opt/stack/cinder/cinder/volume/drivers/remotefs.py:1288}}
Jun 17 04:40:14 devstack cinder-volume[92060]: DEBUG cinder.volume.drivers.remotefs [None req-564b1aeb-3fe6-4ce9-84b1-7f68f20652a4 tempest-GroupsV314Test-1381606140 None] snapshot_file for this snap is: volume-37ce51f1-26d3-4eab-bc2e-1acdac1cf844.eed89e36-2b6b-4caf-b0fd-84867dc9585b {{(pid=92060) _delete_snapshot /opt/stack/cinder/cinder/volume/drivers/remotefs.py:1317}}
Jun 17 04:40:14 devstack cinder-volume[92060]: DEBUG oslo.privsep.daemon [-] privsep: reply[f053f1c8-4df6-44f3-a197-f131ab92d64b]: (4, 'qcow2') {{(pid=93130) _call_back /opt/stack/data/venv/lib/python3.12/site-packages/oslo_privsep/daemon.py:573}}
Jun 17 04:40:14 devstack cinder-volume[92060]: DEBUG oslo_concurrency.processutils [None req-564b1aeb-3fe6-4ce9-84b1-7f68f20652a4 tempest-GroupsV314Test-1381606140 None] Running cmd (subprocess): /opt/stack/data/venv/bin/python3.12 -m oslo_concurrency.prlimit --as=1073741824 --cpu=60 -- sudo cinder-rootwrap /etc/cinder/rootwrap.conf env LC_ALL=C qemu-img info -f qcow2 --output=json --force-share /opt/stack/data/cinder/mnt/8ddfc6b49c537fa834880163c93e710a/volume-37ce51f1-26d3-4eab-bc2e-1acdac1cf844.eed89e36-2b6b-4caf-b0fd-84867dc9585b {{(pid=92060) execute /opt/stack/data/venv/lib/python3.12/site-packages/oslo_concurrency/processutils.py:440}}
Jun 17 04:40:14 devstack sudo[97448]: quobyte : PWD=/ ; USER=root ; COMMAND=/opt/stack/data/venv/bin/cinder-rootwrap /etc/cinder/rootwrap.conf env LC_ALL=C qemu-img info -f qcow2 --output=json --force-share /opt/stack/data/cinder/mnt/8ddfc6b49c537fa834880163c93e710a/volume-37ce51f1-26d3-4eab-bc2e-1acdac1cf844.eed89e36-2b6b-4caf-b0fd-84867dc9585b
Jun 17 04:40:14 devstack sudo[97448]: pam_unix(sudo:session): session opened for user root(uid=0) by (uid=1000)
Jun 17 04:40:15 devstack sudo[97448]: pam_unix(sudo:session): session closed for user root
Jun 17 04:40:15 devstack cinder-volume[92060]: DEBUG oslo_concurrency.processutils [None req-564b1aeb-3fe6-4ce9-84b1-7f68f20652a4 tempest-GroupsV314Test-1381606140 None] CMD "/opt/stack/data/venv/bin/python3.12 -m oslo_concurrency.prlimit --as=1073741824 --cpu=60 -- sudo cinder-rootwrap /etc/cinder/rootwrap.conf env LC_ALL=C qemu-img info -f qcow2 --output=json --force-share /opt/stack/data/cinder/mnt/8ddfc6b49c537fa834880163c93e710a/volume-37ce51f1-26d3-4eab-bc2e-1acdac1cf844.eed89e36-2b6b-4caf-b0fd-84867dc9585b" returned: 0 in 0.701s {{(pid=92060) execute /opt/stack/data/venv/lib/python3.12/site-packages/oslo_concurrency/processutils.py:468}}
Jun 17 04:40:15 devstack cinder-volume[92060]: DEBUG cinder.volume.drivers.remotefs [None req-564b1aeb-3fe6-4ce9-84b1-7f68f20652a4 tempest-GroupsV314Test-1381606140 None] Fetching qemu-img info with special backing_file_template: (/opt/stack/data/cinder/mnt/[0-9a-f]+/)?(volume-37ce51f1-26d3-4eab-bc2e-1acdac1cf844(.(tmp-snap-)?[0-9a-f-]+)?|volume_from_snapshot_cache/(tmp-snap-)?[0-9a-f-]+(.(child-|parent-)[0-9a-f-]+)?)$ {{(pid=92060) _qemu_img_info_base /opt/stack/cinder/cinder/volume/drivers/remotefs.py:896}}
Jun 17 04:40:15 devstack cinder-volume[92060]: DEBUG oslo.privsep.daemon [-] privsep: reply[63a8821e-b372-4aa5-9649-af5f49a22061]: (4, 'qcow2') {{(pid=93130) _call_back /opt/stack/data/venv/lib/python3.12/site-packages/oslo_privsep/daemon.py:573}}
Jun 17 04:40:15 devstack cinder-volume[92060]: DEBUG oslo_concurrency.processutils [None req-564b1aeb-3fe6-4ce9-84b1-7f68f20652a4 tempest-GroupsV314Test-1381606140 None] Running cmd (subprocess): /opt/stack/data/venv/bin/python3.12 -m oslo_concurrency.prlimit --as=1073741824 --cpu=60 -- sudo cinder-rootwrap /etc/cinder/rootwrap.conf env LC_ALL=C qemu-img info -f qcow2 --output=json --force-share /opt/stack/data/cinder/mnt/8ddfc6b49c537fa834880163c93e710a/volume-37ce51f1-26d3-4eab-bc2e-1acdac1cf844 {{(pid=92060) execute /opt/stack/data/venv/lib/python3.12/site-packages/oslo_concurrency/processutils.py:440}}
Jun 17 04:40:15 devstack sudo[97453]: quobyte : PWD=/ ; USER=root ; COMMAND=/opt/stack/data/venv/bin/cinder-rootwrap /etc/cinder/rootwrap.conf env LC_ALL=C qemu-img info -f qcow2 --output=json --force-share /opt/stack/data/cinder/mnt/8ddfc6b49c537fa834880163c93e710a/volume-37ce51f1-26d3-4eab-bc2e-1acdac1cf844
Jun 17 04:40:15 devstack sudo[97453]: pam_unix(sudo:session): session opened for user root(uid=0) by (uid=1000)
Jun 17 04:40:15 devstack cinder-volume[92060]: DEBUG dbcounter [-] [92060] Writing DB stats cinder:SELECT=4,cinder:UPDATE=2,cinder:INSERT=1 {{(pid=92060) stat_writer /opt/stack/data/venv/lib/python3.12/site-packages/dbcounter.py:115}}
Jun 17 04:40:15 devstack sudo[97453]: pam_unix(sudo:session): session closed for user root
Jun 17 04:40:15 devstack cinder-volume[92060]: DEBUG oslo_concurrency.processutils [None req-564b1aeb-3fe6-4ce9-84b1-7f68f20652a4 tempest-GroupsV314Test-1381606140 None] CMD "/opt/stack/data/venv/bin/python3.12 -m oslo_concurrency.prlimit --as=1073741824 --cpu=60 -- sudo cinder-rootwrap /etc/cinder/rootwrap.conf env LC_ALL=C qemu-img info -f qcow2 --output=json --force-share /opt/stack/data/cinder/mnt/8ddfc6b49c537fa834880163c93e710a/volume-37ce51f1-26d3-4eab-bc2e-1acdac1cf844" returned: 0 in 0.704s {{(pid=92060) execute /opt/stack/data/venv/lib/python3.12/site-packages/oslo_concurrency/processutils.py:468}}
Jun 17 04:40:15 devstack cinder-volume[92060]: DEBUG oslo_concurrency.processutils [None req-564b1aeb-3fe6-4ce9-84b1-7f68f20652a4 tempest-GroupsV314Test-1381606140 None] Running cmd (subprocess): sudo cinder-rootwrap /etc/cinder/rootwrap.conf qemu-img commit -d /opt/stack/data/cinder/mnt/8ddfc6b49c537fa834880163c93e710a/volume-37ce51f1-26d3-4eab-bc2e-1acdac1cf844.eed89e36-2b6b-4caf-b0fd-84867dc9585b {{(pid=92060) execute /opt/stack/data/venv/lib/python3.12/site-packages/oslo_concurrency/processutils.py:440}}
Jun 17 04:40:15 devstack sudo[97494]: quobyte : PWD=/ ; USER=root ; COMMAND=/opt/stack/data/venv/bin/cinder-rootwrap /etc/cinder/rootwrap.conf qemu-img commit -d /opt/stack/data/cinder/mnt/8ddfc6b49c537fa834880163c93e710a/volume-37ce51f1-26d3-4eab-bc2e-1acdac1cf844.eed89e36-2b6b-4caf-b0fd-84867dc9585b
Jun 17 04:40:15 devstack sudo[97494]: pam_unix(sudo:session): session opened for user root(uid=0) by (uid=1000)
Jun 17 04:40:16 devstack sudo[97494]: pam_unix(sudo:session): session closed for user root
Jun 17 04:40:16 devstack cinder-volume[92060]: DEBUG oslo_concurrency.processutils [None req-564b1aeb-3fe6-4ce9-84b1-7f68f20652a4 tempest-GroupsV314Test-1381606140 None] CMD "sudo cinder-rootwrap /etc/cinder/rootwrap.conf qemu-img commit -d /opt/stack/data/cinder/mnt/8ddfc6b49c537fa834880163c93e710a/volume-37ce51f1-26d3-4eab-bc2e-1acdac1cf844.eed89e36-2b6b-4caf-b0fd-84867dc9585b" returned: 0 in 0.677s {{(pid=92060) execute /opt/stack/data/venv/lib/python3.12/site-packages/oslo_concurrency/processutils.py:468}}
Jun 17 04:40:16 devstack cinder-volume[92060]: DEBUG oslo_concurrency.processutils [None req-564b1aeb-3fe6-4ce9-84b1-7f68f20652a4 tempest-GroupsV314Test-1381606140 None] Running cmd (subprocess): sudo cinder-rootwrap /etc/cinder/rootwrap.conf rm -f /opt/stack/data/cinder/mnt/8ddfc6b49c537fa834880163c93e710a/volume-37ce51f1-26d3-4eab-bc2e-1acdac1cf844.eed89e36-2b6b-4caf-b0fd-84867dc9585b {{(pid=92060) execute /opt/stack/data/venv/lib/python3.12/site-packages/oslo_concurrency/processutils.py:440}}
Jun 17 04:40:16 devstack sudo[97499]: quobyte : PWD=/ ; USER=root ; COMMAND=/opt/stack/data/venv/bin/cinder-rootwrap /etc/cinder/rootwrap.conf rm -f /opt/stack/data/cinder/mnt/8ddfc6b49c537fa834880163c93e710a/volume-37ce51f1-26d3-4eab-bc2e-1acdac1cf844.eed89e36-2b6b-4caf-b0fd-84867dc9585b
Jun 17 04:40:16 devstack sudo[97499]: pam_unix(sudo:session): session opened for user root(uid=0) by (uid=1000)
Jun 17 04:40:17 devstack sudo[97499]: pam_unix(sudo:session): session closed for user root
Jun 17 04:40:17 devstack cinder-volume[92060]: DEBUG oslo_concurrency.processutils [None req-564b1aeb-3fe6-4ce9-84b1-7f68f20652a4 tempest-GroupsV314Test-1381606140 None] CMD "sudo cinder-rootwrap /etc/cinder/rootwrap.conf rm -f /opt/stack/data/cinder/mnt/8ddfc6b49c537fa834880163c93e710a/volume-37ce51f1-26d3-4eab-bc2e-1acdac1cf844.eed89e36-2b6b-4caf-b0fd-84867dc9585b" returned: 0 in 0.602s {{(pid=92060) execute /opt/stack/data/venv/lib/python3.12/site-packages/oslo_concurrency/processutils.py:468}}
Jun 17 04:40:17 devstack cinder-volume[92060]: DEBUG cinder.coordination [None req-564b1aeb-3fe6-4ce9-84b1-7f68f20652a4 tempest-GroupsV314Test-1381606140 None] Lock "cinder-quobyte-eed89e36-2b6b-4caf-b0fd-84867dc9585b" released by "_delete_snapshot" :: held 2.773s {{(pid=92060) __release /opt/stack/cinder/cinder/coordination.py:152}}
Jun 17 04:40:17 devstack cinder-volume[92060]: DEBUG oslo_concurrency.lockutils [None req-564b1aeb-3fe6-4ce9-84b1-7f68f20652a4 tempest-GroupsV314Test-1381606140 None] Lock "quobyte" "released" by "cinder.volume.drivers.quobyte.QuobyteDriver.create_cloned_volume" :: held 17.265s {{(pid=92060) inner /opt/stack/data/venv/lib/python3.12/site-packages/oslo_concurrency/lockutils.py:538}}
Jun 17 04:40:17 devstack cinder-volume[92060]: DEBUG oslo_concurrency.lockutils [None req-53b86a4a-ad9d-4c6f-a2b1-f9ef9ea74db3 tempest-AttachVolumeShelveTestJSON-134363980 None] Lock "quobyte" acquired by "cinder.volume.drivers.quobyte.QuobyteDriver.create_volume" :: waited 15.846s {{(pid=92060) inner /opt/stack/data/venv/lib/python3.12/site-packages/oslo_concurrency/lockutils.py:519}}
Jun 17 04:40:17 devstack cinder-volume[92060]: DEBUG cinder.volume.drivers.quobyte [None req-53b86a4a-ad9d-4c6f-a2b1-f9ef9ea74db3 tempest-AttachVolumeShelveTestJSON-134363980 None] ==> create_volume: call "{'self': , 'volume': Volume(_name_id=None,admin_metadata=,attach_status='detached',availability_zone='nova',bootable=False,cluster=,cluster_name=None,consistencygroup=,consistencygroup_id=None,created_at=2026-06-17T02:40:01Z,deleted=False,deleted_at=None,display_description=None,display_name='tempest-AttachVolumeShelveTestJSON-volume-891666024',ec2_id=None,encryption_key_id=None,glance_metadata=,group=,group_id=None,host='devstack@QuobyteHD#QuobyteHD',id=0658b107-1fce-439f-a62e-8299bf3b43b8,launched_at=None,metadata={},migration_status=None,multiattach=False,previous_status=None,project_id='51b31662b38d4586825b0c761e731e86',provider_auth=None,provider_geometry=None,provider_id=None,provider_location=None,replication_driver_data=None,replication_extended_status=None,replication_status=None,scheduled_at=2026-06-17T02:40:01Z,service_uuid=None,shared_targets=True,size=1,snapshot_id=None,snapshots=,source_volid=None,status='creating',terminated_at=None,updated_at=2026-06-17T02:40:01Z,use_quota=True,user_id='7bde37e17f6247789a101e63fbac5bce',volume_attachment=VolumeAttachmentList,volume_type=VolumeType(aad9ce24-93f9-41a6-baa1-5125964f96d1),volume_type_id=aad9ce24-93f9-41a6-baa1-5125964f96d1)}" {{(pid=92060) trace_logging_wrapper /opt/stack/cinder/cinder/volume/volume_utils.py:1497}}
Jun 17 04:40:17 devstack cinder-volume[92060]: DEBUG cinder.volume.drivers.remotefs [None req-53b86a4a-ad9d-4c6f-a2b1-f9ef9ea74db3 tempest-AttachVolumeShelveTestJSON-134363980 None] Creating volume 0658b107-1fce-439f-a62e-8299bf3b43b8 {{(pid=92060) create_volume /opt/stack/cinder/cinder/volume/drivers/remotefs.py:292}}
Jun 17 04:40:17 devstack cinder-volume[92060]: DEBUG oslo_concurrency.lockutils [None req-53b86a4a-ad9d-4c6f-a2b1-f9ef9ea74db3 tempest-AttachVolumeShelveTestJSON-134363980 None] Acquiring lock "quobyte_ensure" by "cinder.volume.drivers.quobyte.QuobyteDriver._ensure_shares_mounted" {{(pid=92060) inner /opt/stack/data/venv/lib/python3.12/site-packages/oslo_concurrency/lockutils.py:506}}
Jun 17 04:40:17 devstack cinder-volume[92060]: DEBUG oslo_concurrency.lockutils [None req-53b86a4a-ad9d-4c6f-a2b1-f9ef9ea74db3 tempest-AttachVolumeShelveTestJSON-134363980 None] Lock "quobyte_ensure" acquired by "cinder.volume.drivers.quobyte.QuobyteDriver._ensure_shares_mounted" :: waited 0.000s {{(pid=92060) inner /opt/stack/data/venv/lib/python3.12/site-packages/oslo_concurrency/lockutils.py:519}}
Jun 17 04:40:17 devstack cinder-volume[92060]: DEBUG cinder.volume.drivers.quobyte [None req-53b86a4a-ad9d-4c6f-a2b1-f9ef9ea74db3 tempest-AttachVolumeShelveTestJSON-134363980 None] Quobyte Volume URL set to: {'osci02.corp.quobyte.com/cinder-vol-30bb4fd4-a017-4553-95c0-71230fbcf588': None} {{(pid=92060) _load_shares_config /opt/stack/cinder/cinder/volume/drivers/quobyte.py:617}}
Jun 17 04:40:17 devstack cinder-volume[92060]: DEBUG cinder.volume.drivers.quobyte [None req-53b86a4a-ad9d-4c6f-a2b1-f9ef9ea74db3 tempest-AttachVolumeShelveTestJSON-134363980 None] Available shares ['osci02.corp.quobyte.com/cinder-vol-30bb4fd4-a017-4553-95c0-71230fbcf588'] {{(pid=92060) _ensure_shares_mounted /opt/stack/cinder/cinder/volume/drivers/quobyte.py:647}}
Jun 17 04:40:17 devstack cinder-volume[92060]: DEBUG oslo_concurrency.lockutils [None req-53b86a4a-ad9d-4c6f-a2b1-f9ef9ea74db3 tempest-AttachVolumeShelveTestJSON-134363980 None] Lock "quobyte_ensure" "released" by "cinder.volume.drivers.quobyte.QuobyteDriver._ensure_shares_mounted" :: held 0.009s {{(pid=92060) inner /opt/stack/data/venv/lib/python3.12/site-packages/oslo_concurrency/lockutils.py:538}}
Jun 17 04:40:17 devstack cinder-volume[92060]: DEBUG cinder.volume.drivers.quobyte [None req-53b86a4a-ad9d-4c6f-a2b1-f9ef9ea74db3 tempest-AttachVolumeShelveTestJSON-134363980 None] Selected osci02.corp.quobyte.com/cinder-vol-30bb4fd4-a017-4553-95c0-71230fbcf588 as target Quobyte volume. {{(pid=92060) _find_share /opt/stack/cinder/cinder/volume/drivers/quobyte.py:668}}
Jun 17 04:40:17 devstack cinder-volume[92060]: INFO cinder.volume.drivers.remotefs [None req-53b86a4a-ad9d-4c6f-a2b1-f9ef9ea74db3 tempest-AttachVolumeShelveTestJSON-134363980 None] casted to osci02.corp.quobyte.com/cinder-vol-30bb4fd4-a017-4553-95c0-71230fbcf588
Jun 17 04:40:17 devstack cinder-volume[92060]: DEBUG oslo_concurrency.processutils [None req-53b86a4a-ad9d-4c6f-a2b1-f9ef9ea74db3 tempest-AttachVolumeShelveTestJSON-134363980 None] Running cmd (subprocess): sudo cinder-rootwrap /etc/cinder/rootwrap.conf qemu-img create -f qcow2 -o preallocation=metadata /opt/stack/data/cinder/mnt/8ddfc6b49c537fa834880163c93e710a/volume-0658b107-1fce-439f-a62e-8299bf3b43b8 1073741824 {{(pid=92060) execute /opt/stack/data/venv/lib/python3.12/site-packages/oslo_concurrency/processutils.py:440}}
Jun 17 04:40:17 devstack sudo[97502]: quobyte : PWD=/ ; USER=root ; COMMAND=/opt/stack/data/venv/bin/cinder-rootwrap /etc/cinder/rootwrap.conf qemu-img create -f qcow2 -o preallocation=metadata /opt/stack/data/cinder/mnt/8ddfc6b49c537fa834880163c93e710a/volume-0658b107-1fce-439f-a62e-8299bf3b43b8 1073741824
Jun 17 04:40:17 devstack sudo[97502]: pam_unix(sudo:session): session opened for user root(uid=0) by (uid=1000)
Jun 17 04:40:17 devstack cinder-volume[92060]: INFO cinder.volume.manager [None req-564b1aeb-3fe6-4ce9-84b1-7f68f20652a4 tempest-GroupsV314Test-1381606140 None] Create group from source-group-df229265-219b-4fa5-875e-91534a1949ea completed successfully.
Jun 17 04:40:17 devstack cinder-volume[92060]: DEBUG cinder.coordination [None req-78d8c31e-b4d0-422e-a301-6fdcef221a5c tempest-GroupsV314Test-1381606140 None] Acquiring lock "cinder-quobyte-f2cf2842-3aa2-4e5b-b658-865023e4304d" by "delete_volume" {{(pid=92060) __acquire /opt/stack/cinder/cinder/coordination.py:138}}
Jun 17 04:40:17 devstack cinder-volume[92060]: DEBUG cinder.coordination [None req-78d8c31e-b4d0-422e-a301-6fdcef221a5c tempest-GroupsV314Test-1381606140 None] Lock "cinder-quobyte-f2cf2842-3aa2-4e5b-b658-865023e4304d" acquired by "delete_volume" :: waited 0.023s {{(pid=92060) __acquire /opt/stack/cinder/cinder/coordination.py:141}}
Jun 17 04:40:17 devstack cinder-volume[92060]: DEBUG oslo.privsep.daemon [-] privsep: reply[5ef3a804-4f27-47e5-88fc-5391f1f32c0a]: (4, 'qcow2') {{(pid=93130) _call_back /opt/stack/data/venv/lib/python3.12/site-packages/oslo_privsep/daemon.py:573}}
