Jun 29 10:05:41 devstack cinder-volume[93480]: INFO cinder.volume.drivers.remotefs [None req-58012b29-9757-468d-962e-2a89e0efc7ce tempest-VolumesCloneTest-733589904 None] Cloning volume 84057890-d2d1-4c1e-9e8e-6973c38f319c to volume 0b17e40b-a4b0-42c9-ba5b-4771d0270249
Jun 29 10:05:41 devstack cinder-volume[93480]: DEBUG cinder.volume.drivers.remotefs [None req-58012b29-9757-468d-962e-2a89e0efc7ce tempest-VolumesCloneTest-733589904 None] Creating offline snapshot ee62785b-0bcb-40f7-b5e8-4099f95c4539 of volume 84057890-d2d1-4c1e-9e8e-6973c38f319c {{(pid=93480) _create_snapshot /opt/stack/cinder/cinder/volume/drivers/remotefs.py:1816}}
Jun 29 10:05:41 devstack cinder-volume[93480]: DEBUG oslo.privsep.daemon [-] privsep: reply[21893454-1f58-4cce-812c-a21218f644a3]: (4, 'qcow2') {{(pid=94766) _call_back /opt/stack/data/venv/lib/python3.12/site-packages/oslo_privsep/daemon.py:580}}
Jun 29 10:05:41 devstack cinder-volume[93480]: DEBUG oslo_concurrency.processutils [None req-58012b29-9757-468d-962e-2a89e0efc7ce tempest-VolumesCloneTest-733589904 None] Running cmd (subprocess): /opt/stack/data/venv/bin/python3.12 -m oslo_concurrency.prlimit --as=1073741824 --cpu=60 -- sudo cinder-rootwrap /etc/cinder/rootwrap.conf env LC_ALL=C qemu-img info -f qcow2 --output=json --force-share /opt/stack/data/cinder/mnt/ac764f53af394bdc198d6a0b94430f52/volume-84057890-d2d1-4c1e-9e8e-6973c38f319c {{(pid=93480) execute /opt/stack/data/venv/lib/python3.12/site-packages/oslo_concurrency/processutils.py:440}}
Jun 29 10:05:41 devstack sudo[102911]: quobyte : PWD=/ ; USER=root ; COMMAND=/opt/stack/data/venv/bin/cinder-rootwrap /etc/cinder/rootwrap.conf env LC_ALL=C qemu-img info -f qcow2 --output=json --force-share /opt/stack/data/cinder/mnt/ac764f53af394bdc198d6a0b94430f52/volume-84057890-d2d1-4c1e-9e8e-6973c38f319c
Jun 29 10:05:41 devstack sudo[102911]: pam_unix(sudo:session): session opened for user root(uid=0) by (uid=1000)
Jun 29 10:05:41 devstack sudo[102908]: pam_unix(sudo:session): session closed for user root
Jun 29 10:05:41 devstack cinder-volume[93480]: DEBUG oslo_concurrency.processutils [req-9feff6d1-dd56-449f-899b-cdd04675da59 req-0221d858-ef54-46ab-8eb0-18116c569dcc tempest-VolumesSnapshotsTestJSON-1433073384 None] CMD "/opt/stack/data/venv/bin/python3.12 -m oslo_concurrency.prlimit --as=1073741824 --cpu=60 -- sudo cinder-rootwrap /etc/cinder/rootwrap.conf env LC_ALL=C qemu-img info -f qcow2 --output=json --force-share /opt/stack/data/cinder/mnt/ac764f53af394bdc198d6a0b94430f52/volume-98a96da0-993d-433f-8eb9-59e89d531749" returned: 0 in 0.982s {{(pid=93480) execute /opt/stack/data/venv/lib/python3.12/site-packages/oslo_concurrency/processutils.py:468}}
Jun 29 10:05:41 devstack cinder-volume[93480]: DEBUG oslo_concurrency.processutils [req-9feff6d1-dd56-449f-899b-cdd04675da59 req-0221d858-ef54-46ab-8eb0-18116c569dcc tempest-VolumesSnapshotsTestJSON-1433073384 None] Running cmd (subprocess): sudo cinder-rootwrap /etc/cinder/rootwrap.conf rm -f /opt/stack/data/cinder/mnt/ac764f53af394bdc198d6a0b94430f52/volume-98a96da0-993d-433f-8eb9-59e89d531749 {{(pid=93480) execute /opt/stack/data/venv/lib/python3.12/site-packages/oslo_concurrency/processutils.py:440}}
Jun 29 10:05:41 devstack sudo[102915]: quobyte : PWD=/ ; USER=root ; COMMAND=/opt/stack/data/venv/bin/cinder-rootwrap /etc/cinder/rootwrap.conf rm -f /opt/stack/data/cinder/mnt/ac764f53af394bdc198d6a0b94430f52/volume-98a96da0-993d-433f-8eb9-59e89d531749
Jun 29 10:05:41 devstack sudo[102915]: pam_unix(sudo:session): session opened for user root(uid=0) by (uid=1000)
Jun 29 10:05:42 devstack sudo[102911]: pam_unix(sudo:session): session closed for user root
Jun 29 10:05:42 devstack cinder-volume[93480]: DEBUG oslo_concurrency.processutils [None req-58012b29-9757-468d-962e-2a89e0efc7ce tempest-VolumesCloneTest-733589904 None] CMD "/opt/stack/data/venv/bin/python3.12 -m oslo_concurrency.prlimit --as=1073741824 --cpu=60 -- sudo cinder-rootwrap /etc/cinder/rootwrap.conf env LC_ALL=C qemu-img info -f qcow2 --output=json --force-share /opt/stack/data/cinder/mnt/ac764f53af394bdc198d6a0b94430f52/volume-84057890-d2d1-4c1e-9e8e-6973c38f319c" returned: 0 in 0.880s {{(pid=93480) execute /opt/stack/data/venv/lib/python3.12/site-packages/oslo_concurrency/processutils.py:468}}
Jun 29 10:05:42 devstack cinder-volume[93480]: DEBUG oslo_concurrency.processutils [None req-58012b29-9757-468d-962e-2a89e0efc7ce tempest-VolumesCloneTest-733589904 None] Running cmd (subprocess): sudo cinder-rootwrap /etc/cinder/rootwrap.conf qemu-img create -f qcow2 -o backing_file=/opt/stack/data/cinder/mnt/ac764f53af394bdc198d6a0b94430f52/volume-84057890-d2d1-4c1e-9e8e-6973c38f319c,backing_fmt=qcow2 /opt/stack/data/cinder/mnt/ac764f53af394bdc198d6a0b94430f52/volume-84057890-d2d1-4c1e-9e8e-6973c38f319c.ee62785b-0bcb-40f7-b5e8-4099f95c4539 1G {{(pid=93480) execute /opt/stack/data/venv/lib/python3.12/site-packages/oslo_concurrency/processutils.py:440}}
Jun 29 10:05:42 devstack sudo[102922]: quobyte : PWD=/ ; USER=root ; COMMAND=/opt/stack/data/venv/bin/cinder-rootwrap /etc/cinder/rootwrap.conf qemu-img create -f qcow2 -o backing_file=/opt/stack/data/cinder/mnt/ac764f53af394bdc198d6a0b94430f52/volume-84057890-d2d1-4c1e-9e8e-6973c38f319c,backing_fmt=qcow2 /opt/stack/data/cinder/mnt/ac764f53af394bdc198d6a0b94430f52/volume-84057890-d2d1-4c1e-9e8e-6973c38f319c.ee62785b-0bcb-40f7-b5e8-4099f95c4539 1G
Jun 29 10:05:42 devstack sudo[102922]: pam_unix(sudo:session): session opened for user root(uid=0) by (uid=1000)
Jun 29 10:05:42 devstack sudo[102915]: pam_unix(sudo:session): session closed for user root
Jun 29 10:05:42 devstack cinder-volume[93480]: DEBUG oslo_concurrency.processutils [req-9feff6d1-dd56-449f-899b-cdd04675da59 req-0221d858-ef54-46ab-8eb0-18116c569dcc tempest-VolumesSnapshotsTestJSON-1433073384 None] CMD "sudo cinder-rootwrap /etc/cinder/rootwrap.conf rm -f /opt/stack/data/cinder/mnt/ac764f53af394bdc198d6a0b94430f52/volume-98a96da0-993d-433f-8eb9-59e89d531749" returned: 0 in 0.864s {{(pid=93480) execute /opt/stack/data/venv/lib/python3.12/site-packages/oslo_concurrency/processutils.py:468}}
Jun 29 10:05:42 devstack cinder-volume[93480]: DEBUG cinder.coordination [req-9feff6d1-dd56-449f-899b-cdd04675da59 req-0221d858-ef54-46ab-8eb0-18116c569dcc tempest-VolumesSnapshotsTestJSON-1433073384 None] Lock "cinder-quobyte-98a96da0-993d-433f-8eb9-59e89d531749" released by "delete_volume" :: held 1.931s {{(pid=93480) __release /opt/stack/cinder/cinder/coordination.py:152}}
Jun 29 10:05:42 devstack cinder-volume[93480]: DEBUG cinder.quota [req-9feff6d1-dd56-449f-899b-cdd04675da59 req-0221d858-ef54-46ab-8eb0-18116c569dcc tempest-VolumesSnapshotsTestJSON-1433073384 None] Created reservations ['818cbece-31e6-4050-b47b-6c30ae86b5ac', '8cdfe2d9-10b2-42c3-a7aa-0838d202d8ea', '77da537f-fab8-4021-8954-db87078ecdd3', 'd85375ad-7b4c-443d-8b35-6635fe80ef60'] {{(pid=93480) reserve /opt/stack/cinder/cinder/quota.py:752}}
Jun 29 10:05:42 devstack cinder-volume[93480]: DEBUG oslo_concurrency.lockutils [req-9feff6d1-dd56-449f-899b-cdd04675da59 req-0221d858-ef54-46ab-8eb0-18116c569dcc tempest-VolumesSnapshotsTestJSON-1433073384 None] Acquiring lock "quobyte_ensure" by "cinder.volume.drivers.quobyte.QuobyteDriver._ensure_shares_mounted" {{(pid=93480) inner /opt/stack/data/venv/lib/python3.12/site-packages/oslo_concurrency/lockutils.py:511}}
Jun 29 10:05:42 devstack cinder-volume[93480]: DEBUG oslo_concurrency.lockutils [req-9feff6d1-dd56-449f-899b-cdd04675da59 req-0221d858-ef54-46ab-8eb0-18116c569dcc tempest-VolumesSnapshotsTestJSON-1433073384 None] Lock "quobyte_ensure" acquired by "cinder.volume.drivers.quobyte.QuobyteDriver._ensure_shares_mounted" :: waited 0.001s {{(pid=93480) inner /opt/stack/data/venv/lib/python3.12/site-packages/oslo_concurrency/lockutils.py:524}}
Jun 29 10:05:42 devstack cinder-volume[93480]: DEBUG cinder.volume.drivers.quobyte [req-9feff6d1-dd56-449f-899b-cdd04675da59 req-0221d858-ef54-46ab-8eb0-18116c569dcc tempest-VolumesSnapshotsTestJSON-1433073384 None] Quobyte Volume URL set to: {'osci02.corp.quobyte.com/cinder-vol-2c2fb2d5-949b-4a2e-b4d5-1c915adc6762': None} {{(pid=93480) _load_shares_config /opt/stack/cinder/cinder/volume/drivers/quobyte.py:617}}
Jun 29 10:05:42 devstack cinder-volume[93480]: DEBUG cinder.volume.drivers.quobyte [req-9feff6d1-dd56-449f-899b-cdd04675da59 req-0221d858-ef54-46ab-8eb0-18116c569dcc tempest-VolumesSnapshotsTestJSON-1433073384 None] Available shares ['osci02.corp.quobyte.com/cinder-vol-2c2fb2d5-949b-4a2e-b4d5-1c915adc6762'] {{(pid=93480) _ensure_shares_mounted /opt/stack/cinder/cinder/volume/drivers/quobyte.py:647}}
Jun 29 10:05:42 devstack cinder-volume[93480]: DEBUG oslo_concurrency.lockutils [req-9feff6d1-dd56-449f-899b-cdd04675da59 req-0221d858-ef54-46ab-8eb0-18116c569dcc tempest-VolumesSnapshotsTestJSON-1433073384 None] Lock "quobyte_ensure" "released" by "cinder.volume.drivers.quobyte.QuobyteDriver._ensure_shares_mounted" :: held 0.012s {{(pid=93480) inner /opt/stack/data/venv/lib/python3.12/site-packages/oslo_concurrency/lockutils.py:543}}
Jun 29 10:05:42 devstack cinder-volume[93480]: DEBUG oslo_concurrency.processutils [req-9feff6d1-dd56-449f-899b-cdd04675da59 req-0221d858-ef54-46ab-8eb0-18116c569dcc tempest-VolumesSnapshotsTestJSON-1433073384 None] Running cmd (subprocess): sudo cinder-rootwrap /etc/cinder/rootwrap.conf df --portability --block-size 1 /opt/stack/data/cinder/mnt/ac764f53af394bdc198d6a0b94430f52 {{(pid=93480) execute /opt/stack/data/venv/lib/python3.12/site-packages/oslo_concurrency/processutils.py:440}}
Jun 29 10:05:42 devstack sudo[102933]: quobyte : PWD=/ ; USER=root ; COMMAND=/opt/stack/data/venv/bin/cinder-rootwrap /etc/cinder/rootwrap.conf df --portability --block-size 1 /opt/stack/data/cinder/mnt/ac764f53af394bdc198d6a0b94430f52
Jun 29 10:05:42 devstack sudo[102933]: pam_unix(sudo:session): session opened for user root(uid=0) by (uid=1000)
Jun 29 10:05:43 devstack sudo[102922]: pam_unix(sudo:session): session closed for user root
Jun 29 10:05:43 devstack cinder-volume[93480]: DEBUG oslo_concurrency.processutils [None req-58012b29-9757-468d-962e-2a89e0efc7ce tempest-VolumesCloneTest-733589904 None] CMD "sudo cinder-rootwrap /etc/cinder/rootwrap.conf qemu-img create -f qcow2 -o backing_file=/opt/stack/data/cinder/mnt/ac764f53af394bdc198d6a0b94430f52/volume-84057890-d2d1-4c1e-9e8e-6973c38f319c,backing_fmt=qcow2 /opt/stack/data/cinder/mnt/ac764f53af394bdc198d6a0b94430f52/volume-84057890-d2d1-4c1e-9e8e-6973c38f319c.ee62785b-0bcb-40f7-b5e8-4099f95c4539 1G" returned: 0 in 1.056s {{(pid=93480) execute /opt/stack/data/venv/lib/python3.12/site-packages/oslo_concurrency/processutils.py:468}}
Jun 29 10:05:43 devstack cinder-volume[93480]: DEBUG oslo_concurrency.processutils [None req-58012b29-9757-468d-962e-2a89e0efc7ce tempest-VolumesCloneTest-733589904 None] Running cmd (subprocess): sudo cinder-rootwrap /etc/cinder/rootwrap.conf qemu-img rebase -u -b volume-84057890-d2d1-4c1e-9e8e-6973c38f319c -F qcow2 /opt/stack/data/cinder/mnt/ac764f53af394bdc198d6a0b94430f52/volume-84057890-d2d1-4c1e-9e8e-6973c38f319c.ee62785b-0bcb-40f7-b5e8-4099f95c4539 {{(pid=93480) execute /opt/stack/data/venv/lib/python3.12/site-packages/oslo_concurrency/processutils.py:440}}
Jun 29 10:05:43 devstack sudo[102945]: quobyte : PWD=/ ; USER=root ; COMMAND=/opt/stack/data/venv/bin/cinder-rootwrap /etc/cinder/rootwrap.conf qemu-img rebase -u -b volume-84057890-d2d1-4c1e-9e8e-6973c38f319c -F qcow2 /opt/stack/data/cinder/mnt/ac764f53af394bdc198d6a0b94430f52/volume-84057890-d2d1-4c1e-9e8e-6973c38f319c.ee62785b-0bcb-40f7-b5e8-4099f95c4539
Jun 29 10:05:43 devstack sudo[102945]: pam_unix(sudo:session): session opened for user root(uid=0) by (uid=1000)
Jun 29 10:05:43 devstack sudo[102933]: pam_unix(sudo:session): session closed for user root
Jun 29 10:05:43 devstack cinder-volume[93480]: DEBUG oslo_concurrency.processutils [req-9feff6d1-dd56-449f-899b-cdd04675da59 req-0221d858-ef54-46ab-8eb0-18116c569dcc tempest-VolumesSnapshotsTestJSON-1433073384 None] CMD "sudo cinder-rootwrap /etc/cinder/rootwrap.conf df --portability --block-size 1 /opt/stack/data/cinder/mnt/ac764f53af394bdc198d6a0b94430f52" returned: 0 in 0.884s {{(pid=93480) execute /opt/stack/data/venv/lib/python3.12/site-packages/oslo_concurrency/processutils.py:468}}
Jun 29 10:05:43 devstack cinder-volume[93480]: DEBUG cinder.manager [req-9feff6d1-dd56-449f-899b-cdd04675da59 req-0221d858-ef54-46ab-8eb0-18116c569dcc tempest-VolumesSnapshotsTestJSON-1433073384 None] Notifying Schedulers of capabilities ... {{(pid=93480) _publish_service_capabilities /opt/stack/cinder/cinder/manager.py:219}}
Jun 29 10:05:43 devstack cinder-volume[93480]: INFO cinder.volume.manager [req-9feff6d1-dd56-449f-899b-cdd04675da59 req-0221d858-ef54-46ab-8eb0-18116c569dcc tempest-VolumesSnapshotsTestJSON-1433073384 None] Deleted volume successfully.
Jun 29 10:05:43 devstack cinder-volume[93480]: DEBUG cinder.coordination [req-9feff6d1-dd56-449f-899b-cdd04675da59 req-0221d858-ef54-46ab-8eb0-18116c569dcc tempest-VolumesSnapshotsTestJSON-1433073384 None] Lock "cinder-98a96da0-993d-433f-8eb9-59e89d531749-delete_volume" released by "delete_volume" :: held 3.048s {{(pid=93480) __release /opt/stack/cinder/cinder/coordination.py:152}}
Jun 29 10:05:43 devstack sudo[102945]: pam_unix(sudo:session): session closed for user root
Jun 29 10:05:43 devstack cinder-volume[93480]: DEBUG oslo_concurrency.processutils [None req-58012b29-9757-468d-962e-2a89e0efc7ce tempest-VolumesCloneTest-733589904 None] CMD "sudo cinder-rootwrap /etc/cinder/rootwrap.conf qemu-img rebase -u -b volume-84057890-d2d1-4c1e-9e8e-6973c38f319c -F qcow2 /opt/stack/data/cinder/mnt/ac764f53af394bdc198d6a0b94430f52/volume-84057890-d2d1-4c1e-9e8e-6973c38f319c.ee62785b-0bcb-40f7-b5e8-4099f95c4539" returned: 0 in 0.752s {{(pid=93480) execute /opt/stack/data/venv/lib/python3.12/site-packages/oslo_concurrency/processutils.py:468}}
Jun 29 10:05:43 devstack cinder-volume[93480]: WARNING cinder.volume.drivers.remotefs [None req-58012b29-9757-468d-962e-2a89e0efc7ce tempest-VolumesCloneTest-733589904 None] /opt/stack/data/cinder/mnt/ac764f53af394bdc198d6a0b94430f52/volume-84057890-d2d1-4c1e-9e8e-6973c38f319c.ee62785b-0bcb-40f7-b5e8-4099f95c4539 is being set with open permissions: ugo+rw
Jun 29 10:05:43 devstack cinder-volume[93480]: DEBUG oslo_concurrency.processutils [None req-58012b29-9757-468d-962e-2a89e0efc7ce tempest-VolumesCloneTest-733589904 None] Running cmd (subprocess): sudo cinder-rootwrap /etc/cinder/rootwrap.conf chmod ugo+rw /opt/stack/data/cinder/mnt/ac764f53af394bdc198d6a0b94430f52/volume-84057890-d2d1-4c1e-9e8e-6973c38f319c.ee62785b-0bcb-40f7-b5e8-4099f95c4539 {{(pid=93480) execute /opt/stack/data/venv/lib/python3.12/site-packages/oslo_concurrency/processutils.py:440}}
Jun 29 10:05:43 devstack sudo[102951]: quobyte : PWD=/ ; USER=root ; COMMAND=/opt/stack/data/venv/bin/cinder-rootwrap /etc/cinder/rootwrap.conf chmod ugo+rw /opt/stack/data/cinder/mnt/ac764f53af394bdc198d6a0b94430f52/volume-84057890-d2d1-4c1e-9e8e-6973c38f319c.ee62785b-0bcb-40f7-b5e8-4099f95c4539
Jun 29 10:05:43 devstack sudo[102951]: pam_unix(sudo:session): session opened for user root(uid=0) by (uid=1000)
Jun 29 10:05:44 devstack sudo[102951]: pam_unix(sudo:session): session closed for user root
Jun 29 10:05:44 devstack cinder-volume[93480]: DEBUG oslo_concurrency.processutils [None req-58012b29-9757-468d-962e-2a89e0efc7ce tempest-VolumesCloneTest-733589904 None] CMD "sudo cinder-rootwrap /etc/cinder/rootwrap.conf chmod ugo+rw /opt/stack/data/cinder/mnt/ac764f53af394bdc198d6a0b94430f52/volume-84057890-d2d1-4c1e-9e8e-6973c38f319c.ee62785b-0bcb-40f7-b5e8-4099f95c4539" returned: 0 in 0.735s {{(pid=93480) execute /opt/stack/data/venv/lib/python3.12/site-packages/oslo_concurrency/processutils.py:468}}
Jun 29 10:05:44 devstack cinder-volume[93480]: DEBUG oslo_concurrency.processutils [None req-58012b29-9757-468d-962e-2a89e0efc7ce tempest-VolumesCloneTest-733589904 None] Running cmd (subprocess): sudo cinder-rootwrap /etc/cinder/rootwrap.conf truncate -s0 /opt/stack/data/cinder/mnt/ac764f53af394bdc198d6a0b94430f52/volume-84057890-d2d1-4c1e-9e8e-6973c38f319c.info {{(pid=93480) execute /opt/stack/data/venv/lib/python3.12/site-packages/oslo_concurrency/processutils.py:440}}
Jun 29 10:05:44 devstack sudo[102954]: quobyte : PWD=/ ; USER=root ; COMMAND=/opt/stack/data/venv/bin/cinder-rootwrap /etc/cinder/rootwrap.conf truncate -s0 /opt/stack/data/cinder/mnt/ac764f53af394bdc198d6a0b94430f52/volume-84057890-d2d1-4c1e-9e8e-6973c38f319c.info
Jun 29 10:05:44 devstack sudo[102954]: pam_unix(sudo:session): session opened for user root(uid=0) by (uid=1000)
Jun 29 10:05:45 devstack sudo[102954]: pam_unix(sudo:session): session closed for user root
Jun 29 10:05:45 devstack cinder-volume[93480]: DEBUG oslo_concurrency.processutils [None req-58012b29-9757-468d-962e-2a89e0efc7ce tempest-VolumesCloneTest-733589904 None] CMD "sudo cinder-rootwrap /etc/cinder/rootwrap.conf truncate -s0 /opt/stack/data/cinder/mnt/ac764f53af394bdc198d6a0b94430f52/volume-84057890-d2d1-4c1e-9e8e-6973c38f319c.info" returned: 0 in 0.691s {{(pid=93480) execute /opt/stack/data/venv/lib/python3.12/site-packages/oslo_concurrency/processutils.py:468}}
Jun 29 10:05:45 devstack cinder-volume[93480]: WARNING cinder.volume.drivers.remotefs [None req-58012b29-9757-468d-962e-2a89e0efc7ce tempest-VolumesCloneTest-733589904 None] /opt/stack/data/cinder/mnt/ac764f53af394bdc198d6a0b94430f52/volume-84057890-d2d1-4c1e-9e8e-6973c38f319c.info is being set with open permissions: ugo+rw
Jun 29 10:05:45 devstack cinder-volume[93480]: DEBUG oslo_concurrency.processutils [None req-58012b29-9757-468d-962e-2a89e0efc7ce tempest-VolumesCloneTest-733589904 None] Running cmd (subprocess): sudo cinder-rootwrap /etc/cinder/rootwrap.conf chmod ugo+rw /opt/stack/data/cinder/mnt/ac764f53af394bdc198d6a0b94430f52/volume-84057890-d2d1-4c1e-9e8e-6973c38f319c.info {{(pid=93480) execute /opt/stack/data/venv/lib/python3.12/site-packages/oslo_concurrency/processutils.py:440}}
Jun 29 10:05:45 devstack sudo[102958]: quobyte : PWD=/ ; USER=root ; COMMAND=/opt/stack/data/venv/bin/cinder-rootwrap /etc/cinder/rootwrap.conf chmod ugo+rw /opt/stack/data/cinder/mnt/ac764f53af394bdc198d6a0b94430f52/volume-84057890-d2d1-4c1e-9e8e-6973c38f319c.info
Jun 29 10:05:45 devstack sudo[102958]: pam_unix(sudo:session): session opened for user root(uid=0) by (uid=1000)
Jun 29 10:05:46 devstack sudo[102958]: pam_unix(sudo:session): session closed for user root
Jun 29 10:05:46 devstack cinder-volume[93480]: DEBUG oslo_concurrency.processutils [None req-58012b29-9757-468d-962e-2a89e0efc7ce tempest-VolumesCloneTest-733589904 None] CMD "sudo cinder-rootwrap /etc/cinder/rootwrap.conf chmod ugo+rw /opt/stack/data/cinder/mnt/ac764f53af394bdc198d6a0b94430f52/volume-84057890-d2d1-4c1e-9e8e-6973c38f319c.info" returned: 0 in 0.671s {{(pid=93480) execute /opt/stack/data/venv/lib/python3.12/site-packages/oslo_concurrency/processutils.py:468}}
Jun 29 10:05:46 devstack cinder-volume[93480]: DEBUG cinder.coordination [None req-58012b29-9757-468d-962e-2a89e0efc7ce tempest-VolumesCloneTest-733589904 None] Acquiring lock "cinder-quobyte-0b17e40b-a4b0-42c9-ba5b-4771d0270249" by "_copy_volume_from_snapshot" {{(pid=93480) __acquire /opt/stack/cinder/cinder/coordination.py:138}}
Jun 29 10:05:46 devstack cinder-volume[93480]: DEBUG cinder.coordination [None req-58012b29-9757-468d-962e-2a89e0efc7ce tempest-VolumesCloneTest-733589904 None] Lock "cinder-quobyte-0b17e40b-a4b0-42c9-ba5b-4771d0270249" acquired by "_copy_volume_from_snapshot" :: waited 0.015s {{(pid=93480) __acquire /opt/stack/cinder/cinder/coordination.py:141}}
Jun 29 10:05:46 devstack cinder-volume[93480]: DEBUG cinder.volume.drivers.quobyte [None req-58012b29-9757-468d-962e-2a89e0efc7ce tempest-VolumesCloneTest-733589904 None] snapshot: ee62785b-0bcb-40f7-b5e8-4099f95c4539, volume: 0b17e40b-a4b0-42c9-ba5b-4771d0270249, {{(pid=93480) _copy_volume_from_snapshot /opt/stack/cinder/cinder/volume/drivers/quobyte.py:401}}
Jun 29 10:05:46 devstack cinder-volume[93480]: DEBUG oslo_concurrency.lockutils [None req-58012b29-9757-468d-962e-2a89e0efc7ce tempest-VolumesCloneTest-733589904 None] Acquiring lock "quobyte_ensure" by "cinder.volume.drivers.quobyte.QuobyteDriver._ensure_shares_mounted" {{(pid=93480) inner /opt/stack/data/venv/lib/python3.12/site-packages/oslo_concurrency/lockutils.py:511}}
Jun 29 10:05:46 devstack cinder-volume[93480]: DEBUG oslo_concurrency.lockutils [None req-58012b29-9757-468d-962e-2a89e0efc7ce tempest-VolumesCloneTest-733589904 None] Lock "quobyte_ensure" acquired by "cinder.volume.drivers.quobyte.QuobyteDriver._ensure_shares_mounted" :: waited 0.001s {{(pid=93480) inner /opt/stack/data/venv/lib/python3.12/site-packages/oslo_concurrency/lockutils.py:524}}
Jun 29 10:05:46 devstack cinder-volume[93480]: DEBUG cinder.volume.drivers.quobyte [None req-58012b29-9757-468d-962e-2a89e0efc7ce tempest-VolumesCloneTest-733589904 None] Quobyte Volume URL set to: {'osci02.corp.quobyte.com/cinder-vol-2c2fb2d5-949b-4a2e-b4d5-1c915adc6762': None} {{(pid=93480) _load_shares_config /opt/stack/cinder/cinder/volume/drivers/quobyte.py:617}}
Jun 29 10:05:46 devstack cinder-volume[93480]: DEBUG cinder.volume.drivers.quobyte [None req-58012b29-9757-468d-962e-2a89e0efc7ce tempest-VolumesCloneTest-733589904 None] Available shares ['osci02.corp.quobyte.com/cinder-vol-2c2fb2d5-949b-4a2e-b4d5-1c915adc6762'] {{(pid=93480) _ensure_shares_mounted /opt/stack/cinder/cinder/volume/drivers/quobyte.py:647}}
Jun 29 10:05:46 devstack cinder-volume[93480]: DEBUG oslo_concurrency.lockutils [None req-58012b29-9757-468d-962e-2a89e0efc7ce tempest-VolumesCloneTest-733589904 None] Lock "quobyte_ensure" "released" by "cinder.volume.drivers.quobyte.QuobyteDriver._ensure_shares_mounted" :: held 0.007s {{(pid=93480) inner /opt/stack/data/venv/lib/python3.12/site-packages/oslo_concurrency/lockutils.py:543}}
Jun 29 10:05:46 devstack cinder-volume[93480]: DEBUG oslo.privsep.daemon [-] privsep: reply[143d7d76-041f-41d1-b5dc-e99e4c884117]: (4, 'qcow2') {{(pid=94766) _call_back /opt/stack/data/venv/lib/python3.12/site-packages/oslo_privsep/daemon.py:580}}
Jun 29 10:05:46 devstack cinder-volume[93480]: DEBUG oslo_concurrency.processutils [None req-58012b29-9757-468d-962e-2a89e0efc7ce tempest-VolumesCloneTest-733589904 None] Running cmd (subprocess): /opt/stack/data/venv/bin/python3.12 -m oslo_concurrency.prlimit --as=1073741824 --cpu=60 -- sudo cinder-rootwrap /etc/cinder/rootwrap.conf env LC_ALL=C qemu-img info -f qcow2 --output=json --force-share /opt/stack/data/cinder/mnt/ac764f53af394bdc198d6a0b94430f52/volume-84057890-d2d1-4c1e-9e8e-6973c38f319c.ee62785b-0bcb-40f7-b5e8-4099f95c4539 {{(pid=93480) execute /opt/stack/data/venv/lib/python3.12/site-packages/oslo_concurrency/processutils.py:440}}
Jun 29 10:05:46 devstack sudo[102964]: quobyte : PWD=/ ; USER=root ; COMMAND=/opt/stack/data/venv/bin/cinder-rootwrap /etc/cinder/rootwrap.conf env LC_ALL=C qemu-img info -f qcow2 --output=json --force-share /opt/stack/data/cinder/mnt/ac764f53af394bdc198d6a0b94430f52/volume-84057890-d2d1-4c1e-9e8e-6973c38f319c.ee62785b-0bcb-40f7-b5e8-4099f95c4539
Jun 29 10:05:46 devstack sudo[102964]: pam_unix(sudo:session): session opened for user root(uid=0) by (uid=1000)
Jun 29 10:05:46 devstack cinder-volume[93480]: DEBUG cinder.volume.flows.manager.create_volume [None req-4f459b8b-1fea-433b-af47-04bb2eef6c23 tempest-VolumesTestJSON-313736360 None] Volume reschedule parameters: True retry: {'num_attempts': 1, 'backends': ['devstack@QuobyteHD#QuobyteHD'], 'hosts': ['devstack@QuobyteHD#QuobyteHD']} {{(pid=93480) get_flow /opt/stack/cinder/cinder/volume/flows/manager/create_volume.py:1397}}
Jun 29 10:05:46 devstack cinder-volume[93480]: DEBUG cinder.volume.manager [None req-4f459b8b-1fea-433b-af47-04bb2eef6c23 tempest-VolumesTestJSON-313736360 None] Flow 'volume_create_manager' (7f1b7f67-40d6-4917-af7f-1859a8ba5c1a) transitioned into state 'RUNNING' from state 'PENDING' {{(pid=93480) _flow_receiver /opt/stack/data/venv/lib/python3.12/site-packages/taskflow/listeners/logging.py:160}}
Jun 29 10:05:46 devstack cinder-volume[93480]: DEBUG cinder.volume.manager [None req-4f459b8b-1fea-433b-af47-04bb2eef6c23 tempest-VolumesTestJSON-313736360 None] Task 'cinder.volume.flows.manager.create_volume.ExtractVolumeRefTask;volume:create' (038575c4-85b4-444b-af7a-9c4cabcdaa17) transitioned into state 'RUNNING' from state 'PENDING' {{(pid=93480) _task_receiver /opt/stack/data/venv/lib/python3.12/site-packages/taskflow/listeners/logging.py:242}}
Jun 29 10:05:46 devstack cinder-volume[93480]: DEBUG cinder.volume.manager [None req-4f459b8b-1fea-433b-af47-04bb2eef6c23 tempest-VolumesTestJSON-313736360 None] Task 'cinder.volume.flows.manager.create_volume.ExtractVolumeRefTask;volume:create' (038575c4-85b4-444b-af7a-9c4cabcdaa17) transitioned into state 'SUCCESS' from state 'RUNNING' with result 'Volume(_name_id=None,admin_metadata=,attach_status='detached',availability_zone='nova',bootable=False,cluster=,cluster_name=None,consistencygroup=,consistencygroup_id=None,created_at=2026-06-29T08:05:46Z,deleted=False,deleted_at=None,display_description=None,display_name='tempest-VolumesTestJSON-volume-175948672',ec2_id=None,encryption_key_id=None,glance_metadata=,group=,group_id=None,host='devstack@QuobyteHD#QuobyteHD',id=1e580775-121a-49ae-9301-d2f24f63041e,launched_at=None,metadata={Type='work'},migration_status=None,multiattach=False,previous_status=None,project_id='5e78adcc92794bee94b260a6a1df19eb',provider_auth=None,provider_geometry=None,provider_id=None,provider_location=None,replication_driver_data=None,replication_extended_status=None,replication_status=None,scheduled_at=2026-06-29T08:05:47Z,service_uuid=None,shared_targets=True,size=1,snapshot_id=None,snapshots=,source_volid=None,status='creating',terminated_at=None,updated_at=2026-06-29T08:05:47Z,use_quota=True,user_id='499d0731ca434a0abac7a195ea997495',volume_attachment=VolumeAttachmentList,volume_type=VolumeType(8dae4264-ad15-437c-b42f-1a3289c39804),volume_type_id=8dae4264-ad15-437c-b42f-1a3289c39804)' {{(pid=93480) _task_receiver /opt/stack/data/venv/lib/python3.12/site-packages/taskflow/listeners/logging.py:218}}
Jun 29 10:05:46 devstack cinder-volume[93480]: DEBUG cinder.volume.manager [None req-4f459b8b-1fea-433b-af47-04bb2eef6c23 tempest-VolumesTestJSON-313736360 None] Task 'cinder.volume.flows.manager.create_volume.OnFailureRescheduleTask;volume:create' (ea423dc5-0145-461c-9d31-37112b773787) transitioned into state 'RUNNING' from state 'PENDING' {{(pid=93480) _task_receiver /opt/stack/data/venv/lib/python3.12/site-packages/taskflow/listeners/logging.py:242}}
Jun 29 10:05:46 devstack cinder-volume[93480]: DEBUG cinder.volume.manager [None req-4f459b8b-1fea-433b-af47-04bb2eef6c23 tempest-VolumesTestJSON-313736360 None] Task 'cinder.volume.flows.manager.create_volume.OnFailureRescheduleTask;volume:create' (ea423dc5-0145-461c-9d31-37112b773787) transitioned into state 'SUCCESS' from state 'RUNNING' with result 'None' {{(pid=93480) _task_receiver /opt/stack/data/venv/lib/python3.12/site-packages/taskflow/listeners/logging.py:218}}
Jun 29 10:05:46 devstack cinder-volume[93480]: DEBUG cinder.volume.manager [None req-4f459b8b-1fea-433b-af47-04bb2eef6c23 tempest-VolumesTestJSON-313736360 None] Task 'cinder.volume.flows.manager.create_volume.ExtractVolumeSpecTask;volume:create' (d6348141-4036-4b01-8f3e-49ed8bc1f82a) transitioned into state 'RUNNING' from state 'PENDING' {{(pid=93480) _task_receiver /opt/stack/data/venv/lib/python3.12/site-packages/taskflow/listeners/logging.py:242}}
Jun 29 10:05:46 devstack cinder-volume[93480]: DEBUG cinder.volume.manager [None req-4f459b8b-1fea-433b-af47-04bb2eef6c23 tempest-VolumesTestJSON-313736360 None] Task 'cinder.volume.flows.manager.create_volume.ExtractVolumeSpecTask;volume:create' (d6348141-4036-4b01-8f3e-49ed8bc1f82a) transitioned into state 'SUCCESS' from state 'RUNNING' with result '{'status': 'creating', 'type': 'raw', 'volume_id': '1e580775-121a-49ae-9301-d2f24f63041e', 'volume_name': 'volume-1e580775-121a-49ae-9301-d2f24f63041e', 'volume_size': 1}' {{(pid=93480) _task_receiver /opt/stack/data/venv/lib/python3.12/site-packages/taskflow/listeners/logging.py:218}}
Jun 29 10:05:46 devstack cinder-volume[93480]: DEBUG cinder.volume.manager [None req-4f459b8b-1fea-433b-af47-04bb2eef6c23 tempest-VolumesTestJSON-313736360 None] Task 'cinder.volume.flows.manager.create_volume.NotifyVolumeActionTask;volume:create, create.start' (25728489-90fc-42ef-b2ea-50b484cc07c3) transitioned into state 'RUNNING' from state 'PENDING' {{(pid=93480) _task_receiver /opt/stack/data/venv/lib/python3.12/site-packages/taskflow/listeners/logging.py:242}}
Jun 29 10:05:46 devstack cinder-volume[93480]: DEBUG cinder.volume.manager [None req-4f459b8b-1fea-433b-af47-04bb2eef6c23 tempest-VolumesTestJSON-313736360 None] Task 'cinder.volume.flows.manager.create_volume.NotifyVolumeActionTask;volume:create, create.start' (25728489-90fc-42ef-b2ea-50b484cc07c3) transitioned into state 'SUCCESS' from state 'RUNNING' with result 'None' {{(pid=93480) _task_receiver /opt/stack/data/venv/lib/python3.12/site-packages/taskflow/listeners/logging.py:218}}
Jun 29 10:05:46 devstack cinder-volume[93480]: DEBUG cinder.volume.manager [None req-4f459b8b-1fea-433b-af47-04bb2eef6c23 tempest-VolumesTestJSON-313736360 None] Task 'cinder.volume.flows.manager.create_volume.CreateVolumeFromSpecTask;volume:create' (baa70064-bb13-44e8-85d4-5fffdddf985f) transitioned into state 'RUNNING' from state 'PENDING' {{(pid=93480) _task_receiver /opt/stack/data/venv/lib/python3.12/site-packages/taskflow/listeners/logging.py:242}}
Jun 29 10:05:46 devstack cinder-volume[93480]: INFO cinder.volume.flows.manager.create_volume [None req-4f459b8b-1fea-433b-af47-04bb2eef6c23 tempest-VolumesTestJSON-313736360 None] Volume 1e580775-121a-49ae-9301-d2f24f63041e: being created as raw with specification: {'status': 'creating', 'volume_name': 'volume-1e580775-121a-49ae-9301-d2f24f63041e', 'volume_size': 1}
Jun 29 10:05:46 devstack cinder-volume[93480]: DEBUG oslo_concurrency.lockutils [None req-4f459b8b-1fea-433b-af47-04bb2eef6c23 tempest-VolumesTestJSON-313736360 None] Acquiring lock "quobyte" by "cinder.volume.drivers.quobyte.QuobyteDriver.create_volume" {{(pid=93480) inner /opt/stack/data/venv/lib/python3.12/site-packages/oslo_concurrency/lockutils.py:511}}
Jun 29 10:05:46 devstack sudo[102964]: pam_unix(sudo:session): session closed for user root
Jun 29 10:05:46 devstack cinder-volume[93480]: DEBUG oslo_concurrency.processutils [None req-58012b29-9757-468d-962e-2a89e0efc7ce tempest-VolumesCloneTest-733589904 None] CMD "/opt/stack/data/venv/bin/python3.12 -m oslo_concurrency.prlimit --as=1073741824 --cpu=60 -- sudo cinder-rootwrap /etc/cinder/rootwrap.conf env LC_ALL=C qemu-img info -f qcow2 --output=json --force-share /opt/stack/data/cinder/mnt/ac764f53af394bdc198d6a0b94430f52/volume-84057890-d2d1-4c1e-9e8e-6973c38f319c.ee62785b-0bcb-40f7-b5e8-4099f95c4539" returned: 0 in 0.820s {{(pid=93480) execute /opt/stack/data/venv/lib/python3.12/site-packages/oslo_concurrency/processutils.py:468}}
Jun 29 10:05:46 devstack cinder-volume[93480]: DEBUG cinder.volume.drivers.remotefs [None req-58012b29-9757-468d-962e-2a89e0efc7ce tempest-VolumesCloneTest-733589904 None] Fetching qemu-img info with special backing_file_template: (/opt/stack/data/cinder/mnt/[0-9a-f]+/)?(volume-84057890-d2d1-4c1e-9e8e-6973c38f319c(.(tmp-snap-)?[0-9a-f-]+)?|volume_from_snapshot_cache/(tmp-snap-)?[0-9a-f-]+(.(child-|parent-)[0-9a-f-]+)?)$ {{(pid=93480) _qemu_img_info_base /opt/stack/cinder/cinder/volume/drivers/remotefs.py:896}}
Jun 29 10:05:46 devstack cinder-volume[93480]: DEBUG cinder.volume.drivers.quobyte [None req-58012b29-9757-468d-962e-2a89e0efc7ce tempest-VolumesCloneTest-733589904 None] will copy from snapshot at /opt/stack/data/cinder/mnt/ac764f53af394bdc198d6a0b94430f52/volume-84057890-d2d1-4c1e-9e8e-6973c38f319c {{(pid=93480) _copy_volume_from_snapshot /opt/stack/cinder/cinder/volume/drivers/quobyte.py:420}}
Jun 29 10:05:46 devstack cinder-volume[93480]: DEBUG cinder.volume.drivers.quobyte [None req-58012b29-9757-468d-962e-2a89e0efc7ce tempest-VolumesCloneTest-733589904 None] Creating direct copy from snapshot {{(pid=93480) _copy_volume_from_snapshot /opt/stack/cinder/cinder/volume/drivers/quobyte.py:428}}
Jun 29 10:05:46 devstack cinder-volume[93480]: DEBUG oslo.privsep.daemon [-] privsep: reply[f78124ad-a149-47f7-95ad-cb25f00a092f]: (4, 'qcow2') {{(pid=94766) _call_back /opt/stack/data/venv/lib/python3.12/site-packages/oslo_privsep/daemon.py:580}}
Jun 29 10:05:46 devstack cinder-volume[93480]: DEBUG oslo_concurrency.processutils [None req-58012b29-9757-468d-962e-2a89e0efc7ce tempest-VolumesCloneTest-733589904 None] Running cmd (subprocess): /opt/stack/data/venv/bin/python3.12 -m oslo_concurrency.prlimit --as=1073741824 --cpu=60 -- sudo cinder-rootwrap /etc/cinder/rootwrap.conf env LC_ALL=C qemu-img info -f qcow2 --output=json /opt/stack/data/cinder/mnt/ac764f53af394bdc198d6a0b94430f52/volume-84057890-d2d1-4c1e-9e8e-6973c38f319c {{(pid=93480) execute /opt/stack/data/venv/lib/python3.12/site-packages/oslo_concurrency/processutils.py:440}}
Jun 29 10:05:47 devstack sudo[102969]: quobyte : PWD=/ ; USER=root ; COMMAND=/opt/stack/data/venv/bin/cinder-rootwrap /etc/cinder/rootwrap.conf env LC_ALL=C qemu-img info -f qcow2 --output=json /opt/stack/data/cinder/mnt/ac764f53af394bdc198d6a0b94430f52/volume-84057890-d2d1-4c1e-9e8e-6973c38f319c
Jun 29 10:05:47 devstack sudo[102969]: pam_unix(sudo:session): session opened for user root(uid=0) by (uid=1000)
Jun 29 10:05:47 devstack sudo[102969]: pam_unix(sudo:session): session closed for user root
Jun 29 10:05:47 devstack cinder-volume[93480]: DEBUG oslo_concurrency.processutils [None req-58012b29-9757-468d-962e-2a89e0efc7ce tempest-VolumesCloneTest-733589904 None] CMD "/opt/stack/data/venv/bin/python3.12 -m oslo_concurrency.prlimit --as=1073741824 --cpu=60 -- sudo cinder-rootwrap /etc/cinder/rootwrap.conf env LC_ALL=C qemu-img info -f qcow2 --output=json /opt/stack/data/cinder/mnt/ac764f53af394bdc198d6a0b94430f52/volume-84057890-d2d1-4c1e-9e8e-6973c38f319c" returned: 0 in 0.777s {{(pid=93480) execute /opt/stack/data/venv/lib/python3.12/site-packages/oslo_concurrency/processutils.py:468}}
Jun 29 10:05:47 devstack cinder-volume[93480]: DEBUG cinder.utils [None req-58012b29-9757-468d-962e-2a89e0efc7ce tempest-VolumesCloneTest-733589904 None] Path /opt/stack/data/cinder/mnt/ac764f53af394bdc198d6a0b94430f52/volume-0b17e40b-a4b0-42c9-ba5b-4771d0270249 not found in is_blk_device check {{(pid=93480) is_blk_device /opt/stack/cinder/cinder/utils.py:615}}
Jun 29 10:05:47 devstack cinder-volume[93480]: DEBUG oslo_concurrency.processutils [None req-58012b29-9757-468d-962e-2a89e0efc7ce tempest-VolumesCloneTest-733589904 None] Running cmd (subprocess): sudo cinder-rootwrap /etc/cinder/rootwrap.conf qemu-img convert -O qcow2 /opt/stack/data/cinder/mnt/ac764f53af394bdc198d6a0b94430f52/volume-84057890-d2d1-4c1e-9e8e-6973c38f319c /opt/stack/data/cinder/mnt/ac764f53af394bdc198d6a0b94430f52/volume-0b17e40b-a4b0-42c9-ba5b-4771d0270249 {{(pid=93480) execute /opt/stack/data/venv/lib/python3.12/site-packages/oslo_concurrency/processutils.py:440}}
Jun 29 10:05:47 devstack sudo[102990]: quobyte : PWD=/ ; USER=root ; COMMAND=/opt/stack/data/venv/bin/cinder-rootwrap /etc/cinder/rootwrap.conf qemu-img convert -O qcow2 /opt/stack/data/cinder/mnt/ac764f53af394bdc198d6a0b94430f52/volume-84057890-d2d1-4c1e-9e8e-6973c38f319c /opt/stack/data/cinder/mnt/ac764f53af394bdc198d6a0b94430f52/volume-0b17e40b-a4b0-42c9-ba5b-4771d0270249
Jun 29 10:05:47 devstack sudo[102990]: pam_unix(sudo:session): session opened for user root(uid=0) by (uid=1000)
Jun 29 10:05:54 devstack sudo[102990]: pam_unix(sudo:session): session closed for user root
Jun 29 10:05:54 devstack cinder-volume[93480]: DEBUG oslo_concurrency.processutils [None req-58012b29-9757-468d-962e-2a89e0efc7ce tempest-VolumesCloneTest-733589904 None] CMD "sudo cinder-rootwrap /etc/cinder/rootwrap.conf qemu-img convert -O qcow2 /opt/stack/data/cinder/mnt/ac764f53af394bdc198d6a0b94430f52/volume-84057890-d2d1-4c1e-9e8e-6973c38f319c /opt/stack/data/cinder/mnt/ac764f53af394bdc198d6a0b94430f52/volume-0b17e40b-a4b0-42c9-ba5b-4771d0270249" returned: 0 in 6.992s {{(pid=93480) execute /opt/stack/data/venv/lib/python3.12/site-packages/oslo_concurrency/processutils.py:468}}
Jun 29 10:05:54 devstack cinder-volume[93480]: DEBUG oslo.privsep.daemon [-] privsep: reply[2f8242cd-f92b-40d6-a684-1b7b80e19fee]: (4, 'qcow2') {{(pid=94766) _call_back /opt/stack/data/venv/lib/python3.12/site-packages/oslo_privsep/daemon.py:580}}
Jun 29 10:05:54 devstack cinder-volume[93480]: DEBUG oslo_concurrency.processutils [None req-58012b29-9757-468d-962e-2a89e0efc7ce tempest-VolumesCloneTest-733589904 None] Running cmd (subprocess): /opt/stack/data/venv/bin/python3.12 -m oslo_concurrency.prlimit --as=1073741824 --cpu=60 -- sudo cinder-rootwrap /etc/cinder/rootwrap.conf env LC_ALL=C qemu-img info -f qcow2 --output=json /opt/stack/data/cinder/mnt/ac764f53af394bdc198d6a0b94430f52/volume-84057890-d2d1-4c1e-9e8e-6973c38f319c {{(pid=93480) execute /opt/stack/data/venv/lib/python3.12/site-packages/oslo_concurrency/processutils.py:440}}
Jun 29 10:05:54 devstack sudo[103105]: quobyte : PWD=/ ; USER=root ; COMMAND=/opt/stack/data/venv/bin/cinder-rootwrap /etc/cinder/rootwrap.conf env LC_ALL=C qemu-img info -f qcow2 --output=json /opt/stack/data/cinder/mnt/ac764f53af394bdc198d6a0b94430f52/volume-84057890-d2d1-4c1e-9e8e-6973c38f319c
Jun 29 10:05:54 devstack sudo[103105]: pam_unix(sudo:session): session opened for user root(uid=0) by (uid=1000)
Jun 29 10:05:55 devstack sudo[103105]: pam_unix(sudo:session): session closed for user root
Jun 29 10:05:55 devstack cinder-volume[93480]: DEBUG oslo_concurrency.processutils [None req-58012b29-9757-468d-962e-2a89e0efc7ce tempest-VolumesCloneTest-733589904 None] CMD "/opt/stack/data/venv/bin/python3.12 -m oslo_concurrency.prlimit --as=1073741824 --cpu=60 -- sudo cinder-rootwrap /etc/cinder/rootwrap.conf env LC_ALL=C qemu-img info -f qcow2 --output=json /opt/stack/data/cinder/mnt/ac764f53af394bdc198d6a0b94430f52/volume-84057890-d2d1-4c1e-9e8e-6973c38f319c" returned: 0 in 1.047s {{(pid=93480) execute /opt/stack/data/venv/lib/python3.12/site-packages/oslo_concurrency/processutils.py:468}}
Jun 29 10:05:55 devstack cinder-volume[93480]: DEBUG cinder.image.image_utils [None req-58012b29-9757-468d-962e-2a89e0efc7ce tempest-VolumesCloneTest-733589904 None] Image conversion details: src /opt/stack/data/cinder/mnt/ac764f53af394bdc198d6a0b94430f52/volume-84057890-d2d1-4c1e-9e8e-6973c38f319c, size 1024.00 MB, duration 6.99 sec, destination /opt/stack/data/cinder/mnt/ac764f53af394bdc198d6a0b94430f52/volume-0b17e40b-a4b0-42c9-ba5b-4771d0270249 {{(pid=93480) _convert_image /opt/stack/cinder/cinder/image/image_utils.py:536}}
Jun 29 10:05:55 devstack cinder-volume[93480]: INFO cinder.image.image_utils [None req-58012b29-9757-468d-962e-2a89e0efc7ce tempest-VolumesCloneTest-733589904 None] Converted 1024.00 MB image at 146.43 MB/s
Jun 29 10:05:55 devstack cinder-volume[93480]: WARNING cinder.volume.drivers.remotefs [None req-58012b29-9757-468d-962e-2a89e0efc7ce tempest-VolumesCloneTest-733589904 None] /opt/stack/data/cinder/mnt/ac764f53af394bdc198d6a0b94430f52/volume-0b17e40b-a4b0-42c9-ba5b-4771d0270249 is being set with open permissions: ugo+rw
Jun 29 10:05:55 devstack cinder-volume[93480]: DEBUG oslo_concurrency.processutils [None req-58012b29-9757-468d-962e-2a89e0efc7ce tempest-VolumesCloneTest-733589904 None] Running cmd (subprocess): sudo cinder-rootwrap /etc/cinder/rootwrap.conf chmod ugo+rw /opt/stack/data/cinder/mnt/ac764f53af394bdc198d6a0b94430f52/volume-0b17e40b-a4b0-42c9-ba5b-4771d0270249 {{(pid=93480) execute /opt/stack/data/venv/lib/python3.12/site-packages/oslo_concurrency/processutils.py:440}}
Jun 29 10:05:55 devstack sudo[103113]: quobyte : PWD=/ ; USER=root ; COMMAND=/opt/stack/data/venv/bin/cinder-rootwrap /etc/cinder/rootwrap.conf chmod ugo+rw /opt/stack/data/cinder/mnt/ac764f53af394bdc198d6a0b94430f52/volume-0b17e40b-a4b0-42c9-ba5b-4771d0270249
Jun 29 10:05:55 devstack sudo[103113]: pam_unix(sudo:session): session opened for user root(uid=0) by (uid=1000)
Jun 29 10:05:56 devstack sudo[103113]: pam_unix(sudo:session): session closed for user root
Jun 29 10:05:56 devstack cinder-volume[93480]: DEBUG oslo_concurrency.processutils [None req-58012b29-9757-468d-962e-2a89e0efc7ce tempest-VolumesCloneTest-733589904 None] CMD "sudo cinder-rootwrap /etc/cinder/rootwrap.conf chmod ugo+rw /opt/stack/data/cinder/mnt/ac764f53af394bdc198d6a0b94430f52/volume-0b17e40b-a4b0-42c9-ba5b-4771d0270249" returned: 0 in 0.676s {{(pid=93480) execute /opt/stack/data/venv/lib/python3.12/site-packages/oslo_concurrency/processutils.py:468}}
Jun 29 10:05:56 devstack cinder-volume[93480]: DEBUG cinder.coordination [None req-58012b29-9757-468d-962e-2a89e0efc7ce tempest-VolumesCloneTest-733589904 None] Lock "cinder-quobyte-0b17e40b-a4b0-42c9-ba5b-4771d0270249" released by "_copy_volume_from_snapshot" :: held 10.411s {{(pid=93480) __release /opt/stack/cinder/cinder/coordination.py:152}}
Jun 29 10:05:56 devstack cinder-volume[93480]: DEBUG cinder.coordination [None req-58012b29-9757-468d-962e-2a89e0efc7ce tempest-VolumesCloneTest-733589904 None] Acquiring lock "cinder-quobyte-ee62785b-0bcb-40f7-b5e8-4099f95c4539" by "_delete_snapshot" {{(pid=93480) __acquire /opt/stack/cinder/cinder/coordination.py:138}}
Jun 29 10:05:56 devstack cinder-volume[93480]: DEBUG cinder.coordination [None req-58012b29-9757-468d-962e-2a89e0efc7ce tempest-VolumesCloneTest-733589904 None] Lock "cinder-quobyte-ee62785b-0bcb-40f7-b5e8-4099f95c4539" acquired by "_delete_snapshot" :: waited 0.020s {{(pid=93480) __acquire /opt/stack/cinder/cinder/coordination.py:141}}
Jun 29 10:05:56 devstack cinder-volume[93480]: DEBUG cinder.volume.drivers.remotefs [None req-58012b29-9757-468d-962e-2a89e0efc7ce tempest-VolumesCloneTest-733589904 None] Deleting offline snapshot ee62785b-0bcb-40f7-b5e8-4099f95c4539 of volume 84057890-d2d1-4c1e-9e8e-6973c38f319c {{(pid=93480) _delete_snapshot /opt/stack/cinder/cinder/volume/drivers/remotefs.py:1288}}
Jun 29 10:05:56 devstack cinder-volume[93480]: DEBUG cinder.volume.drivers.remotefs [None req-58012b29-9757-468d-962e-2a89e0efc7ce tempest-VolumesCloneTest-733589904 None] snapshot_file for this snap is: volume-84057890-d2d1-4c1e-9e8e-6973c38f319c.ee62785b-0bcb-40f7-b5e8-4099f95c4539 {{(pid=93480) _delete_snapshot /opt/stack/cinder/cinder/volume/drivers/remotefs.py:1317}}
Jun 29 10:05:56 devstack cinder-volume[93480]: DEBUG oslo.privsep.daemon [-] privsep: reply[b93e9aae-a8a4-4e02-acb4-53e0e9b5e728]: (4, 'qcow2') {{(pid=94766) _call_back /opt/stack/data/venv/lib/python3.12/site-packages/oslo_privsep/daemon.py:580}}
Jun 29 10:05:56 devstack cinder-volume[93480]: DEBUG oslo_concurrency.processutils [None req-58012b29-9757-468d-962e-2a89e0efc7ce tempest-VolumesCloneTest-733589904 None] Running cmd (subprocess): /opt/stack/data/venv/bin/python3.12 -m oslo_concurrency.prlimit --as=1073741824 --cpu=60 -- sudo cinder-rootwrap /etc/cinder/rootwrap.conf env LC_ALL=C qemu-img info -f qcow2 --output=json --force-share /opt/stack/data/cinder/mnt/ac764f53af394bdc198d6a0b94430f52/volume-84057890-d2d1-4c1e-9e8e-6973c38f319c.ee62785b-0bcb-40f7-b5e8-4099f95c4539 {{(pid=93480) execute /opt/stack/data/venv/lib/python3.12/site-packages/oslo_concurrency/processutils.py:440}}
Jun 29 10:05:56 devstack sudo[103116]: quobyte : PWD=/ ; USER=root ; COMMAND=/opt/stack/data/venv/bin/cinder-rootwrap /etc/cinder/rootwrap.conf env LC_ALL=C qemu-img info -f qcow2 --output=json --force-share /opt/stack/data/cinder/mnt/ac764f53af394bdc198d6a0b94430f52/volume-84057890-d2d1-4c1e-9e8e-6973c38f319c.ee62785b-0bcb-40f7-b5e8-4099f95c4539
Jun 29 10:05:56 devstack sudo[103116]: pam_unix(sudo:session): session opened for user root(uid=0) by (uid=1000)
Jun 29 10:05:56 devstack cinder-volume[93480]: DEBUG dbcounter [-] [93480] Writing DB stats cinder:SELECT=67,cinder:INSERT=26,cinder:UPDATE=83,cinder:DELETE=6 {{(pid=93480) stat_writer /opt/stack/data/venv/lib/python3.12/site-packages/dbcounter.py:115}}
Jun 29 10:05:57 devstack sudo[103116]: pam_unix(sudo:session): session closed for user root
Jun 29 10:05:57 devstack cinder-volume[93480]: DEBUG oslo_concurrency.processutils [None req-58012b29-9757-468d-962e-2a89e0efc7ce tempest-VolumesCloneTest-733589904 None] CMD "/opt/stack/data/venv/bin/python3.12 -m oslo_concurrency.prlimit --as=1073741824 --cpu=60 -- sudo cinder-rootwrap /etc/cinder/rootwrap.conf env LC_ALL=C qemu-img info -f qcow2 --output=json --force-share /opt/stack/data/cinder/mnt/ac764f53af394bdc198d6a0b94430f52/volume-84057890-d2d1-4c1e-9e8e-6973c38f319c.ee62785b-0bcb-40f7-b5e8-4099f95c4539" returned: 0 in 0.818s {{(pid=93480) execute /opt/stack/data/venv/lib/python3.12/site-packages/oslo_concurrency/processutils.py:468}}
Jun 29 10:05:57 devstack cinder-volume[93480]: DEBUG cinder.volume.drivers.remotefs [None req-58012b29-9757-468d-962e-2a89e0efc7ce tempest-VolumesCloneTest-733589904 None] Fetching qemu-img info with special backing_file_template: (/opt/stack/data/cinder/mnt/[0-9a-f]+/)?(volume-84057890-d2d1-4c1e-9e8e-6973c38f319c(.(tmp-snap-)?[0-9a-f-]+)?|volume_from_snapshot_cache/(tmp-snap-)?[0-9a-f-]+(.(child-|parent-)[0-9a-f-]+)?)$ {{(pid=93480) _qemu_img_info_base /opt/stack/cinder/cinder/volume/drivers/remotefs.py:896}}
Jun 29 10:05:57 devstack cinder-volume[93480]: DEBUG oslo.privsep.daemon [-] privsep: reply[76306591-2003-434b-9233-f02dbed32b62]: (4, 'qcow2') {{(pid=94766) _call_back /opt/stack/data/venv/lib/python3.12/site-packages/oslo_privsep/daemon.py:580}}
Jun 29 10:05:57 devstack cinder-volume[93480]: DEBUG oslo_concurrency.processutils [None req-58012b29-9757-468d-962e-2a89e0efc7ce tempest-VolumesCloneTest-733589904 None] Running cmd (subprocess): /opt/stack/data/venv/bin/python3.12 -m oslo_concurrency.prlimit --as=1073741824 --cpu=60 -- sudo cinder-rootwrap /etc/cinder/rootwrap.conf env LC_ALL=C qemu-img info -f qcow2 --output=json --force-share /opt/stack/data/cinder/mnt/ac764f53af394bdc198d6a0b94430f52/volume-84057890-d2d1-4c1e-9e8e-6973c38f319c {{(pid=93480) execute /opt/stack/data/venv/lib/python3.12/site-packages/oslo_concurrency/processutils.py:440}}
Jun 29 10:05:57 devstack sudo[103121]: quobyte : PWD=/ ; USER=root ; COMMAND=/opt/stack/data/venv/bin/cinder-rootwrap /etc/cinder/rootwrap.conf env LC_ALL=C qemu-img info -f qcow2 --output=json --force-share /opt/stack/data/cinder/mnt/ac764f53af394bdc198d6a0b94430f52/volume-84057890-d2d1-4c1e-9e8e-6973c38f319c
Jun 29 10:05:57 devstack sudo[103121]: pam_unix(sudo:session): session opened for user root(uid=0) by (uid=1000)
Jun 29 10:05:58 devstack sudo[103121]: pam_unix(sudo:session): session closed for user root
Jun 29 10:05:58 devstack cinder-volume[93480]: DEBUG oslo_concurrency.processutils [None req-58012b29-9757-468d-962e-2a89e0efc7ce tempest-VolumesCloneTest-733589904 None] CMD "/opt/stack/data/venv/bin/python3.12 -m oslo_concurrency.prlimit --as=1073741824 --cpu=60 -- sudo cinder-rootwrap /etc/cinder/rootwrap.conf env LC_ALL=C qemu-img info -f qcow2 --output=json --force-share /opt/stack/data/cinder/mnt/ac764f53af394bdc198d6a0b94430f52/volume-84057890-d2d1-4c1e-9e8e-6973c38f319c" returned: 0 in 0.777s {{(pid=93480) execute /opt/stack/data/venv/lib/python3.12/site-packages/oslo_concurrency/processutils.py:468}}
Jun 29 10:05:58 devstack cinder-volume[93480]: DEBUG oslo_concurrency.processutils [None req-58012b29-9757-468d-962e-2a89e0efc7ce tempest-VolumesCloneTest-733589904 None] Running cmd (subprocess): sudo cinder-rootwrap /etc/cinder/rootwrap.conf qemu-img commit -d /opt/stack/data/cinder/mnt/ac764f53af394bdc198d6a0b94430f52/volume-84057890-d2d1-4c1e-9e8e-6973c38f319c.ee62785b-0bcb-40f7-b5e8-4099f95c4539 {{(pid=93480) execute /opt/stack/data/venv/lib/python3.12/site-packages/oslo_concurrency/processutils.py:440}}
Jun 29 10:05:58 devstack sudo[103126]: quobyte : PWD=/ ; USER=root ; COMMAND=/opt/stack/data/venv/bin/cinder-rootwrap /etc/cinder/rootwrap.conf qemu-img commit -d /opt/stack/data/cinder/mnt/ac764f53af394bdc198d6a0b94430f52/volume-84057890-d2d1-4c1e-9e8e-6973c38f319c.ee62785b-0bcb-40f7-b5e8-4099f95c4539
Jun 29 10:05:58 devstack sudo[103126]: pam_unix(sudo:session): session opened for user root(uid=0) by (uid=1000)
Jun 29 10:05:58 devstack sudo[103126]: pam_unix(sudo:session): session closed for user root
Jun 29 10:05:58 devstack cinder-volume[93480]: DEBUG oslo_concurrency.processutils [None req-58012b29-9757-468d-962e-2a89e0efc7ce tempest-VolumesCloneTest-733589904 None] CMD "sudo cinder-rootwrap /etc/cinder/rootwrap.conf qemu-img commit -d /opt/stack/data/cinder/mnt/ac764f53af394bdc198d6a0b94430f52/volume-84057890-d2d1-4c1e-9e8e-6973c38f319c.ee62785b-0bcb-40f7-b5e8-4099f95c4539" returned: 0 in 0.753s {{(pid=93480) execute /opt/stack/data/venv/lib/python3.12/site-packages/oslo_concurrency/processutils.py:468}}
Jun 29 10:05:58 devstack cinder-volume[93480]: DEBUG oslo_concurrency.processutils [None req-58012b29-9757-468d-962e-2a89e0efc7ce tempest-VolumesCloneTest-733589904 None] Running cmd (subprocess): sudo cinder-rootwrap /etc/cinder/rootwrap.conf rm -f /opt/stack/data/cinder/mnt/ac764f53af394bdc198d6a0b94430f52/volume-84057890-d2d1-4c1e-9e8e-6973c38f319c.ee62785b-0bcb-40f7-b5e8-4099f95c4539 {{(pid=93480) execute /opt/stack/data/venv/lib/python3.12/site-packages/oslo_concurrency/processutils.py:440}}
Jun 29 10:05:59 devstack sudo[103131]: quobyte : PWD=/ ; USER=root ; COMMAND=/opt/stack/data/venv/bin/cinder-rootwrap /etc/cinder/rootwrap.conf rm -f /opt/stack/data/cinder/mnt/ac764f53af394bdc198d6a0b94430f52/volume-84057890-d2d1-4c1e-9e8e-6973c38f319c.ee62785b-0bcb-40f7-b5e8-4099f95c4539
Jun 29 10:05:59 devstack sudo[103131]: pam_unix(sudo:session): session opened for user root(uid=0) by (uid=1000)
