Aug 25 06:35:52 devstack devstack@keystone.service[50119]: DEBUG keystone.server.flask.request_processing.req_logging [None req-8ce5392f-2382-4ba8-a5fe-f26f0acb1043 None None] PATH_INFO: `/v3` {{(pid=50119) log_request_info /opt/stack/keystone/keystone/server/flask/request_processing/req_logging.py:28}}
Aug 25 06:35:52 devstack devstack@keystone.service[50119]: [pid: 50119|app: 0|req: 1/1] 192.168.122.71 () {50 vars in 786 bytes} [Tue Aug 25 06:35:52 2026] GET /identity/v3/ => generated 258 bytes in 5 msecs (HTTP/1.1 200) 5 headers in 177 bytes (1 switches on core 0)
Aug 25 06:36:01 devstack devstack@keystone.service[50118]: DEBUG keystone.server.flask.request_processing.req_logging [None req-c845ed7c-b771-4034-8d3e-b67e89835ed6 None None] REQUEST_METHOD: `GET` {{(pid=50118) log_request_info /opt/stack/keystone/keystone/server/flask/request_processing/req_logging.py:26}}
Aug 25 06:36:01 devstack devstack@keystone.service[50118]: DEBUG keystone.server.flask.request_processing.req_logging [None req-c845ed7c-b771-4034-8d3e-b67e89835ed6 None None] SCRIPT_NAME: `/identity` {{(pid=50118) log_request_info /opt/stack/keystone/keystone/server/flask/request_processing/req_logging.py:27}}
Aug 25 06:36:01 devstack devstack@keystone.service[50118]: DEBUG keystone.server.flask.request_processing.req_logging [None req-c845ed7c-b771-4034-8d3e-b67e89835ed6 None None] PATH_INFO: `/` {{(pid=50118) log_request_info /opt/stack/keystone/keystone/server/flask/request_processing/req_logging.py:28}}
Aug 25 06:36:01 devstack devstack@keystone.service[50118]: [pid: 50118|app: 0|req: 1/2] 192.168.122.71 () {54 vars in 923 bytes} [Tue Aug 25 06:36:01 2026] GET /identity => generated 273 bytes in 6 msecs (HTTP/1.1 300) 6 headers in 237 bytes (1 switches on core 0)
Aug 25 06:36:01 devstack devstack@keystone.service[50119]: DEBUG keystone.server.flask.request_processing.req_logging [None req-211f2518-13f5-4bdb-b4f6-965e113ccbf1 None None] REQUEST_METHOD: `POST` {{(pid=50119) log_request_info /opt/stack/keystone/keystone/server/flask/request_processing/req_logging.py:26}}
Aug 25 06:36:01 devstack devstack@keystone.service[50119]: DEBUG keystone.server.flask.request_processing.req_logging [None req-211f2518-13f5-4bdb-b4f6-965e113ccbf1 None None] SCRIPT_NAME: `/identity` {{(pid=50119) log_request_info /opt/stack/keystone/keystone/server/flask/request_processing/req_logging.py:27}}
Aug 25 06:36:01 devstack devstack@keystone.service[50119]: DEBUG keystone.server.flask.request_processing.req_logging [None req-211f2518-13f5-4bdb-b4f6-965e113ccbf1 None None] PATH_INFO: `/v3/auth/tokens` {{(pid=50119) log_request_info /opt/stack/keystone/keystone/server/flask/request_processing/req_logging.py:28}}
Aug 25 06:36:01 devstack devstack@keystone.service[50119]: INFO dbcounter [None req-211f2518-13f5-4bdb-b4f6-965e113ccbf1 None None] Registered counter for database keystone
Aug 25 06:36:01 devstack devstack@keystone.service[50119]: DEBUG oslo_db.sqlalchemy.engines [None req-211f2518-13f5-4bdb-b4f6-965e113ccbf1 None None] MySQL server mode set to STRICT_TRANS_TABLES,STRICT_ALL_TABLES,NO_ZERO_IN_DATE,NO_ZERO_DATE,ERROR_FOR_DIVISION_BY_ZERO,TRADITIONAL,NO_ENGINE_SUBSTITUTION {{(pid=50119) _check_effective_sql_mode /opt/stack/data/venv/lib/python3.12/site-packages/oslo_db/sqlalchemy/engines.py:325}}
Aug 25 06:36:01 devstack devstack@keystone.service[50119]: DEBUG dbcounter [-] [50119] Writer thread running {{(pid=50119) stat_writer /opt/stack/data/venv/lib/python3.12/site-packages/dbcounter.py:102}}
Aug 25 06:36:01 devstack devstack@keystone.service[50119]: WARNING keystone.common.password_hashing [None req-211f2518-13f5-4bdb-b4f6-965e113ccbf1 None None] Truncating password to algorithm specific maximum length 72 characters.
Aug 25 06:36:01 devstack devstack@keystone.service[50119]: DEBUG keystone.auth.core [None req-211f2518-13f5-4bdb-b4f6-965e113ccbf1 None None] MFA Rules not processed for user `93f1848f859b4475bc30bef8cc37357e`. Rule list: `[]` (Enabled: `True`). {{(pid=50119) check_auth_methods_against_rules /opt/stack/keystone/keystone/auth/core.py:476}}
Aug 25 06:36:01 devstack devstack@keystone.service[50119]: DEBUG keystone.common.fernet_utils [None req-211f2518-13f5-4bdb-b4f6-965e113ccbf1 None None] Loaded 2 Fernet keys from /etc/keystone/fernet-keys/, but `[fernet_tokens] max_active_keys = 3`; perhaps there have not been enough key rotations to reach `max_active_keys` yet? {{(pid=50119) load_keys /opt/stack/keystone/keystone/common/fernet_utils.py:297}}
Aug 25 06:36:01 devstack devstack@keystone.service[50119]: [pid: 50119|app: 0|req: 2/3] 192.168.122.71 () {58 vars in 1020 bytes} [Tue Aug 25 06:36:01 2026] POST /identity/v3/auth/tokens => generated 980 bytes in 748 msecs (HTTP/1.1 201) 6 headers in 384 bytes (1 switches on core 0)
Aug 25 06:36:02 devstack devstack@keystone.service[50118]: DEBUG keystone.server.flask.request_processing.middleware.auth_context [None req-c845ed7c-b771-4034-8d3e-b67e89835ed6 None None] Authenticating user token {{(pid=50118) process_request /opt/stack/data/venv/lib/python3.12/site-packages/keystonemiddleware/auth_token/__init__.py:406}}
Aug 25 06:36:02 devstack devstack@keystone.service[50118]: INFO dbcounter [None req-c845ed7c-b771-4034-8d3e-b67e89835ed6 None None] Registered counter for database keystone
Aug 25 06:36:02 devstack devstack@keystone.service[50118]: DEBUG oslo_db.sqlalchemy.engines [None req-c845ed7c-b771-4034-8d3e-b67e89835ed6 None None] MySQL server mode set to STRICT_TRANS_TABLES,STRICT_ALL_TABLES,NO_ZERO_IN_DATE,NO_ZERO_DATE,ERROR_FOR_DIVISION_BY_ZERO,TRADITIONAL,NO_ENGINE_SUBSTITUTION {{(pid=50118) _check_effective_sql_mode /opt/stack/data/venv/lib/python3.12/site-packages/oslo_db/sqlalchemy/engines.py:325}}
Aug 25 06:36:02 devstack devstack@keystone.service[50118]: DEBUG dbcounter [-] [50118] Writer thread running {{(pid=50118) stat_writer /opt/stack/data/venv/lib/python3.12/site-packages/dbcounter.py:102}}
Aug 25 06:36:02 devstack devstack@keystone.service[50118]: DEBUG keystone.server.flask.request_processing.middleware.auth_context [None req-c845ed7c-b771-4034-8d3e-b67e89835ed6 None None] Validating token access rules against request {{(pid=50118) validate_allowed_request /opt/stack/data/venv/lib/python3.12/site-packages/keystonemiddleware/auth_token/__init__.py:544}}
Aug 25 06:36:02 devstack devstack@keystone.service[50118]: DEBUG keystone.server.flask.request_processing.middleware.auth_context [None req-30708a3f-a24f-497d-95d4-9822b53b021f admin admin] RBAC: auth_context: {'token': , 'domain_id': None, 'trust_id': None, 'trustor_id': None, 'trustee_id': None, 'domain_name': None, 'group_ids': [], 'user_id': '93f1848f859b4475bc30bef8cc37357e', 'user_domain_id': 'default', 'system_scope': None, 'project_id': 'c4f8395cb7a24313836d7b56ae0cdc8c', 'project_domain_id': 'default', 'roles': ['admin', 'manager', 'reader', 'member'], 'is_admin_project': True, 'service_user_id': None, 'service_user_domain_id': None, 'service_project_id': None, 'service_project_domain_id': None, 'service_roles': []} {{(pid=50118) fill_context /opt/stack/keystone/keystone/server/flask/request_processing/middleware/auth_context.py:516}}
Aug 25 06:36:02 devstack devstack@keystone.service[50118]: DEBUG keystone.server.flask.request_processing.req_logging [None req-30708a3f-a24f-497d-95d4-9822b53b021f admin admin] REQUEST_METHOD: `GET` {{(pid=50118) log_request_info /opt/stack/keystone/keystone/server/flask/request_processing/req_logging.py:26}}
Aug 25 06:36:02 devstack devstack@keystone.service[50118]: DEBUG keystone.server.flask.request_processing.req_logging [None req-30708a3f-a24f-497d-95d4-9822b53b021f admin admin] SCRIPT_NAME: `/identity` {{(pid=50118) log_request_info /opt/stack/keystone/keystone/server/flask/request_processing/req_logging.py:27}}
Aug 25 06:36:02 devstack devstack@keystone.service[50118]: DEBUG keystone.server.flask.request_processing.req_logging [None req-30708a3f-a24f-497d-95d4-9822b53b021f admin admin] PATH_INFO: `/v3/projects/admin` {{(pid=50118) log_request_info /opt/stack/keystone/keystone/server/flask/request_processing/req_logging.py:28}}
Aug 25 06:36:02 devstack devstack@keystone.service[50118]: DEBUG keystone.common.rbac_enforcer.enforcer [None req-30708a3f-a24f-497d-95d4-9822b53b021f admin admin] RBAC: Authorizing `identity:get_project(project_id=admin)` {{(pid=50118) enforce_call /opt/stack/keystone/keystone/common/rbac_enforcer/enforcer.py:501}}
Aug 25 06:36:02 devstack devstack@keystone.service[50118]: WARNING keystone.common.rbac_enforcer.enforcer [None req-30708a3f-a24f-497d-95d4-9822b53b021f admin admin] Deprecated policy rules found. Use oslopolicy-policy-generator and oslopolicy-policy-upgrade to detect and resolve deprecated policies in your configuration.
Aug 25 06:36:02 devstack devstack@keystone.service[50118]: DEBUG keystone.common.rbac_enforcer.enforcer [None req-30708a3f-a24f-497d-95d4-9822b53b021f admin admin] RBAC: Authorization granted {{(pid=50118) enforce_call /opt/stack/keystone/keystone/common/rbac_enforcer/enforcer.py:512}}
Aug 25 06:36:02 devstack devstack@keystone.service[50118]: DEBUG keystone.server.flask.application [None req-30708a3f-a24f-497d-95d4-9822b53b021f admin admin] Could not find project: admin. {{(pid=50118) _handle_keystone_exception /opt/stack/keystone/keystone/server/flask/application.py:146}}
Aug 25 06:36:02 devstack devstack@keystone.service[50118]: [pid: 50118|app: 0|req: 2/4] 192.168.122.71 () {56 vars in 1166 bytes} [Tue Aug 25 06:36:02 2026] GET /identity/v3/projects/admin => generated 86 bytes in 529 msecs (HTTP/1.1 404) 5 headers in 183 bytes (1 switches on core 0)
Aug 25 06:36:02 devstack devstack@keystone.service[50119]: DEBUG keystone.server.flask.request_processing.middleware.auth_context [None req-211f2518-13f5-4bdb-b4f6-965e113ccbf1 None None] Authenticating user token {{(pid=50119) process_request /opt/stack/data/venv/lib/python3.12/site-packages/keystonemiddleware/auth_token/__init__.py:406}}
Aug 25 06:36:02 devstack devstack@keystone.service[50119]: DEBUG keystone.server.flask.request_processing.middleware.auth_context [None req-211f2518-13f5-4bdb-b4f6-965e113ccbf1 None None] Validating token access rules against request {{(pid=50119) validate_allowed_request /opt/stack/data/venv/lib/python3.12/site-packages/keystonemiddleware/auth_token/__init__.py:544}}
Aug 25 06:36:02 devstack devstack@keystone.service[50119]: DEBUG keystone.server.flask.request_processing.middleware.auth_context [None req-3cef99fd-77ae-48e1-aa16-aef7e03cc175 admin admin] RBAC: auth_context: {'token': , 'domain_id': None, 'trust_id': None, 'trustor_id': None, 'trustee_id': None, 'domain_name': None, 'group_ids': [], 'user_id': '93f1848f859b4475bc30bef8cc37357e', 'user_domain_id': 'default', 'system_scope': None, 'project_id': 'c4f8395cb7a24313836d7b56ae0cdc8c', 'project_domain_id': 'default', 'roles': ['admin', 'manager', 'reader', 'member'], 'is_admin_project': True, 'service_user_id': None, 'service_user_domain_id': None, 'service_project_id': None, 'service_project_domain_id': None, 'service_roles': []} {{(pid=50119) fill_context /opt/stack/keystone/keystone/server/flask/request_processing/middleware/auth_context.py:516}}
Aug 25 06:36:02 devstack devstack@keystone.service[50119]: DEBUG keystone.server.flask.request_processing.req_logging [None req-3cef99fd-77ae-48e1-aa16-aef7e03cc175 admin admin] REQUEST_METHOD: `GET` {{(pid=50119) log_request_info /opt/stack/keystone/keystone/server/flask/request_processing/req_logging.py:26}}
Aug 25 06:36:02 devstack devstack@keystone.service[50119]: DEBUG keystone.server.flask.request_processing.req_logging [None req-3cef99fd-77ae-48e1-aa16-aef7e03cc175 admin admin] SCRIPT_NAME: `/identity` {{(pid=50119) log_request_info /opt/stack/keystone/keystone/server/flask/request_processing/req_logging.py:27}}
Aug 25 06:36:02 devstack devstack@keystone.service[50119]: DEBUG keystone.server.flask.request_processing.req_logging [None req-3cef99fd-77ae-48e1-aa16-aef7e03cc175 admin admin] PATH_INFO: `/v3/projects` {{(pid=50119) log_request_info /opt/stack/keystone/keystone/server/flask/request_processing/req_logging.py:28}}
Aug 25 06:36:02 devstack devstack@keystone.service[50119]: DEBUG keystone.common.rbac_enforcer.enforcer [None req-3cef99fd-77ae-48e1-aa16-aef7e03cc175 admin admin] RBAC: Adding query filter params (name=admin) {{(pid=50119) _extract_filter_values /opt/stack/keystone/keystone/common/rbac_enforcer/enforcer.py:176}}
Aug 25 06:36:02 devstack devstack@keystone.service[50119]: DEBUG keystone.common.rbac_enforcer.enforcer [None req-3cef99fd-77ae-48e1-aa16-aef7e03cc175 admin admin] RBAC: Authorizing `identity:list_projects()` {{(pid=50119) enforce_call /opt/stack/keystone/keystone/common/rbac_enforcer/enforcer.py:501}}
Aug 25 06:36:02 devstack devstack@keystone.service[50119]: WARNING keystone.common.rbac_enforcer.enforcer [None req-3cef99fd-77ae-48e1-aa16-aef7e03cc175 admin admin] Deprecated policy rules found. Use oslopolicy-policy-generator and oslopolicy-policy-upgrade to detect and resolve deprecated policies in your configuration.
Aug 25 06:36:02 devstack devstack@keystone.service[50119]: DEBUG keystone.common.rbac_enforcer.enforcer [None req-3cef99fd-77ae-48e1-aa16-aef7e03cc175 admin admin] RBAC: Authorization granted {{(pid=50119) enforce_call /opt/stack/keystone/keystone/common/rbac_enforcer/enforcer.py:512}}
Aug 25 06:36:02 devstack devstack@keystone.service[50119]: [pid: 50119|app: 0|req: 3/5] 192.168.122.71 () {56 vars in 1182 bytes} [Tue Aug 25 06:36:02 2026] GET /identity/v3/projects?name=admin => generated 458 bytes in 80 msecs (HTTP/1.1 200) 5 headers in 177 bytes (2 switches on core 0)
Aug 25 06:36:02 devstack devstack@keystone.service[50118]: DEBUG keystone.server.flask.request_processing.middleware.auth_context [None req-30708a3f-a24f-497d-95d4-9822b53b021f admin admin] Authenticating user token {{(pid=50118) process_request /opt/stack/data/venv/lib/python3.12/site-packages/keystonemiddleware/auth_token/__init__.py:406}}
Aug 25 06:36:02 devstack devstack@keystone.service[50118]: DEBUG keystone.server.flask.request_processing.middleware.auth_context [None req-30708a3f-a24f-497d-95d4-9822b53b021f admin admin] Validating token access rules against request {{(pid=50118) validate_allowed_request /opt/stack/data/venv/lib/python3.12/site-packages/keystonemiddleware/auth_token/__init__.py:544}}
Aug 25 06:36:02 devstack devstack@keystone.service[50118]: DEBUG keystone.server.flask.request_processing.middleware.auth_context [None req-65a3a074-6739-4d2f-917a-2445d74c4994 admin admin] RBAC: auth_context: {'token': , 'domain_id': None, 'trust_id': None, 'trustor_id': None, 'trustee_id': None, 'domain_name': None, 'group_ids': [], 'user_id': '93f1848f859b4475bc30bef8cc37357e', 'user_domain_id': 'default', 'system_scope': None, 'project_id': 'c4f8395cb7a24313836d7b56ae0cdc8c', 'project_domain_id': 'default', 'roles': ['admin', 'manager', 'reader', 'member'], 'is_admin_project': True, 'service_user_id': None, 'service_user_domain_id': None, 'service_project_id': None, 'service_project_domain_id': None, 'service_roles': []} {{(pid=50118) fill_context /opt/stack/keystone/keystone/server/flask/request_processing/middleware/auth_context.py:516}}
Aug 25 06:36:02 devstack devstack@keystone.service[50118]: DEBUG keystone.server.flask.request_processing.req_logging [None req-65a3a074-6739-4d2f-917a-2445d74c4994 admin admin] REQUEST_METHOD: `GET` {{(pid=50118) log_request_info /opt/stack/keystone/keystone/server/flask/request_processing/req_logging.py:26}}
Aug 25 06:36:02 devstack devstack@keystone.service[50118]: DEBUG keystone.server.flask.request_processing.req_logging [None req-65a3a074-6739-4d2f-917a-2445d74c4994 admin admin] SCRIPT_NAME: `/identity` {{(pid=50118) log_request_info /opt/stack/keystone/keystone/server/flask/request_processing/req_logging.py:27}}
Aug 25 06:36:02 devstack devstack@keystone.service[50118]: DEBUG keystone.server.flask.request_processing.req_logging [None req-65a3a074-6739-4d2f-917a-2445d74c4994 admin admin] PATH_INFO: `/v3/projects/c4f8395cb7a24313836d7b56ae0cdc8c` {{(pid=50118) log_request_info /opt/stack/keystone/keystone/server/flask/request_processing/req_logging.py:28}}
Aug 25 06:36:02 devstack devstack@keystone.service[50118]: DEBUG keystone.common.rbac_enforcer.enforcer [None req-65a3a074-6739-4d2f-917a-2445d74c4994 admin admin] RBAC: Authorizing `identity:get_project(project_id=c4f8395cb7a24313836d7b56ae0cdc8c)` {{(pid=50118) enforce_call /opt/stack/keystone/keystone/common/rbac_enforcer/enforcer.py:501}}
Aug 25 06:36:02 devstack devstack@keystone.service[50118]: DEBUG keystone.common.rbac_enforcer.enforcer [None req-65a3a074-6739-4d2f-917a-2445d74c4994 admin admin] RBAC: Authorization granted {{(pid=50118) enforce_call /opt/stack/keystone/keystone/common/rbac_enforcer/enforcer.py:512}}
Aug 25 06:36:02 devstack devstack@keystone.service[50118]: [pid: 50118|app: 0|req: 3/6] 192.168.122.71 () {56 vars in 1247 bytes} [Tue Aug 25 06:36:02 2026] GET /identity/v3/projects/c4f8395cb7a24313836d7b56ae0cdc8c => generated 347 bytes in 29 msecs (HTTP/1.1 200) 5 headers in 177 bytes (1 switches on core 0)
Aug 25 06:36:05 devstack devstack@keystone.service[50119]: DEBUG keystone.server.flask.request_processing.req_logging [None req-b1951b50-c894-442b-b4bc-cf18a9e43c55 None None] REQUEST_METHOD: `GET` {{(pid=50119) log_request_info /opt/stack/keystone/keystone/server/flask/request_processing/req_logging.py:26}}
Aug 25 06:36:05 devstack devstack@keystone.service[50119]: DEBUG keystone.server.flask.request_processing.req_logging [None req-b1951b50-c894-442b-b4bc-cf18a9e43c55 None None] SCRIPT_NAME: `/identity` {{(pid=50119) log_request_info /opt/stack/keystone/keystone/server/flask/request_processing/req_logging.py:27}}
Aug 25 06:36:05 devstack devstack@keystone.service[50119]: DEBUG keystone.server.flask.request_processing.req_logging [None req-b1951b50-c894-442b-b4bc-cf18a9e43c55 None None] PATH_INFO: `/` {{(pid=50119) log_request_info /opt/stack/keystone/keystone/server/flask/request_processing/req_logging.py:28}}
Aug 25 06:36:05 devstack devstack@keystone.service[50119]: [pid: 50119|app: 0|req: 4/7] 192.168.122.71 () {54 vars in 923 bytes} [Tue Aug 25 06:36:05 2026] GET /identity => generated 273 bytes in 3 msecs (HTTP/1.1 300) 6 headers in 237 bytes (1 switches on core 0)
Aug 25 06:36:05 devstack devstack@keystone.service[50118]: DEBUG keystone.server.flask.request_processing.req_logging [None req-fc6dc6a5-b699-4789-8ea4-f08f32a5ddd1 None None] REQUEST_METHOD: `POST` {{(pid=50118) log_request_info /opt/stack/keystone/keystone/server/flask/request_processing/req_logging.py:26}}
Aug 25 06:36:05 devstack devstack@keystone.service[50118]: DEBUG keystone.server.flask.request_processing.req_logging [None req-fc6dc6a5-b699-4789-8ea4-f08f32a5ddd1 None None] SCRIPT_NAME: `/identity` {{(pid=50118) log_request_info /opt/stack/keystone/keystone/server/flask/request_processing/req_logging.py:27}}
Aug 25 06:36:05 devstack devstack@keystone.service[50118]: DEBUG keystone.server.flask.request_processing.req_logging [None req-fc6dc6a5-b699-4789-8ea4-f08f32a5ddd1 None None] PATH_INFO: `/v3/auth/tokens` {{(pid=50118) log_request_info /opt/stack/keystone/keystone/server/flask/request_processing/req_logging.py:28}}
Aug 25 06:36:05 devstack devstack@keystone.service[50118]: WARNING keystone.common.password_hashing [None req-fc6dc6a5-b699-4789-8ea4-f08f32a5ddd1 None None] Truncating password to algorithm specific maximum length 72 characters.
Aug 25 06:36:05 devstack devstack@keystone.service[50118]: DEBUG keystone.auth.core [None req-fc6dc6a5-b699-4789-8ea4-f08f32a5ddd1 None None] MFA Rules not processed for user `93f1848f859b4475bc30bef8cc37357e`. Rule list: `[]` (Enabled: `True`). {{(pid=50118) check_auth_methods_against_rules /opt/stack/keystone/keystone/auth/core.py:476}}
Aug 25 06:36:05 devstack devstack@keystone.service[50118]: DEBUG keystone.common.fernet_utils [None req-fc6dc6a5-b699-4789-8ea4-f08f32a5ddd1 None None] Loaded 2 Fernet keys from /etc/keystone/fernet-keys/, but `[fernet_tokens] max_active_keys = 3`; perhaps there have not been enough key rotations to reach `max_active_keys` yet? {{(pid=50118) load_keys /opt/stack/keystone/keystone/common/fernet_utils.py:297}}
Aug 25 06:36:05 devstack devstack@keystone.service[50118]: [pid: 50118|app: 0|req: 4/8] 192.168.122.71 () {58 vars in 1020 bytes} [Tue Aug 25 06:36:05 2026] POST /identity/v3/auth/tokens => generated 980 bytes in 82 msecs (HTTP/1.1 201) 6 headers in 384 bytes (1 switches on core 0)
Aug 25 06:36:05 devstack devstack@keystone.service[50119]: DEBUG keystone.server.flask.request_processing.middleware.auth_context [None req-b1951b50-c894-442b-b4bc-cf18a9e43c55 None None] Authenticating user token {{(pid=50119) process_request /opt/stack/data/venv/lib/python3.12/site-packages/keystonemiddleware/auth_token/__init__.py:406}}
Aug 25 06:36:05 devstack devstack@keystone.service[50119]: DEBUG keystone.server.flask.request_processing.middleware.auth_context [None req-b1951b50-c894-442b-b4bc-cf18a9e43c55 None None] Validating token access rules against request {{(pid=50119) validate_allowed_request /opt/stack/data/venv/lib/python3.12/site-packages/keystonemiddleware/auth_token/__init__.py:544}}
Aug 25 06:36:05 devstack devstack@keystone.service[50119]: DEBUG keystone.server.flask.request_processing.middleware.auth_context [None req-e676032a-6b50-48f1-b9c2-3b318ac1070d admin admin] RBAC: auth_context: {'token': , 'domain_id': None, 'trust_id': None, 'trustor_id': None, 'trustee_id': None, 'domain_name': None, 'group_ids': [], 'user_id': '93f1848f859b4475bc30bef8cc37357e', 'user_domain_id': 'default', 'system_scope': None, 'project_id': 'c4f8395cb7a24313836d7b56ae0cdc8c', 'project_domain_id': 'default', 'roles': ['admin', 'manager', 'reader', 'member'], 'is_admin_project': True, 'service_user_id': None, 'service_user_domain_id': None, 'service_project_id': None, 'service_project_domain_id': None, 'service_roles': []} {{(pid=50119) fill_context /opt/stack/keystone/keystone/server/flask/request_processing/middleware/auth_context.py:516}}
Aug 25 06:36:05 devstack devstack@keystone.service[50119]: DEBUG keystone.server.flask.request_processing.req_logging [None req-e676032a-6b50-48f1-b9c2-3b318ac1070d admin admin] REQUEST_METHOD: `GET` {{(pid=50119) log_request_info /opt/stack/keystone/keystone/server/flask/request_processing/req_logging.py:26}}
Aug 25 06:36:05 devstack devstack@keystone.service[50119]: DEBUG keystone.server.flask.request_processing.req_logging [None req-e676032a-6b50-48f1-b9c2-3b318ac1070d admin admin] SCRIPT_NAME: `/identity` {{(pid=50119) log_request_info /opt/stack/keystone/keystone/server/flask/request_processing/req_logging.py:27}}
Aug 25 06:36:05 devstack devstack@keystone.service[50119]: DEBUG keystone.server.flask.request_processing.req_logging [None req-e676032a-6b50-48f1-b9c2-3b318ac1070d admin admin] PATH_INFO: `/v3/users/admin` {{(pid=50119) log_request_info /opt/stack/keystone/keystone/server/flask/request_processing/req_logging.py:28}}
Aug 25 06:36:05 devstack devstack@keystone.service[50119]: DEBUG keystone.common.rbac_enforcer.enforcer [None req-e676032a-6b50-48f1-b9c2-3b318ac1070d admin admin] RBAC: Authorizing `identity:get_user(user_id=admin)` {{(pid=50119) enforce_call /opt/stack/keystone/keystone/common/rbac_enforcer/enforcer.py:501}}
Aug 25 06:36:05 devstack devstack@keystone.service[50119]: DEBUG keystone.common.rbac_enforcer.enforcer [None req-e676032a-6b50-48f1-b9c2-3b318ac1070d admin admin] RBAC: Authorization granted {{(pid=50119) enforce_call /opt/stack/keystone/keystone/common/rbac_enforcer/enforcer.py:512}}
Aug 25 06:36:05 devstack devstack@keystone.service[50119]: DEBUG keystone.server.flask.application [None req-e676032a-6b50-48f1-b9c2-3b318ac1070d admin admin] Could not find user: admin. {{(pid=50119) _handle_keystone_exception /opt/stack/keystone/keystone/server/flask/application.py:146}}
Aug 25 06:36:05 devstack devstack@keystone.service[50119]: [pid: 50119|app: 0|req: 5/9] 192.168.122.71 () {56 vars in 1157 bytes} [Tue Aug 25 06:36:05 2026] GET /identity/v3/users/admin => generated 83 bytes in 57 msecs (HTTP/1.1 404) 5 headers in 183 bytes (1 switches on core 0)
Aug 25 06:36:05 devstack devstack@keystone.service[50118]: DEBUG keystone.server.flask.request_processing.middleware.auth_context [None req-fc6dc6a5-b699-4789-8ea4-f08f32a5ddd1 None None] Authenticating user token {{(pid=50118) process_request /opt/stack/data/venv/lib/python3.12/site-packages/keystonemiddleware/auth_token/__init__.py:406}}
Aug 25 06:36:06 devstack devstack@keystone.service[50118]: DEBUG keystone.server.flask.request_processing.middleware.auth_context [None req-fc6dc6a5-b699-4789-8ea4-f08f32a5ddd1 None None] Validating token access rules against request {{(pid=50118) validate_allowed_request /opt/stack/data/venv/lib/python3.12/site-packages/keystonemiddleware/auth_token/__init__.py:544}}
Aug 25 06:36:06 devstack devstack@keystone.service[50118]: DEBUG keystone.server.flask.request_processing.middleware.auth_context [None req-2d94bfea-8143-4326-a678-f1f5f9d5724a admin admin] RBAC: auth_context: {'token': , 'domain_id': None, 'trust_id': None, 'trustor_id': None, 'trustee_id': None, 'domain_name': None, 'group_ids': [], 'user_id': '93f1848f859b4475bc30bef8cc37357e', 'user_domain_id': 'default', 'system_scope': None, 'project_id': 'c4f8395cb7a24313836d7b56ae0cdc8c', 'project_domain_id': 'default', 'roles': ['admin', 'manager', 'reader', 'member'], 'is_admin_project': True, 'service_user_id': None, 'service_user_domain_id': None, 'service_project_id': None, 'service_project_domain_id': None, 'service_roles': []} {{(pid=50118) fill_context /opt/stack/keystone/keystone/server/flask/request_processing/middleware/auth_context.py:516}}
Aug 25 06:36:06 devstack devstack@keystone.service[50118]: DEBUG keystone.server.flask.request_processing.req_logging [None req-2d94bfea-8143-4326-a678-f1f5f9d5724a admin admin] REQUEST_METHOD: `GET` {{(pid=50118) log_request_info /opt/stack/keystone/keystone/server/flask/request_processing/req_logging.py:26}}
Aug 25 06:36:06 devstack devstack@keystone.service[50118]: DEBUG keystone.server.flask.request_processing.req_logging [None req-2d94bfea-8143-4326-a678-f1f5f9d5724a admin admin] SCRIPT_NAME: `/identity` {{(pid=50118) log_request_info /opt/stack/keystone/keystone/server/flask/request_processing/req_logging.py:27}}
Aug 25 06:36:06 devstack devstack@keystone.service[50118]: DEBUG keystone.server.flask.request_processing.req_logging [None req-2d94bfea-8143-4326-a678-f1f5f9d5724a admin admin] PATH_INFO: `/v3/users` {{(pid=50118) log_request_info /opt/stack/keystone/keystone/server/flask/request_processing/req_logging.py:28}}
Aug 25 06:36:06 devstack devstack@keystone.service[50118]: DEBUG keystone.common.rbac_enforcer.enforcer [None req-2d94bfea-8143-4326-a678-f1f5f9d5724a admin admin] RBAC: Adding query filter params (name=admin) {{(pid=50118) _extract_filter_values /opt/stack/keystone/keystone/common/rbac_enforcer/enforcer.py:176}}
Aug 25 06:36:06 devstack devstack@keystone.service[50118]: DEBUG keystone.common.rbac_enforcer.enforcer [None req-2d94bfea-8143-4326-a678-f1f5f9d5724a admin admin] RBAC: Authorizing `identity:list_users()` {{(pid=50118) enforce_call /opt/stack/keystone/keystone/common/rbac_enforcer/enforcer.py:501}}
Aug 25 06:36:06 devstack devstack@keystone.service[50118]: DEBUG keystone.common.rbac_enforcer.enforcer [None req-2d94bfea-8143-4326-a678-f1f5f9d5724a admin admin] RBAC: Authorization granted {{(pid=50118) enforce_call /opt/stack/keystone/keystone/common/rbac_enforcer/enforcer.py:512}}
Aug 25 06:36:06 devstack devstack@keystone.service[50118]: [pid: 50118|app: 0|req: 5/10] 192.168.122.71 () {56 vars in 1173 bytes} [Tue Aug 25 06:36:05 2026] GET /identity/v3/users?name=admin => generated 358 bytes in 76 msecs (HTTP/1.1 200) 5 headers in 177 bytes (1 switches on core 0)
Aug 25 06:36:08 devstack devstack@keystone.service[50119]: DEBUG keystone.server.flask.request_processing.req_logging [None req-ead70102-057b-4081-9839-b3fe4eb1c1b6 None None] REQUEST_METHOD: `GET` {{(pid=50119) log_request_info /opt/stack/keystone/keystone/server/flask/request_processing/req_logging.py:26}}
Aug 25 06:36:08 devstack devstack@keystone.service[50119]: DEBUG keystone.server.flask.request_processing.req_logging [None req-ead70102-057b-4081-9839-b3fe4eb1c1b6 None None] SCRIPT_NAME: `/identity` {{(pid=50119) log_request_info /opt/stack/keystone/keystone/server/flask/request_processing/req_logging.py:27}}
Aug 25 06:36:08 devstack devstack@keystone.service[50119]: DEBUG keystone.server.flask.request_processing.req_logging [None req-ead70102-057b-4081-9839-b3fe4eb1c1b6 None None] PATH_INFO: `/` {{(pid=50119) log_request_info /opt/stack/keystone/keystone/server/flask/request_processing/req_logging.py:28}}
Aug 25 06:36:08 devstack devstack@keystone.service[50119]: [pid: 50119|app: 0|req: 6/11] 192.168.122.71 () {54 vars in 923 bytes} [Tue Aug 25 06:36:08 2026] GET /identity => generated 273 bytes in 3 msecs (HTTP/1.1 300) 6 headers in 237 bytes (1 switches on core 0)
Aug 25 06:36:08 devstack devstack@keystone.service[50118]: DEBUG keystone.server.flask.request_processing.req_logging [None req-2caf940b-cdbb-4528-972a-bf7c5a7b53cf None None] REQUEST_METHOD: `POST` {{(pid=50118) log_request_info /opt/stack/keystone/keystone/server/flask/request_processing/req_logging.py:26}}
Aug 25 06:36:08 devstack devstack@keystone.service[50118]: DEBUG keystone.server.flask.request_processing.req_logging [None req-2caf940b-cdbb-4528-972a-bf7c5a7b53cf None None] SCRIPT_NAME: `/identity` {{(pid=50118) log_request_info /opt/stack/keystone/keystone/server/flask/request_processing/req_logging.py:27}}
Aug 25 06:36:08 devstack devstack@keystone.service[50118]: DEBUG keystone.server.flask.request_processing.req_logging [None req-2caf940b-cdbb-4528-972a-bf7c5a7b53cf None None] PATH_INFO: `/v3/auth/tokens` {{(pid=50118) log_request_info /opt/stack/keystone/keystone/server/flask/request_processing/req_logging.py:28}}
Aug 25 06:36:08 devstack devstack@keystone.service[50118]: WARNING keystone.common.password_hashing [None req-2caf940b-cdbb-4528-972a-bf7c5a7b53cf None None] Truncating password to algorithm specific maximum length 72 characters.
Aug 25 06:36:08 devstack devstack@keystone.service[50119]: DEBUG keystone.server.flask.request_processing.req_logging [None req-3f6fd4cb-2291-4ae3-854b-7bed22d5d5bd None None] REQUEST_METHOD: `GET` {{(pid=50119) log_request_info /opt/stack/keystone/keystone/server/flask/request_processing/req_logging.py:26}}
Aug 25 06:36:08 devstack devstack@keystone.service[50119]: DEBUG keystone.server.flask.request_processing.req_logging [None req-3f6fd4cb-2291-4ae3-854b-7bed22d5d5bd None None] SCRIPT_NAME: `/identity` {{(pid=50119) log_request_info /opt/stack/keystone/keystone/server/flask/request_processing/req_logging.py:27}}
Aug 25 06:36:08 devstack devstack@keystone.service[50119]: DEBUG keystone.server.flask.request_processing.req_logging [None req-3f6fd4cb-2291-4ae3-854b-7bed22d5d5bd None None] PATH_INFO: `/` {{(pid=50119) log_request_info /opt/stack/keystone/keystone/server/flask/request_processing/req_logging.py:28}}
Aug 25 06:36:08 devstack devstack@keystone.service[50118]: DEBUG keystone.auth.core [None req-2caf940b-cdbb-4528-972a-bf7c5a7b53cf None None] MFA Rules not processed for user `93f1848f859b4475bc30bef8cc37357e`. Rule list: `[]` (Enabled: `True`). {{(pid=50118) check_auth_methods_against_rules /opt/stack/keystone/keystone/auth/core.py:476}}
Aug 25 06:36:08 devstack devstack@keystone.service[50119]: [pid: 50119|app: 0|req: 7/12] 192.168.122.71 () {54 vars in 923 bytes} [Tue Aug 25 06:36:08 2026] GET /identity => generated 273 bytes in 2 msecs (HTTP/1.1 300) 6 headers in 237 bytes (1 switches on core 0)
Aug 25 06:36:08 devstack devstack@keystone.service[50118]: DEBUG keystone.common.fernet_utils [None req-2caf940b-cdbb-4528-972a-bf7c5a7b53cf None None] Loaded 2 Fernet keys from /etc/keystone/fernet-keys/, but `[fernet_tokens] max_active_keys = 3`; perhaps there have not been enough key rotations to reach `max_active_keys` yet? {{(pid=50118) load_keys /opt/stack/keystone/keystone/common/fernet_utils.py:297}}
Aug 25 06:36:08 devstack devstack@keystone.service[50119]: DEBUG keystone.server.flask.request_processing.req_logging [None req-af852ec2-9b32-4d9e-949a-e983d4c11c4c None None] REQUEST_METHOD: `POST` {{(pid=50119) log_request_info /opt/stack/keystone/keystone/server/flask/request_processing/req_logging.py:26}}
Aug 25 06:36:08 devstack devstack@keystone.service[50119]: DEBUG keystone.server.flask.request_processing.req_logging [None req-af852ec2-9b32-4d9e-949a-e983d4c11c4c None None] SCRIPT_NAME: `/identity` {{(pid=50119) log_request_info /opt/stack/keystone/keystone/server/flask/request_processing/req_logging.py:27}}
Aug 25 06:36:08 devstack devstack@keystone.service[50119]: DEBUG keystone.server.flask.request_processing.req_logging [None req-af852ec2-9b32-4d9e-949a-e983d4c11c4c None None] PATH_INFO: `/v3/auth/tokens` {{(pid=50119) log_request_info /opt/stack/keystone/keystone/server/flask/request_processing/req_logging.py:28}}
Aug 25 06:36:08 devstack devstack@keystone.service[50119]: WARNING keystone.common.password_hashing [None req-af852ec2-9b32-4d9e-949a-e983d4c11c4c None None] Truncating password to algorithm specific maximum length 72 characters.
Aug 25 06:36:08 devstack devstack@keystone.service[50119]: DEBUG keystone.auth.core [None req-af852ec2-9b32-4d9e-949a-e983d4c11c4c None None] MFA Rules not processed for user `93f1848f859b4475bc30bef8cc37357e`. Rule list: `[]` (Enabled: `True`). {{(pid=50119) check_auth_methods_against_rules /opt/stack/keystone/keystone/auth/core.py:476}}
Aug 25 06:36:08 devstack devstack@keystone.service[50119]: DEBUG keystone.common.fernet_utils [None req-af852ec2-9b32-4d9e-949a-e983d4c11c4c None None] Loaded 2 Fernet keys from /etc/keystone/fernet-keys/, but `[fernet_tokens] max_active_keys = 3`; perhaps there have not been enough key rotations to reach `max_active_keys` yet? {{(pid=50119) load_keys /opt/stack/keystone/keystone/common/fernet_utils.py:297}}
Aug 25 06:36:08 devstack devstack@keystone.service[50118]: [pid: 50118|app: 0|req: 6/13] 192.168.122.71 () {58 vars in 1020 bytes} [Tue Aug 25 06:36:08 2026] POST /identity/v3/auth/tokens => generated 865 bytes in 166 msecs (HTTP/1.1 201) 6 headers in 363 bytes (1 switches on core 0)
Aug 25 06:36:08 devstack devstack@keystone.service[50119]: [pid: 50119|app: 0|req: 8/14] 192.168.122.71 () {58 vars in 1020 bytes} [Tue Aug 25 06:36:08 2026] POST /identity/v3/auth/tokens => generated 865 bytes in 142 msecs (HTTP/1.1 201) 6 headers in 363 bytes (1 switches on core 0)
Aug 25 06:36:09 devstack devstack@keystone.service[50118]: DEBUG keystone.server.flask.request_processing.middleware.auth_context [None req-2caf940b-cdbb-4528-972a-bf7c5a7b53cf None None] Authenticating user token {{(pid=50118) process_request /opt/stack/data/venv/lib/python3.12/site-packages/keystonemiddleware/auth_token/__init__.py:406}}
Aug 25 06:36:09 devstack devstack@keystone.service[50119]: DEBUG keystone.server.flask.request_processing.middleware.auth_context [None req-af852ec2-9b32-4d9e-949a-e983d4c11c4c None None] Authenticating user token {{(pid=50119) process_request /opt/stack/data/venv/lib/python3.12/site-packages/keystonemiddleware/auth_token/__init__.py:406}}
Aug 25 06:36:09 devstack devstack@keystone.service[50118]: DEBUG keystone.server.flask.request_processing.middleware.auth_context [None req-2caf940b-cdbb-4528-972a-bf7c5a7b53cf None None] Validating token access rules against request {{(pid=50118) validate_allowed_request /opt/stack/data/venv/lib/python3.12/site-packages/keystonemiddleware/auth_token/__init__.py:544}}
Aug 25 06:36:09 devstack devstack@keystone.service[50119]: DEBUG keystone.server.flask.request_processing.middleware.auth_context [None req-af852ec2-9b32-4d9e-949a-e983d4c11c4c None None] Validating token access rules against request {{(pid=50119) validate_allowed_request /opt/stack/data/venv/lib/python3.12/site-packages/keystonemiddleware/auth_token/__init__.py:544}}
Aug 25 06:36:09 devstack devstack@keystone.service[50118]: DEBUG keystone.server.flask.request_processing.middleware.auth_context [None req-ab5408e5-ff89-4cbd-bf00-594b6707074d None admin] RBAC: auth_context: {'token': , 'domain_id': None, 'trust_id': None, 'trustor_id': None, 'trustee_id': None, 'domain_name': None, 'group_ids': [], 'user_id': '93f1848f859b4475bc30bef8cc37357e', 'user_domain_id': 'default', 'system_scope': 'all', 'project_id': None, 'project_domain_id': None, 'roles': ['admin', 'manager', 'member', 'reader'], 'is_admin_project': True, 'service_user_id': None, 'service_user_domain_id': None, 'service_project_id': None, 'service_project_domain_id': None, 'service_roles': []} {{(pid=50118) fill_context /opt/stack/keystone/keystone/server/flask/request_processing/middleware/auth_context.py:516}}
Aug 25 06:36:09 devstack devstack@keystone.service[50118]: DEBUG keystone.server.flask.request_processing.req_logging [None req-ab5408e5-ff89-4cbd-bf00-594b6707074d None admin] REQUEST_METHOD: `GET` {{(pid=50118) log_request_info /opt/stack/keystone/keystone/server/flask/request_processing/req_logging.py:26}}
Aug 25 06:36:09 devstack devstack@keystone.service[50118]: DEBUG keystone.server.flask.request_processing.req_logging [None req-ab5408e5-ff89-4cbd-bf00-594b6707074d None admin] SCRIPT_NAME: `/identity` {{(pid=50118) log_request_info /opt/stack/keystone/keystone/server/flask/request_processing/req_logging.py:27}}
Aug 25 06:36:09 devstack devstack@keystone.service[50118]: DEBUG keystone.server.flask.request_processing.req_logging [None req-ab5408e5-ff89-4cbd-bf00-594b6707074d None admin] PATH_INFO: `/v3/roles/admin` {{(pid=50118) log_request_info /opt/stack/keystone/keystone/server/flask/request_processing/req_logging.py:28}}
Aug 25 06:36:09 devstack devstack@keystone.service[50119]: DEBUG keystone.server.flask.request_processing.middleware.auth_context [None req-0800c67a-bc9a-4c26-97d6-2e66bc45eed5 None admin] RBAC: auth_context: {'token': , 'domain_id': None, 'trust_id': None, 'trustor_id': None, 'trustee_id': None, 'domain_name': None, 'group_ids': [], 'user_id': '93f1848f859b4475bc30bef8cc37357e', 'user_domain_id': 'default', 'system_scope': 'all', 'project_id': None, 'project_domain_id': None, 'roles': ['admin', 'manager', 'member', 'reader'], 'is_admin_project': True, 'service_user_id': None, 'service_user_domain_id': None, 'service_project_id': None, 'service_project_domain_id': None, 'service_roles': []} {{(pid=50119) fill_context /opt/stack/keystone/keystone/server/flask/request_processing/middleware/auth_context.py:516}}
Aug 25 06:36:09 devstack devstack@keystone.service[50118]: DEBUG keystone.common.rbac_enforcer.enforcer [None req-ab5408e5-ff89-4cbd-bf00-594b6707074d None admin] Extracting inferred target data resulted in "NOT FOUND (404)". {{(pid=50118) enforce_call /opt/stack/keystone/keystone/common/rbac_enforcer/enforcer.py:445}}
Aug 25 06:36:09 devstack devstack@keystone.service[50119]: DEBUG keystone.server.flask.request_processing.req_logging [None req-0800c67a-bc9a-4c26-97d6-2e66bc45eed5 None admin] REQUEST_METHOD: `POST` {{(pid=50119) log_request_info /opt/stack/keystone/keystone/server/flask/request_processing/req_logging.py:26}}
Aug 25 06:36:09 devstack devstack@keystone.service[50119]: DEBUG keystone.server.flask.request_processing.req_logging [None req-0800c67a-bc9a-4c26-97d6-2e66bc45eed5 None admin] SCRIPT_NAME: `/identity` {{(pid=50119) log_request_info /opt/stack/keystone/keystone/server/flask/request_processing/req_logging.py:27}}
Aug 25 06:36:09 devstack devstack@keystone.service[50119]: DEBUG keystone.server.flask.request_processing.req_logging [None req-0800c67a-bc9a-4c26-97d6-2e66bc45eed5 None admin] PATH_INFO: `/v3/domains` {{(pid=50119) log_request_info /opt/stack/keystone/keystone/server/flask/request_processing/req_logging.py:28}}
Aug 25 06:36:09 devstack devstack@keystone.service[50118]: DEBUG keystone.server.flask.application [None req-ab5408e5-ff89-4cbd-bf00-594b6707074d None admin] Could not find role: admin. {{(pid=50118) _handle_keystone_exception /opt/stack/keystone/keystone/server/flask/application.py:146}}
Aug 25 06:36:09 devstack devstack@keystone.service[50118]: [pid: 50118|app: 0|req: 7/15] 192.168.122.71 () {56 vars in 1136 bytes} [Tue Aug 25 06:36:09 2026] GET /identity/v3/roles/admin => generated 83 bytes in 178 msecs (HTTP/1.1 404) 5 headers in 183 bytes (1 switches on core 0)
Aug 25 06:36:09 devstack devstack@keystone.service[50119]: DEBUG keystone.common.rbac_enforcer.enforcer [None req-0800c67a-bc9a-4c26-97d6-2e66bc45eed5 None admin] RBAC: Authorizing `identity:create_domain()` {{(pid=50119) enforce_call /opt/stack/keystone/keystone/common/rbac_enforcer/enforcer.py:501}}
Aug 25 06:36:09 devstack devstack@keystone.service[50119]: DEBUG keystone.common.rbac_enforcer.enforcer [None req-0800c67a-bc9a-4c26-97d6-2e66bc45eed5 None admin] RBAC: Authorization granted {{(pid=50119) enforce_call /opt/stack/keystone/keystone/common/rbac_enforcer/enforcer.py:512}}
Aug 25 06:36:09 devstack devstack@keystone.service[50118]: DEBUG keystone.server.flask.request_processing.middleware.auth_context [None req-ab5408e5-ff89-4cbd-bf00-594b6707074d None admin] Authenticating user token {{(pid=50118) process_request /opt/stack/data/venv/lib/python3.12/site-packages/keystonemiddleware/auth_token/__init__.py:406}}
Aug 25 06:36:09 devstack devstack@keystone.service[50119]: DEBUG keystone.common.sql.core [None req-0800c67a-bc9a-4c26-97d6-2e66bc45eed5 None admin] Conflict project: (pymysql.err.IntegrityError) (1062, "Duplicate entry '<>-Default' for key 'project.ixu_project_name_domain_id'")
Aug 25 06:36:09 devstack devstack@keystone.service[50119]: [SQL: INSERT INTO project (id, name, domain_id, description, enabled, extra, parent_id, is_domain) VALUES (%(id)s, %(name)s, %(domain_id)s, %(description)s, %(enabled)s, %(extra)s, %(parent_id)s, %(is_domain)s)]
Aug 25 06:36:09 devstack devstack@keystone.service[50119]: [parameters: {'id': 'd2d4be4d0f484c64a87ac0f231619184', 'name': 'Default', 'domain_id': '<>', 'description': '', 'enabled': 1, 'extra': '{}', 'parent_id': None, 'is_domain': 1}]
Aug 25 06:36:09 devstack devstack@keystone.service[50119]: (Background on this error at: https://sqlalche.me/e/20/gkpj) {{(pid=50119) wrapper /opt/stack/keystone/keystone/common/sql/core.py:580}}
Aug 25 06:36:09 devstack devstack@keystone.service[50119]: ERROR keystone.server.flask.application [None req-0800c67a-bc9a-4c26-97d6-2e66bc45eed5 None admin] Conflict occurred attempting to store project - it is not permitted to have two projects acting as domains with the same name: Default.: keystone.exception.Conflict: Conflict occurred attempting to store project - it is not permitted to have two projects acting as domains with the same name: Default.
Aug 25 06:36:09 devstack devstack@keystone.service[50119]: ERROR keystone.server.flask.application
Traceback (most recent call last):
Aug 25 06:36:09 devstack devstack@keystone.service[50119]: ERROR keystone.server.flask.application
File "/opt/stack/data/venv/lib/python3.12/site-packages/sqlalchemy/engine/base.py", line 1969, in _exec_single_context
Aug 25 06:36:09 devstack devstack@keystone.service[50119]: ERROR keystone.server.flask.application self.dialect.do_execute(
Aug 25 06:36:09 devstack devstack@keystone.service[50119]: ERROR keystone.server.flask.application
File "/opt/stack/data/venv/lib/python3.12/site-packages/sqlalchemy/engine/default.py", line 952, in do_execute
Aug 25 06:36:09 devstack devstack@keystone.service[50119]: ERROR keystone.server.flask.application cursor.execute(statement, parameters)
Aug 25 06:36:09 devstack devstack@keystone.service[50119]: ERROR keystone.server.flask.application
File "/opt/stack/data/venv/lib/python3.12/site-packages/pymysql/cursors.py", line 159, in execute
Aug 25 06:36:09 devstack devstack@keystone.service[50119]: ERROR keystone.server.flask.application result = self._query(query)
Aug 25 06:36:09 devstack devstack@keystone.service[50119]: ERROR keystone.server.flask.application ^^^^^^^^^^^^^^^^^^
Aug 25 06:36:09 devstack devstack@keystone.service[50119]: ERROR keystone.server.flask.application
File "/opt/stack/data/venv/lib/python3.12/site-packages/pymysql/cursors.py", line 330, in _query
Aug 25 06:36:09 devstack devstack@keystone.service[50119]: ERROR keystone.server.flask.application conn.query(q)
Aug 25 06:36:09 devstack devstack@keystone.service[50119]: ERROR keystone.server.flask.application
File "/opt/stack/data/venv/lib/python3.12/site-packages/pymysql/connections.py", line 582, in query
Aug 25 06:36:09 devstack devstack@keystone.service[50119]: ERROR keystone.server.flask.application self._affected_rows = self._read_query_result(unbuffered=unbuffered)
Aug 25 06:36:09 devstack devstack@keystone.service[50119]: ERROR keystone.server.flask.application ^^^^^^^^^^^^^^^^^^^^^^^^^^^^^^^^^^^^^^^^^^^^^^
Aug 25 06:36:09 devstack devstack@keystone.service[50119]: ERROR keystone.server.flask.application
File "/opt/stack/data/venv/lib/python3.12/site-packages/pymysql/connections.py", line 847, in _read_query_result
Aug 25 06:36:09 devstack devstack@keystone.service[50119]: ERROR keystone.server.flask.application result.read()
Aug 25 06:36:09 devstack devstack@keystone.service[50119]: ERROR keystone.server.flask.application
File "/opt/stack/data/venv/lib/python3.12/site-packages/pymysql/connections.py", line 1245, in read
Aug 25 06:36:09 devstack devstack@keystone.service[50119]: ERROR keystone.server.flask.application first_packet = self.connection._read_packet()
Aug 25 06:36:09 devstack devstack@keystone.service[50119]: ERROR keystone.server.flask.application ^^^^^^^^^^^^^^^^^^^^^^^^^^^^^^
Aug 25 06:36:09 devstack devstack@keystone.service[50119]: ERROR keystone.server.flask.application
File "/opt/stack/data/venv/lib/python3.12/site-packages/pymysql/connections.py", line 803, in _read_packet
Aug 25 06:36:09 devstack devstack@keystone.service[50119]: ERROR keystone.server.flask.application packet.raise_for_error()
Aug 25 06:36:09 devstack devstack@keystone.service[50119]: ERROR keystone.server.flask.application
File "/opt/stack/data/venv/lib/python3.12/site-packages/pymysql/protocol.py", line 219, in raise_for_error
Aug 25 06:36:09 devstack devstack@keystone.service[50119]: ERROR keystone.server.flask.application err.raise_mysql_exception(self._data)
Aug 25 06:36:09 devstack devstack@keystone.service[50119]: ERROR keystone.server.flask.application
File "/opt/stack/data/venv/lib/python3.12/site-packages/pymysql/err.py", line 154, in raise_mysql_exception
Aug 25 06:36:09 devstack devstack@keystone.service[50119]: ERROR keystone.server.flask.application raise errorclass(errno, errval, sqlstate=sqlstate)
Aug 25 06:36:09 devstack devstack@keystone.service[50119]: ERROR keystone.server.flask.application pymysql.err.IntegrityError: (1062, "Duplicate entry '<>-Default' for key 'project.ixu_project_name_domain_id'")
Aug 25 06:36:09 devstack devstack@keystone.service[50119]: ERROR keystone.server.flask.application
Aug 25 06:36:09 devstack devstack@keystone.service[50119]: ERROR keystone.server.flask.application The above exception was the direct cause of the following exception:
Aug 25 06:36:09 devstack devstack@keystone.service[50119]: ERROR keystone.server.flask.application
Aug 25 06:36:09 devstack devstack@keystone.service[50119]: ERROR keystone.server.flask.application
Traceback (most recent call last):
Aug 25 06:36:09 devstack devstack@keystone.service[50119]: ERROR keystone.server.flask.application
File "/opt/stack/keystone/keystone/common/sql/core.py", line 575, in wrapper
Aug 25 06:36:09 devstack devstack@keystone.service[50119]: ERROR keystone.server.flask.application return method(*args, **kwargs)
Aug 25 06:36:09 devstack devstack@keystone.service[50119]: ERROR keystone.server.flask.application ^^^^^^^^^^^^^^^^^^^^^^^
Aug 25 06:36:09 devstack devstack@keystone.service[50119]: ERROR keystone.server.flask.application
File "/opt/stack/keystone/keystone/resource/backends/sql.py", line 278, in create_project
Aug 25 06:36:09 devstack devstack@keystone.service[50119]: ERROR keystone.server.flask.application with sql.session_for_write() as session:
Aug 25 06:36:09 devstack devstack@keystone.service[50119]: ERROR keystone.server.flask.application
File "/usr/lib/python3.12/contextlib.py", line 144, in __exit__
Aug 25 06:36:09 devstack devstack@keystone.service[50119]: ERROR keystone.server.flask.application next(self.gen)
Aug 25 06:36:09 devstack devstack@keystone.service[50119]: ERROR keystone.server.flask.application
File "/opt/stack/data/venv/lib/python3.12/site-packages/oslo_db/sqlalchemy/enginefacade.py", line 1175, in _transaction_scope
Aug 25 06:36:09 devstack devstack@keystone.service[50119]: ERROR keystone.server.flask.application with current._produce_block(
Aug 25 06:36:09 devstack devstack@keystone.service[50119]: ERROR keystone.server.flask.application
File "/usr/lib/python3.12/contextlib.py", line 144, in __exit__
Aug 25 06:36:09 devstack devstack@keystone.service[50119]: ERROR keystone.server.flask.application next(self.gen)
Aug 25 06:36:09 devstack devstack@keystone.service[50119]: ERROR keystone.server.flask.application
File "/opt/stack/data/venv/lib/python3.12/site-packages/oslo_db/sqlalchemy/enginefacade.py", line 837, in _session
Aug 25 06:36:09 devstack devstack@keystone.service[50119]: ERROR keystone.server.flask.application with excutils.save_and_reraise_exception():
Aug 25 06:36:09 devstack devstack@keystone.service[50119]: ERROR keystone.server.flask.application
File "/opt/stack/data/venv/lib/python3.12/site-packages/oslo_utils/excutils.py", line 266, in __exit__
Aug 25 06:36:09 devstack devstack@keystone.service[50119]: ERROR keystone.server.flask.application self.force_reraise()
