Jun 10 19:05:34 devstack cinder-volume[91934]: DEBUG oslo_concurrency.lockutils [None req-24c21857-172f-48fe-acb3-b76833c3301e tempest-GroupSnapshotsTest-276893124 None] Acquiring lock "quobyte" by "cinder.volume.drivers.quobyte.QuobyteDriver.create_snapshot" {{(pid=91934) inner /opt/stack/data/venv/lib/python3.12/site-packages/oslo_concurrency/lockutils.py:506}}
Jun 10 19:05:34 devstack cinder-volume[91934]: DEBUG oslo_concurrency.lockutils [None req-24c21857-172f-48fe-acb3-b76833c3301e tempest-GroupSnapshotsTest-276893124 None] Lock "quobyte" acquired by "cinder.volume.drivers.quobyte.QuobyteDriver.create_snapshot" :: waited 0.000s {{(pid=91934) inner /opt/stack/data/venv/lib/python3.12/site-packages/oslo_concurrency/lockutils.py:519}}
Jun 10 19:05:34 devstack cinder-volume[91934]: DEBUG cinder.volume.drivers.remotefs [None req-24c21857-172f-48fe-acb3-b76833c3301e tempest-GroupSnapshotsTest-276893124 None] Creating offline snapshot 633ca2eb-2dc7-4fe2-b031-2a265696b343 of volume 38195ab9-158f-4539-aba5-3cc87cc0023a {{(pid=91934) _create_snapshot /opt/stack/cinder/cinder/volume/drivers/remotefs.py:1816}}
Jun 10 19:05:34 devstack cinder-volume[91934]: DEBUG oslo.privsep.daemon [-] privsep: reply[e925bb73-1c7d-4791-8af3-d18c58015ae5]: (4, 'qcow2') {{(pid=92944) _call_back /opt/stack/data/venv/lib/python3.12/site-packages/oslo_privsep/daemon.py:573}}
Jun 10 19:05:34 devstack cinder-volume[91934]: DEBUG oslo_concurrency.processutils [None req-24c21857-172f-48fe-acb3-b76833c3301e tempest-GroupSnapshotsTest-276893124 None] Running cmd (subprocess): /opt/stack/data/venv/bin/python3.12 -m oslo_concurrency.prlimit --as=1073741824 --cpu=60 -- sudo cinder-rootwrap /etc/cinder/rootwrap.conf env LC_ALL=C qemu-img info -f qcow2 --output=json --force-share /opt/stack/data/cinder/mnt/d7227b924b37106edf4fd6ec2ca6596f/volume-38195ab9-158f-4539-aba5-3cc87cc0023a {{(pid=91934) execute /opt/stack/data/venv/lib/python3.12/site-packages/oslo_concurrency/processutils.py:440}}
Jun 10 19:05:35 devstack sudo[96017]: quobyte : PWD=/ ; USER=root ; COMMAND=/opt/stack/data/venv/bin/cinder-rootwrap /etc/cinder/rootwrap.conf env LC_ALL=C qemu-img info -f qcow2 --output=json --force-share /opt/stack/data/cinder/mnt/d7227b924b37106edf4fd6ec2ca6596f/volume-38195ab9-158f-4539-aba5-3cc87cc0023a
Jun 10 19:05:35 devstack sudo[96017]: pam_unix(sudo:session): session opened for user root(uid=0) by (uid=1000)
Jun 10 19:05:35 devstack cinder-volume[91934]: DEBUG cinder.coordination [None req-c15125c7-ecd0-4aec-bbb7-a239c9012cb1 tempest-TaggedAttachmentsTest-29775358 None] Acquiring lock "cinder-e92e8110-b211-4bc4-828a-a70fc1a001b0-delete_volume" by "delete_volume" {{(pid=91934) __acquire /opt/stack/cinder/cinder/coordination.py:138}}
Jun 10 19:05:35 devstack cinder-volume[91934]: DEBUG cinder.coordination [None req-c15125c7-ecd0-4aec-bbb7-a239c9012cb1 tempest-TaggedAttachmentsTest-29775358 None] Lock "cinder-e92e8110-b211-4bc4-828a-a70fc1a001b0-delete_volume" acquired by "delete_volume" :: waited 0.048s {{(pid=91934) __acquire /opt/stack/cinder/cinder/coordination.py:141}}
Jun 10 19:05:35 devstack cinder-volume[91934]: DEBUG cinder.coordination [None req-c15125c7-ecd0-4aec-bbb7-a239c9012cb1 tempest-TaggedAttachmentsTest-29775358 None] Acquiring lock "cinder-quobyte-e92e8110-b211-4bc4-828a-a70fc1a001b0" by "delete_volume" {{(pid=91934) __acquire /opt/stack/cinder/cinder/coordination.py:138}}
Jun 10 19:05:35 devstack cinder-volume[91934]: DEBUG cinder.coordination [None req-c15125c7-ecd0-4aec-bbb7-a239c9012cb1 tempest-TaggedAttachmentsTest-29775358 None] Lock "cinder-quobyte-e92e8110-b211-4bc4-828a-a70fc1a001b0" acquired by "delete_volume" :: waited 0.022s {{(pid=91934) __acquire /opt/stack/cinder/cinder/coordination.py:141}}
Jun 10 19:05:35 devstack cinder-volume[91934]: DEBUG oslo.privsep.daemon [-] privsep: reply[ff28ed2c-668d-46cc-90c4-b2ba57eed5e3]: (4, 'qcow2') {{(pid=92944) _call_back /opt/stack/data/venv/lib/python3.12/site-packages/oslo_privsep/daemon.py:573}}
Jun 10 19:05:35 devstack cinder-volume[91934]: DEBUG oslo_concurrency.processutils [None req-c15125c7-ecd0-4aec-bbb7-a239c9012cb1 tempest-TaggedAttachmentsTest-29775358 None] Running cmd (subprocess): /opt/stack/data/venv/bin/python3.12 -m oslo_concurrency.prlimit --as=1073741824 --cpu=60 -- sudo cinder-rootwrap /etc/cinder/rootwrap.conf env LC_ALL=C qemu-img info -f qcow2 --output=json --force-share /opt/stack/data/cinder/mnt/d7227b924b37106edf4fd6ec2ca6596f/volume-e92e8110-b211-4bc4-828a-a70fc1a001b0 {{(pid=91934) execute /opt/stack/data/venv/lib/python3.12/site-packages/oslo_concurrency/processutils.py:440}}
Jun 10 19:05:35 devstack sudo[96017]: pam_unix(sudo:session): session closed for user root
Jun 10 19:05:35 devstack cinder-volume[91934]: DEBUG oslo_concurrency.processutils [None req-24c21857-172f-48fe-acb3-b76833c3301e tempest-GroupSnapshotsTest-276893124 None] CMD "/opt/stack/data/venv/bin/python3.12 -m oslo_concurrency.prlimit --as=1073741824 --cpu=60 -- sudo cinder-rootwrap /etc/cinder/rootwrap.conf env LC_ALL=C qemu-img info -f qcow2 --output=json --force-share /opt/stack/data/cinder/mnt/d7227b924b37106edf4fd6ec2ca6596f/volume-38195ab9-158f-4539-aba5-3cc87cc0023a" returned: 0 in 1.046s {{(pid=91934) execute /opt/stack/data/venv/lib/python3.12/site-packages/oslo_concurrency/processutils.py:468}}
Jun 10 19:05:35 devstack cinder-volume[91934]: DEBUG oslo_concurrency.processutils [None req-24c21857-172f-48fe-acb3-b76833c3301e tempest-GroupSnapshotsTest-276893124 None] Running cmd (subprocess): sudo cinder-rootwrap /etc/cinder/rootwrap.conf qemu-img create -f qcow2 -o backing_file=/opt/stack/data/cinder/mnt/d7227b924b37106edf4fd6ec2ca6596f/volume-38195ab9-158f-4539-aba5-3cc87cc0023a,backing_fmt=qcow2 /opt/stack/data/cinder/mnt/d7227b924b37106edf4fd6ec2ca6596f/volume-38195ab9-158f-4539-aba5-3cc87cc0023a.633ca2eb-2dc7-4fe2-b031-2a265696b343 1G {{(pid=91934) execute /opt/stack/data/venv/lib/python3.12/site-packages/oslo_concurrency/processutils.py:440}}
Jun 10 19:05:35 devstack sudo[96024]: quobyte : PWD=/ ; USER=root ; COMMAND=/opt/stack/data/venv/bin/cinder-rootwrap /etc/cinder/rootwrap.conf qemu-img create -f qcow2 -o backing_file=/opt/stack/data/cinder/mnt/d7227b924b37106edf4fd6ec2ca6596f/volume-38195ab9-158f-4539-aba5-3cc87cc0023a,backing_fmt=qcow2 /opt/stack/data/cinder/mnt/d7227b924b37106edf4fd6ec2ca6596f/volume-38195ab9-158f-4539-aba5-3cc87cc0023a.633ca2eb-2dc7-4fe2-b031-2a265696b343 1G
Jun 10 19:05:35 devstack sudo[96024]: pam_unix(sudo:session): session opened for user root(uid=0) by (uid=1000)
Jun 10 19:05:36 devstack sudo[96023]: quobyte : PWD=/ ; USER=root ; COMMAND=/opt/stack/data/venv/bin/cinder-rootwrap /etc/cinder/rootwrap.conf env LC_ALL=C qemu-img info -f qcow2 --output=json --force-share /opt/stack/data/cinder/mnt/d7227b924b37106edf4fd6ec2ca6596f/volume-e92e8110-b211-4bc4-828a-a70fc1a001b0
Jun 10 19:05:36 devstack sudo[96023]: pam_unix(sudo:session): session opened for user root(uid=0) by (uid=1000)
Jun 10 19:05:36 devstack sudo[96023]: pam_unix(sudo:session): session closed for user root
Jun 10 19:05:36 devstack cinder-volume[91934]: DEBUG oslo_concurrency.processutils [None req-c15125c7-ecd0-4aec-bbb7-a239c9012cb1 tempest-TaggedAttachmentsTest-29775358 None] CMD "/opt/stack/data/venv/bin/python3.12 -m oslo_concurrency.prlimit --as=1073741824 --cpu=60 -- sudo cinder-rootwrap /etc/cinder/rootwrap.conf env LC_ALL=C qemu-img info -f qcow2 --output=json --force-share /opt/stack/data/cinder/mnt/d7227b924b37106edf4fd6ec2ca6596f/volume-e92e8110-b211-4bc4-828a-a70fc1a001b0" returned: 0 in 0.726s {{(pid=91934) execute /opt/stack/data/venv/lib/python3.12/site-packages/oslo_concurrency/processutils.py:468}}
Jun 10 19:05:36 devstack cinder-volume[91934]: DEBUG oslo_concurrency.processutils [None req-c15125c7-ecd0-4aec-bbb7-a239c9012cb1 tempest-TaggedAttachmentsTest-29775358 None] Running cmd (subprocess): sudo cinder-rootwrap /etc/cinder/rootwrap.conf rm -f /opt/stack/data/cinder/mnt/d7227b924b37106edf4fd6ec2ca6596f/volume-e92e8110-b211-4bc4-828a-a70fc1a001b0 {{(pid=91934) execute /opt/stack/data/venv/lib/python3.12/site-packages/oslo_concurrency/processutils.py:440}}
Jun 10 19:05:36 devstack sudo[96034]: quobyte : PWD=/ ; USER=root ; COMMAND=/opt/stack/data/venv/bin/cinder-rootwrap /etc/cinder/rootwrap.conf rm -f /opt/stack/data/cinder/mnt/d7227b924b37106edf4fd6ec2ca6596f/volume-e92e8110-b211-4bc4-828a-a70fc1a001b0
Jun 10 19:05:36 devstack sudo[96034]: pam_unix(sudo:session): session opened for user root(uid=0) by (uid=1000)
Jun 10 19:05:36 devstack sudo[96024]: pam_unix(sudo:session): session closed for user root
Jun 10 19:05:36 devstack cinder-volume[91934]: DEBUG oslo_concurrency.processutils [None req-24c21857-172f-48fe-acb3-b76833c3301e tempest-GroupSnapshotsTest-276893124 None] CMD "sudo cinder-rootwrap /etc/cinder/rootwrap.conf qemu-img create -f qcow2 -o backing_file=/opt/stack/data/cinder/mnt/d7227b924b37106edf4fd6ec2ca6596f/volume-38195ab9-158f-4539-aba5-3cc87cc0023a,backing_fmt=qcow2 /opt/stack/data/cinder/mnt/d7227b924b37106edf4fd6ec2ca6596f/volume-38195ab9-158f-4539-aba5-3cc87cc0023a.633ca2eb-2dc7-4fe2-b031-2a265696b343 1G" returned: 0 in 0.800s {{(pid=91934) execute /opt/stack/data/venv/lib/python3.12/site-packages/oslo_concurrency/processutils.py:468}}
Jun 10 19:05:36 devstack cinder-volume[91934]: DEBUG oslo_concurrency.processutils [None req-24c21857-172f-48fe-acb3-b76833c3301e tempest-GroupSnapshotsTest-276893124 None] Running cmd (subprocess): sudo cinder-rootwrap /etc/cinder/rootwrap.conf qemu-img rebase -u -b volume-38195ab9-158f-4539-aba5-3cc87cc0023a -F qcow2 /opt/stack/data/cinder/mnt/d7227b924b37106edf4fd6ec2ca6596f/volume-38195ab9-158f-4539-aba5-3cc87cc0023a.633ca2eb-2dc7-4fe2-b031-2a265696b343 {{(pid=91934) execute /opt/stack/data/venv/lib/python3.12/site-packages/oslo_concurrency/processutils.py:440}}
Jun 10 19:05:36 devstack sudo[96036]: quobyte : PWD=/ ; USER=root ; COMMAND=/opt/stack/data/venv/bin/cinder-rootwrap /etc/cinder/rootwrap.conf qemu-img rebase -u -b volume-38195ab9-158f-4539-aba5-3cc87cc0023a -F qcow2 /opt/stack/data/cinder/mnt/d7227b924b37106edf4fd6ec2ca6596f/volume-38195ab9-158f-4539-aba5-3cc87cc0023a.633ca2eb-2dc7-4fe2-b031-2a265696b343
Jun 10 19:05:36 devstack sudo[96036]: pam_unix(sudo:session): session opened for user root(uid=0) by (uid=1000)
Jun 10 19:05:37 devstack sudo[96034]: pam_unix(sudo:session): session closed for user root
Jun 10 19:05:37 devstack cinder-volume[91934]: DEBUG oslo_concurrency.processutils [None req-c15125c7-ecd0-4aec-bbb7-a239c9012cb1 tempest-TaggedAttachmentsTest-29775358 None] CMD "sudo cinder-rootwrap /etc/cinder/rootwrap.conf rm -f /opt/stack/data/cinder/mnt/d7227b924b37106edf4fd6ec2ca6596f/volume-e92e8110-b211-4bc4-828a-a70fc1a001b0" returned: 0 in 0.645s {{(pid=91934) execute /opt/stack/data/venv/lib/python3.12/site-packages/oslo_concurrency/processutils.py:468}}
Jun 10 19:05:37 devstack cinder-volume[91934]: DEBUG cinder.coordination [None req-c15125c7-ecd0-4aec-bbb7-a239c9012cb1 tempest-TaggedAttachmentsTest-29775358 None] Lock "cinder-quobyte-e92e8110-b211-4bc4-828a-a70fc1a001b0" released by "delete_volume" :: held 1.425s {{(pid=91934) __release /opt/stack/cinder/cinder/coordination.py:152}}
Jun 10 19:05:37 devstack cinder-volume[91934]: DEBUG cinder.quota [None req-c15125c7-ecd0-4aec-bbb7-a239c9012cb1 tempest-TaggedAttachmentsTest-29775358 None] Created reservations ['7b247d56-a23b-43ec-bc29-de909e884f88', '0cba8db7-9196-4a6b-b734-27d1bec6eff8', 'a34a836a-c981-4292-9d81-fa33f099079a', 'f4171584-873b-4492-9762-aaaccc37b30c'] {{(pid=91934) reserve /opt/stack/cinder/cinder/quota.py:752}}
Jun 10 19:05:37 devstack cinder-volume[91934]: DEBUG oslo_concurrency.lockutils [None req-c15125c7-ecd0-4aec-bbb7-a239c9012cb1 tempest-TaggedAttachmentsTest-29775358 None] Acquiring lock "quobyte_ensure" by "cinder.volume.drivers.quobyte.QuobyteDriver._ensure_shares_mounted" {{(pid=91934) inner /opt/stack/data/venv/lib/python3.12/site-packages/oslo_concurrency/lockutils.py:506}}
Jun 10 19:05:37 devstack cinder-volume[91934]: DEBUG oslo_concurrency.lockutils [None req-c15125c7-ecd0-4aec-bbb7-a239c9012cb1 tempest-TaggedAttachmentsTest-29775358 None] Lock "quobyte_ensure" acquired by "cinder.volume.drivers.quobyte.QuobyteDriver._ensure_shares_mounted" :: waited 0.001s {{(pid=91934) inner /opt/stack/data/venv/lib/python3.12/site-packages/oslo_concurrency/lockutils.py:519}}
Jun 10 19:05:37 devstack cinder-volume[91934]: DEBUG cinder.volume.drivers.quobyte [None req-c15125c7-ecd0-4aec-bbb7-a239c9012cb1 tempest-TaggedAttachmentsTest-29775358 None] Quobyte Volume URL set to: {'osci02.corp.quobyte.com/cinder-vol-bbf3924f-e5a8-40d6-8fa7-e6267054f2d7': None} {{(pid=91934) _load_shares_config /opt/stack/cinder/cinder/volume/drivers/quobyte.py:617}}
Jun 10 19:05:37 devstack cinder-volume[91934]: DEBUG cinder.volume.drivers.quobyte [None req-c15125c7-ecd0-4aec-bbb7-a239c9012cb1 tempest-TaggedAttachmentsTest-29775358 None] Available shares ['osci02.corp.quobyte.com/cinder-vol-bbf3924f-e5a8-40d6-8fa7-e6267054f2d7'] {{(pid=91934) _ensure_shares_mounted /opt/stack/cinder/cinder/volume/drivers/quobyte.py:647}}
Jun 10 19:05:37 devstack cinder-volume[91934]: DEBUG oslo_concurrency.lockutils [None req-c15125c7-ecd0-4aec-bbb7-a239c9012cb1 tempest-TaggedAttachmentsTest-29775358 None] Lock "quobyte_ensure" "released" by "cinder.volume.drivers.quobyte.QuobyteDriver._ensure_shares_mounted" :: held 0.007s {{(pid=91934) inner /opt/stack/data/venv/lib/python3.12/site-packages/oslo_concurrency/lockutils.py:538}}
Jun 10 19:05:37 devstack cinder-volume[91934]: DEBUG oslo_concurrency.processutils [None req-c15125c7-ecd0-4aec-bbb7-a239c9012cb1 tempest-TaggedAttachmentsTest-29775358 None] Running cmd (subprocess): sudo cinder-rootwrap /etc/cinder/rootwrap.conf df --portability --block-size 1 /opt/stack/data/cinder/mnt/d7227b924b37106edf4fd6ec2ca6596f {{(pid=91934) execute /opt/stack/data/venv/lib/python3.12/site-packages/oslo_concurrency/processutils.py:440}}
Jun 10 19:05:37 devstack sudo[96036]: pam_unix(sudo:session): session closed for user root
Jun 10 19:05:37 devstack cinder-volume[91934]: DEBUG oslo_concurrency.processutils [None req-24c21857-172f-48fe-acb3-b76833c3301e tempest-GroupSnapshotsTest-276893124 None] CMD "sudo cinder-rootwrap /etc/cinder/rootwrap.conf qemu-img rebase -u -b volume-38195ab9-158f-4539-aba5-3cc87cc0023a -F qcow2 /opt/stack/data/cinder/mnt/d7227b924b37106edf4fd6ec2ca6596f/volume-38195ab9-158f-4539-aba5-3cc87cc0023a.633ca2eb-2dc7-4fe2-b031-2a265696b343" returned: 0 in 0.660s {{(pid=91934) execute /opt/stack/data/venv/lib/python3.12/site-packages/oslo_concurrency/processutils.py:468}}
Jun 10 19:05:37 devstack cinder-volume[91934]: WARNING cinder.volume.drivers.remotefs [None req-24c21857-172f-48fe-acb3-b76833c3301e tempest-GroupSnapshotsTest-276893124 None] /opt/stack/data/cinder/mnt/d7227b924b37106edf4fd6ec2ca6596f/volume-38195ab9-158f-4539-aba5-3cc87cc0023a.633ca2eb-2dc7-4fe2-b031-2a265696b343 is being set with open permissions: ugo+rw: NotImplementedError
Jun 10 19:05:37 devstack sudo[96043]: quobyte : PWD=/ ; USER=root ; COMMAND=/opt/stack/data/venv/bin/cinder-rootwrap /etc/cinder/rootwrap.conf df --portability --block-size 1 /opt/stack/data/cinder/mnt/d7227b924b37106edf4fd6ec2ca6596f
Jun 10 19:05:37 devstack cinder-volume[91934]: DEBUG oslo_concurrency.processutils [None req-24c21857-172f-48fe-acb3-b76833c3301e tempest-GroupSnapshotsTest-276893124 None] Running cmd (subprocess): sudo cinder-rootwrap /etc/cinder/rootwrap.conf chmod ugo+rw /opt/stack/data/cinder/mnt/d7227b924b37106edf4fd6ec2ca6596f/volume-38195ab9-158f-4539-aba5-3cc87cc0023a.633ca2eb-2dc7-4fe2-b031-2a265696b343 {{(pid=91934) execute /opt/stack/data/venv/lib/python3.12/site-packages/oslo_concurrency/processutils.py:440}}
Jun 10 19:05:37 devstack sudo[96043]: pam_unix(sudo:session): session opened for user root(uid=0) by (uid=1000)
Jun 10 19:05:37 devstack sudo[96045]: quobyte : PWD=/ ; USER=root ; COMMAND=/opt/stack/data/venv/bin/cinder-rootwrap /etc/cinder/rootwrap.conf chmod ugo+rw /opt/stack/data/cinder/mnt/d7227b924b37106edf4fd6ec2ca6596f/volume-38195ab9-158f-4539-aba5-3cc87cc0023a.633ca2eb-2dc7-4fe2-b031-2a265696b343
Jun 10 19:05:37 devstack sudo[96045]: pam_unix(sudo:session): session opened for user root(uid=0) by (uid=1000)
Jun 10 19:05:37 devstack sudo[96043]: pam_unix(sudo:session): session closed for user root
Jun 10 19:05:37 devstack cinder-volume[91934]: DEBUG oslo_concurrency.processutils [None req-c15125c7-ecd0-4aec-bbb7-a239c9012cb1 tempest-TaggedAttachmentsTest-29775358 None] CMD "sudo cinder-rootwrap /etc/cinder/rootwrap.conf df --portability --block-size 1 /opt/stack/data/cinder/mnt/d7227b924b37106edf4fd6ec2ca6596f" returned: 0 in 0.601s {{(pid=91934) execute /opt/stack/data/venv/lib/python3.12/site-packages/oslo_concurrency/processutils.py:468}}
Jun 10 19:05:37 devstack cinder-volume[91934]: DEBUG cinder.manager [None req-c15125c7-ecd0-4aec-bbb7-a239c9012cb1 tempest-TaggedAttachmentsTest-29775358 None] Notifying Schedulers of capabilities ... {{(pid=91934) _publish_service_capabilities /opt/stack/cinder/cinder/manager.py:219}}
Jun 10 19:05:37 devstack cinder-volume[91934]: INFO cinder.volume.manager [None req-c15125c7-ecd0-4aec-bbb7-a239c9012cb1 tempest-TaggedAttachmentsTest-29775358 None] Deleted volume successfully.
Jun 10 19:05:38 devstack cinder-volume[91934]: DEBUG cinder.coordination [None req-c15125c7-ecd0-4aec-bbb7-a239c9012cb1 tempest-TaggedAttachmentsTest-29775358 None] Lock "cinder-e92e8110-b211-4bc4-828a-a70fc1a001b0-delete_volume" released by "delete_volume" :: held 2.314s {{(pid=91934) __release /opt/stack/cinder/cinder/coordination.py:152}}
Jun 10 19:05:38 devstack sudo[96045]: pam_unix(sudo:session): session closed for user root
Jun 10 19:05:38 devstack cinder-volume[91934]: DEBUG oslo_concurrency.processutils [None req-24c21857-172f-48fe-acb3-b76833c3301e tempest-GroupSnapshotsTest-276893124 None] CMD "sudo cinder-rootwrap /etc/cinder/rootwrap.conf chmod ugo+rw /opt/stack/data/cinder/mnt/d7227b924b37106edf4fd6ec2ca6596f/volume-38195ab9-158f-4539-aba5-3cc87cc0023a.633ca2eb-2dc7-4fe2-b031-2a265696b343" returned: 0 in 0.756s {{(pid=91934) execute /opt/stack/data/venv/lib/python3.12/site-packages/oslo_concurrency/processutils.py:468}}
Jun 10 19:05:38 devstack cinder-volume[91934]: DEBUG oslo_concurrency.processutils [None req-24c21857-172f-48fe-acb3-b76833c3301e tempest-GroupSnapshotsTest-276893124 None] Running cmd (subprocess): sudo cinder-rootwrap /etc/cinder/rootwrap.conf truncate -s0 /opt/stack/data/cinder/mnt/d7227b924b37106edf4fd6ec2ca6596f/volume-38195ab9-158f-4539-aba5-3cc87cc0023a.info {{(pid=91934) execute /opt/stack/data/venv/lib/python3.12/site-packages/oslo_concurrency/processutils.py:440}}
Jun 10 19:05:38 devstack sudo[96051]: quobyte : PWD=/ ; USER=root ; COMMAND=/opt/stack/data/venv/bin/cinder-rootwrap /etc/cinder/rootwrap.conf truncate -s0 /opt/stack/data/cinder/mnt/d7227b924b37106edf4fd6ec2ca6596f/volume-38195ab9-158f-4539-aba5-3cc87cc0023a.info
Jun 10 19:05:38 devstack sudo[96051]: pam_unix(sudo:session): session opened for user root(uid=0) by (uid=1000)
Jun 10 19:05:38 devstack sudo[96051]: pam_unix(sudo:session): session closed for user root
Jun 10 19:05:38 devstack cinder-volume[91934]: DEBUG oslo_concurrency.processutils [None req-24c21857-172f-48fe-acb3-b76833c3301e tempest-GroupSnapshotsTest-276893124 None] CMD "sudo cinder-rootwrap /etc/cinder/rootwrap.conf truncate -s0 /opt/stack/data/cinder/mnt/d7227b924b37106edf4fd6ec2ca6596f/volume-38195ab9-158f-4539-aba5-3cc87cc0023a.info" returned: 0 in 0.776s {{(pid=91934) execute /opt/stack/data/venv/lib/python3.12/site-packages/oslo_concurrency/processutils.py:468}}
Jun 10 19:05:38 devstack cinder-volume[91934]: WARNING cinder.volume.drivers.remotefs [None req-24c21857-172f-48fe-acb3-b76833c3301e tempest-GroupSnapshotsTest-276893124 None] /opt/stack/data/cinder/mnt/d7227b924b37106edf4fd6ec2ca6596f/volume-38195ab9-158f-4539-aba5-3cc87cc0023a.info is being set with open permissions: ugo+rw: NotImplementedError
Jun 10 19:05:38 devstack cinder-volume[91934]: DEBUG oslo_concurrency.processutils [None req-24c21857-172f-48fe-acb3-b76833c3301e tempest-GroupSnapshotsTest-276893124 None] Running cmd (subprocess): sudo cinder-rootwrap /etc/cinder/rootwrap.conf chmod ugo+rw /opt/stack/data/cinder/mnt/d7227b924b37106edf4fd6ec2ca6596f/volume-38195ab9-158f-4539-aba5-3cc87cc0023a.info {{(pid=91934) execute /opt/stack/data/venv/lib/python3.12/site-packages/oslo_concurrency/processutils.py:440}}
Jun 10 19:05:39 devstack sudo[96055]: quobyte : PWD=/ ; USER=root ; COMMAND=/opt/stack/data/venv/bin/cinder-rootwrap /etc/cinder/rootwrap.conf chmod ugo+rw /opt/stack/data/cinder/mnt/d7227b924b37106edf4fd6ec2ca6596f/volume-38195ab9-158f-4539-aba5-3cc87cc0023a.info
Jun 10 19:05:39 devstack sudo[96055]: pam_unix(sudo:session): session opened for user root(uid=0) by (uid=1000)
Jun 10 19:05:39 devstack sudo[96055]: pam_unix(sudo:session): session closed for user root
Jun 10 19:05:39 devstack cinder-volume[91934]: DEBUG oslo_concurrency.processutils [None req-24c21857-172f-48fe-acb3-b76833c3301e tempest-GroupSnapshotsTest-276893124 None] CMD "sudo cinder-rootwrap /etc/cinder/rootwrap.conf chmod ugo+rw /opt/stack/data/cinder/mnt/d7227b924b37106edf4fd6ec2ca6596f/volume-38195ab9-158f-4539-aba5-3cc87cc0023a.info" returned: 0 in 0.647s {{(pid=91934) execute /opt/stack/data/venv/lib/python3.12/site-packages/oslo_concurrency/processutils.py:468}}
Jun 10 19:05:39 devstack cinder-volume[91934]: DEBUG oslo_concurrency.lockutils [None req-24c21857-172f-48fe-acb3-b76833c3301e tempest-GroupSnapshotsTest-276893124 None] Lock "quobyte" "released" by "cinder.volume.drivers.quobyte.QuobyteDriver.create_snapshot" :: held 4.819s {{(pid=91934) inner /opt/stack/data/venv/lib/python3.12/site-packages/oslo_concurrency/lockutils.py:538}}
Jun 10 19:05:39 devstack cinder-volume[91934]: INFO cinder.volume.manager [None req-24c21857-172f-48fe-acb3-b76833c3301e tempest-GroupSnapshotsTest-276893124 None] group_snapshot ea2c0959-20e3-478a-ba4a-9904bcf46109: created successfully
Jun 10 19:05:39 devstack cinder-volume[91934]: INFO cinder.volume.manager [req-8ffa8fe9-7bbd-45f5-b3f5-89995eb45ec7 req-29bc5e4f-de4e-4248-b2e0-01ed98036278 tempest-AttachVolumeShelveTestJSON-1726313813 None] Terminate volume connection completed successfully.
Jun 10 19:05:39 devstack cinder-volume[91934]: DEBUG cinder.volume.manager [req-8ffa8fe9-7bbd-45f5-b3f5-89995eb45ec7 req-29bc5e4f-de4e-4248-b2e0-01ed98036278 tempest-AttachVolumeShelveTestJSON-1726313813 None] Deleting attachment 42b5cabd-1517-4f00-99ee-8bc91e7015e2. {{(pid=91934) attachment_delete /opt/stack/cinder/cinder/volume/manager.py:5055}}
Jun 10 19:05:40 devstack cinder-volume[91934]: INFO cinder.volume.manager [None req-069379cb-55ca-4ee2-9f70-2c297907ad97 tempest-GroupSnapshotsTest-276893124 None] group_snapshot ea2c0959-20e3-478a-ba4a-9904bcf46109: deleting
Jun 10 19:05:40 devstack cinder-volume[91934]: DEBUG cinder.volume.manager [None req-069379cb-55ca-4ee2-9f70-2c297907ad97 tempest-GroupSnapshotsTest-276893124 None] group_snapshot ea2c0959-20e3-478a-ba4a-9904bcf46109: deleting {{(pid=91934) delete_group_snapshot /opt/stack/cinder/cinder/volume/manager.py:4350}}
Jun 10 19:05:40 devstack cinder-volume[91934]: DEBUG cinder.coordination [None req-069379cb-55ca-4ee2-9f70-2c297907ad97 tempest-GroupSnapshotsTest-276893124 None] Acquiring lock "cinder-quobyte-979b6831-3577-458a-83f8-de4c452647d1" by "delete_snapshot" {{(pid=91934) __acquire /opt/stack/cinder/cinder/coordination.py:138}}
Jun 10 19:05:40 devstack cinder-volume[91934]: DEBUG cinder.coordination [None req-069379cb-55ca-4ee2-9f70-2c297907ad97 tempest-GroupSnapshotsTest-276893124 None] Lock "cinder-quobyte-979b6831-3577-458a-83f8-de4c452647d1" acquired by "delete_snapshot" :: waited 0.016s {{(pid=91934) __acquire /opt/stack/cinder/cinder/coordination.py:141}}
Jun 10 19:05:40 devstack cinder-volume[91934]: DEBUG cinder.coordination [None req-069379cb-55ca-4ee2-9f70-2c297907ad97 tempest-GroupSnapshotsTest-276893124 None] Acquiring lock "cinder-quobyte-57a55fa1-7781-4fa6-97e2-578f98ec259c" by "_delete_snapshot" {{(pid=91934) __acquire /opt/stack/cinder/cinder/coordination.py:138}}
Jun 10 19:05:40 devstack cinder-volume[91934]: DEBUG cinder.coordination [None req-069379cb-55ca-4ee2-9f70-2c297907ad97 tempest-GroupSnapshotsTest-276893124 None] Lock "cinder-quobyte-57a55fa1-7781-4fa6-97e2-578f98ec259c" acquired by "_delete_snapshot" :: waited 0.015s {{(pid=91934) __acquire /opt/stack/cinder/cinder/coordination.py:141}}
Jun 10 19:05:40 devstack cinder-volume[91934]: DEBUG cinder.volume.drivers.remotefs [None req-069379cb-55ca-4ee2-9f70-2c297907ad97 tempest-GroupSnapshotsTest-276893124 None] Deleting offline snapshot 57a55fa1-7781-4fa6-97e2-578f98ec259c of volume 979b6831-3577-458a-83f8-de4c452647d1 {{(pid=91934) _delete_snapshot /opt/stack/cinder/cinder/volume/drivers/remotefs.py:1288}}
Jun 10 19:05:40 devstack cinder-volume[91934]: DEBUG cinder.volume.drivers.remotefs [None req-069379cb-55ca-4ee2-9f70-2c297907ad97 tempest-GroupSnapshotsTest-276893124 None] snapshot_file for this snap is: volume-979b6831-3577-458a-83f8-de4c452647d1.57a55fa1-7781-4fa6-97e2-578f98ec259c {{(pid=91934) _delete_snapshot /opt/stack/cinder/cinder/volume/drivers/remotefs.py:1317}}
Jun 10 19:05:40 devstack cinder-volume[91934]: DEBUG oslo.privsep.daemon [-] privsep: reply[a58eb6fc-ff88-462a-bba7-198a706c7c7f]: (4, 'qcow2') {{(pid=92944) _call_back /opt/stack/data/venv/lib/python3.12/site-packages/oslo_privsep/daemon.py:573}}
Jun 10 19:05:40 devstack cinder-volume[91934]: DEBUG oslo_concurrency.processutils [None req-069379cb-55ca-4ee2-9f70-2c297907ad97 tempest-GroupSnapshotsTest-276893124 None] Running cmd (subprocess): /opt/stack/data/venv/bin/python3.12 -m oslo_concurrency.prlimit --as=1073741824 --cpu=60 -- sudo cinder-rootwrap /etc/cinder/rootwrap.conf env LC_ALL=C qemu-img info -f qcow2 --output=json --force-share /opt/stack/data/cinder/mnt/d7227b924b37106edf4fd6ec2ca6596f/volume-979b6831-3577-458a-83f8-de4c452647d1.57a55fa1-7781-4fa6-97e2-578f98ec259c {{(pid=91934) execute /opt/stack/data/venv/lib/python3.12/site-packages/oslo_concurrency/processutils.py:440}}
Jun 10 19:05:40 devstack sudo[96064]: quobyte : PWD=/ ; USER=root ; COMMAND=/opt/stack/data/venv/bin/cinder-rootwrap /etc/cinder/rootwrap.conf env LC_ALL=C qemu-img info -f qcow2 --output=json --force-share /opt/stack/data/cinder/mnt/d7227b924b37106edf4fd6ec2ca6596f/volume-979b6831-3577-458a-83f8-de4c452647d1.57a55fa1-7781-4fa6-97e2-578f98ec259c
Jun 10 19:05:40 devstack sudo[96064]: pam_unix(sudo:session): session opened for user root(uid=0) by (uid=1000)
Jun 10 19:05:41 devstack sudo[96064]: pam_unix(sudo:session): session closed for user root
Jun 10 19:05:41 devstack cinder-volume[91934]: DEBUG oslo_concurrency.processutils [None req-069379cb-55ca-4ee2-9f70-2c297907ad97 tempest-GroupSnapshotsTest-276893124 None] CMD "/opt/stack/data/venv/bin/python3.12 -m oslo_concurrency.prlimit --as=1073741824 --cpu=60 -- sudo cinder-rootwrap /etc/cinder/rootwrap.conf env LC_ALL=C qemu-img info -f qcow2 --output=json --force-share /opt/stack/data/cinder/mnt/d7227b924b37106edf4fd6ec2ca6596f/volume-979b6831-3577-458a-83f8-de4c452647d1.57a55fa1-7781-4fa6-97e2-578f98ec259c" returned: 0 in 0.766s {{(pid=91934) execute /opt/stack/data/venv/lib/python3.12/site-packages/oslo_concurrency/processutils.py:468}}
Jun 10 19:05:41 devstack cinder-volume[91934]: DEBUG cinder.volume.drivers.remotefs [None req-069379cb-55ca-4ee2-9f70-2c297907ad97 tempest-GroupSnapshotsTest-276893124 None] Fetching qemu-img info with special backing_file_template: (/opt/stack/data/cinder/mnt/[0-9a-f]+/)?(volume-979b6831-3577-458a-83f8-de4c452647d1(.(tmp-snap-)?[0-9a-f-]+)?|volume_from_snapshot_cache/(tmp-snap-)?[0-9a-f-]+(.(child-|parent-)[0-9a-f-]+)?)$ {{(pid=91934) _qemu_img_info_base /opt/stack/cinder/cinder/volume/drivers/remotefs.py:896}}
Jun 10 19:05:41 devstack cinder-volume[91934]: DEBUG oslo.privsep.daemon [-] privsep: reply[20d7befc-5574-4afe-aa8c-a3536da7c600]: (4, 'qcow2') {{(pid=92944) _call_back /opt/stack/data/venv/lib/python3.12/site-packages/oslo_privsep/daemon.py:573}}
Jun 10 19:05:41 devstack cinder-volume[91934]: DEBUG oslo_concurrency.processutils [None req-069379cb-55ca-4ee2-9f70-2c297907ad97 tempest-GroupSnapshotsTest-276893124 None] Running cmd (subprocess): /opt/stack/data/venv/bin/python3.12 -m oslo_concurrency.prlimit --as=1073741824 --cpu=60 -- sudo cinder-rootwrap /etc/cinder/rootwrap.conf env LC_ALL=C qemu-img info -f qcow2 --output=json --force-share /opt/stack/data/cinder/mnt/d7227b924b37106edf4fd6ec2ca6596f/volume-979b6831-3577-458a-83f8-de4c452647d1 {{(pid=91934) execute /opt/stack/data/venv/lib/python3.12/site-packages/oslo_concurrency/processutils.py:440}}
Jun 10 19:05:41 devstack sudo[96070]: quobyte : PWD=/ ; USER=root ; COMMAND=/opt/stack/data/venv/bin/cinder-rootwrap /etc/cinder/rootwrap.conf env LC_ALL=C qemu-img info -f qcow2 --output=json --force-share /opt/stack/data/cinder/mnt/d7227b924b37106edf4fd6ec2ca6596f/volume-979b6831-3577-458a-83f8-de4c452647d1
Jun 10 19:05:41 devstack sudo[96070]: pam_unix(sudo:session): session opened for user root(uid=0) by (uid=1000)
Jun 10 19:05:41 devstack sudo[96070]: pam_unix(sudo:session): session closed for user root
Jun 10 19:05:41 devstack cinder-volume[91934]: DEBUG oslo_concurrency.processutils [None req-069379cb-55ca-4ee2-9f70-2c297907ad97 tempest-GroupSnapshotsTest-276893124 None] CMD "/opt/stack/data/venv/bin/python3.12 -m oslo_concurrency.prlimit --as=1073741824 --cpu=60 -- sudo cinder-rootwrap /etc/cinder/rootwrap.conf env LC_ALL=C qemu-img info -f qcow2 --output=json --force-share /opt/stack/data/cinder/mnt/d7227b924b37106edf4fd6ec2ca6596f/volume-979b6831-3577-458a-83f8-de4c452647d1" returned: 0 in 0.750s {{(pid=91934) execute /opt/stack/data/venv/lib/python3.12/site-packages/oslo_concurrency/processutils.py:468}}
Jun 10 19:05:41 devstack cinder-volume[91934]: DEBUG oslo_concurrency.processutils [None req-069379cb-55ca-4ee2-9f70-2c297907ad97 tempest-GroupSnapshotsTest-276893124 None] Running cmd (subprocess): sudo cinder-rootwrap /etc/cinder/rootwrap.conf qemu-img commit -d /opt/stack/data/cinder/mnt/d7227b924b37106edf4fd6ec2ca6596f/volume-979b6831-3577-458a-83f8-de4c452647d1.57a55fa1-7781-4fa6-97e2-578f98ec259c {{(pid=91934) execute /opt/stack/data/venv/lib/python3.12/site-packages/oslo_concurrency/processutils.py:440}}
Jun 10 19:05:41 devstack sudo[96077]: quobyte : PWD=/ ; USER=root ; COMMAND=/opt/stack/data/venv/bin/cinder-rootwrap /etc/cinder/rootwrap.conf qemu-img commit -d /opt/stack/data/cinder/mnt/d7227b924b37106edf4fd6ec2ca6596f/volume-979b6831-3577-458a-83f8-de4c452647d1.57a55fa1-7781-4fa6-97e2-578f98ec259c
Jun 10 19:05:41 devstack sudo[96077]: pam_unix(sudo:session): session opened for user root(uid=0) by (uid=1000)
Jun 10 19:05:42 devstack sudo[96077]: pam_unix(sudo:session): session closed for user root
Jun 10 19:05:42 devstack cinder-volume[91934]: DEBUG oslo_concurrency.processutils [None req-069379cb-55ca-4ee2-9f70-2c297907ad97 tempest-GroupSnapshotsTest-276893124 None] CMD "sudo cinder-rootwrap /etc/cinder/rootwrap.conf qemu-img commit -d /opt/stack/data/cinder/mnt/d7227b924b37106edf4fd6ec2ca6596f/volume-979b6831-3577-458a-83f8-de4c452647d1.57a55fa1-7781-4fa6-97e2-578f98ec259c" returned: 0 in 0.718s {{(pid=91934) execute /opt/stack/data/venv/lib/python3.12/site-packages/oslo_concurrency/processutils.py:468}}
Jun 10 19:05:42 devstack cinder-volume[91934]: DEBUG oslo_concurrency.processutils [None req-069379cb-55ca-4ee2-9f70-2c297907ad97 tempest-GroupSnapshotsTest-276893124 None] Running cmd (subprocess): sudo cinder-rootwrap /etc/cinder/rootwrap.conf rm -f /opt/stack/data/cinder/mnt/d7227b924b37106edf4fd6ec2ca6596f/volume-979b6831-3577-458a-83f8-de4c452647d1.57a55fa1-7781-4fa6-97e2-578f98ec259c {{(pid=91934) execute /opt/stack/data/venv/lib/python3.12/site-packages/oslo_concurrency/processutils.py:440}}
Jun 10 19:05:42 devstack sudo[96082]: quobyte : PWD=/ ; USER=root ; COMMAND=/opt/stack/data/venv/bin/cinder-rootwrap /etc/cinder/rootwrap.conf rm -f /opt/stack/data/cinder/mnt/d7227b924b37106edf4fd6ec2ca6596f/volume-979b6831-3577-458a-83f8-de4c452647d1.57a55fa1-7781-4fa6-97e2-578f98ec259c
Jun 10 19:05:42 devstack sudo[96082]: pam_unix(sudo:session): session opened for user root(uid=0) by (uid=1000)
Jun 10 19:05:43 devstack cinder-volume[91934]: DEBUG oslo_concurrency.processutils [None req-069379cb-55ca-4ee2-9f70-2c297907ad97 tempest-GroupSnapshotsTest-276893124 None] CMD "sudo cinder-rootwrap /etc/cinder/rootwrap.conf rm -f /opt/stack/data/cinder/mnt/d7227b924b37106edf4fd6ec2ca6596f/volume-979b6831-3577-458a-83f8-de4c452647d1.57a55fa1-7781-4fa6-97e2-578f98ec259c" returned: 0 in 0.605s {{(pid=91934) execute /opt/stack/data/venv/lib/python3.12/site-packages/oslo_concurrency/processutils.py:468}}
Jun 10 19:05:43 devstack sudo[96082]: pam_unix(sudo:session): session closed for user root
Jun 10 19:05:43 devstack cinder-volume[91934]: DEBUG cinder.coordination [None req-069379cb-55ca-4ee2-9f70-2c297907ad97 tempest-GroupSnapshotsTest-276893124 None] Lock "cinder-quobyte-57a55fa1-7781-4fa6-97e2-578f98ec259c" released by "_delete_snapshot" :: held 2.986s {{(pid=91934) __release /opt/stack/cinder/cinder/coordination.py:152}}
Jun 10 19:05:43 devstack cinder-volume[91934]: DEBUG cinder.coordination [None req-069379cb-55ca-4ee2-9f70-2c297907ad97 tempest-GroupSnapshotsTest-276893124 None] Lock "cinder-quobyte-979b6831-3577-458a-83f8-de4c452647d1" released by "delete_snapshot" :: held 3.013s {{(pid=91934) __release /opt/stack/cinder/cinder/coordination.py:152}}
Jun 10 19:05:43 devstack cinder-volume[91934]: DEBUG dbcounter [-] [91934] Writing DB stats cinder:UPDATE=65,cinder:SELECT=97,cinder:INSERT=13 {{(pid=91934) stat_writer /opt/stack/data/venv/lib/python3.12/site-packages/dbcounter.py:115}}
Jun 10 19:05:43 devstack cinder-volume[91934]: DEBUG cinder.coordination [None req-069379cb-55ca-4ee2-9f70-2c297907ad97 tempest-GroupSnapshotsTest-276893124 None] Acquiring lock "cinder-quobyte-38195ab9-158f-4539-aba5-3cc87cc0023a" by "delete_snapshot" {{(pid=91934) __acquire /opt/stack/cinder/cinder/coordination.py:138}}
Jun 10 19:05:43 devstack cinder-volume[91934]: DEBUG cinder.coordination [None req-069379cb-55ca-4ee2-9f70-2c297907ad97 tempest-GroupSnapshotsTest-276893124 None] Lock "cinder-quobyte-38195ab9-158f-4539-aba5-3cc87cc0023a" acquired by "delete_snapshot" :: waited 0.024s {{(pid=91934) __acquire /opt/stack/cinder/cinder/coordination.py:141}}
Jun 10 19:05:43 devstack cinder-volume[91934]: DEBUG cinder.coordination [None req-069379cb-55ca-4ee2-9f70-2c297907ad97 tempest-GroupSnapshotsTest-276893124 None] Acquiring lock "cinder-quobyte-633ca2eb-2dc7-4fe2-b031-2a265696b343" by "_delete_snapshot" {{(pid=91934) __acquire /opt/stack/cinder/cinder/coordination.py:138}}
Jun 10 19:05:43 devstack cinder-volume[91934]: DEBUG cinder.coordination [None req-069379cb-55ca-4ee2-9f70-2c297907ad97 tempest-GroupSnapshotsTest-276893124 None] Lock "cinder-quobyte-633ca2eb-2dc7-4fe2-b031-2a265696b343" acquired by "_delete_snapshot" :: waited 0.017s {{(pid=91934) __acquire /opt/stack/cinder/cinder/coordination.py:141}}
Jun 10 19:05:43 devstack cinder-volume[91934]: DEBUG cinder.volume.drivers.remotefs [None req-069379cb-55ca-4ee2-9f70-2c297907ad97 tempest-GroupSnapshotsTest-276893124 None] Deleting offline snapshot 633ca2eb-2dc7-4fe2-b031-2a265696b343 of volume 38195ab9-158f-4539-aba5-3cc87cc0023a {{(pid=91934) _delete_snapshot /opt/stack/cinder/cinder/volume/drivers/remotefs.py:1288}}
Jun 10 19:05:43 devstack cinder-volume[91934]: DEBUG cinder.volume.drivers.remotefs [None req-069379cb-55ca-4ee2-9f70-2c297907ad97 tempest-GroupSnapshotsTest-276893124 None] snapshot_file for this snap is: volume-38195ab9-158f-4539-aba5-3cc87cc0023a.633ca2eb-2dc7-4fe2-b031-2a265696b343 {{(pid=91934) _delete_snapshot /opt/stack/cinder/cinder/volume/drivers/remotefs.py:1317}}
Jun 10 19:05:43 devstack cinder-volume[91934]: DEBUG oslo.privsep.daemon [-] privsep: reply[befde861-c125-49b9-878d-68dae531c562]: (4, 'qcow2') {{(pid=92944) _call_back /opt/stack/data/venv/lib/python3.12/site-packages/oslo_privsep/daemon.py:573}}
Jun 10 19:05:43 devstack cinder-volume[91934]: DEBUG oslo_concurrency.processutils [None req-069379cb-55ca-4ee2-9f70-2c297907ad97 tempest-GroupSnapshotsTest-276893124 None] Running cmd (subprocess): /opt/stack/data/venv/bin/python3.12 -m oslo_concurrency.prlimit --as=1073741824 --cpu=60 -- sudo cinder-rootwrap /etc/cinder/rootwrap.conf env LC_ALL=C qemu-img info -f qcow2 --output=json --force-share /opt/stack/data/cinder/mnt/d7227b924b37106edf4fd6ec2ca6596f/volume-38195ab9-158f-4539-aba5-3cc87cc0023a.633ca2eb-2dc7-4fe2-b031-2a265696b343 {{(pid=91934) execute /opt/stack/data/venv/lib/python3.12/site-packages/oslo_concurrency/processutils.py:440}}
Jun 10 19:05:43 devstack sudo[96120]: quobyte : PWD=/ ; USER=root ; COMMAND=/opt/stack/data/venv/bin/cinder-rootwrap /etc/cinder/rootwrap.conf env LC_ALL=C qemu-img info -f qcow2 --output=json --force-share /opt/stack/data/cinder/mnt/d7227b924b37106edf4fd6ec2ca6596f/volume-38195ab9-158f-4539-aba5-3cc87cc0023a.633ca2eb-2dc7-4fe2-b031-2a265696b343
Jun 10 19:05:43 devstack sudo[96120]: pam_unix(sudo:session): session opened for user root(uid=0) by (uid=1000)
Jun 10 19:05:44 devstack sudo[96120]: pam_unix(sudo:session): session closed for user root
Jun 10 19:05:44 devstack cinder-volume[91934]: DEBUG oslo_concurrency.processutils [None req-069379cb-55ca-4ee2-9f70-2c297907ad97 tempest-GroupSnapshotsTest-276893124 None] CMD "/opt/stack/data/venv/bin/python3.12 -m oslo_concurrency.prlimit --as=1073741824 --cpu=60 -- sudo cinder-rootwrap /etc/cinder/rootwrap.conf env LC_ALL=C qemu-img info -f qcow2 --output=json --force-share /opt/stack/data/cinder/mnt/d7227b924b37106edf4fd6ec2ca6596f/volume-38195ab9-158f-4539-aba5-3cc87cc0023a.633ca2eb-2dc7-4fe2-b031-2a265696b343" returned: 0 in 0.833s {{(pid=91934) execute /opt/stack/data/venv/lib/python3.12/site-packages/oslo_concurrency/processutils.py:468}}
Jun 10 19:05:44 devstack cinder-volume[91934]: DEBUG cinder.volume.drivers.remotefs [None req-069379cb-55ca-4ee2-9f70-2c297907ad97 tempest-GroupSnapshotsTest-276893124 None] Fetching qemu-img info with special backing_file_template: (/opt/stack/data/cinder/mnt/[0-9a-f]+/)?(volume-38195ab9-158f-4539-aba5-3cc87cc0023a(.(tmp-snap-)?[0-9a-f-]+)?|volume_from_snapshot_cache/(tmp-snap-)?[0-9a-f-]+(.(child-|parent-)[0-9a-f-]+)?)$ {{(pid=91934) _qemu_img_info_base /opt/stack/cinder/cinder/volume/drivers/remotefs.py:896}}
Jun 10 19:05:44 devstack cinder-volume[91934]: DEBUG oslo.privsep.daemon [-] privsep: reply[1ffcdec7-b3e9-4ad5-8f7b-92c78e7fe544]: (4, 'qcow2') {{(pid=92944) _call_back /opt/stack/data/venv/lib/python3.12/site-packages/oslo_privsep/daemon.py:573}}
Jun 10 19:05:44 devstack cinder-volume[91934]: DEBUG oslo_concurrency.processutils [None req-069379cb-55ca-4ee2-9f70-2c297907ad97 tempest-GroupSnapshotsTest-276893124 None] Running cmd (subprocess): /opt/stack/data/venv/bin/python3.12 -m oslo_concurrency.prlimit --as=1073741824 --cpu=60 -- sudo cinder-rootwrap /etc/cinder/rootwrap.conf env LC_ALL=C qemu-img info -f qcow2 --output=json --force-share /opt/stack/data/cinder/mnt/d7227b924b37106edf4fd6ec2ca6596f/volume-38195ab9-158f-4539-aba5-3cc87cc0023a {{(pid=91934) execute /opt/stack/data/venv/lib/python3.12/site-packages/oslo_concurrency/processutils.py:440}}
Jun 10 19:05:44 devstack sudo[96129]: quobyte : PWD=/ ; USER=root ; COMMAND=/opt/stack/data/venv/bin/cinder-rootwrap /etc/cinder/rootwrap.conf env LC_ALL=C qemu-img info -f qcow2 --output=json --force-share /opt/stack/data/cinder/mnt/d7227b924b37106edf4fd6ec2ca6596f/volume-38195ab9-158f-4539-aba5-3cc87cc0023a
Jun 10 19:05:44 devstack sudo[96129]: pam_unix(sudo:session): session opened for user root(uid=0) by (uid=1000)
Jun 10 19:05:45 devstack sudo[96129]: pam_unix(sudo:session): session closed for user root
Jun 10 19:05:45 devstack cinder-volume[91934]: DEBUG oslo_concurrency.processutils [None req-069379cb-55ca-4ee2-9f70-2c297907ad97 tempest-GroupSnapshotsTest-276893124 None] CMD "/opt/stack/data/venv/bin/python3.12 -m oslo_concurrency.prlimit --as=1073741824 --cpu=60 -- sudo cinder-rootwrap /etc/cinder/rootwrap.conf env LC_ALL=C qemu-img info -f qcow2 --output=json --force-share /opt/stack/data/cinder/mnt/d7227b924b37106edf4fd6ec2ca6596f/volume-38195ab9-158f-4539-aba5-3cc87cc0023a" returned: 0 in 0.783s {{(pid=91934) execute /opt/stack/data/venv/lib/python3.12/site-packages/oslo_concurrency/processutils.py:468}}
Jun 10 19:05:45 devstack cinder-volume[91934]: DEBUG oslo_concurrency.processutils [None req-069379cb-55ca-4ee2-9f70-2c297907ad97 tempest-GroupSnapshotsTest-276893124 None] Running cmd (subprocess): sudo cinder-rootwrap /etc/cinder/rootwrap.conf qemu-img commit -d /opt/stack/data/cinder/mnt/d7227b924b37106edf4fd6ec2ca6596f/volume-38195ab9-158f-4539-aba5-3cc87cc0023a.633ca2eb-2dc7-4fe2-b031-2a265696b343 {{(pid=91934) execute /opt/stack/data/venv/lib/python3.12/site-packages/oslo_concurrency/processutils.py:440}}
Jun 10 19:05:45 devstack sudo[96134]: quobyte : PWD=/ ; USER=root ; COMMAND=/opt/stack/data/venv/bin/cinder-rootwrap /etc/cinder/rootwrap.conf qemu-img commit -d /opt/stack/data/cinder/mnt/d7227b924b37106edf4fd6ec2ca6596f/volume-38195ab9-158f-4539-aba5-3cc87cc0023a.633ca2eb-2dc7-4fe2-b031-2a265696b343
Jun 10 19:05:45 devstack sudo[96134]: pam_unix(sudo:session): session opened for user root(uid=0) by (uid=1000)
Jun 10 19:05:46 devstack sudo[96134]: pam_unix(sudo:session): session closed for user root
Jun 10 19:05:46 devstack cinder-volume[91934]: DEBUG oslo_concurrency.processutils [None req-069379cb-55ca-4ee2-9f70-2c297907ad97 tempest-GroupSnapshotsTest-276893124 None] CMD "sudo cinder-rootwrap /etc/cinder/rootwrap.conf qemu-img commit -d /opt/stack/data/cinder/mnt/d7227b924b37106edf4fd6ec2ca6596f/volume-38195ab9-158f-4539-aba5-3cc87cc0023a.633ca2eb-2dc7-4fe2-b031-2a265696b343" returned: 0 in 1.062s {{(pid=91934) execute /opt/stack/data/venv/lib/python3.12/site-packages/oslo_concurrency/processutils.py:468}}
Jun 10 19:05:46 devstack cinder-volume[91934]: DEBUG oslo_concurrency.processutils [None req-069379cb-55ca-4ee2-9f70-2c297907ad97 tempest-GroupSnapshotsTest-276893124 None] Running cmd (subprocess): sudo cinder-rootwrap /etc/cinder/rootwrap.conf rm -f /opt/stack/data/cinder/mnt/d7227b924b37106edf4fd6ec2ca6596f/volume-38195ab9-158f-4539-aba5-3cc87cc0023a.633ca2eb-2dc7-4fe2-b031-2a265696b343 {{(pid=91934) execute /opt/stack/data/venv/lib/python3.12/site-packages/oslo_concurrency/processutils.py:440}}
Jun 10 19:05:46 devstack sudo[96142]: quobyte : PWD=/ ; USER=root ; COMMAND=/opt/stack/data/venv/bin/cinder-rootwrap /etc/cinder/rootwrap.conf rm -f /opt/stack/data/cinder/mnt/d7227b924b37106edf4fd6ec2ca6596f/volume-38195ab9-158f-4539-aba5-3cc87cc0023a.633ca2eb-2dc7-4fe2-b031-2a265696b343
Jun 10 19:05:46 devstack sudo[96142]: pam_unix(sudo:session): session opened for user root(uid=0) by (uid=1000)
Jun 10 19:05:46 devstack sudo[96142]: pam_unix(sudo:session): session closed for user root
Jun 10 19:05:46 devstack cinder-volume[91934]: DEBUG oslo_concurrency.processutils [None req-069379cb-55ca-4ee2-9f70-2c297907ad97 tempest-GroupSnapshotsTest-276893124 None] CMD "sudo cinder-rootwrap /etc/cinder/rootwrap.conf rm -f /opt/stack/data/cinder/mnt/d7227b924b37106edf4fd6ec2ca6596f/volume-38195ab9-158f-4539-aba5-3cc87cc0023a.633ca2eb-2dc7-4fe2-b031-2a265696b343" returned: 0 in 0.754s {{(pid=91934) execute /opt/stack/data/venv/lib/python3.12/site-packages/oslo_concurrency/processutils.py:468}}
Jun 10 19:05:46 devstack cinder-volume[91934]: DEBUG cinder.coordination [None req-069379cb-55ca-4ee2-9f70-2c297907ad97 tempest-GroupSnapshotsTest-276893124 None] Lock "cinder-quobyte-633ca2eb-2dc7-4fe2-b031-2a265696b343" released by "_delete_snapshot" :: held 3.569s {{(pid=91934) __release /opt/stack/cinder/cinder/coordination.py:152}}
Jun 10 19:05:46 devstack cinder-volume[91934]: DEBUG cinder.coordination [None req-069379cb-55ca-4ee2-9f70-2c297907ad97 tempest-GroupSnapshotsTest-276893124 None] Lock "cinder-quobyte-38195ab9-158f-4539-aba5-3cc87cc0023a" released by "delete_snapshot" :: held 3.601s {{(pid=91934) __release /opt/stack/cinder/cinder/coordination.py:152}}
Jun 10 19:05:46 devstack cinder-volume[91934]: DEBUG dbcounter [-] [91934] Writing DB stats cinder:SELECT=78,cinder:UPDATE=66,cinder:INSERT=12,cinder:DELETE=5 {{(pid=91934) stat_writer /opt/stack/data/venv/lib/python3.12/site-packages/dbcounter.py:115}}
Jun 10 19:05:46 devstack cinder-volume[91934]: WARNING cinder.quota [None req-069379cb-55ca-4ee2-9f70-2c297907ad97 tempest-GroupSnapshotsTest-276893124 None] Deprecated: Default quota for resource: gigabytes_tempest-GroupSnapshotsTest-volume-type-1911938004 is set by the default quota flag: quota_gigabytes_tempest-GroupSnapshotsTest-volume-type-1911938004, it is now deprecated. Please use the default quota class for default quota.
Jun 10 19:05:46 devstack cinder-volume[91934]: WARNING cinder.quota [None req-069379cb-55ca-4ee2-9f70-2c297907ad97 tempest-GroupSnapshotsTest-276893124 None] Deprecated: Default quota for resource: snapshots_tempest-GroupSnapshotsTest-volume-type-1911938004 is set by the default quota flag: quota_snapshots_tempest-GroupSnapshotsTest-volume-type-1911938004, it is now deprecated. Please use the default quota class for default quota.
Jun 10 19:05:46 devstack cinder-volume[91934]: DEBUG cinder.quota [None req-069379cb-55ca-4ee2-9f70-2c297907ad97 tempest-GroupSnapshotsTest-276893124 None] Created reservations ['b9c8687a-4f98-4e5e-b2c3-f938a3b252e7', '1fcf7669-2974-4ac5-a36e-a39b2a3e1bb8', '0545b776-e74d-49f1-b252-8faa884d2171', '89a3eb15-7634-4945-a553-5c96a5657321'] {{(pid=91934) reserve /opt/stack/cinder/cinder/quota.py:752}}
Jun 10 19:05:47 devstack cinder-volume[91934]: DEBUG cinder.quota [None req-069379cb-55ca-4ee2-9f70-2c297907ad97 tempest-GroupSnapshotsTest-276893124 None] Created reservations ['c4c08d0b-9ef1-4844-866f-3e423b782911', 'e989f3e2-7151-4b62-990f-071f5638d8ed', '2a71a337-5a0a-4bae-8976-f0066b6dc180', '6fad01d6-3638-40c5-b840-c05dc918c60a'] {{(pid=91934) reserve /opt/stack/cinder/cinder/quota.py:752}}
Jun 10 19:05:47 devstack cinder-volume[91934]: INFO cinder.volume.manager [None req-069379cb-55ca-4ee2-9f70-2c297907ad97 tempest-GroupSnapshotsTest-276893124 None] group_snapshot ea2c0959-20e3-478a-ba4a-9904bcf46109: deleted successfully
Jun 10 19:05:48 devstack cinder-volume[91934]: DEBUG cinder.coordination [None req-583af414-a3c2-4008-9eaa-cd2de150cb65 tempest-GroupSnapshotsTest-276893124 None] Acquiring lock "cinder-quobyte-38195ab9-158f-4539-aba5-3cc87cc0023a" by "delete_volume" {{(pid=91934) __acquire /opt/stack/cinder/cinder/coordination.py:138}}
Jun 10 19:05:48 devstack cinder-volume[91934]: DEBUG cinder.coordination [None req-583af414-a3c2-4008-9eaa-cd2de150cb65 tempest-GroupSnapshotsTest-276893124 None] Lock "cinder-quobyte-38195ab9-158f-4539-aba5-3cc87cc0023a" acquired by "delete_volume" :: waited 0.016s {{(pid=91934) __acquire /opt/stack/cinder/cinder/coordination.py:141}}
Jun 10 19:05:48 devstack cinder-volume[91934]: DEBUG oslo.privsep.daemon [-] privsep: reply[8e5e3ecc-8d73-49a6-a0c7-f38d721d7201]: (4, 'qcow2') {{(pid=92944) _call_back /opt/stack/data/venv/lib/python3.12/site-packages/oslo_privsep/daemon.py:573}}
Jun 10 19:05:48 devstack cinder-volume[91934]: DEBUG oslo_concurrency.processutils [None req-583af414-a3c2-4008-9eaa-cd2de150cb65 tempest-GroupSnapshotsTest-276893124 None] Running cmd (subprocess): /opt/stack/data/venv/bin/python3.12 -m oslo_concurrency.prlimit --as=1073741824 --cpu=60 -- sudo cinder-rootwrap /etc/cinder/rootwrap.conf env LC_ALL=C qemu-img info -f qcow2 --output=json --force-share /opt/stack/data/cinder/mnt/d7227b924b37106edf4fd6ec2ca6596f/volume-38195ab9-158f-4539-aba5-3cc87cc0023a {{(pid=91934) execute /opt/stack/data/venv/lib/python3.12/site-packages/oslo_concurrency/processutils.py:440}}
Jun 10 19:05:48 devstack sudo[96146]: quobyte : PWD=/ ; USER=root ; COMMAND=/opt/stack/data/venv/bin/cinder-rootwrap /etc/cinder/rootwrap.conf env LC_ALL=C qemu-img info -f qcow2 --output=json --force-share /opt/stack/data/cinder/mnt/d7227b924b37106edf4fd6ec2ca6596f/volume-38195ab9-158f-4539-aba5-3cc87cc0023a
Jun 10 19:05:48 devstack sudo[96146]: pam_unix(sudo:session): session opened for user root(uid=0) by (uid=1000)
Jun 10 19:05:48 devstack sudo[96146]: pam_unix(sudo:session): session closed for user root
Jun 10 19:05:48 devstack cinder-volume[91934]: DEBUG oslo_concurrency.processutils [None req-583af414-a3c2-4008-9eaa-cd2de150cb65 tempest-GroupSnapshotsTest-276893124 None] CMD "/opt/stack/data/venv/bin/python3.12 -m oslo_concurrency.prlimit --as=1073741824 --cpu=60 -- sudo cinder-rootwrap /etc/cinder/rootwrap.conf env LC_ALL=C qemu-img info -f qcow2 --output=json --force-share /opt/stack/data/cinder/mnt/d7227b924b37106edf4fd6ec2ca6596f/volume-38195ab9-158f-4539-aba5-3cc87cc0023a" returned: 0 in 0.744s {{(pid=91934) execute /opt/stack/data/venv/lib/python3.12/site-packages/oslo_concurrency/processutils.py:468}}
Jun 10 19:05:48 devstack cinder-volume[91934]: DEBUG oslo_concurrency.processutils [None req-583af414-a3c2-4008-9eaa-cd2de150cb65 tempest-GroupSnapshotsTest-276893124 None] Running cmd (subprocess): sudo cinder-rootwrap /etc/cinder/rootwrap.conf rm -f /opt/stack/data/cinder/mnt/d7227b924b37106edf4fd6ec2ca6596f/volume-38195ab9-158f-4539-aba5-3cc87cc0023a {{(pid=91934) execute /opt/stack/data/venv/lib/python3.12/site-packages/oslo_concurrency/processutils.py:440}}
Jun 10 19:05:48 devstack sudo[96151]: quobyte : PWD=/ ; USER=root ; COMMAND=/opt/stack/data/venv/bin/cinder-rootwrap /etc/cinder/rootwrap.conf rm -f /opt/stack/data/cinder/mnt/d7227b924b37106edf4fd6ec2ca6596f/volume-38195ab9-158f-4539-aba5-3cc87cc0023a
Jun 10 19:05:48 devstack sudo[96151]: pam_unix(sudo:session): session opened for user root(uid=0) by (uid=1000)
