Sep 01 02:01:51 devstack sudo[93200]: quobyte : PWD=/ ; USER=root ; COMMAND=/opt/stack/data/venv/bin/cinder-rootwrap /etc/cinder/rootwrap.conf qemu-img rebase -u -b volume-ae1648ab-8597-4be8-affd-f222b2c836f9.7c092b4d-d2fa-44fc-896c-514ecd38e871 -F qcow2 /opt/stack/data/cinder/mnt/1d5b241fcce13b3aa3715c6a7b41560b/volume-ae1648ab-8597-4be8-affd-f222b2c836f9.b658b04e-6397-433d-81a6-9d0f3e0ecf35
Sep 01 02:01:51 devstack sudo[93200]: pam_unix(sudo:session): session opened for user root(uid=0) by (uid=1000)
Sep 01 02:01:51 devstack sudo[93194]: pam_unix(sudo:session): session closed for user root
Sep 01 02:01:51 devstack cinder-volume[87128]: DEBUG oslo_concurrency.processutils [None req-d9573a2e-9f12-4f60-b6f0-33c265c44bbf tempest-AttachVolumeShelveTestJSON-2071670093 None] CMD "/opt/stack/data/venv/bin/python3.12 -m oslo_concurrency.prlimit --as=1073741824 --cpu=60 -- sudo cinder-rootwrap /etc/cinder/rootwrap.conf env LC_ALL=C qemu-img info -f qcow2 --output=json --force-share /opt/stack/data/cinder/mnt/1d5b241fcce13b3aa3715c6a7b41560b/volume-61d13d43-22d6-4ae1-b9bc-17c7b8f06b73" returned: 0 in 0.507s {{(pid=87128) execute /opt/stack/data/venv/lib/python3.12/site-packages/oslo_concurrency/processutils.py:468}}
Sep 01 02:01:51 devstack cinder-volume[87128]: DEBUG oslo_concurrency.processutils [None req-d9573a2e-9f12-4f60-b6f0-33c265c44bbf tempest-AttachVolumeShelveTestJSON-2071670093 None] Running cmd (subprocess): sudo cinder-rootwrap /etc/cinder/rootwrap.conf rm -f /opt/stack/data/cinder/mnt/1d5b241fcce13b3aa3715c6a7b41560b/volume-61d13d43-22d6-4ae1-b9bc-17c7b8f06b73 {{(pid=87128) execute /opt/stack/data/venv/lib/python3.12/site-packages/oslo_concurrency/processutils.py:440}}
Sep 01 02:01:51 devstack sudo[93207]: quobyte : PWD=/ ; USER=root ; COMMAND=/opt/stack/data/venv/bin/cinder-rootwrap /etc/cinder/rootwrap.conf rm -f /opt/stack/data/cinder/mnt/1d5b241fcce13b3aa3715c6a7b41560b/volume-61d13d43-22d6-4ae1-b9bc-17c7b8f06b73
Sep 01 02:01:51 devstack sudo[93207]: pam_unix(sudo:session): session opened for user root(uid=0) by (uid=1000)
Sep 01 02:01:51 devstack sudo[93200]: pam_unix(sudo:session): session closed for user root
Sep 01 02:01:51 devstack cinder-volume[87128]: DEBUG oslo_concurrency.processutils [None req-1b9aceaf-2a6b-4c90-b004-e55a0bec9087 tempest-SnapshotsActionsTest-1669437024 None] CMD "sudo cinder-rootwrap /etc/cinder/rootwrap.conf qemu-img rebase -u -b volume-ae1648ab-8597-4be8-affd-f222b2c836f9.7c092b4d-d2fa-44fc-896c-514ecd38e871 -F qcow2 /opt/stack/data/cinder/mnt/1d5b241fcce13b3aa3715c6a7b41560b/volume-ae1648ab-8597-4be8-affd-f222b2c836f9.b658b04e-6397-433d-81a6-9d0f3e0ecf35" returned: 0 in 0.405s {{(pid=87128) execute /opt/stack/data/venv/lib/python3.12/site-packages/oslo_concurrency/processutils.py:468}}
Sep 01 02:01:51 devstack cinder-volume[87128]: WARNING cinder.volume.drivers.remotefs [None req-1b9aceaf-2a6b-4c90-b004-e55a0bec9087 tempest-SnapshotsActionsTest-1669437024 None] /opt/stack/data/cinder/mnt/1d5b241fcce13b3aa3715c6a7b41560b/volume-ae1648ab-8597-4be8-affd-f222b2c836f9.b658b04e-6397-433d-81a6-9d0f3e0ecf35 is being set with open permissions: ugo+rw
Sep 01 02:01:51 devstack cinder-volume[87128]: DEBUG oslo_concurrency.processutils [None req-1b9aceaf-2a6b-4c90-b004-e55a0bec9087 tempest-SnapshotsActionsTest-1669437024 None] Running cmd (subprocess): sudo cinder-rootwrap /etc/cinder/rootwrap.conf chmod ugo+rw /opt/stack/data/cinder/mnt/1d5b241fcce13b3aa3715c6a7b41560b/volume-ae1648ab-8597-4be8-affd-f222b2c836f9.b658b04e-6397-433d-81a6-9d0f3e0ecf35 {{(pid=87128) execute /opt/stack/data/venv/lib/python3.12/site-packages/oslo_concurrency/processutils.py:440}}
Sep 01 02:01:51 devstack sudo[93207]: pam_unix(sudo:session): session closed for user root
Sep 01 02:01:51 devstack cinder-volume[87128]: DEBUG oslo_concurrency.processutils [None req-d9573a2e-9f12-4f60-b6f0-33c265c44bbf tempest-AttachVolumeShelveTestJSON-2071670093 None] CMD "sudo cinder-rootwrap /etc/cinder/rootwrap.conf rm -f /opt/stack/data/cinder/mnt/1d5b241fcce13b3aa3715c6a7b41560b/volume-61d13d43-22d6-4ae1-b9bc-17c7b8f06b73" returned: 0 in 0.285s {{(pid=87128) execute /opt/stack/data/venv/lib/python3.12/site-packages/oslo_concurrency/processutils.py:468}}
Sep 01 02:01:51 devstack sudo[93214]: quobyte : PWD=/ ; USER=root ; COMMAND=/opt/stack/data/venv/bin/cinder-rootwrap /etc/cinder/rootwrap.conf chmod ugo+rw /opt/stack/data/cinder/mnt/1d5b241fcce13b3aa3715c6a7b41560b/volume-ae1648ab-8597-4be8-affd-f222b2c836f9.b658b04e-6397-433d-81a6-9d0f3e0ecf35
Sep 01 02:01:51 devstack sudo[93214]: pam_unix(sudo:session): session opened for user root(uid=0) by (uid=1000)
Sep 01 02:01:51 devstack cinder-volume[87128]: DEBUG cinder.coordination [None req-d9573a2e-9f12-4f60-b6f0-33c265c44bbf tempest-AttachVolumeShelveTestJSON-2071670093 None] Lock "cinder-quobyte-61d13d43-22d6-4ae1-b9bc-17c7b8f06b73" released by "delete_volume" :: held 0.852s {{(pid=87128) __release /opt/stack/cinder/cinder/coordination.py:152}}
Sep 01 02:01:51 devstack cinder-volume[87128]: DEBUG cinder.quota [None req-d9573a2e-9f12-4f60-b6f0-33c265c44bbf tempest-AttachVolumeShelveTestJSON-2071670093 None] Created reservations ['dc1fa7c0-587e-4c86-807b-c5668796c88e', '475fe749-76c1-4962-9604-1765a1a92556', '3201c191-cf38-4757-ac28-70dc965bc77d', '83704997-9621-4f3a-8992-af8b5132ade9'] {{(pid=87128) reserve /opt/stack/cinder/cinder/quota.py:752}}
Sep 01 02:01:51 devstack cinder-volume[87128]: DEBUG oslo_concurrency.lockutils [None req-d9573a2e-9f12-4f60-b6f0-33c265c44bbf tempest-AttachVolumeShelveTestJSON-2071670093 None] Acquiring lock "quobyte_ensure" by "cinder.volume.drivers.quobyte.QuobyteDriver._ensure_shares_mounted" {{(pid=87128) inner /opt/stack/data/venv/lib/python3.12/site-packages/oslo_concurrency/lockutils.py:512}}
Sep 01 02:01:51 devstack cinder-volume[87128]: DEBUG oslo_concurrency.lockutils [None req-d9573a2e-9f12-4f60-b6f0-33c265c44bbf tempest-AttachVolumeShelveTestJSON-2071670093 None] Lock "quobyte_ensure" acquired by "cinder.volume.drivers.quobyte.QuobyteDriver._ensure_shares_mounted" :: waited 0.001s {{(pid=87128) inner /opt/stack/data/venv/lib/python3.12/site-packages/oslo_concurrency/lockutils.py:525}}
Sep 01 02:01:51 devstack cinder-volume[87128]: DEBUG cinder.volume.drivers.quobyte [None req-d9573a2e-9f12-4f60-b6f0-33c265c44bbf tempest-AttachVolumeShelveTestJSON-2071670093 None] Quobyte Volume URL set to: {'osci02.corp.quobyte.com/cinder-vol-ec5ce4ac-2e9d-48e9-bd08-837d92ab50cb': None} {{(pid=87128) _load_shares_config /opt/stack/cinder/cinder/volume/drivers/quobyte.py:662}}
Sep 01 02:01:51 devstack cinder-volume[87128]: DEBUG cinder.volume.drivers.quobyte [None req-d9573a2e-9f12-4f60-b6f0-33c265c44bbf tempest-AttachVolumeShelveTestJSON-2071670093 None] Available shares ['osci02.corp.quobyte.com/cinder-vol-ec5ce4ac-2e9d-48e9-bd08-837d92ab50cb'] {{(pid=87128) _ensure_shares_mounted /opt/stack/cinder/cinder/volume/drivers/quobyte.py:692}}
Sep 01 02:01:51 devstack cinder-volume[87128]: DEBUG oslo_concurrency.lockutils [None req-d9573a2e-9f12-4f60-b6f0-33c265c44bbf tempest-AttachVolumeShelveTestJSON-2071670093 None] Lock "quobyte_ensure" "released" by "cinder.volume.drivers.quobyte.QuobyteDriver._ensure_shares_mounted" :: held 0.011s {{(pid=87128) inner /opt/stack/data/venv/lib/python3.12/site-packages/oslo_concurrency/lockutils.py:544}}
Sep 01 02:01:51 devstack cinder-volume[87128]: DEBUG oslo_concurrency.processutils [None req-d9573a2e-9f12-4f60-b6f0-33c265c44bbf tempest-AttachVolumeShelveTestJSON-2071670093 None] Running cmd (subprocess): sudo cinder-rootwrap /etc/cinder/rootwrap.conf df --portability --block-size 1 /opt/stack/data/cinder/mnt/1d5b241fcce13b3aa3715c6a7b41560b {{(pid=87128) execute /opt/stack/data/venv/lib/python3.12/site-packages/oslo_concurrency/processutils.py:440}}
Sep 01 02:01:51 devstack sudo[93216]: quobyte : PWD=/ ; USER=root ; COMMAND=/opt/stack/data/venv/bin/cinder-rootwrap /etc/cinder/rootwrap.conf df --portability --block-size 1 /opt/stack/data/cinder/mnt/1d5b241fcce13b3aa3715c6a7b41560b
Sep 01 02:01:51 devstack sudo[93216]: pam_unix(sudo:session): session opened for user root(uid=0) by (uid=1000)
Sep 01 02:01:51 devstack sudo[93214]: pam_unix(sudo:session): session closed for user root
Sep 01 02:01:51 devstack cinder-volume[87128]: DEBUG oslo_concurrency.processutils [None req-1b9aceaf-2a6b-4c90-b004-e55a0bec9087 tempest-SnapshotsActionsTest-1669437024 None] CMD "sudo cinder-rootwrap /etc/cinder/rootwrap.conf chmod ugo+rw /opt/stack/data/cinder/mnt/1d5b241fcce13b3aa3715c6a7b41560b/volume-ae1648ab-8597-4be8-affd-f222b2c836f9.b658b04e-6397-433d-81a6-9d0f3e0ecf35" returned: 0 in 0.344s {{(pid=87128) execute /opt/stack/data/venv/lib/python3.12/site-packages/oslo_concurrency/processutils.py:468}}
Sep 01 02:01:51 devstack cinder-volume[87128]: DEBUG oslo_concurrency.lockutils [None req-1b9aceaf-2a6b-4c90-b004-e55a0bec9087 tempest-SnapshotsActionsTest-1669437024 None] Lock "quobyte" "released" by "cinder.volume.drivers.quobyte.QuobyteDriver.create_snapshot" :: held 1.968s {{(pid=87128) inner /opt/stack/data/venv/lib/python3.12/site-packages/oslo_concurrency/lockutils.py:544}}
Sep 01 02:01:51 devstack cinder-volume[87128]: INFO cinder.volume.manager [None req-1b9aceaf-2a6b-4c90-b004-e55a0bec9087 tempest-SnapshotsActionsTest-1669437024 None] Create snapshot completed successfully
Sep 01 02:01:52 devstack sudo[93216]: pam_unix(sudo:session): session closed for user root
Sep 01 02:01:52 devstack cinder-volume[87128]: DEBUG oslo_concurrency.processutils [None req-d9573a2e-9f12-4f60-b6f0-33c265c44bbf tempest-AttachVolumeShelveTestJSON-2071670093 None] CMD "sudo cinder-rootwrap /etc/cinder/rootwrap.conf df --portability --block-size 1 /opt/stack/data/cinder/mnt/1d5b241fcce13b3aa3715c6a7b41560b" returned: 0 in 0.327s {{(pid=87128) execute /opt/stack/data/venv/lib/python3.12/site-packages/oslo_concurrency/processutils.py:468}}
Sep 01 02:01:52 devstack cinder-volume[87128]: DEBUG cinder.manager [None req-d9573a2e-9f12-4f60-b6f0-33c265c44bbf tempest-AttachVolumeShelveTestJSON-2071670093 None] Notifying Schedulers of capabilities ... {{(pid=87128) _publish_service_capabilities /opt/stack/cinder/cinder/manager.py:219}}
Sep 01 02:01:52 devstack cinder-volume[87128]: INFO cinder.volume.manager [None req-d9573a2e-9f12-4f60-b6f0-33c265c44bbf tempest-AttachVolumeShelveTestJSON-2071670093 None] Deleted volume successfully.
Sep 01 02:01:52 devstack cinder-volume[87128]: DEBUG cinder.coordination [None req-d9573a2e-9f12-4f60-b6f0-33c265c44bbf tempest-AttachVolumeShelveTestJSON-2071670093 None] Lock "cinder-61d13d43-22d6-4ae1-b9bc-17c7b8f06b73-delete_volume" released by "delete_volume" :: held 1.499s {{(pid=87128) __release /opt/stack/cinder/cinder/coordination.py:152}}
Sep 01 02:01:52 devstack cinder-volume[87128]: DEBUG cinder.coordination [None req-21a7a4b1-e926-467c-92e0-62cedc2d465f tempest-SnapshotsActionsTest-1798027063 None] Acquiring lock "cinder-b658b04e-6397-433d-81a6-9d0f3e0ecf35-delete_snapshot" by "delete_snapshot" {{(pid=87128) __acquire /opt/stack/cinder/cinder/coordination.py:138}}
Sep 01 02:01:52 devstack cinder-volume[87128]: DEBUG cinder.coordination [None req-21a7a4b1-e926-467c-92e0-62cedc2d465f tempest-SnapshotsActionsTest-1798027063 None] Lock "cinder-b658b04e-6397-433d-81a6-9d0f3e0ecf35-delete_snapshot" acquired by "delete_snapshot" :: waited 0.022s {{(pid=87128) __acquire /opt/stack/cinder/cinder/coordination.py:141}}
Sep 01 02:01:52 devstack cinder-volume[87128]: DEBUG cinder.coordination [None req-21a7a4b1-e926-467c-92e0-62cedc2d465f tempest-SnapshotsActionsTest-1798027063 None] Acquiring lock "cinder-quobyte-ae1648ab-8597-4be8-affd-f222b2c836f9" by "delete_snapshot" {{(pid=87128) __acquire /opt/stack/cinder/cinder/coordination.py:138}}
Sep 01 02:01:52 devstack cinder-volume[87128]: DEBUG cinder.coordination [None req-21a7a4b1-e926-467c-92e0-62cedc2d465f tempest-SnapshotsActionsTest-1798027063 None] Lock "cinder-quobyte-ae1648ab-8597-4be8-affd-f222b2c836f9" acquired by "delete_snapshot" :: waited 0.016s {{(pid=87128) __acquire /opt/stack/cinder/cinder/coordination.py:141}}
Sep 01 02:01:52 devstack cinder-volume[87128]: DEBUG cinder.coordination [None req-21a7a4b1-e926-467c-92e0-62cedc2d465f tempest-SnapshotsActionsTest-1798027063 None] Acquiring lock "cinder-quobyte-b658b04e-6397-433d-81a6-9d0f3e0ecf35" by "_delete_snapshot" {{(pid=87128) __acquire /opt/stack/cinder/cinder/coordination.py:138}}
Sep 01 02:01:52 devstack cinder-volume[87128]: DEBUG cinder.coordination [None req-21a7a4b1-e926-467c-92e0-62cedc2d465f tempest-SnapshotsActionsTest-1798027063 None] Lock "cinder-quobyte-b658b04e-6397-433d-81a6-9d0f3e0ecf35" acquired by "_delete_snapshot" :: waited 0.015s {{(pid=87128) __acquire /opt/stack/cinder/cinder/coordination.py:141}}
Sep 01 02:01:52 devstack cinder-volume[87128]: DEBUG cinder.volume.drivers.remotefs [None req-21a7a4b1-e926-467c-92e0-62cedc2d465f tempest-SnapshotsActionsTest-1798027063 None] Deleting offline snapshot b658b04e-6397-433d-81a6-9d0f3e0ecf35 of volume ae1648ab-8597-4be8-affd-f222b2c836f9 {{(pid=87128) _delete_snapshot /opt/stack/cinder/cinder/volume/drivers/remotefs.py:1288}}
Sep 01 02:01:52 devstack cinder-volume[87128]: DEBUG cinder.volume.drivers.remotefs [None req-21a7a4b1-e926-467c-92e0-62cedc2d465f tempest-SnapshotsActionsTest-1798027063 None] snapshot_file for this snap is: volume-ae1648ab-8597-4be8-affd-f222b2c836f9.b658b04e-6397-433d-81a6-9d0f3e0ecf35 {{(pid=87128) _delete_snapshot /opt/stack/cinder/cinder/volume/drivers/remotefs.py:1317}}
Sep 01 02:01:52 devstack cinder-volume[87128]: DEBUG oslo.privsep.daemon [-] privsep: reply[fad1f91e-90d9-44a8-b369-9f2faf8d45a7]: (4, 'qcow2') {{(pid=88782) _call_back /opt/stack/data/venv/lib/python3.12/site-packages/oslo_privsep/daemon.py:580}}
Sep 01 02:01:52 devstack cinder-volume[87128]: DEBUG oslo_concurrency.processutils [None req-21a7a4b1-e926-467c-92e0-62cedc2d465f tempest-SnapshotsActionsTest-1798027063 None] Running cmd (subprocess): /opt/stack/data/venv/bin/python3.12 -m oslo_concurrency.prlimit --as=1073741824 --cpu=60 -- sudo cinder-rootwrap /etc/cinder/rootwrap.conf env LC_ALL=C qemu-img info -f qcow2 --output=json --force-share /opt/stack/data/cinder/mnt/1d5b241fcce13b3aa3715c6a7b41560b/volume-ae1648ab-8597-4be8-affd-f222b2c836f9.b658b04e-6397-433d-81a6-9d0f3e0ecf35 {{(pid=87128) execute /opt/stack/data/venv/lib/python3.12/site-packages/oslo_concurrency/processutils.py:440}}
Sep 01 02:01:52 devstack sudo[93220]: quobyte : PWD=/ ; USER=root ; COMMAND=/opt/stack/data/venv/bin/cinder-rootwrap /etc/cinder/rootwrap.conf env LC_ALL=C qemu-img info -f qcow2 --output=json --force-share /opt/stack/data/cinder/mnt/1d5b241fcce13b3aa3715c6a7b41560b/volume-ae1648ab-8597-4be8-affd-f222b2c836f9.b658b04e-6397-433d-81a6-9d0f3e0ecf35
Sep 01 02:01:52 devstack sudo[93220]: pam_unix(sudo:session): session opened for user root(uid=0) by (uid=1000)
Sep 01 02:01:52 devstack sudo[93220]: pam_unix(sudo:session): session closed for user root
Sep 01 02:01:52 devstack cinder-volume[87128]: DEBUG oslo_concurrency.processutils [None req-21a7a4b1-e926-467c-92e0-62cedc2d465f tempest-SnapshotsActionsTest-1798027063 None] CMD "/opt/stack/data/venv/bin/python3.12 -m oslo_concurrency.prlimit --as=1073741824 --cpu=60 -- sudo cinder-rootwrap /etc/cinder/rootwrap.conf env LC_ALL=C qemu-img info -f qcow2 --output=json --force-share /opt/stack/data/cinder/mnt/1d5b241fcce13b3aa3715c6a7b41560b/volume-ae1648ab-8597-4be8-affd-f222b2c836f9.b658b04e-6397-433d-81a6-9d0f3e0ecf35" returned: 0 in 0.398s {{(pid=87128) execute /opt/stack/data/venv/lib/python3.12/site-packages/oslo_concurrency/processutils.py:468}}
Sep 01 02:01:52 devstack cinder-volume[87128]: DEBUG cinder.volume.drivers.remotefs [None req-21a7a4b1-e926-467c-92e0-62cedc2d465f tempest-SnapshotsActionsTest-1798027063 None] Fetching qemu-img info with special backing_file_template: (/opt/stack/data/cinder/mnt/[0-9a-f]+/)?(volume-ae1648ab-8597-4be8-affd-f222b2c836f9(.(tmp-snap-)?[0-9a-f-]+)?|volume_from_snapshot_cache/(tmp-snap-)?[0-9a-f-]+(.(child-|parent-)[0-9a-f-]+)?)$ {{(pid=87128) _qemu_img_info_base /opt/stack/cinder/cinder/volume/drivers/remotefs.py:896}}
Sep 01 02:01:52 devstack cinder-volume[87128]: DEBUG oslo.privsep.daemon [-] privsep: reply[3a19bd9d-a701-44a0-8416-7c84fa68f96e]: (4, 'qcow2') {{(pid=88782) _call_back /opt/stack/data/venv/lib/python3.12/site-packages/oslo_privsep/daemon.py:580}}
Sep 01 02:01:52 devstack cinder-volume[87128]: DEBUG oslo_concurrency.processutils [None req-21a7a4b1-e926-467c-92e0-62cedc2d465f tempest-SnapshotsActionsTest-1798027063 None] Running cmd (subprocess): /opt/stack/data/venv/bin/python3.12 -m oslo_concurrency.prlimit --as=1073741824 --cpu=60 -- sudo cinder-rootwrap /etc/cinder/rootwrap.conf env LC_ALL=C qemu-img info -f qcow2 --output=json --force-share /opt/stack/data/cinder/mnt/1d5b241fcce13b3aa3715c6a7b41560b/volume-ae1648ab-8597-4be8-affd-f222b2c836f9.7c092b4d-d2fa-44fc-896c-514ecd38e871 {{(pid=87128) execute /opt/stack/data/venv/lib/python3.12/site-packages/oslo_concurrency/processutils.py:440}}
Sep 01 02:01:52 devstack sudo[93226]: quobyte : PWD=/ ; USER=root ; COMMAND=/opt/stack/data/venv/bin/cinder-rootwrap /etc/cinder/rootwrap.conf env LC_ALL=C qemu-img info -f qcow2 --output=json --force-share /opt/stack/data/cinder/mnt/1d5b241fcce13b3aa3715c6a7b41560b/volume-ae1648ab-8597-4be8-affd-f222b2c836f9.7c092b4d-d2fa-44fc-896c-514ecd38e871
Sep 01 02:01:52 devstack sudo[93226]: pam_unix(sudo:session): session opened for user root(uid=0) by (uid=1000)
Sep 01 02:01:53 devstack sudo[93226]: pam_unix(sudo:session): session closed for user root
Sep 01 02:01:53 devstack cinder-volume[87128]: DEBUG oslo_concurrency.processutils [None req-21a7a4b1-e926-467c-92e0-62cedc2d465f tempest-SnapshotsActionsTest-1798027063 None] CMD "/opt/stack/data/venv/bin/python3.12 -m oslo_concurrency.prlimit --as=1073741824 --cpu=60 -- sudo cinder-rootwrap /etc/cinder/rootwrap.conf env LC_ALL=C qemu-img info -f qcow2 --output=json --force-share /opt/stack/data/cinder/mnt/1d5b241fcce13b3aa3715c6a7b41560b/volume-ae1648ab-8597-4be8-affd-f222b2c836f9.7c092b4d-d2fa-44fc-896c-514ecd38e871" returned: 0 in 0.497s {{(pid=87128) execute /opt/stack/data/venv/lib/python3.12/site-packages/oslo_concurrency/processutils.py:468}}
Sep 01 02:01:53 devstack cinder-volume[87128]: DEBUG cinder.volume.drivers.remotefs [None req-21a7a4b1-e926-467c-92e0-62cedc2d465f tempest-SnapshotsActionsTest-1798027063 None] Fetching qemu-img info with special backing_file_template: (/opt/stack/data/cinder/mnt/[0-9a-f]+/)?(volume-ae1648ab-8597-4be8-affd-f222b2c836f9(.(tmp-snap-)?[0-9a-f-]+)?|volume_from_snapshot_cache/(tmp-snap-)?[0-9a-f-]+(.(child-|parent-)[0-9a-f-]+)?)$ {{(pid=87128) _qemu_img_info_base /opt/stack/cinder/cinder/volume/drivers/remotefs.py:896}}
Sep 01 02:01:53 devstack cinder-volume[87128]: DEBUG oslo_concurrency.processutils [None req-21a7a4b1-e926-467c-92e0-62cedc2d465f tempest-SnapshotsActionsTest-1798027063 None] Running cmd (subprocess): sudo cinder-rootwrap /etc/cinder/rootwrap.conf qemu-img commit -d /opt/stack/data/cinder/mnt/1d5b241fcce13b3aa3715c6a7b41560b/volume-ae1648ab-8597-4be8-affd-f222b2c836f9.b658b04e-6397-433d-81a6-9d0f3e0ecf35 {{(pid=87128) execute /opt/stack/data/venv/lib/python3.12/site-packages/oslo_concurrency/processutils.py:440}}
Sep 01 02:01:53 devstack sudo[93232]: quobyte : PWD=/ ; USER=root ; COMMAND=/opt/stack/data/venv/bin/cinder-rootwrap /etc/cinder/rootwrap.conf qemu-img commit -d /opt/stack/data/cinder/mnt/1d5b241fcce13b3aa3715c6a7b41560b/volume-ae1648ab-8597-4be8-affd-f222b2c836f9.b658b04e-6397-433d-81a6-9d0f3e0ecf35
Sep 01 02:01:53 devstack sudo[93232]: pam_unix(sudo:session): session opened for user root(uid=0) by (uid=1000)
Sep 01 02:01:53 devstack sudo[93232]: pam_unix(sudo:session): session closed for user root
Sep 01 02:01:53 devstack cinder-volume[87128]: DEBUG oslo_concurrency.processutils [None req-21a7a4b1-e926-467c-92e0-62cedc2d465f tempest-SnapshotsActionsTest-1798027063 None] CMD "sudo cinder-rootwrap /etc/cinder/rootwrap.conf qemu-img commit -d /opt/stack/data/cinder/mnt/1d5b241fcce13b3aa3715c6a7b41560b/volume-ae1648ab-8597-4be8-affd-f222b2c836f9.b658b04e-6397-433d-81a6-9d0f3e0ecf35" returned: 0 in 0.459s {{(pid=87128) execute /opt/stack/data/venv/lib/python3.12/site-packages/oslo_concurrency/processutils.py:468}}
Sep 01 02:01:53 devstack cinder-volume[87128]: DEBUG oslo_concurrency.processutils [None req-21a7a4b1-e926-467c-92e0-62cedc2d465f tempest-SnapshotsActionsTest-1798027063 None] Running cmd (subprocess): sudo cinder-rootwrap /etc/cinder/rootwrap.conf rm -f /opt/stack/data/cinder/mnt/1d5b241fcce13b3aa3715c6a7b41560b/volume-ae1648ab-8597-4be8-affd-f222b2c836f9.b658b04e-6397-433d-81a6-9d0f3e0ecf35 {{(pid=87128) execute /opt/stack/data/venv/lib/python3.12/site-packages/oslo_concurrency/processutils.py:440}}
Sep 01 02:01:53 devstack sudo[93238]: quobyte : PWD=/ ; USER=root ; COMMAND=/opt/stack/data/venv/bin/cinder-rootwrap /etc/cinder/rootwrap.conf rm -f /opt/stack/data/cinder/mnt/1d5b241fcce13b3aa3715c6a7b41560b/volume-ae1648ab-8597-4be8-affd-f222b2c836f9.b658b04e-6397-433d-81a6-9d0f3e0ecf35
Sep 01 02:01:53 devstack sudo[93238]: pam_unix(sudo:session): session opened for user root(uid=0) by (uid=1000)
Sep 01 02:01:54 devstack sudo[93238]: pam_unix(sudo:session): session closed for user root
Sep 01 02:01:54 devstack cinder-volume[87128]: DEBUG oslo_concurrency.processutils [None req-21a7a4b1-e926-467c-92e0-62cedc2d465f tempest-SnapshotsActionsTest-1798027063 None] CMD "sudo cinder-rootwrap /etc/cinder/rootwrap.conf rm -f /opt/stack/data/cinder/mnt/1d5b241fcce13b3aa3715c6a7b41560b/volume-ae1648ab-8597-4be8-affd-f222b2c836f9.b658b04e-6397-433d-81a6-9d0f3e0ecf35" returned: 0 in 0.288s {{(pid=87128) execute /opt/stack/data/venv/lib/python3.12/site-packages/oslo_concurrency/processutils.py:468}}
Sep 01 02:01:54 devstack cinder-volume[87128]: DEBUG cinder.coordination [None req-21a7a4b1-e926-467c-92e0-62cedc2d465f tempest-SnapshotsActionsTest-1798027063 None] Lock "cinder-quobyte-b658b04e-6397-433d-81a6-9d0f3e0ecf35" released by "_delete_snapshot" :: held 1.746s {{(pid=87128) __release /opt/stack/cinder/cinder/coordination.py:152}}
Sep 01 02:01:54 devstack cinder-volume[87128]: DEBUG cinder.coordination [None req-21a7a4b1-e926-467c-92e0-62cedc2d465f tempest-SnapshotsActionsTest-1798027063 None] Lock "cinder-quobyte-ae1648ab-8597-4be8-affd-f222b2c836f9" released by "delete_snapshot" :: held 1.773s {{(pid=87128) __release /opt/stack/cinder/cinder/coordination.py:152}}
Sep 01 02:01:54 devstack cinder-volume[87128]: DEBUG cinder.quota [None req-21a7a4b1-e926-467c-92e0-62cedc2d465f tempest-SnapshotsActionsTest-1798027063 None] Created reservations ['06dadce3-b937-4d8c-860c-55e502c3d4ba', 'a1f272e9-4eea-404a-8137-5d76a1f47bf8', '83efa5bc-7eae-419b-812b-f0b53299acda', 'd63e7434-753a-462b-bc23-ddd7b7a8bce8'] {{(pid=87128) reserve /opt/stack/cinder/cinder/quota.py:752}}
Sep 01 02:01:54 devstack cinder-volume[87128]: INFO cinder.volume.manager [None req-21a7a4b1-e926-467c-92e0-62cedc2d465f tempest-SnapshotsActionsTest-1798027063 None] Delete snapshot completed successfully.
Sep 01 02:01:54 devstack cinder-volume[87128]: DEBUG cinder.coordination [None req-21a7a4b1-e926-467c-92e0-62cedc2d465f tempest-SnapshotsActionsTest-1798027063 None] Lock "cinder-b658b04e-6397-433d-81a6-9d0f3e0ecf35-delete_snapshot" released by "delete_snapshot" :: held 2.012s {{(pid=87128) __release /opt/stack/cinder/cinder/coordination.py:152}}
Sep 01 02:01:54 devstack cinder-volume[87128]: DEBUG oslo_concurrency.lockutils [None req-3217cd69-7caa-4513-979b-6ebe6c93c887 tempest-SnapshotsActionsTest-1669437024 None] Acquiring lock "quobyte" by "cinder.volume.drivers.quobyte.QuobyteDriver.create_snapshot" {{(pid=87128) inner /opt/stack/data/venv/lib/python3.12/site-packages/oslo_concurrency/lockutils.py:512}}
Sep 01 02:01:54 devstack cinder-volume[87128]: DEBUG oslo_concurrency.lockutils [None req-3217cd69-7caa-4513-979b-6ebe6c93c887 tempest-SnapshotsActionsTest-1669437024 None] Lock "quobyte" acquired by "cinder.volume.drivers.quobyte.QuobyteDriver.create_snapshot" :: waited 0.003s {{(pid=87128) inner /opt/stack/data/venv/lib/python3.12/site-packages/oslo_concurrency/lockutils.py:525}}
Sep 01 02:01:54 devstack cinder-volume[87128]: DEBUG cinder.volume.drivers.remotefs [None req-3217cd69-7caa-4513-979b-6ebe6c93c887 tempest-SnapshotsActionsTest-1669437024 None] Creating offline snapshot dc800d55-8e4e-40a2-8191-fd19cbf5d202 of volume ae1648ab-8597-4be8-affd-f222b2c836f9 {{(pid=87128) _create_snapshot /opt/stack/cinder/cinder/volume/drivers/remotefs.py:1816}}
Sep 01 02:01:54 devstack cinder-volume[87128]: DEBUG oslo.privsep.daemon [-] privsep: reply[f6095862-6a04-4c1d-8499-03527c63d2c9]: (4, 'qcow2') {{(pid=88782) _call_back /opt/stack/data/venv/lib/python3.12/site-packages/oslo_privsep/daemon.py:580}}
Sep 01 02:01:54 devstack cinder-volume[87128]: DEBUG oslo_concurrency.processutils [None req-3217cd69-7caa-4513-979b-6ebe6c93c887 tempest-SnapshotsActionsTest-1669437024 None] Running cmd (subprocess): /opt/stack/data/venv/bin/python3.12 -m oslo_concurrency.prlimit --as=1073741824 --cpu=60 -- sudo cinder-rootwrap /etc/cinder/rootwrap.conf env LC_ALL=C qemu-img info -f qcow2 --output=json --force-share /opt/stack/data/cinder/mnt/1d5b241fcce13b3aa3715c6a7b41560b/volume-ae1648ab-8597-4be8-affd-f222b2c836f9.7c092b4d-d2fa-44fc-896c-514ecd38e871 {{(pid=87128) execute /opt/stack/data/venv/lib/python3.12/site-packages/oslo_concurrency/processutils.py:440}}
Sep 01 02:01:54 devstack sudo[93242]: quobyte : PWD=/ ; USER=root ; COMMAND=/opt/stack/data/venv/bin/cinder-rootwrap /etc/cinder/rootwrap.conf env LC_ALL=C qemu-img info -f qcow2 --output=json --force-share /opt/stack/data/cinder/mnt/1d5b241fcce13b3aa3715c6a7b41560b/volume-ae1648ab-8597-4be8-affd-f222b2c836f9.7c092b4d-d2fa-44fc-896c-514ecd38e871
Sep 01 02:01:54 devstack sudo[93242]: pam_unix(sudo:session): session opened for user root(uid=0) by (uid=1000)
Sep 01 02:01:55 devstack sudo[93242]: pam_unix(sudo:session): session closed for user root
Sep 01 02:01:55 devstack cinder-volume[87128]: DEBUG oslo_concurrency.processutils [None req-3217cd69-7caa-4513-979b-6ebe6c93c887 tempest-SnapshotsActionsTest-1669437024 None] CMD "/opt/stack/data/venv/bin/python3.12 -m oslo_concurrency.prlimit --as=1073741824 --cpu=60 -- sudo cinder-rootwrap /etc/cinder/rootwrap.conf env LC_ALL=C qemu-img info -f qcow2 --output=json --force-share /opt/stack/data/cinder/mnt/1d5b241fcce13b3aa3715c6a7b41560b/volume-ae1648ab-8597-4be8-affd-f222b2c836f9.7c092b4d-d2fa-44fc-896c-514ecd38e871" returned: 0 in 0.385s {{(pid=87128) execute /opt/stack/data/venv/lib/python3.12/site-packages/oslo_concurrency/processutils.py:468}}
Sep 01 02:01:55 devstack cinder-volume[87128]: DEBUG cinder.volume.drivers.remotefs [None req-3217cd69-7caa-4513-979b-6ebe6c93c887 tempest-SnapshotsActionsTest-1669437024 None] Fetching qemu-img info with special backing_file_template: (/opt/stack/data/cinder/mnt/[0-9a-f]+/)?(volume-ae1648ab-8597-4be8-affd-f222b2c836f9(.(tmp-snap-)?[0-9a-f-]+)?|volume_from_snapshot_cache/(tmp-snap-)?[0-9a-f-]+(.(child-|parent-)[0-9a-f-]+)?)$ {{(pid=87128) _qemu_img_info_base /opt/stack/cinder/cinder/volume/drivers/remotefs.py:896}}
Sep 01 02:01:55 devstack cinder-volume[87128]: DEBUG oslo_concurrency.processutils [None req-3217cd69-7caa-4513-979b-6ebe6c93c887 tempest-SnapshotsActionsTest-1669437024 None] Running cmd (subprocess): sudo cinder-rootwrap /etc/cinder/rootwrap.conf qemu-img create -f qcow2 -o backing_file=/opt/stack/data/cinder/mnt/1d5b241fcce13b3aa3715c6a7b41560b/volume-ae1648ab-8597-4be8-affd-f222b2c836f9.7c092b4d-d2fa-44fc-896c-514ecd38e871,backing_fmt=qcow2 /opt/stack/data/cinder/mnt/1d5b241fcce13b3aa3715c6a7b41560b/volume-ae1648ab-8597-4be8-affd-f222b2c836f9.dc800d55-8e4e-40a2-8191-fd19cbf5d202 1G {{(pid=87128) execute /opt/stack/data/venv/lib/python3.12/site-packages/oslo_concurrency/processutils.py:440}}
Sep 01 02:01:55 devstack sudo[93247]: quobyte : PWD=/ ; USER=root ; COMMAND=/opt/stack/data/venv/bin/cinder-rootwrap /etc/cinder/rootwrap.conf qemu-img create -f qcow2 -o backing_file=/opt/stack/data/cinder/mnt/1d5b241fcce13b3aa3715c6a7b41560b/volume-ae1648ab-8597-4be8-affd-f222b2c836f9.7c092b4d-d2fa-44fc-896c-514ecd38e871,backing_fmt=qcow2 /opt/stack/data/cinder/mnt/1d5b241fcce13b3aa3715c6a7b41560b/volume-ae1648ab-8597-4be8-affd-f222b2c836f9.dc800d55-8e4e-40a2-8191-fd19cbf5d202 1G
Sep 01 02:01:55 devstack sudo[93247]: pam_unix(sudo:session): session opened for user root(uid=0) by (uid=1000)
Sep 01 02:01:55 devstack sudo[93247]: pam_unix(sudo:session): session closed for user root
Sep 01 02:01:55 devstack cinder-volume[87128]: DEBUG oslo_concurrency.processutils [None req-3217cd69-7caa-4513-979b-6ebe6c93c887 tempest-SnapshotsActionsTest-1669437024 None] CMD "sudo cinder-rootwrap /etc/cinder/rootwrap.conf qemu-img create -f qcow2 -o backing_file=/opt/stack/data/cinder/mnt/1d5b241fcce13b3aa3715c6a7b41560b/volume-ae1648ab-8597-4be8-affd-f222b2c836f9.7c092b4d-d2fa-44fc-896c-514ecd38e871,backing_fmt=qcow2 /opt/stack/data/cinder/mnt/1d5b241fcce13b3aa3715c6a7b41560b/volume-ae1648ab-8597-4be8-affd-f222b2c836f9.dc800d55-8e4e-40a2-8191-fd19cbf5d202 1G" returned: 0 in 0.502s {{(pid=87128) execute /opt/stack/data/venv/lib/python3.12/site-packages/oslo_concurrency/processutils.py:468}}
Sep 01 02:01:55 devstack cinder-volume[87128]: DEBUG oslo_concurrency.processutils [None req-3217cd69-7caa-4513-979b-6ebe6c93c887 tempest-SnapshotsActionsTest-1669437024 None] Running cmd (subprocess): sudo cinder-rootwrap /etc/cinder/rootwrap.conf qemu-img rebase -u -b volume-ae1648ab-8597-4be8-affd-f222b2c836f9.7c092b4d-d2fa-44fc-896c-514ecd38e871 -F qcow2 /opt/stack/data/cinder/mnt/1d5b241fcce13b3aa3715c6a7b41560b/volume-ae1648ab-8597-4be8-affd-f222b2c836f9.dc800d55-8e4e-40a2-8191-fd19cbf5d202 {{(pid=87128) execute /opt/stack/data/venv/lib/python3.12/site-packages/oslo_concurrency/processutils.py:440}}
Sep 01 02:01:55 devstack sudo[93254]: quobyte : PWD=/ ; USER=root ; COMMAND=/opt/stack/data/venv/bin/cinder-rootwrap /etc/cinder/rootwrap.conf qemu-img rebase -u -b volume-ae1648ab-8597-4be8-affd-f222b2c836f9.7c092b4d-d2fa-44fc-896c-514ecd38e871 -F qcow2 /opt/stack/data/cinder/mnt/1d5b241fcce13b3aa3715c6a7b41560b/volume-ae1648ab-8597-4be8-affd-f222b2c836f9.dc800d55-8e4e-40a2-8191-fd19cbf5d202
Sep 01 02:01:55 devstack sudo[93254]: pam_unix(sudo:session): session opened for user root(uid=0) by (uid=1000)
Sep 01 02:01:56 devstack sudo[93254]: pam_unix(sudo:session): session closed for user root
Sep 01 02:01:56 devstack cinder-volume[87128]: DEBUG oslo_concurrency.processutils [None req-3217cd69-7caa-4513-979b-6ebe6c93c887 tempest-SnapshotsActionsTest-1669437024 None] CMD "sudo cinder-rootwrap /etc/cinder/rootwrap.conf qemu-img rebase -u -b volume-ae1648ab-8597-4be8-affd-f222b2c836f9.7c092b4d-d2fa-44fc-896c-514ecd38e871 -F qcow2 /opt/stack/data/cinder/mnt/1d5b241fcce13b3aa3715c6a7b41560b/volume-ae1648ab-8597-4be8-affd-f222b2c836f9.dc800d55-8e4e-40a2-8191-fd19cbf5d202" returned: 0 in 0.331s {{(pid=87128) execute /opt/stack/data/venv/lib/python3.12/site-packages/oslo_concurrency/processutils.py:468}}
Sep 01 02:01:56 devstack cinder-volume[87128]: WARNING cinder.volume.drivers.remotefs [None req-3217cd69-7caa-4513-979b-6ebe6c93c887 tempest-SnapshotsActionsTest-1669437024 None] /opt/stack/data/cinder/mnt/1d5b241fcce13b3aa3715c6a7b41560b/volume-ae1648ab-8597-4be8-affd-f222b2c836f9.dc800d55-8e4e-40a2-8191-fd19cbf5d202 is being set with open permissions: ugo+rw
Sep 01 02:01:56 devstack cinder-volume[87128]: DEBUG oslo_concurrency.processutils [None req-3217cd69-7caa-4513-979b-6ebe6c93c887 tempest-SnapshotsActionsTest-1669437024 None] Running cmd (subprocess): sudo cinder-rootwrap /etc/cinder/rootwrap.conf chmod ugo+rw /opt/stack/data/cinder/mnt/1d5b241fcce13b3aa3715c6a7b41560b/volume-ae1648ab-8597-4be8-affd-f222b2c836f9.dc800d55-8e4e-40a2-8191-fd19cbf5d202 {{(pid=87128) execute /opt/stack/data/venv/lib/python3.12/site-packages/oslo_concurrency/processutils.py:440}}
Sep 01 02:01:56 devstack sudo[93259]: quobyte : PWD=/ ; USER=root ; COMMAND=/opt/stack/data/venv/bin/cinder-rootwrap /etc/cinder/rootwrap.conf chmod ugo+rw /opt/stack/data/cinder/mnt/1d5b241fcce13b3aa3715c6a7b41560b/volume-ae1648ab-8597-4be8-affd-f222b2c836f9.dc800d55-8e4e-40a2-8191-fd19cbf5d202
Sep 01 02:01:56 devstack sudo[93259]: pam_unix(sudo:session): session opened for user root(uid=0) by (uid=1000)
Sep 01 02:01:56 devstack sudo[93259]: pam_unix(sudo:session): session closed for user root
Sep 01 02:01:56 devstack cinder-volume[87128]: DEBUG oslo_concurrency.processutils [None req-3217cd69-7caa-4513-979b-6ebe6c93c887 tempest-SnapshotsActionsTest-1669437024 None] CMD "sudo cinder-rootwrap /etc/cinder/rootwrap.conf chmod ugo+rw /opt/stack/data/cinder/mnt/1d5b241fcce13b3aa3715c6a7b41560b/volume-ae1648ab-8597-4be8-affd-f222b2c836f9.dc800d55-8e4e-40a2-8191-fd19cbf5d202" returned: 0 in 0.273s {{(pid=87128) execute /opt/stack/data/venv/lib/python3.12/site-packages/oslo_concurrency/processutils.py:468}}
Sep 01 02:01:56 devstack cinder-volume[87128]: DEBUG oslo_concurrency.lockutils [None req-3217cd69-7caa-4513-979b-6ebe6c93c887 tempest-SnapshotsActionsTest-1669437024 None] Lock "quobyte" "released" by "cinder.volume.drivers.quobyte.QuobyteDriver.create_snapshot" :: held 1.609s {{(pid=87128) inner /opt/stack/data/venv/lib/python3.12/site-packages/oslo_concurrency/lockutils.py:544}}
Sep 01 02:01:56 devstack cinder-volume[87128]: INFO cinder.volume.manager [None req-3217cd69-7caa-4513-979b-6ebe6c93c887 tempest-SnapshotsActionsTest-1669437024 None] Create snapshot completed successfully
Sep 01 02:01:57 devstack cinder-volume[87128]: DEBUG cinder.coordination [None req-34ed94fd-3dd2-4a47-9ffb-28254b525616 tempest-SnapshotsActionsTest-1798027063 None] Acquiring lock "cinder-dc800d55-8e4e-40a2-8191-fd19cbf5d202-delete_snapshot" by "delete_snapshot" {{(pid=87128) __acquire /opt/stack/cinder/cinder/coordination.py:138}}
Sep 01 02:01:57 devstack cinder-volume[87128]: DEBUG cinder.coordination [None req-34ed94fd-3dd2-4a47-9ffb-28254b525616 tempest-SnapshotsActionsTest-1798027063 None] Lock "cinder-dc800d55-8e4e-40a2-8191-fd19cbf5d202-delete_snapshot" acquired by "delete_snapshot" :: waited 0.031s {{(pid=87128) __acquire /opt/stack/cinder/cinder/coordination.py:141}}
Sep 01 02:01:57 devstack cinder-volume[87128]: DEBUG cinder.coordination [None req-34ed94fd-3dd2-4a47-9ffb-28254b525616 tempest-SnapshotsActionsTest-1798027063 None] Acquiring lock "cinder-quobyte-ae1648ab-8597-4be8-affd-f222b2c836f9" by "delete_snapshot" {{(pid=87128) __acquire /opt/stack/cinder/cinder/coordination.py:138}}
Sep 01 02:01:57 devstack cinder-volume[87128]: DEBUG cinder.coordination [None req-34ed94fd-3dd2-4a47-9ffb-28254b525616 tempest-SnapshotsActionsTest-1798027063 None] Lock "cinder-quobyte-ae1648ab-8597-4be8-affd-f222b2c836f9" acquired by "delete_snapshot" :: waited 0.032s {{(pid=87128) __acquire /opt/stack/cinder/cinder/coordination.py:141}}
Sep 01 02:01:57 devstack cinder-volume[87128]: DEBUG cinder.coordination [None req-34ed94fd-3dd2-4a47-9ffb-28254b525616 tempest-SnapshotsActionsTest-1798027063 None] Acquiring lock "cinder-quobyte-dc800d55-8e4e-40a2-8191-fd19cbf5d202" by "_delete_snapshot" {{(pid=87128) __acquire /opt/stack/cinder/cinder/coordination.py:138}}
Sep 01 02:01:57 devstack cinder-volume[87128]: DEBUG cinder.coordination [None req-34ed94fd-3dd2-4a47-9ffb-28254b525616 tempest-SnapshotsActionsTest-1798027063 None] Lock "cinder-quobyte-dc800d55-8e4e-40a2-8191-fd19cbf5d202" acquired by "_delete_snapshot" :: waited 0.026s {{(pid=87128) __acquire /opt/stack/cinder/cinder/coordination.py:141}}
Sep 01 02:01:57 devstack cinder-volume[87128]: DEBUG cinder.volume.drivers.remotefs [None req-34ed94fd-3dd2-4a47-9ffb-28254b525616 tempest-SnapshotsActionsTest-1798027063 None] Deleting offline snapshot dc800d55-8e4e-40a2-8191-fd19cbf5d202 of volume ae1648ab-8597-4be8-affd-f222b2c836f9 {{(pid=87128) _delete_snapshot /opt/stack/cinder/cinder/volume/drivers/remotefs.py:1288}}
Sep 01 02:01:57 devstack cinder-volume[87128]: DEBUG cinder.volume.drivers.remotefs [None req-34ed94fd-3dd2-4a47-9ffb-28254b525616 tempest-SnapshotsActionsTest-1798027063 None] snapshot_file for this snap is: volume-ae1648ab-8597-4be8-affd-f222b2c836f9.dc800d55-8e4e-40a2-8191-fd19cbf5d202 {{(pid=87128) _delete_snapshot /opt/stack/cinder/cinder/volume/drivers/remotefs.py:1317}}
Sep 01 02:01:57 devstack cinder-volume[87128]: DEBUG oslo.privsep.daemon [-] privsep: reply[5e184968-41de-4ed6-851a-a9d61e36d6c2]: (4, 'qcow2') {{(pid=88782) _call_back /opt/stack/data/venv/lib/python3.12/site-packages/oslo_privsep/daemon.py:580}}
Sep 01 02:01:57 devstack cinder-volume[87128]: DEBUG oslo_concurrency.processutils [None req-34ed94fd-3dd2-4a47-9ffb-28254b525616 tempest-SnapshotsActionsTest-1798027063 None] Running cmd (subprocess): /opt/stack/data/venv/bin/python3.12 -m oslo_concurrency.prlimit --as=1073741824 --cpu=60 -- sudo cinder-rootwrap /etc/cinder/rootwrap.conf env LC_ALL=C qemu-img info -f qcow2 --output=json --force-share /opt/stack/data/cinder/mnt/1d5b241fcce13b3aa3715c6a7b41560b/volume-ae1648ab-8597-4be8-affd-f222b2c836f9.dc800d55-8e4e-40a2-8191-fd19cbf5d202 {{(pid=87128) execute /opt/stack/data/venv/lib/python3.12/site-packages/oslo_concurrency/processutils.py:440}}
Sep 01 02:01:57 devstack sudo[93263]: quobyte : PWD=/ ; USER=root ; COMMAND=/opt/stack/data/venv/bin/cinder-rootwrap /etc/cinder/rootwrap.conf env LC_ALL=C qemu-img info -f qcow2 --output=json --force-share /opt/stack/data/cinder/mnt/1d5b241fcce13b3aa3715c6a7b41560b/volume-ae1648ab-8597-4be8-affd-f222b2c836f9.dc800d55-8e4e-40a2-8191-fd19cbf5d202
Sep 01 02:01:57 devstack sudo[93263]: pam_unix(sudo:session): session opened for user root(uid=0) by (uid=1000)
Sep 01 02:01:57 devstack sudo[93263]: pam_unix(sudo:session): session closed for user root
Sep 01 02:01:57 devstack cinder-volume[87128]: DEBUG oslo_concurrency.processutils [None req-34ed94fd-3dd2-4a47-9ffb-28254b525616 tempest-SnapshotsActionsTest-1798027063 None] CMD "/opt/stack/data/venv/bin/python3.12 -m oslo_concurrency.prlimit --as=1073741824 --cpu=60 -- sudo cinder-rootwrap /etc/cinder/rootwrap.conf env LC_ALL=C qemu-img info -f qcow2 --output=json --force-share /opt/stack/data/cinder/mnt/1d5b241fcce13b3aa3715c6a7b41560b/volume-ae1648ab-8597-4be8-affd-f222b2c836f9.dc800d55-8e4e-40a2-8191-fd19cbf5d202" returned: 0 in 0.459s {{(pid=87128) execute /opt/stack/data/venv/lib/python3.12/site-packages/oslo_concurrency/processutils.py:468}}
Sep 01 02:01:57 devstack cinder-volume[87128]: DEBUG cinder.volume.drivers.remotefs [None req-34ed94fd-3dd2-4a47-9ffb-28254b525616 tempest-SnapshotsActionsTest-1798027063 None] Fetching qemu-img info with special backing_file_template: (/opt/stack/data/cinder/mnt/[0-9a-f]+/)?(volume-ae1648ab-8597-4be8-affd-f222b2c836f9(.(tmp-snap-)?[0-9a-f-]+)?|volume_from_snapshot_cache/(tmp-snap-)?[0-9a-f-]+(.(child-|parent-)[0-9a-f-]+)?)$ {{(pid=87128) _qemu_img_info_base /opt/stack/cinder/cinder/volume/drivers/remotefs.py:896}}
Sep 01 02:01:57 devstack cinder-volume[87128]: DEBUG oslo.privsep.daemon [-] privsep: reply[a4784550-8646-41b4-a6a4-3f11ecde69d0]: (4, 'qcow2') {{(pid=88782) _call_back /opt/stack/data/venv/lib/python3.12/site-packages/oslo_privsep/daemon.py:580}}
Sep 01 02:01:57 devstack cinder-volume[87128]: DEBUG oslo_concurrency.processutils [None req-34ed94fd-3dd2-4a47-9ffb-28254b525616 tempest-SnapshotsActionsTest-1798027063 None] Running cmd (subprocess): /opt/stack/data/venv/bin/python3.12 -m oslo_concurrency.prlimit --as=1073741824 --cpu=60 -- sudo cinder-rootwrap /etc/cinder/rootwrap.conf env LC_ALL=C qemu-img info -f qcow2 --output=json --force-share /opt/stack/data/cinder/mnt/1d5b241fcce13b3aa3715c6a7b41560b/volume-ae1648ab-8597-4be8-affd-f222b2c836f9.7c092b4d-d2fa-44fc-896c-514ecd38e871 {{(pid=87128) execute /opt/stack/data/venv/lib/python3.12/site-packages/oslo_concurrency/processutils.py:440}}
Sep 01 02:01:57 devstack sudo[93269]: quobyte : PWD=/ ; USER=root ; COMMAND=/opt/stack/data/venv/bin/cinder-rootwrap /etc/cinder/rootwrap.conf env LC_ALL=C qemu-img info -f qcow2 --output=json --force-share /opt/stack/data/cinder/mnt/1d5b241fcce13b3aa3715c6a7b41560b/volume-ae1648ab-8597-4be8-affd-f222b2c836f9.7c092b4d-d2fa-44fc-896c-514ecd38e871
Sep 01 02:01:57 devstack sudo[93269]: pam_unix(sudo:session): session opened for user root(uid=0) by (uid=1000)
Sep 01 02:01:58 devstack sudo[93269]: pam_unix(sudo:session): session closed for user root
Sep 01 02:01:58 devstack cinder-volume[87128]: DEBUG oslo_concurrency.processutils [None req-34ed94fd-3dd2-4a47-9ffb-28254b525616 tempest-SnapshotsActionsTest-1798027063 None] CMD "/opt/stack/data/venv/bin/python3.12 -m oslo_concurrency.prlimit --as=1073741824 --cpu=60 -- sudo cinder-rootwrap /etc/cinder/rootwrap.conf env LC_ALL=C qemu-img info -f qcow2 --output=json --force-share /opt/stack/data/cinder/mnt/1d5b241fcce13b3aa3715c6a7b41560b/volume-ae1648ab-8597-4be8-affd-f222b2c836f9.7c092b4d-d2fa-44fc-896c-514ecd38e871" returned: 0 in 0.474s {{(pid=87128) execute /opt/stack/data/venv/lib/python3.12/site-packages/oslo_concurrency/processutils.py:468}}
Sep 01 02:01:58 devstack cinder-volume[87128]: DEBUG cinder.volume.drivers.remotefs [None req-34ed94fd-3dd2-4a47-9ffb-28254b525616 tempest-SnapshotsActionsTest-1798027063 None] Fetching qemu-img info with special backing_file_template: (/opt/stack/data/cinder/mnt/[0-9a-f]+/)?(volume-ae1648ab-8597-4be8-affd-f222b2c836f9(.(tmp-snap-)?[0-9a-f-]+)?|volume_from_snapshot_cache/(tmp-snap-)?[0-9a-f-]+(.(child-|parent-)[0-9a-f-]+)?)$ {{(pid=87128) _qemu_img_info_base /opt/stack/cinder/cinder/volume/drivers/remotefs.py:896}}
Sep 01 02:01:58 devstack cinder-volume[87128]: DEBUG oslo_concurrency.processutils [None req-34ed94fd-3dd2-4a47-9ffb-28254b525616 tempest-SnapshotsActionsTest-1798027063 None] Running cmd (subprocess): sudo cinder-rootwrap /etc/cinder/rootwrap.conf qemu-img commit -d /opt/stack/data/cinder/mnt/1d5b241fcce13b3aa3715c6a7b41560b/volume-ae1648ab-8597-4be8-affd-f222b2c836f9.dc800d55-8e4e-40a2-8191-fd19cbf5d202 {{(pid=87128) execute /opt/stack/data/venv/lib/python3.12/site-packages/oslo_concurrency/processutils.py:440}}
Sep 01 02:01:58 devstack sudo[93275]: quobyte : PWD=/ ; USER=root ; COMMAND=/opt/stack/data/venv/bin/cinder-rootwrap /etc/cinder/rootwrap.conf qemu-img commit -d /opt/stack/data/cinder/mnt/1d5b241fcce13b3aa3715c6a7b41560b/volume-ae1648ab-8597-4be8-affd-f222b2c836f9.dc800d55-8e4e-40a2-8191-fd19cbf5d202
Sep 01 02:01:58 devstack sudo[93275]: pam_unix(sudo:session): session opened for user root(uid=0) by (uid=1000)
Sep 01 02:01:58 devstack sudo[93275]: pam_unix(sudo:session): session closed for user root
Sep 01 02:01:58 devstack cinder-volume[87128]: DEBUG oslo_concurrency.processutils [None req-34ed94fd-3dd2-4a47-9ffb-28254b525616 tempest-SnapshotsActionsTest-1798027063 None] CMD "sudo cinder-rootwrap /etc/cinder/rootwrap.conf qemu-img commit -d /opt/stack/data/cinder/mnt/1d5b241fcce13b3aa3715c6a7b41560b/volume-ae1648ab-8597-4be8-affd-f222b2c836f9.dc800d55-8e4e-40a2-8191-fd19cbf5d202" returned: 0 in 0.477s {{(pid=87128) execute /opt/stack/data/venv/lib/python3.12/site-packages/oslo_concurrency/processutils.py:468}}
Sep 01 02:01:58 devstack cinder-volume[87128]: DEBUG oslo_concurrency.processutils [None req-34ed94fd-3dd2-4a47-9ffb-28254b525616 tempest-SnapshotsActionsTest-1798027063 None] Running cmd (subprocess): sudo cinder-rootwrap /etc/cinder/rootwrap.conf rm -f /opt/stack/data/cinder/mnt/1d5b241fcce13b3aa3715c6a7b41560b/volume-ae1648ab-8597-4be8-affd-f222b2c836f9.dc800d55-8e4e-40a2-8191-fd19cbf5d202 {{(pid=87128) execute /opt/stack/data/venv/lib/python3.12/site-packages/oslo_concurrency/processutils.py:440}}
Sep 01 02:01:58 devstack sudo[93282]: quobyte : PWD=/ ; USER=root ; COMMAND=/opt/stack/data/venv/bin/cinder-rootwrap /etc/cinder/rootwrap.conf rm -f /opt/stack/data/cinder/mnt/1d5b241fcce13b3aa3715c6a7b41560b/volume-ae1648ab-8597-4be8-affd-f222b2c836f9.dc800d55-8e4e-40a2-8191-fd19cbf5d202
Sep 01 02:01:58 devstack sudo[93282]: pam_unix(sudo:session): session opened for user root(uid=0) by (uid=1000)
Sep 01 02:01:58 devstack sudo[93282]: pam_unix(sudo:session): session closed for user root
Sep 01 02:01:59 devstack cinder-volume[87128]: DEBUG oslo_concurrency.processutils [None req-34ed94fd-3dd2-4a47-9ffb-28254b525616 tempest-SnapshotsActionsTest-1798027063 None] CMD "sudo cinder-rootwrap /etc/cinder/rootwrap.conf rm -f /opt/stack/data/cinder/mnt/1d5b241fcce13b3aa3715c6a7b41560b/volume-ae1648ab-8597-4be8-affd-f222b2c836f9.dc800d55-8e4e-40a2-8191-fd19cbf5d202" returned: 0 in 0.304s {{(pid=87128) execute /opt/stack/data/venv/lib/python3.12/site-packages/oslo_concurrency/processutils.py:468}}
Sep 01 02:01:59 devstack cinder-volume[87128]: DEBUG cinder.coordination [None req-34ed94fd-3dd2-4a47-9ffb-28254b525616 tempest-SnapshotsActionsTest-1798027063 None] Lock "cinder-quobyte-dc800d55-8e4e-40a2-8191-fd19cbf5d202" released by "_delete_snapshot" :: held 1.868s {{(pid=87128) __release /opt/stack/cinder/cinder/coordination.py:152}}
Sep 01 02:01:59 devstack cinder-volume[87128]: DEBUG cinder.coordination [None req-34ed94fd-3dd2-4a47-9ffb-28254b525616 tempest-SnapshotsActionsTest-1798027063 None] Lock "cinder-quobyte-ae1648ab-8597-4be8-affd-f222b2c836f9" released by "delete_snapshot" :: held 1.903s {{(pid=87128) __release /opt/stack/cinder/cinder/coordination.py:152}}
Sep 01 02:01:59 devstack cinder-volume[87128]: DEBUG cinder.quota [None req-34ed94fd-3dd2-4a47-9ffb-28254b525616 tempest-SnapshotsActionsTest-1798027063 None] Created reservations ['92f7639c-604d-4e66-bc7a-86c680f32d51', '75d94710-bfc2-4a88-a11f-e0562c4331b8', '6428fd31-8be5-40cc-a3e2-21266263239c', '7e27b401-ea3b-4c12-a334-970e6d6f1438'] {{(pid=87128) reserve /opt/stack/cinder/cinder/quota.py:752}}
Sep 01 02:01:59 devstack cinder-volume[87128]: INFO cinder.volume.manager [None req-34ed94fd-3dd2-4a47-9ffb-28254b525616 tempest-SnapshotsActionsTest-1798027063 None] Delete snapshot completed successfully.
Sep 01 02:01:59 devstack cinder-volume[87128]: DEBUG cinder.coordination [None req-34ed94fd-3dd2-4a47-9ffb-28254b525616 tempest-SnapshotsActionsTest-1798027063 None] Lock "cinder-dc800d55-8e4e-40a2-8191-fd19cbf5d202-delete_snapshot" released by "delete_snapshot" :: held 2.167s {{(pid=87128) __release /opt/stack/cinder/cinder/coordination.py:152}}
Sep 01 02:01:59 devstack cinder-volume[87128]: DEBUG oslo_concurrency.lockutils [None req-902e2838-cfc6-49df-8ca7-275ed7dd1eef tempest-SnapshotsActionsTest-1669437024 None] Acquiring lock "quobyte" by "cinder.volume.drivers.quobyte.QuobyteDriver.create_snapshot" {{(pid=87128) inner /opt/stack/data/venv/lib/python3.12/site-packages/oslo_concurrency/lockutils.py:512}}
Sep 01 02:01:59 devstack cinder-volume[87128]: DEBUG oslo_concurrency.lockutils [None req-902e2838-cfc6-49df-8ca7-275ed7dd1eef tempest-SnapshotsActionsTest-1669437024 None] Lock "quobyte" acquired by "cinder.volume.drivers.quobyte.QuobyteDriver.create_snapshot" :: waited 0.001s {{(pid=87128) inner /opt/stack/data/venv/lib/python3.12/site-packages/oslo_concurrency/lockutils.py:525}}
Sep 01 02:01:59 devstack cinder-volume[87128]: DEBUG cinder.volume.drivers.remotefs [None req-902e2838-cfc6-49df-8ca7-275ed7dd1eef tempest-SnapshotsActionsTest-1669437024 None] Creating offline snapshot 29c1b063-2e23-43ae-a32c-9e643642225c of volume ae1648ab-8597-4be8-affd-f222b2c836f9 {{(pid=87128) _create_snapshot /opt/stack/cinder/cinder/volume/drivers/remotefs.py:1816}}
Sep 01 02:01:59 devstack cinder-volume[87128]: DEBUG oslo.privsep.daemon [-] privsep: reply[767e97b2-0b47-4b6d-8d04-41adf76288c1]: (4, 'qcow2') {{(pid=88782) _call_back /opt/stack/data/venv/lib/python3.12/site-packages/oslo_privsep/daemon.py:580}}
Sep 01 02:01:59 devstack cinder-volume[87128]: DEBUG oslo_concurrency.processutils [None req-902e2838-cfc6-49df-8ca7-275ed7dd1eef tempest-SnapshotsActionsTest-1669437024 None] Running cmd (subprocess): /opt/stack/data/venv/bin/python3.12 -m oslo_concurrency.prlimit --as=1073741824 --cpu=60 -- sudo cinder-rootwrap /etc/cinder/rootwrap.conf env LC_ALL=C qemu-img info -f qcow2 --output=json --force-share /opt/stack/data/cinder/mnt/1d5b241fcce13b3aa3715c6a7b41560b/volume-ae1648ab-8597-4be8-affd-f222b2c836f9.7c092b4d-d2fa-44fc-896c-514ecd38e871 {{(pid=87128) execute /opt/stack/data/venv/lib/python3.12/site-packages/oslo_concurrency/processutils.py:440}}
Sep 01 02:01:59 devstack sudo[93285]: quobyte : PWD=/ ; USER=root ; COMMAND=/opt/stack/data/venv/bin/cinder-rootwrap /etc/cinder/rootwrap.conf env LC_ALL=C qemu-img info -f qcow2 --output=json --force-share /opt/stack/data/cinder/mnt/1d5b241fcce13b3aa3715c6a7b41560b/volume-ae1648ab-8597-4be8-affd-f222b2c836f9.7c092b4d-d2fa-44fc-896c-514ecd38e871
Sep 01 02:01:59 devstack sudo[93285]: pam_unix(sudo:session): session opened for user root(uid=0) by (uid=1000)
Sep 01 02:02:00 devstack sudo[93285]: pam_unix(sudo:session): session closed for user root
Sep 01 02:02:00 devstack cinder-volume[87128]: DEBUG oslo_concurrency.processutils [None req-902e2838-cfc6-49df-8ca7-275ed7dd1eef tempest-SnapshotsActionsTest-1669437024 None] CMD "/opt/stack/data/venv/bin/python3.12 -m oslo_concurrency.prlimit --as=1073741824 --cpu=60 -- sudo cinder-rootwrap /etc/cinder/rootwrap.conf env LC_ALL=C qemu-img info -f qcow2 --output=json --force-share /opt/stack/data/cinder/mnt/1d5b241fcce13b3aa3715c6a7b41560b/volume-ae1648ab-8597-4be8-affd-f222b2c836f9.7c092b4d-d2fa-44fc-896c-514ecd38e871" returned: 0 in 0.497s {{(pid=87128) execute /opt/stack/data/venv/lib/python3.12/site-packages/oslo_concurrency/processutils.py:468}}
