Sep 01 02:00:43 devstack cinder-volume[87128]: DEBUG cinder.volume.manager [None req-900606b4-cc38-4336-b61b-3fabb3e5dcd0 tempest-GroupSnapshotsTest-772471291 None] Task 'cinder.volume.flows.manager.create_volume.ExtractVolumeRefTask;volume:create' (9526bf42-1bf1-4093-b7f8-8e2894cb37f3) transitioned into state 'SUCCESS' from state 'RUNNING' with result 'Volume(_name_id=None,admin_metadata=,attach_status='detached',availability_zone='nova',bootable=False,cluster=,cluster_name=None,consistencygroup=,consistencygroup_id=None,created_at=2026-09-01T00:00:43Z,deleted=False,deleted_at=None,display_description=None,display_name='tempest-volume-821816247',ec2_id=None,encryption_key_id=None,glance_metadata=,group=,group_id=d4e53dc1-8863-4ab2-b8ba-ee2f8f2a763a,host='devstack@QuobyteHD#QuobyteHD',id=a222a766-c2e4-4561-8c0f-caa120341b20,launched_at=None,metadata={},migration_status=None,multiattach=False,previous_status=None,project_id='6b0b9e0db9e84d03afbb82b02b63d321',provider_auth=None,provider_geometry=None,provider_id=None,provider_location=None,replication_driver_data=None,replication_extended_status=None,replication_status=None,scheduled_at=2026-09-01T00:00:44Z,service_uuid=None,shared_targets=True,size=1,snapshot_id=None,snapshots=,source_volid=None,status='creating',terminated_at=None,updated_at=2026-09-01T00:00:44Z,use_quota=True,user_id='eaa1d30d16124f3a984e586c2dab8bb3',volume_attachment=VolumeAttachmentList,volume_type=VolumeType(0f2a00af-74a9-4817-a64a-47fe6729ea65),volume_type_id=0f2a00af-74a9-4817-a64a-47fe6729ea65)' {{(pid=87128) _task_receiver /opt/stack/data/venv/lib/python3.12/site-packages/taskflow/listeners/logging.py:218}}
Sep 01 02:00:43 devstack cinder-volume[87128]: DEBUG cinder.volume.manager [None req-900606b4-cc38-4336-b61b-3fabb3e5dcd0 tempest-GroupSnapshotsTest-772471291 None] Task 'cinder.volume.flows.manager.create_volume.OnFailureRescheduleTask;volume:create' (ed709092-c45f-44bc-8946-95b5c831eb7f) transitioned into state 'RUNNING' from state 'PENDING' {{(pid=87128) _task_receiver /opt/stack/data/venv/lib/python3.12/site-packages/taskflow/listeners/logging.py:242}}
Sep 01 02:00:43 devstack cinder-volume[87128]: DEBUG cinder.volume.manager [None req-900606b4-cc38-4336-b61b-3fabb3e5dcd0 tempest-GroupSnapshotsTest-772471291 None] Task 'cinder.volume.flows.manager.create_volume.OnFailureRescheduleTask;volume:create' (ed709092-c45f-44bc-8946-95b5c831eb7f) transitioned into state 'SUCCESS' from state 'RUNNING' with result 'None' {{(pid=87128) _task_receiver /opt/stack/data/venv/lib/python3.12/site-packages/taskflow/listeners/logging.py:218}}
Sep 01 02:00:43 devstack cinder-volume[87128]: DEBUG cinder.volume.manager [None req-900606b4-cc38-4336-b61b-3fabb3e5dcd0 tempest-GroupSnapshotsTest-772471291 None] Task 'cinder.volume.flows.manager.create_volume.ExtractVolumeSpecTask;volume:create' (500c7573-24ec-49d4-a5c6-bb84d21a5436) transitioned into state 'RUNNING' from state 'PENDING' {{(pid=87128) _task_receiver /opt/stack/data/venv/lib/python3.12/site-packages/taskflow/listeners/logging.py:242}}
Sep 01 02:00:43 devstack cinder-volume[87128]: DEBUG cinder.volume.manager [None req-900606b4-cc38-4336-b61b-3fabb3e5dcd0 tempest-GroupSnapshotsTest-772471291 None] Task 'cinder.volume.flows.manager.create_volume.ExtractVolumeSpecTask;volume:create' (500c7573-24ec-49d4-a5c6-bb84d21a5436) transitioned into state 'SUCCESS' from state 'RUNNING' with result '{'status': 'creating', 'type': 'raw', 'volume_id': 'a222a766-c2e4-4561-8c0f-caa120341b20', 'volume_name': 'volume-a222a766-c2e4-4561-8c0f-caa120341b20', 'volume_size': 1}' {{(pid=87128) _task_receiver /opt/stack/data/venv/lib/python3.12/site-packages/taskflow/listeners/logging.py:218}}
Sep 01 02:00:43 devstack cinder-volume[87128]: DEBUG cinder.volume.manager [None req-900606b4-cc38-4336-b61b-3fabb3e5dcd0 tempest-GroupSnapshotsTest-772471291 None] Task 'cinder.volume.flows.manager.create_volume.NotifyVolumeActionTask;volume:create, create.start' (a0e79f07-5efb-46d8-ab41-1e573e6b6415) transitioned into state 'RUNNING' from state 'PENDING' {{(pid=87128) _task_receiver /opt/stack/data/venv/lib/python3.12/site-packages/taskflow/listeners/logging.py:242}}
Sep 01 02:00:43 devstack cinder-volume[87128]: DEBUG cinder.volume.manager [None req-900606b4-cc38-4336-b61b-3fabb3e5dcd0 tempest-GroupSnapshotsTest-772471291 None] Task 'cinder.volume.flows.manager.create_volume.NotifyVolumeActionTask;volume:create, create.start' (a0e79f07-5efb-46d8-ab41-1e573e6b6415) transitioned into state 'SUCCESS' from state 'RUNNING' with result 'None' {{(pid=87128) _task_receiver /opt/stack/data/venv/lib/python3.12/site-packages/taskflow/listeners/logging.py:218}}
Sep 01 02:00:43 devstack cinder-volume[87128]: DEBUG cinder.volume.manager [None req-900606b4-cc38-4336-b61b-3fabb3e5dcd0 tempest-GroupSnapshotsTest-772471291 None] Task 'cinder.volume.flows.manager.create_volume.CreateVolumeFromSpecTask;volume:create' (b0b10f03-0c4d-4b65-bb85-1fa6f15de87d) transitioned into state 'RUNNING' from state 'PENDING' {{(pid=87128) _task_receiver /opt/stack/data/venv/lib/python3.12/site-packages/taskflow/listeners/logging.py:242}}
Sep 01 02:00:43 devstack cinder-volume[87128]: INFO cinder.volume.flows.manager.create_volume [None req-900606b4-cc38-4336-b61b-3fabb3e5dcd0 tempest-GroupSnapshotsTest-772471291 None] Volume a222a766-c2e4-4561-8c0f-caa120341b20: being created as raw with specification: {'status': 'creating', 'volume_name': 'volume-a222a766-c2e4-4561-8c0f-caa120341b20', 'volume_size': 1}
Sep 01 02:00:43 devstack cinder-volume[87128]: DEBUG oslo_concurrency.lockutils [None req-900606b4-cc38-4336-b61b-3fabb3e5dcd0 tempest-GroupSnapshotsTest-772471291 None] Acquiring lock "quobyte" by "cinder.volume.drivers.quobyte.QuobyteDriver.create_volume" {{(pid=87128) inner /opt/stack/data/venv/lib/python3.12/site-packages/oslo_concurrency/lockutils.py:512}}
Sep 01 02:00:44 devstack sudo[91554]: pam_unix(sudo:session): session closed for user root
Sep 01 02:00:44 devstack cinder-volume[87128]: DEBUG oslo_concurrency.processutils [req-df9b1188-36ae-42a8-b1c7-437991eb7697 req-ad8fa002-3716-4fd5-bd8c-6c86e352e3d8 tempest-VolumesSnapshotsTestJSON-2127590053 None] CMD "sudo cinder-rootwrap /etc/cinder/rootwrap.conf qemu-img create -f qcow2 -o backing_file=/opt/stack/data/cinder/mnt/1d5b241fcce13b3aa3715c6a7b41560b/volume-c7968c2e-72eb-4382-8e54-0420a1f94485,backing_fmt=qcow2 /opt/stack/data/cinder/mnt/1d5b241fcce13b3aa3715c6a7b41560b/volume-c7968c2e-72eb-4382-8e54-0420a1f94485.316aa381-447b-4aaf-baa1-df2784910111 1G" returned: 0 in 0.578s {{(pid=87128) execute /opt/stack/data/venv/lib/python3.12/site-packages/oslo_concurrency/processutils.py:468}}
Sep 01 02:00:44 devstack cinder-volume[87128]: DEBUG oslo_concurrency.processutils [req-df9b1188-36ae-42a8-b1c7-437991eb7697 req-ad8fa002-3716-4fd5-bd8c-6c86e352e3d8 tempest-VolumesSnapshotsTestJSON-2127590053 None] Running cmd (subprocess): sudo cinder-rootwrap /etc/cinder/rootwrap.conf qemu-img rebase -u -b volume-c7968c2e-72eb-4382-8e54-0420a1f94485 -F qcow2 /opt/stack/data/cinder/mnt/1d5b241fcce13b3aa3715c6a7b41560b/volume-c7968c2e-72eb-4382-8e54-0420a1f94485.316aa381-447b-4aaf-baa1-df2784910111 {{(pid=87128) execute /opt/stack/data/venv/lib/python3.12/site-packages/oslo_concurrency/processutils.py:440}}
Sep 01 02:00:44 devstack sudo[91560]: quobyte : PWD=/ ; USER=root ; COMMAND=/opt/stack/data/venv/bin/cinder-rootwrap /etc/cinder/rootwrap.conf qemu-img rebase -u -b volume-c7968c2e-72eb-4382-8e54-0420a1f94485 -F qcow2 /opt/stack/data/cinder/mnt/1d5b241fcce13b3aa3715c6a7b41560b/volume-c7968c2e-72eb-4382-8e54-0420a1f94485.316aa381-447b-4aaf-baa1-df2784910111
Sep 01 02:00:44 devstack sudo[91560]: pam_unix(sudo:session): session opened for user root(uid=0) by (uid=1000)
Sep 01 02:00:44 devstack sudo[91560]: pam_unix(sudo:session): session closed for user root
Sep 01 02:00:44 devstack cinder-volume[87128]: DEBUG oslo_concurrency.processutils [req-df9b1188-36ae-42a8-b1c7-437991eb7697 req-ad8fa002-3716-4fd5-bd8c-6c86e352e3d8 tempest-VolumesSnapshotsTestJSON-2127590053 None] CMD "sudo cinder-rootwrap /etc/cinder/rootwrap.conf qemu-img rebase -u -b volume-c7968c2e-72eb-4382-8e54-0420a1f94485 -F qcow2 /opt/stack/data/cinder/mnt/1d5b241fcce13b3aa3715c6a7b41560b/volume-c7968c2e-72eb-4382-8e54-0420a1f94485.316aa381-447b-4aaf-baa1-df2784910111" returned: 0 in 0.318s {{(pid=87128) execute /opt/stack/data/venv/lib/python3.12/site-packages/oslo_concurrency/processutils.py:468}}
Sep 01 02:00:44 devstack cinder-volume[87128]: WARNING cinder.volume.drivers.remotefs [req-df9b1188-36ae-42a8-b1c7-437991eb7697 req-ad8fa002-3716-4fd5-bd8c-6c86e352e3d8 tempest-VolumesSnapshotsTestJSON-2127590053 None] /opt/stack/data/cinder/mnt/1d5b241fcce13b3aa3715c6a7b41560b/volume-c7968c2e-72eb-4382-8e54-0420a1f94485.316aa381-447b-4aaf-baa1-df2784910111 is being set with open permissions: ugo+rw
Sep 01 02:00:44 devstack cinder-volume[87128]: DEBUG oslo_concurrency.processutils [req-df9b1188-36ae-42a8-b1c7-437991eb7697 req-ad8fa002-3716-4fd5-bd8c-6c86e352e3d8 tempest-VolumesSnapshotsTestJSON-2127590053 None] Running cmd (subprocess): sudo cinder-rootwrap /etc/cinder/rootwrap.conf chmod ugo+rw /opt/stack/data/cinder/mnt/1d5b241fcce13b3aa3715c6a7b41560b/volume-c7968c2e-72eb-4382-8e54-0420a1f94485.316aa381-447b-4aaf-baa1-df2784910111 {{(pid=87128) execute /opt/stack/data/venv/lib/python3.12/site-packages/oslo_concurrency/processutils.py:440}}
Sep 01 02:00:44 devstack sudo[91566]: quobyte : PWD=/ ; USER=root ; COMMAND=/opt/stack/data/venv/bin/cinder-rootwrap /etc/cinder/rootwrap.conf chmod ugo+rw /opt/stack/data/cinder/mnt/1d5b241fcce13b3aa3715c6a7b41560b/volume-c7968c2e-72eb-4382-8e54-0420a1f94485.316aa381-447b-4aaf-baa1-df2784910111
Sep 01 02:00:44 devstack sudo[91566]: pam_unix(sudo:session): session opened for user root(uid=0) by (uid=1000)
Sep 01 02:00:44 devstack sudo[91566]: pam_unix(sudo:session): session closed for user root
Sep 01 02:00:44 devstack cinder-volume[87128]: DEBUG oslo_concurrency.processutils [req-df9b1188-36ae-42a8-b1c7-437991eb7697 req-ad8fa002-3716-4fd5-bd8c-6c86e352e3d8 tempest-VolumesSnapshotsTestJSON-2127590053 None] CMD "sudo cinder-rootwrap /etc/cinder/rootwrap.conf chmod ugo+rw /opt/stack/data/cinder/mnt/1d5b241fcce13b3aa3715c6a7b41560b/volume-c7968c2e-72eb-4382-8e54-0420a1f94485.316aa381-447b-4aaf-baa1-df2784910111" returned: 0 in 0.235s {{(pid=87128) execute /opt/stack/data/venv/lib/python3.12/site-packages/oslo_concurrency/processutils.py:468}}
Sep 01 02:00:44 devstack cinder-volume[87128]: DEBUG oslo_concurrency.processutils [req-df9b1188-36ae-42a8-b1c7-437991eb7697 req-ad8fa002-3716-4fd5-bd8c-6c86e352e3d8 tempest-VolumesSnapshotsTestJSON-2127590053 None] Running cmd (subprocess): sudo cinder-rootwrap /etc/cinder/rootwrap.conf truncate -s0 /opt/stack/data/cinder/mnt/1d5b241fcce13b3aa3715c6a7b41560b/volume-c7968c2e-72eb-4382-8e54-0420a1f94485.info {{(pid=87128) execute /opt/stack/data/venv/lib/python3.12/site-packages/oslo_concurrency/processutils.py:440}}
Sep 01 02:00:44 devstack sudo[91569]: quobyte : PWD=/ ; USER=root ; COMMAND=/opt/stack/data/venv/bin/cinder-rootwrap /etc/cinder/rootwrap.conf truncate -s0 /opt/stack/data/cinder/mnt/1d5b241fcce13b3aa3715c6a7b41560b/volume-c7968c2e-72eb-4382-8e54-0420a1f94485.info
Sep 01 02:00:44 devstack sudo[91569]: pam_unix(sudo:session): session opened for user root(uid=0) by (uid=1000)
Sep 01 02:00:44 devstack sudo[91569]: pam_unix(sudo:session): session closed for user root
Sep 01 02:00:44 devstack cinder-volume[87128]: DEBUG oslo_concurrency.processutils [req-df9b1188-36ae-42a8-b1c7-437991eb7697 req-ad8fa002-3716-4fd5-bd8c-6c86e352e3d8 tempest-VolumesSnapshotsTestJSON-2127590053 None] CMD "sudo cinder-rootwrap /etc/cinder/rootwrap.conf truncate -s0 /opt/stack/data/cinder/mnt/1d5b241fcce13b3aa3715c6a7b41560b/volume-c7968c2e-72eb-4382-8e54-0420a1f94485.info" returned: 0 in 0.281s {{(pid=87128) execute /opt/stack/data/venv/lib/python3.12/site-packages/oslo_concurrency/processutils.py:468}}
Sep 01 02:00:44 devstack cinder-volume[87128]: WARNING cinder.volume.drivers.remotefs [req-df9b1188-36ae-42a8-b1c7-437991eb7697 req-ad8fa002-3716-4fd5-bd8c-6c86e352e3d8 tempest-VolumesSnapshotsTestJSON-2127590053 None] /opt/stack/data/cinder/mnt/1d5b241fcce13b3aa3715c6a7b41560b/volume-c7968c2e-72eb-4382-8e54-0420a1f94485.info is being set with open permissions: ugo+rw
Sep 01 02:00:44 devstack cinder-volume[87128]: DEBUG oslo_concurrency.processutils [req-df9b1188-36ae-42a8-b1c7-437991eb7697 req-ad8fa002-3716-4fd5-bd8c-6c86e352e3d8 tempest-VolumesSnapshotsTestJSON-2127590053 None] Running cmd (subprocess): sudo cinder-rootwrap /etc/cinder/rootwrap.conf chmod ugo+rw /opt/stack/data/cinder/mnt/1d5b241fcce13b3aa3715c6a7b41560b/volume-c7968c2e-72eb-4382-8e54-0420a1f94485.info {{(pid=87128) execute /opt/stack/data/venv/lib/python3.12/site-packages/oslo_concurrency/processutils.py:440}}
Sep 01 02:00:44 devstack sudo[91572]: quobyte : PWD=/ ; USER=root ; COMMAND=/opt/stack/data/venv/bin/cinder-rootwrap /etc/cinder/rootwrap.conf chmod ugo+rw /opt/stack/data/cinder/mnt/1d5b241fcce13b3aa3715c6a7b41560b/volume-c7968c2e-72eb-4382-8e54-0420a1f94485.info
Sep 01 02:00:44 devstack sudo[91572]: pam_unix(sudo:session): session opened for user root(uid=0) by (uid=1000)
Sep 01 02:00:45 devstack sudo[91572]: pam_unix(sudo:session): session closed for user root
Sep 01 02:00:45 devstack cinder-volume[87128]: DEBUG oslo_concurrency.processutils [req-df9b1188-36ae-42a8-b1c7-437991eb7697 req-ad8fa002-3716-4fd5-bd8c-6c86e352e3d8 tempest-VolumesSnapshotsTestJSON-2127590053 None] CMD "sudo cinder-rootwrap /etc/cinder/rootwrap.conf chmod ugo+rw /opt/stack/data/cinder/mnt/1d5b241fcce13b3aa3715c6a7b41560b/volume-c7968c2e-72eb-4382-8e54-0420a1f94485.info" returned: 0 in 0.292s {{(pid=87128) execute /opt/stack/data/venv/lib/python3.12/site-packages/oslo_concurrency/processutils.py:468}}
Sep 01 02:00:45 devstack cinder-volume[87128]: DEBUG oslo_concurrency.lockutils [req-df9b1188-36ae-42a8-b1c7-437991eb7697 req-ad8fa002-3716-4fd5-bd8c-6c86e352e3d8 tempest-VolumesSnapshotsTestJSON-2127590053 None] Lock "quobyte" "released" by "cinder.volume.drivers.quobyte.QuobyteDriver.create_snapshot" :: held 2.525s {{(pid=87128) inner /opt/stack/data/venv/lib/python3.12/site-packages/oslo_concurrency/lockutils.py:544}}
Sep 01 02:00:45 devstack cinder-volume[87128]: DEBUG oslo_concurrency.lockutils [None req-19e9b494-9326-4bbf-9a67-4fba3fa2a398 tempest-AttachVolumeShelveTestJSON-2071670093 None] Lock "quobyte" acquired by "cinder.volume.drivers.quobyte.QuobyteDriver.create_volume" :: waited 1.937s {{(pid=87128) inner /opt/stack/data/venv/lib/python3.12/site-packages/oslo_concurrency/lockutils.py:525}}
Sep 01 02:00:45 devstack cinder-volume[87128]: DEBUG cinder.volume.drivers.quobyte [None req-19e9b494-9326-4bbf-9a67-4fba3fa2a398 tempest-AttachVolumeShelveTestJSON-2071670093 None] ==> create_volume: call "{'self': , 'volume': Volume(_name_id=None,admin_metadata=,attach_status='detached',availability_zone='nova',bootable=False,cluster=,cluster_name=None,consistencygroup=,consistencygroup_id=None,created_at=2026-09-01T00:00:43Z,deleted=False,deleted_at=None,display_description=None,display_name='tempest-AttachVolumeShelveTestJSON-volume-1956422068',ec2_id=None,encryption_key_id=None,glance_metadata=,group=,group_id=None,host='devstack@QuobyteHD#QuobyteHD',id=61d13d43-22d6-4ae1-b9bc-17c7b8f06b73,launched_at=None,metadata={},migration_status=None,multiattach=False,previous_status=None,project_id='ce0bfde136c04957879b4232edb8f530',provider_auth=None,provider_geometry=None,provider_id=None,provider_location=None,replication_driver_data=None,replication_extended_status=None,replication_status=None,scheduled_at=2026-09-01T00:00:43Z,service_uuid=None,shared_targets=True,size=1,snapshot_id=None,snapshots=,source_volid=None,status='creating',terminated_at=None,updated_at=2026-09-01T00:00:43Z,use_quota=True,user_id='378035cd106849a6a3f502748ea83782',volume_attachment=VolumeAttachmentList,volume_type=VolumeType(98040ea9-bad0-44ad-b6d5-9898d92f17a5),volume_type_id=98040ea9-bad0-44ad-b6d5-9898d92f17a5)}" {{(pid=87128) trace_logging_wrapper /opt/stack/cinder/cinder/volume/volume_utils.py:1497}}
Sep 01 02:00:45 devstack cinder-volume[87128]: DEBUG cinder.volume.drivers.remotefs [None req-19e9b494-9326-4bbf-9a67-4fba3fa2a398 tempest-AttachVolumeShelveTestJSON-2071670093 None] Creating volume 61d13d43-22d6-4ae1-b9bc-17c7b8f06b73 {{(pid=87128) create_volume /opt/stack/cinder/cinder/volume/drivers/remotefs.py:292}}
Sep 01 02:00:45 devstack cinder-volume[87128]: DEBUG oslo_concurrency.lockutils [None req-19e9b494-9326-4bbf-9a67-4fba3fa2a398 tempest-AttachVolumeShelveTestJSON-2071670093 None] Acquiring lock "quobyte_ensure" by "cinder.volume.drivers.quobyte.QuobyteDriver._ensure_shares_mounted" {{(pid=87128) inner /opt/stack/data/venv/lib/python3.12/site-packages/oslo_concurrency/lockutils.py:512}}
Sep 01 02:00:45 devstack cinder-volume[87128]: DEBUG oslo_concurrency.lockutils [None req-19e9b494-9326-4bbf-9a67-4fba3fa2a398 tempest-AttachVolumeShelveTestJSON-2071670093 None] Lock "quobyte_ensure" acquired by "cinder.volume.drivers.quobyte.QuobyteDriver._ensure_shares_mounted" :: waited 0.001s {{(pid=87128) inner /opt/stack/data/venv/lib/python3.12/site-packages/oslo_concurrency/lockutils.py:525}}
Sep 01 02:00:45 devstack cinder-volume[87128]: DEBUG cinder.volume.drivers.quobyte [None req-19e9b494-9326-4bbf-9a67-4fba3fa2a398 tempest-AttachVolumeShelveTestJSON-2071670093 None] Quobyte Volume URL set to: {'osci02.corp.quobyte.com/cinder-vol-ec5ce4ac-2e9d-48e9-bd08-837d92ab50cb': None} {{(pid=87128) _load_shares_config /opt/stack/cinder/cinder/volume/drivers/quobyte.py:662}}
Sep 01 02:00:45 devstack cinder-volume[87128]: DEBUG cinder.volume.drivers.quobyte [None req-19e9b494-9326-4bbf-9a67-4fba3fa2a398 tempest-AttachVolumeShelveTestJSON-2071670093 None] Available shares ['osci02.corp.quobyte.com/cinder-vol-ec5ce4ac-2e9d-48e9-bd08-837d92ab50cb'] {{(pid=87128) _ensure_shares_mounted /opt/stack/cinder/cinder/volume/drivers/quobyte.py:692}}
Sep 01 02:00:45 devstack cinder-volume[87128]: DEBUG oslo_concurrency.lockutils [None req-19e9b494-9326-4bbf-9a67-4fba3fa2a398 tempest-AttachVolumeShelveTestJSON-2071670093 None] Lock "quobyte_ensure" "released" by "cinder.volume.drivers.quobyte.QuobyteDriver._ensure_shares_mounted" :: held 0.007s {{(pid=87128) inner /opt/stack/data/venv/lib/python3.12/site-packages/oslo_concurrency/lockutils.py:544}}
Sep 01 02:00:45 devstack cinder-volume[87128]: DEBUG cinder.volume.drivers.quobyte [None req-19e9b494-9326-4bbf-9a67-4fba3fa2a398 tempest-AttachVolumeShelveTestJSON-2071670093 None] Selected osci02.corp.quobyte.com/cinder-vol-ec5ce4ac-2e9d-48e9-bd08-837d92ab50cb as target Quobyte volume. {{(pid=87128) _find_share /opt/stack/cinder/cinder/volume/drivers/quobyte.py:713}}
Sep 01 02:00:45 devstack cinder-volume[87128]: INFO cinder.volume.drivers.remotefs [None req-19e9b494-9326-4bbf-9a67-4fba3fa2a398 tempest-AttachVolumeShelveTestJSON-2071670093 None] casted to osci02.corp.quobyte.com/cinder-vol-ec5ce4ac-2e9d-48e9-bd08-837d92ab50cb
Sep 01 02:00:45 devstack cinder-volume[87128]: DEBUG oslo_concurrency.processutils [None req-19e9b494-9326-4bbf-9a67-4fba3fa2a398 tempest-AttachVolumeShelveTestJSON-2071670093 None] Running cmd (subprocess): sudo cinder-rootwrap /etc/cinder/rootwrap.conf qemu-img create -f qcow2 -o preallocation=metadata /opt/stack/data/cinder/mnt/1d5b241fcce13b3aa3715c6a7b41560b/volume-61d13d43-22d6-4ae1-b9bc-17c7b8f06b73 1073741824 {{(pid=87128) execute /opt/stack/data/venv/lib/python3.12/site-packages/oslo_concurrency/processutils.py:440}}
Sep 01 02:00:45 devstack sudo[91575]: quobyte : PWD=/ ; USER=root ; COMMAND=/opt/stack/data/venv/bin/cinder-rootwrap /etc/cinder/rootwrap.conf qemu-img create -f qcow2 -o preallocation=metadata /opt/stack/data/cinder/mnt/1d5b241fcce13b3aa3715c6a7b41560b/volume-61d13d43-22d6-4ae1-b9bc-17c7b8f06b73 1073741824
Sep 01 02:00:45 devstack sudo[91575]: pam_unix(sudo:session): session opened for user root(uid=0) by (uid=1000)
Sep 01 02:00:45 devstack cinder-volume[87128]: INFO cinder.volume.manager [req-df9b1188-36ae-42a8-b1c7-437991eb7697 req-ad8fa002-3716-4fd5-bd8c-6c86e352e3d8 tempest-VolumesSnapshotsTestJSON-2127590053 None] Create snapshot completed successfully
Sep 01 02:00:45 devstack sudo[91575]: pam_unix(sudo:session): session closed for user root
Sep 01 02:00:45 devstack cinder-volume[87128]: DEBUG oslo_concurrency.processutils [None req-19e9b494-9326-4bbf-9a67-4fba3fa2a398 tempest-AttachVolumeShelveTestJSON-2071670093 None] CMD "sudo cinder-rootwrap /etc/cinder/rootwrap.conf qemu-img create -f qcow2 -o preallocation=metadata /opt/stack/data/cinder/mnt/1d5b241fcce13b3aa3715c6a7b41560b/volume-61d13d43-22d6-4ae1-b9bc-17c7b8f06b73 1073741824" returned: 0 in 0.482s {{(pid=87128) execute /opt/stack/data/venv/lib/python3.12/site-packages/oslo_concurrency/processutils.py:468}}
Sep 01 02:00:45 devstack cinder-volume[87128]: DEBUG oslo_concurrency.processutils [None req-19e9b494-9326-4bbf-9a67-4fba3fa2a398 tempest-AttachVolumeShelveTestJSON-2071670093 None] Running cmd (subprocess): sudo cinder-rootwrap /etc/cinder/rootwrap.conf chmod ugo+rw /opt/stack/data/cinder/mnt/1d5b241fcce13b3aa3715c6a7b41560b/volume-61d13d43-22d6-4ae1-b9bc-17c7b8f06b73 {{(pid=87128) execute /opt/stack/data/venv/lib/python3.12/site-packages/oslo_concurrency/processutils.py:440}}
Sep 01 02:00:45 devstack sudo[91583]: quobyte : PWD=/ ; USER=root ; COMMAND=/opt/stack/data/venv/bin/cinder-rootwrap /etc/cinder/rootwrap.conf chmod ugo+rw /opt/stack/data/cinder/mnt/1d5b241fcce13b3aa3715c6a7b41560b/volume-61d13d43-22d6-4ae1-b9bc-17c7b8f06b73
Sep 01 02:00:45 devstack sudo[91583]: pam_unix(sudo:session): session opened for user root(uid=0) by (uid=1000)
Sep 01 02:00:46 devstack sudo[91583]: pam_unix(sudo:session): session closed for user root
Sep 01 02:00:46 devstack cinder-volume[87128]: DEBUG oslo_concurrency.processutils [None req-19e9b494-9326-4bbf-9a67-4fba3fa2a398 tempest-AttachVolumeShelveTestJSON-2071670093 None] CMD "sudo cinder-rootwrap /etc/cinder/rootwrap.conf chmod ugo+rw /opt/stack/data/cinder/mnt/1d5b241fcce13b3aa3715c6a7b41560b/volume-61d13d43-22d6-4ae1-b9bc-17c7b8f06b73" returned: 0 in 0.257s {{(pid=87128) execute /opt/stack/data/venv/lib/python3.12/site-packages/oslo_concurrency/processutils.py:468}}
Sep 01 02:00:46 devstack cinder-volume[87128]: DEBUG cinder.volume.drivers.quobyte [None req-19e9b494-9326-4bbf-9a67-4fba3fa2a398 tempest-AttachVolumeShelveTestJSON-2071670093 None] <== create_volume: return (779ms) {'provider_location': 'osci02.corp.quobyte.com/cinder-vol-ec5ce4ac-2e9d-48e9-bd08-837d92ab50cb'} {{(pid=87128) trace_logging_wrapper /opt/stack/cinder/cinder/volume/volume_utils.py:1522}}
Sep 01 02:00:46 devstack cinder-volume[87128]: DEBUG oslo_concurrency.lockutils [None req-19e9b494-9326-4bbf-9a67-4fba3fa2a398 tempest-AttachVolumeShelveTestJSON-2071670093 None] Lock "quobyte" "released" by "cinder.volume.drivers.quobyte.QuobyteDriver.create_volume" :: held 0.783s {{(pid=87128) inner /opt/stack/data/venv/lib/python3.12/site-packages/oslo_concurrency/lockutils.py:544}}
Sep 01 02:00:46 devstack cinder-volume[87128]: DEBUG oslo_concurrency.lockutils [req-bf7d98f1-3c8a-4520-91c3-fede7144f4dc req-23a7004f-5412-45d3-8666-063398c91b8a tempest-ServerActionsTestOtherA-1922255062 None] Lock "quobyte" acquired by "cinder.volume.drivers.quobyte.QuobyteDriver.initialize_connection" :: waited 2.487s {{(pid=87128) inner /opt/stack/data/venv/lib/python3.12/site-packages/oslo_concurrency/lockutils.py:525}}
Sep 01 02:00:46 devstack cinder-volume[87128]: DEBUG oslo_concurrency.lockutils [req-bf7d98f1-3c8a-4520-91c3-fede7144f4dc req-23a7004f-5412-45d3-8666-063398c91b8a tempest-ServerActionsTestOtherA-1922255062 None] Lock "quobyte" "released" by "cinder.volume.drivers.quobyte.QuobyteDriver.initialize_connection" :: held 0.025s {{(pid=87128) inner /opt/stack/data/venv/lib/python3.12/site-packages/oslo_concurrency/lockutils.py:544}}
Sep 01 02:00:46 devstack cinder-volume[87128]: DEBUG oslo_concurrency.lockutils [None req-900606b4-cc38-4336-b61b-3fabb3e5dcd0 tempest-GroupSnapshotsTest-772471291 None] Lock "quobyte" acquired by "cinder.volume.drivers.quobyte.QuobyteDriver.create_volume" :: waited 2.265s {{(pid=87128) inner /opt/stack/data/venv/lib/python3.12/site-packages/oslo_concurrency/lockutils.py:525}}
Sep 01 02:00:46 devstack cinder-volume[87128]: DEBUG cinder.volume.drivers.quobyte [None req-900606b4-cc38-4336-b61b-3fabb3e5dcd0 tempest-GroupSnapshotsTest-772471291 None] ==> create_volume: call "{'self': , 'volume': Volume(_name_id=None,admin_metadata=,attach_status='detached',availability_zone='nova',bootable=False,cluster=,cluster_name=None,consistencygroup=,consistencygroup_id=d4e53dc1-8863-4ab2-b8ba-ee2f8f2a763a,created_at=2026-09-01T00:00:43Z,deleted=False,deleted_at=None,display_description=None,display_name='tempest-volume-821816247',ec2_id=None,encryption_key_id=None,glance_metadata=,group=,group_id=d4e53dc1-8863-4ab2-b8ba-ee2f8f2a763a,host='devstack@QuobyteHD#QuobyteHD',id=a222a766-c2e4-4561-8c0f-caa120341b20,launched_at=None,metadata={},migration_status=None,multiattach=False,previous_status=None,project_id='6b0b9e0db9e84d03afbb82b02b63d321',provider_auth=None,provider_geometry=None,provider_id=None,provider_location=None,replication_driver_data=None,replication_extended_status=None,replication_status=None,scheduled_at=2026-09-01T00:00:44Z,service_uuid=None,shared_targets=True,size=1,snapshot_id=None,snapshots=,source_volid=None,status='creating',terminated_at=None,updated_at=2026-09-01T00:00:44Z,use_quota=True,user_id='eaa1d30d16124f3a984e586c2dab8bb3',volume_attachment=VolumeAttachmentList,volume_type=VolumeType(0f2a00af-74a9-4817-a64a-47fe6729ea65),volume_type_id=0f2a00af-74a9-4817-a64a-47fe6729ea65)}" {{(pid=87128) trace_logging_wrapper /opt/stack/cinder/cinder/volume/volume_utils.py:1497}}
Sep 01 02:00:46 devstack cinder-volume[87128]: DEBUG cinder.volume.drivers.remotefs [None req-900606b4-cc38-4336-b61b-3fabb3e5dcd0 tempest-GroupSnapshotsTest-772471291 None] Creating volume a222a766-c2e4-4561-8c0f-caa120341b20 {{(pid=87128) create_volume /opt/stack/cinder/cinder/volume/drivers/remotefs.py:292}}
Sep 01 02:00:46 devstack cinder-volume[87128]: DEBUG oslo_concurrency.lockutils [None req-900606b4-cc38-4336-b61b-3fabb3e5dcd0 tempest-GroupSnapshotsTest-772471291 None] Acquiring lock "quobyte_ensure" by "cinder.volume.drivers.quobyte.QuobyteDriver._ensure_shares_mounted" {{(pid=87128) inner /opt/stack/data/venv/lib/python3.12/site-packages/oslo_concurrency/lockutils.py:512}}
Sep 01 02:00:46 devstack cinder-volume[87128]: DEBUG oslo_concurrency.lockutils [None req-900606b4-cc38-4336-b61b-3fabb3e5dcd0 tempest-GroupSnapshotsTest-772471291 None] Lock "quobyte_ensure" acquired by "cinder.volume.drivers.quobyte.QuobyteDriver._ensure_shares_mounted" :: waited 0.000s {{(pid=87128) inner /opt/stack/data/venv/lib/python3.12/site-packages/oslo_concurrency/lockutils.py:525}}
Sep 01 02:00:46 devstack cinder-volume[87128]: DEBUG cinder.volume.drivers.quobyte [None req-900606b4-cc38-4336-b61b-3fabb3e5dcd0 tempest-GroupSnapshotsTest-772471291 None] Quobyte Volume URL set to: {'osci02.corp.quobyte.com/cinder-vol-ec5ce4ac-2e9d-48e9-bd08-837d92ab50cb': None} {{(pid=87128) _load_shares_config /opt/stack/cinder/cinder/volume/drivers/quobyte.py:662}}
Sep 01 02:00:46 devstack cinder-volume[87128]: DEBUG cinder.volume.drivers.quobyte [None req-900606b4-cc38-4336-b61b-3fabb3e5dcd0 tempest-GroupSnapshotsTest-772471291 None] Available shares ['osci02.corp.quobyte.com/cinder-vol-ec5ce4ac-2e9d-48e9-bd08-837d92ab50cb'] {{(pid=87128) _ensure_shares_mounted /opt/stack/cinder/cinder/volume/drivers/quobyte.py:692}}
Sep 01 02:00:46 devstack cinder-volume[87128]: DEBUG oslo_concurrency.lockutils [None req-900606b4-cc38-4336-b61b-3fabb3e5dcd0 tempest-GroupSnapshotsTest-772471291 None] Lock "quobyte_ensure" "released" by "cinder.volume.drivers.quobyte.QuobyteDriver._ensure_shares_mounted" :: held 0.011s {{(pid=87128) inner /opt/stack/data/venv/lib/python3.12/site-packages/oslo_concurrency/lockutils.py:544}}
Sep 01 02:00:46 devstack cinder-volume[87128]: DEBUG cinder.volume.drivers.quobyte [None req-900606b4-cc38-4336-b61b-3fabb3e5dcd0 tempest-GroupSnapshotsTest-772471291 None] Selected osci02.corp.quobyte.com/cinder-vol-ec5ce4ac-2e9d-48e9-bd08-837d92ab50cb as target Quobyte volume. {{(pid=87128) _find_share /opt/stack/cinder/cinder/volume/drivers/quobyte.py:713}}
Sep 01 02:00:46 devstack cinder-volume[87128]: INFO cinder.volume.drivers.remotefs [None req-900606b4-cc38-4336-b61b-3fabb3e5dcd0 tempest-GroupSnapshotsTest-772471291 None] casted to osci02.corp.quobyte.com/cinder-vol-ec5ce4ac-2e9d-48e9-bd08-837d92ab50cb
Sep 01 02:00:46 devstack cinder-volume[87128]: DEBUG oslo_concurrency.processutils [None req-900606b4-cc38-4336-b61b-3fabb3e5dcd0 tempest-GroupSnapshotsTest-772471291 None] Running cmd (subprocess): sudo cinder-rootwrap /etc/cinder/rootwrap.conf qemu-img create -f qcow2 -o preallocation=metadata /opt/stack/data/cinder/mnt/1d5b241fcce13b3aa3715c6a7b41560b/volume-a222a766-c2e4-4561-8c0f-caa120341b20 1073741824 {{(pid=87128) execute /opt/stack/data/venv/lib/python3.12/site-packages/oslo_concurrency/processutils.py:440}}
Sep 01 02:00:46 devstack cinder-volume[87128]: DEBUG cinder.volume.manager [None req-19e9b494-9326-4bbf-9a67-4fba3fa2a398 tempest-AttachVolumeShelveTestJSON-2071670093 None] Task 'cinder.volume.flows.manager.create_volume.CreateVolumeFromSpecTask;volume:create' (2dfd42eb-58d7-4347-9a56-af0b2c805729) transitioned into state 'SUCCESS' from state 'RUNNING' with result '{'status': 'creating', 'volume_name': 'volume-61d13d43-22d6-4ae1-b9bc-17c7b8f06b73', 'volume_size': 1}' {{(pid=87128) _task_receiver /opt/stack/data/venv/lib/python3.12/site-packages/taskflow/listeners/logging.py:218}}
Sep 01 02:00:46 devstack cinder-volume[87128]: DEBUG cinder.volume.manager [None req-19e9b494-9326-4bbf-9a67-4fba3fa2a398 tempest-AttachVolumeShelveTestJSON-2071670093 None] Task 'cinder.volume.flows.manager.create_volume.CreateVolumeOnFinishTask;volume:create, create.end' (827180d3-b1db-4b9d-8849-8ea674f8d2f4) transitioned into state 'RUNNING' from state 'PENDING' {{(pid=87128) _task_receiver /opt/stack/data/venv/lib/python3.12/site-packages/taskflow/listeners/logging.py:242}}
Sep 01 02:00:46 devstack sudo[91586]: quobyte : PWD=/ ; USER=root ; COMMAND=/opt/stack/data/venv/bin/cinder-rootwrap /etc/cinder/rootwrap.conf qemu-img create -f qcow2 -o preallocation=metadata /opt/stack/data/cinder/mnt/1d5b241fcce13b3aa3715c6a7b41560b/volume-a222a766-c2e4-4561-8c0f-caa120341b20 1073741824
Sep 01 02:00:46 devstack sudo[91586]: pam_unix(sudo:session): session opened for user root(uid=0) by (uid=1000)
Sep 01 02:00:46 devstack cinder-volume[87128]: INFO cinder.volume.flows.manager.create_volume [None req-19e9b494-9326-4bbf-9a67-4fba3fa2a398 tempest-AttachVolumeShelveTestJSON-2071670093 None] Volume volume-61d13d43-22d6-4ae1-b9bc-17c7b8f06b73 (61d13d43-22d6-4ae1-b9bc-17c7b8f06b73): created successfully
Sep 01 02:00:46 devstack cinder-volume[87128]: DEBUG cinder.volume.manager [None req-19e9b494-9326-4bbf-9a67-4fba3fa2a398 tempest-AttachVolumeShelveTestJSON-2071670093 None] Task 'cinder.volume.flows.manager.create_volume.CreateVolumeOnFinishTask;volume:create, create.end' (827180d3-b1db-4b9d-8849-8ea674f8d2f4) transitioned into state 'SUCCESS' from state 'RUNNING' with result 'None' {{(pid=87128) _task_receiver /opt/stack/data/venv/lib/python3.12/site-packages/taskflow/listeners/logging.py:218}}
Sep 01 02:00:46 devstack cinder-volume[87128]: DEBUG cinder.volume.manager [None req-19e9b494-9326-4bbf-9a67-4fba3fa2a398 tempest-AttachVolumeShelveTestJSON-2071670093 None] Flow 'volume_create_manager' (7f42923d-5624-4540-b3dd-e289e28d7b53) transitioned into state 'SUCCESS' from state 'RUNNING' {{(pid=87128) _flow_receiver /opt/stack/data/venv/lib/python3.12/site-packages/taskflow/listeners/logging.py:160}}
Sep 01 02:00:46 devstack cinder-volume[87128]: INFO cinder.volume.manager [None req-19e9b494-9326-4bbf-9a67-4fba3fa2a398 tempest-AttachVolumeShelveTestJSON-2071670093 None] Created volume successfully.
Sep 01 02:00:46 devstack cinder-volume[87128]: DEBUG cinder.volume.manager [req-bf7d98f1-3c8a-4520-91c3-fede7144f4dc req-23a7004f-5412-45d3-8666-063398c91b8a tempest-ServerActionsTestOtherA-1922255062 None] Connection info returned from driver {'export': 'osci02.corp.quobyte.com/cinder-vol-ec5ce4ac-2e9d-48e9-bd08-837d92ab50cb', 'name': 'volume-e4b718bb-36a0-4ac8-a202-77b2127c453a', 'options': None, 'format': 'qcow2', 'qos_specs': None, 'access_mode': 'rw', 'encrypted': False, 'cacheable': False, 'driver_volume_type': 'quobyte', 'mount_point_base': '/opt/stack/data/cinder/mnt', 'attachment_id': '67311b94-59cd-404e-b20c-9e33370f0b5d', 'enforce_multipath': True} {{(pid=87128) _connection_create /opt/stack/cinder/cinder/volume/manager.py:4924}}
Sep 01 02:00:46 devstack cinder-volume[87128]: INFO cinder.volume.manager [req-bf7d98f1-3c8a-4520-91c3-fede7144f4dc req-23a7004f-5412-45d3-8666-063398c91b8a tempest-ServerActionsTestOtherA-1922255062 None] attachment_update completed successfully.
Sep 01 02:00:46 devstack cinder-volume[87128]: DEBUG cinder.coordination [req-cf599cf1-3564-4a8f-a448-9862bf9ef969 req-2a8d29ef-5fe2-4b08-b005-d09f7355fd91 tempest-VolumesSnapshotsTestJSON-2127590053 None] Acquiring lock "cinder-316aa381-447b-4aaf-baa1-df2784910111-delete_snapshot" by "delete_snapshot" {{(pid=87128) __acquire /opt/stack/cinder/cinder/coordination.py:138}}
Sep 01 02:00:46 devstack cinder-volume[87128]: DEBUG cinder.coordination [req-cf599cf1-3564-4a8f-a448-9862bf9ef969 req-2a8d29ef-5fe2-4b08-b005-d09f7355fd91 tempest-VolumesSnapshotsTestJSON-2127590053 None] Lock "cinder-316aa381-447b-4aaf-baa1-df2784910111-delete_snapshot" acquired by "delete_snapshot" :: waited 0.031s {{(pid=87128) __acquire /opt/stack/cinder/cinder/coordination.py:141}}
Sep 01 02:00:46 devstack cinder-volume[87128]: DEBUG cinder.coordination [req-cf599cf1-3564-4a8f-a448-9862bf9ef969 req-2a8d29ef-5fe2-4b08-b005-d09f7355fd91 tempest-VolumesSnapshotsTestJSON-2127590053 None] Acquiring lock "cinder-quobyte-c7968c2e-72eb-4382-8e54-0420a1f94485" by "delete_snapshot" {{(pid=87128) __acquire /opt/stack/cinder/cinder/coordination.py:138}}
Sep 01 02:00:46 devstack cinder-volume[87128]: DEBUG cinder.coordination [req-cf599cf1-3564-4a8f-a448-9862bf9ef969 req-2a8d29ef-5fe2-4b08-b005-d09f7355fd91 tempest-VolumesSnapshotsTestJSON-2127590053 None] Lock "cinder-quobyte-c7968c2e-72eb-4382-8e54-0420a1f94485" acquired by "delete_snapshot" :: waited 0.029s {{(pid=87128) __acquire /opt/stack/cinder/cinder/coordination.py:141}}
Sep 01 02:00:46 devstack cinder-volume[87128]: DEBUG cinder.coordination [req-cf599cf1-3564-4a8f-a448-9862bf9ef969 req-2a8d29ef-5fe2-4b08-b005-d09f7355fd91 tempest-VolumesSnapshotsTestJSON-2127590053 None] Acquiring lock "cinder-quobyte-316aa381-447b-4aaf-baa1-df2784910111" by "_delete_snapshot" {{(pid=87128) __acquire /opt/stack/cinder/cinder/coordination.py:138}}
Sep 01 02:00:46 devstack cinder-volume[87128]: DEBUG cinder.coordination [req-cf599cf1-3564-4a8f-a448-9862bf9ef969 req-2a8d29ef-5fe2-4b08-b005-d09f7355fd91 tempest-VolumesSnapshotsTestJSON-2127590053 None] Lock "cinder-quobyte-316aa381-447b-4aaf-baa1-df2784910111" acquired by "_delete_snapshot" :: waited 0.033s {{(pid=87128) __acquire /opt/stack/cinder/cinder/coordination.py:141}}
Sep 01 02:00:46 devstack cinder-volume[87128]: DEBUG cinder.volume.drivers.remotefs [req-cf599cf1-3564-4a8f-a448-9862bf9ef969 req-2a8d29ef-5fe2-4b08-b005-d09f7355fd91 tempest-VolumesSnapshotsTestJSON-2127590053 None] Deleting offline snapshot 316aa381-447b-4aaf-baa1-df2784910111 of volume c7968c2e-72eb-4382-8e54-0420a1f94485 {{(pid=87128) _delete_snapshot /opt/stack/cinder/cinder/volume/drivers/remotefs.py:1288}}
Sep 01 02:00:46 devstack cinder-volume[87128]: DEBUG cinder.volume.drivers.remotefs [req-cf599cf1-3564-4a8f-a448-9862bf9ef969 req-2a8d29ef-5fe2-4b08-b005-d09f7355fd91 tempest-VolumesSnapshotsTestJSON-2127590053 None] snapshot_file for this snap is: volume-c7968c2e-72eb-4382-8e54-0420a1f94485.316aa381-447b-4aaf-baa1-df2784910111 {{(pid=87128) _delete_snapshot /opt/stack/cinder/cinder/volume/drivers/remotefs.py:1317}}
Sep 01 02:00:46 devstack cinder-volume[87128]: DEBUG oslo.privsep.daemon [-] privsep: reply[c5bf67e3-5635-4af3-b925-93f5682e2416]: (4, 'qcow2') {{(pid=88782) _call_back /opt/stack/data/venv/lib/python3.12/site-packages/oslo_privsep/daemon.py:580}}
Sep 01 02:00:46 devstack cinder-volume[87128]: DEBUG oslo_concurrency.processutils [req-cf599cf1-3564-4a8f-a448-9862bf9ef969 req-2a8d29ef-5fe2-4b08-b005-d09f7355fd91 tempest-VolumesSnapshotsTestJSON-2127590053 None] Running cmd (subprocess): /opt/stack/data/venv/bin/python3.12 -m oslo_concurrency.prlimit --as=1073741824 --cpu=60 -- sudo cinder-rootwrap /etc/cinder/rootwrap.conf env LC_ALL=C qemu-img info -f qcow2 --output=json --force-share /opt/stack/data/cinder/mnt/1d5b241fcce13b3aa3715c6a7b41560b/volume-c7968c2e-72eb-4382-8e54-0420a1f94485.316aa381-447b-4aaf-baa1-df2784910111 {{(pid=87128) execute /opt/stack/data/venv/lib/python3.12/site-packages/oslo_concurrency/processutils.py:440}}
Sep 01 02:00:46 devstack sudo[91595]: quobyte : PWD=/ ; USER=root ; COMMAND=/opt/stack/data/venv/bin/cinder-rootwrap /etc/cinder/rootwrap.conf env LC_ALL=C qemu-img info -f qcow2 --output=json --force-share /opt/stack/data/cinder/mnt/1d5b241fcce13b3aa3715c6a7b41560b/volume-c7968c2e-72eb-4382-8e54-0420a1f94485.316aa381-447b-4aaf-baa1-df2784910111
Sep 01 02:00:46 devstack sudo[91595]: pam_unix(sudo:session): session opened for user root(uid=0) by (uid=1000)
Sep 01 02:00:46 devstack sudo[91586]: pam_unix(sudo:session): session closed for user root
Sep 01 02:00:46 devstack cinder-volume[87128]: DEBUG oslo_concurrency.processutils [None req-900606b4-cc38-4336-b61b-3fabb3e5dcd0 tempest-GroupSnapshotsTest-772471291 None] CMD "sudo cinder-rootwrap /etc/cinder/rootwrap.conf qemu-img create -f qcow2 -o preallocation=metadata /opt/stack/data/cinder/mnt/1d5b241fcce13b3aa3715c6a7b41560b/volume-a222a766-c2e4-4561-8c0f-caa120341b20 1073741824" returned: 0 in 0.808s {{(pid=87128) execute /opt/stack/data/venv/lib/python3.12/site-packages/oslo_concurrency/processutils.py:468}}
Sep 01 02:00:46 devstack cinder-volume[87128]: DEBUG oslo_concurrency.processutils [None req-900606b4-cc38-4336-b61b-3fabb3e5dcd0 tempest-GroupSnapshotsTest-772471291 None] Running cmd (subprocess): sudo cinder-rootwrap /etc/cinder/rootwrap.conf chmod ugo+rw /opt/stack/data/cinder/mnt/1d5b241fcce13b3aa3715c6a7b41560b/volume-a222a766-c2e4-4561-8c0f-caa120341b20 {{(pid=87128) execute /opt/stack/data/venv/lib/python3.12/site-packages/oslo_concurrency/processutils.py:440}}
Sep 01 02:00:46 devstack sudo[91642]: quobyte : PWD=/ ; USER=root ; COMMAND=/opt/stack/data/venv/bin/cinder-rootwrap /etc/cinder/rootwrap.conf chmod ugo+rw /opt/stack/data/cinder/mnt/1d5b241fcce13b3aa3715c6a7b41560b/volume-a222a766-c2e4-4561-8c0f-caa120341b20
Sep 01 02:00:46 devstack sudo[91642]: pam_unix(sudo:session): session opened for user root(uid=0) by (uid=1000)
Sep 01 02:00:47 devstack sudo[91595]: pam_unix(sudo:session): session closed for user root
Sep 01 02:00:47 devstack cinder-volume[87128]: DEBUG oslo_concurrency.processutils [req-cf599cf1-3564-4a8f-a448-9862bf9ef969 req-2a8d29ef-5fe2-4b08-b005-d09f7355fd91 tempest-VolumesSnapshotsTestJSON-2127590053 None] CMD "/opt/stack/data/venv/bin/python3.12 -m oslo_concurrency.prlimit --as=1073741824 --cpu=60 -- sudo cinder-rootwrap /etc/cinder/rootwrap.conf env LC_ALL=C qemu-img info -f qcow2 --output=json --force-share /opt/stack/data/cinder/mnt/1d5b241fcce13b3aa3715c6a7b41560b/volume-c7968c2e-72eb-4382-8e54-0420a1f94485.316aa381-447b-4aaf-baa1-df2784910111" returned: 0 in 0.501s {{(pid=87128) execute /opt/stack/data/venv/lib/python3.12/site-packages/oslo_concurrency/processutils.py:468}}
Sep 01 02:00:47 devstack cinder-volume[87128]: DEBUG cinder.volume.drivers.remotefs [req-cf599cf1-3564-4a8f-a448-9862bf9ef969 req-2a8d29ef-5fe2-4b08-b005-d09f7355fd91 tempest-VolumesSnapshotsTestJSON-2127590053 None] Fetching qemu-img info with special backing_file_template: (/opt/stack/data/cinder/mnt/[0-9a-f]+/)?(volume-c7968c2e-72eb-4382-8e54-0420a1f94485(.(tmp-snap-)?[0-9a-f-]+)?|volume_from_snapshot_cache/(tmp-snap-)?[0-9a-f-]+(.(child-|parent-)[0-9a-f-]+)?)$ {{(pid=87128) _qemu_img_info_base /opt/stack/cinder/cinder/volume/drivers/remotefs.py:896}}
Sep 01 02:00:47 devstack cinder-volume[87128]: DEBUG oslo.privsep.daemon [-] privsep: reply[15a06dd9-7f04-47d8-8fef-99b485b08060]: (4, 'qcow2') {{(pid=88782) _call_back /opt/stack/data/venv/lib/python3.12/site-packages/oslo_privsep/daemon.py:580}}
Sep 01 02:00:47 devstack cinder-volume[87128]: DEBUG oslo_concurrency.processutils [req-cf599cf1-3564-4a8f-a448-9862bf9ef969 req-2a8d29ef-5fe2-4b08-b005-d09f7355fd91 tempest-VolumesSnapshotsTestJSON-2127590053 None] Running cmd (subprocess): /opt/stack/data/venv/bin/python3.12 -m oslo_concurrency.prlimit --as=1073741824 --cpu=60 -- sudo cinder-rootwrap /etc/cinder/rootwrap.conf env LC_ALL=C qemu-img info -f qcow2 --output=json --force-share /opt/stack/data/cinder/mnt/1d5b241fcce13b3aa3715c6a7b41560b/volume-c7968c2e-72eb-4382-8e54-0420a1f94485 {{(pid=87128) execute /opt/stack/data/venv/lib/python3.12/site-packages/oslo_concurrency/processutils.py:440}}
Sep 01 02:00:47 devstack sudo[91642]: pam_unix(sudo:session): session closed for user root
Sep 01 02:00:47 devstack cinder-volume[87128]: DEBUG oslo_concurrency.processutils [None req-900606b4-cc38-4336-b61b-3fabb3e5dcd0 tempest-GroupSnapshotsTest-772471291 None] CMD "sudo cinder-rootwrap /etc/cinder/rootwrap.conf chmod ugo+rw /opt/stack/data/cinder/mnt/1d5b241fcce13b3aa3715c6a7b41560b/volume-a222a766-c2e4-4561-8c0f-caa120341b20" returned: 0 in 0.488s {{(pid=87128) execute /opt/stack/data/venv/lib/python3.12/site-packages/oslo_concurrency/processutils.py:468}}
Sep 01 02:00:47 devstack cinder-volume[87128]: DEBUG cinder.volume.drivers.quobyte [None req-900606b4-cc38-4336-b61b-3fabb3e5dcd0 tempest-GroupSnapshotsTest-772471291 None] <== create_volume: return (1361ms) {'provider_location': 'osci02.corp.quobyte.com/cinder-vol-ec5ce4ac-2e9d-48e9-bd08-837d92ab50cb'} {{(pid=87128) trace_logging_wrapper /opt/stack/cinder/cinder/volume/volume_utils.py:1522}}
Sep 01 02:00:47 devstack cinder-volume[87128]: DEBUG oslo_concurrency.lockutils [None req-900606b4-cc38-4336-b61b-3fabb3e5dcd0 tempest-GroupSnapshotsTest-772471291 None] Lock "quobyte" "released" by "cinder.volume.drivers.quobyte.QuobyteDriver.create_volume" :: held 1.368s {{(pid=87128) inner /opt/stack/data/venv/lib/python3.12/site-packages/oslo_concurrency/lockutils.py:544}}
Sep 01 02:00:47 devstack sudo[91681]: quobyte : PWD=/ ; USER=root ; COMMAND=/opt/stack/data/venv/bin/cinder-rootwrap /etc/cinder/rootwrap.conf env LC_ALL=C qemu-img info -f qcow2 --output=json --force-share /opt/stack/data/cinder/mnt/1d5b241fcce13b3aa3715c6a7b41560b/volume-c7968c2e-72eb-4382-8e54-0420a1f94485
Sep 01 02:00:47 devstack sudo[91681]: pam_unix(sudo:session): session opened for user root(uid=0) by (uid=1000)
Sep 01 02:00:47 devstack cinder-volume[87128]: DEBUG cinder.volume.manager [None req-900606b4-cc38-4336-b61b-3fabb3e5dcd0 tempest-GroupSnapshotsTest-772471291 None] Task 'cinder.volume.flows.manager.create_volume.CreateVolumeFromSpecTask;volume:create' (b0b10f03-0c4d-4b65-bb85-1fa6f15de87d) transitioned into state 'SUCCESS' from state 'RUNNING' with result '{'status': 'creating', 'volume_name': 'volume-a222a766-c2e4-4561-8c0f-caa120341b20', 'volume_size': 1}' {{(pid=87128) _task_receiver /opt/stack/data/venv/lib/python3.12/site-packages/taskflow/listeners/logging.py:218}}
Sep 01 02:00:47 devstack cinder-volume[87128]: DEBUG cinder.volume.manager [None req-900606b4-cc38-4336-b61b-3fabb3e5dcd0 tempest-GroupSnapshotsTest-772471291 None] Task 'cinder.volume.flows.manager.create_volume.CreateVolumeOnFinishTask;volume:create, create.end' (97245e5c-c49e-4a37-b060-3ee3f5a875c3) transitioned into state 'RUNNING' from state 'PENDING' {{(pid=87128) _task_receiver /opt/stack/data/venv/lib/python3.12/site-packages/taskflow/listeners/logging.py:242}}
Sep 01 02:00:47 devstack cinder-volume[87128]: INFO cinder.volume.flows.manager.create_volume [None req-900606b4-cc38-4336-b61b-3fabb3e5dcd0 tempest-GroupSnapshotsTest-772471291 None] Volume volume-a222a766-c2e4-4561-8c0f-caa120341b20 (a222a766-c2e4-4561-8c0f-caa120341b20): created successfully
Sep 01 02:00:47 devstack cinder-volume[87128]: DEBUG cinder.volume.manager [None req-900606b4-cc38-4336-b61b-3fabb3e5dcd0 tempest-GroupSnapshotsTest-772471291 None] Task 'cinder.volume.flows.manager.create_volume.CreateVolumeOnFinishTask;volume:create, create.end' (97245e5c-c49e-4a37-b060-3ee3f5a875c3) transitioned into state 'SUCCESS' from state 'RUNNING' with result 'None' {{(pid=87128) _task_receiver /opt/stack/data/venv/lib/python3.12/site-packages/taskflow/listeners/logging.py:218}}
Sep 01 02:00:47 devstack cinder-volume[87128]: DEBUG cinder.volume.manager [None req-900606b4-cc38-4336-b61b-3fabb3e5dcd0 tempest-GroupSnapshotsTest-772471291 None] Flow 'volume_create_manager' (c545a92b-f8c4-4838-b478-2f84f26b7f14) transitioned into state 'SUCCESS' from state 'RUNNING' {{(pid=87128) _flow_receiver /opt/stack/data/venv/lib/python3.12/site-packages/taskflow/listeners/logging.py:160}}
Sep 01 02:00:47 devstack cinder-volume[87128]: INFO cinder.volume.manager [None req-900606b4-cc38-4336-b61b-3fabb3e5dcd0 tempest-GroupSnapshotsTest-772471291 None] Created volume successfully.
Sep 01 02:00:47 devstack sudo[91681]: pam_unix(sudo:session): session closed for user root
Sep 01 02:00:47 devstack cinder-volume[87128]: DEBUG oslo_concurrency.processutils [req-cf599cf1-3564-4a8f-a448-9862bf9ef969 req-2a8d29ef-5fe2-4b08-b005-d09f7355fd91 tempest-VolumesSnapshotsTestJSON-2127590053 None] CMD "/opt/stack/data/venv/bin/python3.12 -m oslo_concurrency.prlimit --as=1073741824 --cpu=60 -- sudo cinder-rootwrap /etc/cinder/rootwrap.conf env LC_ALL=C qemu-img info -f qcow2 --output=json --force-share /opt/stack/data/cinder/mnt/1d5b241fcce13b3aa3715c6a7b41560b/volume-c7968c2e-72eb-4382-8e54-0420a1f94485" returned: 0 in 0.648s {{(pid=87128) execute /opt/stack/data/venv/lib/python3.12/site-packages/oslo_concurrency/processutils.py:468}}
Sep 01 02:00:47 devstack cinder-volume[87128]: DEBUG oslo_concurrency.processutils [req-cf599cf1-3564-4a8f-a448-9862bf9ef969 req-2a8d29ef-5fe2-4b08-b005-d09f7355fd91 tempest-VolumesSnapshotsTestJSON-2127590053 None] Running cmd (subprocess): sudo cinder-rootwrap /etc/cinder/rootwrap.conf qemu-img commit -d /opt/stack/data/cinder/mnt/1d5b241fcce13b3aa3715c6a7b41560b/volume-c7968c2e-72eb-4382-8e54-0420a1f94485.316aa381-447b-4aaf-baa1-df2784910111 {{(pid=87128) execute /opt/stack/data/venv/lib/python3.12/site-packages/oslo_concurrency/processutils.py:440}}
Sep 01 02:00:47 devstack sudo[92028]: quobyte : PWD=/ ; USER=root ; COMMAND=/opt/stack/data/venv/bin/cinder-rootwrap /etc/cinder/rootwrap.conf qemu-img commit -d /opt/stack/data/cinder/mnt/1d5b241fcce13b3aa3715c6a7b41560b/volume-c7968c2e-72eb-4382-8e54-0420a1f94485.316aa381-447b-4aaf-baa1-df2784910111
Sep 01 02:00:47 devstack sudo[92028]: pam_unix(sudo:session): session opened for user root(uid=0) by (uid=1000)
Sep 01 02:00:48 devstack sudo[92028]: pam_unix(sudo:session): session closed for user root
Sep 01 02:00:48 devstack cinder-volume[87128]: DEBUG oslo_concurrency.processutils [req-cf599cf1-3564-4a8f-a448-9862bf9ef969 req-2a8d29ef-5fe2-4b08-b005-d09f7355fd91 tempest-VolumesSnapshotsTestJSON-2127590053 None] CMD "sudo cinder-rootwrap /etc/cinder/rootwrap.conf qemu-img commit -d /opt/stack/data/cinder/mnt/1d5b241fcce13b3aa3715c6a7b41560b/volume-c7968c2e-72eb-4382-8e54-0420a1f94485.316aa381-447b-4aaf-baa1-df2784910111" returned: 0 in 0.596s {{(pid=87128) execute /opt/stack/data/venv/lib/python3.12/site-packages/oslo_concurrency/processutils.py:468}}
Sep 01 02:00:48 devstack cinder-volume[87128]: DEBUG oslo_concurrency.processutils [req-cf599cf1-3564-4a8f-a448-9862bf9ef969 req-2a8d29ef-5fe2-4b08-b005-d09f7355fd91 tempest-VolumesSnapshotsTestJSON-2127590053 None] Running cmd (subprocess): sudo cinder-rootwrap /etc/cinder/rootwrap.conf rm -f /opt/stack/data/cinder/mnt/1d5b241fcce13b3aa3715c6a7b41560b/volume-c7968c2e-72eb-4382-8e54-0420a1f94485.316aa381-447b-4aaf-baa1-df2784910111 {{(pid=87128) execute /opt/stack/data/venv/lib/python3.12/site-packages/oslo_concurrency/processutils.py:440}}
Sep 01 02:00:48 devstack sudo[92040]: quobyte : PWD=/ ; USER=root ; COMMAND=/opt/stack/data/venv/bin/cinder-rootwrap /etc/cinder/rootwrap.conf rm -f /opt/stack/data/cinder/mnt/1d5b241fcce13b3aa3715c6a7b41560b/volume-c7968c2e-72eb-4382-8e54-0420a1f94485.316aa381-447b-4aaf-baa1-df2784910111
Sep 01 02:00:48 devstack sudo[92040]: pam_unix(sudo:session): session opened for user root(uid=0) by (uid=1000)
Sep 01 02:00:48 devstack sudo[92040]: pam_unix(sudo:session): session closed for user root
Sep 01 02:00:48 devstack cinder-volume[87128]: DEBUG oslo_concurrency.processutils [req-cf599cf1-3564-4a8f-a448-9862bf9ef969 req-2a8d29ef-5fe2-4b08-b005-d09f7355fd91 tempest-VolumesSnapshotsTestJSON-2127590053 None] CMD "sudo cinder-rootwrap /etc/cinder/rootwrap.conf rm -f /opt/stack/data/cinder/mnt/1d5b241fcce13b3aa3715c6a7b41560b/volume-c7968c2e-72eb-4382-8e54-0420a1f94485.316aa381-447b-4aaf-baa1-df2784910111" returned: 0 in 0.383s {{(pid=87128) execute /opt/stack/data/venv/lib/python3.12/site-packages/oslo_concurrency/processutils.py:468}}
Sep 01 02:00:49 devstack cinder-volume[87128]: DEBUG cinder.coordination [req-cf599cf1-3564-4a8f-a448-9862bf9ef969 req-2a8d29ef-5fe2-4b08-b005-d09f7355fd91 tempest-VolumesSnapshotsTestJSON-2127590053 None] Lock "cinder-quobyte-316aa381-447b-4aaf-baa1-df2784910111" released by "_delete_snapshot" :: held 2.367s {{(pid=87128) __release /opt/stack/cinder/cinder/coordination.py:152}}
