Jul 21 08:13:58 devstack cinder-volume[87372]: DEBUG cinder.volume.drivers.quobyte [None req-66b12d88-ea81-45a6-aafd-b25d457383df tempest-AttachVolumeNegativeTest-1805662753 None] ==> create_volume: call "{'self': , 'volume': Volume(_name_id=None,admin_metadata=,attach_status='detached',availability_zone='nova',bootable=False,cluster=,cluster_name=None,consistencygroup=,consistencygroup_id=None,created_at=2026-07-21T06:13:57Z,deleted=False,deleted_at=None,display_description=None,display_name='tempest-AttachVolumeNegativeTest-volume-1885961544',ec2_id=None,encryption_key_id=None,glance_metadata=,group=,group_id=None,host='devstack@QuobyteHD#QuobyteHD',id=eca08d57-ae19-4422-9e53-aa40bce475da,launched_at=None,metadata={},migration_status=None,multiattach=False,previous_status=None,project_id='32bf21706e234bf1a8e1327cdebef6c8',provider_auth=None,provider_geometry=None,provider_id=None,provider_location=None,replication_driver_data=None,replication_extended_status=None,replication_status=None,scheduled_at=2026-07-21T06:13:58Z,service_uuid=None,shared_targets=True,size=1,snapshot_id=None,snapshots=,source_volid=None,status='creating',terminated_at=None,updated_at=2026-07-21T06:13:58Z,use_quota=True,user_id='61249131966f4582b2cd15382a000279',volume_attachment=VolumeAttachmentList,volume_type=VolumeType(d7c39011-2c13-42af-b25b-48d039b80ed1),volume_type_id=d7c39011-2c13-42af-b25b-48d039b80ed1)}" {{(pid=87372) trace_logging_wrapper /opt/stack/cinder/cinder/volume/volume_utils.py:1497}}
Jul 21 08:13:58 devstack cinder-volume[87372]: DEBUG cinder.volume.drivers.remotefs [None req-66b12d88-ea81-45a6-aafd-b25d457383df tempest-AttachVolumeNegativeTest-1805662753 None] Creating volume eca08d57-ae19-4422-9e53-aa40bce475da {{(pid=87372) create_volume /opt/stack/cinder/cinder/volume/drivers/remotefs.py:292}}
Jul 21 08:13:58 devstack cinder-volume[87372]: DEBUG oslo_concurrency.lockutils [None req-66b12d88-ea81-45a6-aafd-b25d457383df tempest-AttachVolumeNegativeTest-1805662753 None] Acquiring lock "quobyte_ensure" by "cinder.volume.drivers.quobyte.QuobyteDriver._ensure_shares_mounted" {{(pid=87372) inner /opt/stack/data/venv/lib/python3.12/site-packages/oslo_concurrency/lockutils.py:512}}
Jul 21 08:13:58 devstack cinder-volume[87372]: DEBUG oslo_concurrency.lockutils [None req-66b12d88-ea81-45a6-aafd-b25d457383df tempest-AttachVolumeNegativeTest-1805662753 None] Lock "quobyte_ensure" acquired by "cinder.volume.drivers.quobyte.QuobyteDriver._ensure_shares_mounted" :: waited 0.000s {{(pid=87372) inner /opt/stack/data/venv/lib/python3.12/site-packages/oslo_concurrency/lockutils.py:525}}
Jul 21 08:13:58 devstack cinder-volume[87372]: DEBUG cinder.volume.drivers.quobyte [None req-66b12d88-ea81-45a6-aafd-b25d457383df tempest-AttachVolumeNegativeTest-1805662753 None] Quobyte Volume URL set to: {'osci02.corp.quobyte.com/cinder-vol-61c26bd9-5126-4e5b-b274-fa1991916e06': None} {{(pid=87372) _load_shares_config /opt/stack/cinder/cinder/volume/drivers/quobyte.py:651}}
Jul 21 08:13:58 devstack cinder-volume[87372]: DEBUG cinder.volume.drivers.quobyte [None req-66b12d88-ea81-45a6-aafd-b25d457383df tempest-AttachVolumeNegativeTest-1805662753 None] Available shares ['osci02.corp.quobyte.com/cinder-vol-61c26bd9-5126-4e5b-b274-fa1991916e06'] {{(pid=87372) _ensure_shares_mounted /opt/stack/cinder/cinder/volume/drivers/quobyte.py:681}}
Jul 21 08:13:58 devstack cinder-volume[87372]: DEBUG oslo_concurrency.lockutils [None req-66b12d88-ea81-45a6-aafd-b25d457383df tempest-AttachVolumeNegativeTest-1805662753 None] Lock "quobyte_ensure" "released" by "cinder.volume.drivers.quobyte.QuobyteDriver._ensure_shares_mounted" :: held 0.011s {{(pid=87372) inner /opt/stack/data/venv/lib/python3.12/site-packages/oslo_concurrency/lockutils.py:544}}
Jul 21 08:13:58 devstack cinder-volume[87372]: DEBUG cinder.volume.drivers.quobyte [None req-66b12d88-ea81-45a6-aafd-b25d457383df tempest-AttachVolumeNegativeTest-1805662753 None] Selected osci02.corp.quobyte.com/cinder-vol-61c26bd9-5126-4e5b-b274-fa1991916e06 as target Quobyte volume. {{(pid=87372) _find_share /opt/stack/cinder/cinder/volume/drivers/quobyte.py:702}}
Jul 21 08:13:58 devstack cinder-volume[87372]: INFO cinder.volume.drivers.remotefs [None req-66b12d88-ea81-45a6-aafd-b25d457383df tempest-AttachVolumeNegativeTest-1805662753 None] casted to osci02.corp.quobyte.com/cinder-vol-61c26bd9-5126-4e5b-b274-fa1991916e06
Jul 21 08:13:58 devstack cinder-volume[87372]: DEBUG oslo_concurrency.processutils [None req-66b12d88-ea81-45a6-aafd-b25d457383df tempest-AttachVolumeNegativeTest-1805662753 None] Running cmd (subprocess): sudo cinder-rootwrap /etc/cinder/rootwrap.conf qemu-img create -f qcow2 -o preallocation=metadata /opt/stack/data/cinder/mnt/5fb61706f5344b2d994d87f5778d55f1/volume-eca08d57-ae19-4422-9e53-aa40bce475da 1073741824 {{(pid=87372) execute /opt/stack/data/venv/lib/python3.12/site-packages/oslo_concurrency/processutils.py:440}}
Jul 21 08:13:58 devstack sudo[93062]: quobyte : PWD=/ ; USER=root ; COMMAND=/opt/stack/data/venv/bin/cinder-rootwrap /etc/cinder/rootwrap.conf qemu-img create -f qcow2 -o preallocation=metadata /opt/stack/data/cinder/mnt/5fb61706f5344b2d994d87f5778d55f1/volume-eca08d57-ae19-4422-9e53-aa40bce475da 1073741824
Jul 21 08:13:58 devstack sudo[93062]: pam_unix(sudo:session): session opened for user root(uid=0) by (uid=1000)
Jul 21 08:13:58 devstack sudo[93047]: pam_unix(sudo:session): session closed for user root
Jul 21 08:13:58 devstack cinder-volume[87372]: DEBUG oslo_concurrency.processutils [None req-4b9b547f-46f2-42d8-91d6-05fdb92b12aa tempest-SnapshotsActionsTest-981537179 None] CMD "sudo cinder-rootwrap /etc/cinder/rootwrap.conf qemu-img commit -d /opt/stack/data/cinder/mnt/5fb61706f5344b2d994d87f5778d55f1/volume-be6314d0-7d66-4301-912d-61a635a149d4.41333883-0bce-4d10-bd1f-798858edd02c" returned: 0 in 0.541s {{(pid=87372) execute /opt/stack/data/venv/lib/python3.12/site-packages/oslo_concurrency/processutils.py:468}}
Jul 21 08:13:58 devstack cinder-volume[87372]: DEBUG oslo_concurrency.processutils [None req-4b9b547f-46f2-42d8-91d6-05fdb92b12aa tempest-SnapshotsActionsTest-981537179 None] Running cmd (subprocess): sudo cinder-rootwrap /etc/cinder/rootwrap.conf rm -f /opt/stack/data/cinder/mnt/5fb61706f5344b2d994d87f5778d55f1/volume-be6314d0-7d66-4301-912d-61a635a149d4.41333883-0bce-4d10-bd1f-798858edd02c {{(pid=87372) execute /opt/stack/data/venv/lib/python3.12/site-packages/oslo_concurrency/processutils.py:440}}
Jul 21 08:13:58 devstack sudo[93065]: quobyte : PWD=/ ; USER=root ; COMMAND=/opt/stack/data/venv/bin/cinder-rootwrap /etc/cinder/rootwrap.conf rm -f /opt/stack/data/cinder/mnt/5fb61706f5344b2d994d87f5778d55f1/volume-be6314d0-7d66-4301-912d-61a635a149d4.41333883-0bce-4d10-bd1f-798858edd02c
Jul 21 08:13:58 devstack sudo[93065]: pam_unix(sudo:session): session opened for user root(uid=0) by (uid=1000)
Jul 21 08:13:58 devstack sudo[93065]: pam_unix(sudo:session): session closed for user root
Jul 21 08:13:58 devstack cinder-volume[87372]: DEBUG oslo_concurrency.processutils [None req-4b9b547f-46f2-42d8-91d6-05fdb92b12aa tempest-SnapshotsActionsTest-981537179 None] CMD "sudo cinder-rootwrap /etc/cinder/rootwrap.conf rm -f /opt/stack/data/cinder/mnt/5fb61706f5344b2d994d87f5778d55f1/volume-be6314d0-7d66-4301-912d-61a635a149d4.41333883-0bce-4d10-bd1f-798858edd02c" returned: 0 in 0.312s {{(pid=87372) execute /opt/stack/data/venv/lib/python3.12/site-packages/oslo_concurrency/processutils.py:468}}
Jul 21 08:13:58 devstack cinder-volume[87372]: DEBUG cinder.coordination [None req-4b9b547f-46f2-42d8-91d6-05fdb92b12aa tempest-SnapshotsActionsTest-981537179 None] Lock "cinder-quobyte-41333883-0bce-4d10-bd1f-798858edd02c" released by "_delete_snapshot" :: held 1.995s {{(pid=87372) __release /opt/stack/cinder/cinder/coordination.py:152}}
Jul 21 08:13:58 devstack cinder-volume[87372]: DEBUG cinder.coordination [None req-4b9b547f-46f2-42d8-91d6-05fdb92b12aa tempest-SnapshotsActionsTest-981537179 None] Lock "cinder-quobyte-be6314d0-7d66-4301-912d-61a635a149d4" released by "delete_snapshot" :: held 2.030s {{(pid=87372) __release /opt/stack/cinder/cinder/coordination.py:152}}
Jul 21 08:13:58 devstack sudo[93062]: pam_unix(sudo:session): session closed for user root
Jul 21 08:13:58 devstack cinder-volume[87372]: DEBUG oslo_concurrency.processutils [None req-66b12d88-ea81-45a6-aafd-b25d457383df tempest-AttachVolumeNegativeTest-1805662753 None] CMD "sudo cinder-rootwrap /etc/cinder/rootwrap.conf qemu-img create -f qcow2 -o preallocation=metadata /opt/stack/data/cinder/mnt/5fb61706f5344b2d994d87f5778d55f1/volume-eca08d57-ae19-4422-9e53-aa40bce475da 1073741824" returned: 0 in 0.490s {{(pid=87372) execute /opt/stack/data/venv/lib/python3.12/site-packages/oslo_concurrency/processutils.py:468}}
Jul 21 08:13:58 devstack cinder-volume[87372]: DEBUG cinder.quota [None req-4b9b547f-46f2-42d8-91d6-05fdb92b12aa tempest-SnapshotsActionsTest-981537179 None] Created reservations ['843b8b7b-6254-4ddf-8ac8-497deeda5ba2', '54cd606a-51e1-411d-9d2f-46cd8f504ec2', '6167d3e7-8712-4955-a07c-a6def8749e2a', 'ffb3812f-2d94-442c-9b49-3e6f3928d8a9'] {{(pid=87372) reserve /opt/stack/cinder/cinder/quota.py:752}}
Jul 21 08:13:58 devstack cinder-volume[87372]: DEBUG oslo_concurrency.processutils [None req-66b12d88-ea81-45a6-aafd-b25d457383df tempest-AttachVolumeNegativeTest-1805662753 None] Running cmd (subprocess): sudo cinder-rootwrap /etc/cinder/rootwrap.conf chmod ugo+rw /opt/stack/data/cinder/mnt/5fb61706f5344b2d994d87f5778d55f1/volume-eca08d57-ae19-4422-9e53-aa40bce475da {{(pid=87372) execute /opt/stack/data/venv/lib/python3.12/site-packages/oslo_concurrency/processutils.py:440}}
Jul 21 08:13:58 devstack sudo[93083]: quobyte : PWD=/ ; USER=root ; COMMAND=/opt/stack/data/venv/bin/cinder-rootwrap /etc/cinder/rootwrap.conf chmod ugo+rw /opt/stack/data/cinder/mnt/5fb61706f5344b2d994d87f5778d55f1/volume-eca08d57-ae19-4422-9e53-aa40bce475da
Jul 21 08:13:58 devstack sudo[93083]: pam_unix(sudo:session): session opened for user root(uid=0) by (uid=1000)
Jul 21 08:13:58 devstack cinder-volume[87372]: INFO cinder.volume.manager [None req-4b9b547f-46f2-42d8-91d6-05fdb92b12aa tempest-SnapshotsActionsTest-981537179 None] Delete snapshot completed successfully.
Jul 21 08:13:58 devstack cinder-volume[87372]: DEBUG cinder.coordination [None req-4b9b547f-46f2-42d8-91d6-05fdb92b12aa tempest-SnapshotsActionsTest-981537179 None] Lock "cinder-41333883-0bce-4d10-bd1f-798858edd02c-delete_snapshot" released by "delete_snapshot" :: held 2.243s {{(pid=87372) __release /opt/stack/cinder/cinder/coordination.py:152}}
Jul 21 08:13:58 devstack sudo[93083]: pam_unix(sudo:session): session closed for user root
Jul 21 08:13:58 devstack cinder-volume[87372]: DEBUG oslo_concurrency.processutils [None req-66b12d88-ea81-45a6-aafd-b25d457383df tempest-AttachVolumeNegativeTest-1805662753 None] CMD "sudo cinder-rootwrap /etc/cinder/rootwrap.conf chmod ugo+rw /opt/stack/data/cinder/mnt/5fb61706f5344b2d994d87f5778d55f1/volume-eca08d57-ae19-4422-9e53-aa40bce475da" returned: 0 in 0.282s {{(pid=87372) execute /opt/stack/data/venv/lib/python3.12/site-packages/oslo_concurrency/processutils.py:468}}
Jul 21 08:13:58 devstack cinder-volume[87372]: DEBUG cinder.volume.drivers.quobyte [None req-66b12d88-ea81-45a6-aafd-b25d457383df tempest-AttachVolumeNegativeTest-1805662753 None] <== create_volume: return (833ms) {'provider_location': 'osci02.corp.quobyte.com/cinder-vol-61c26bd9-5126-4e5b-b274-fa1991916e06'} {{(pid=87372) trace_logging_wrapper /opt/stack/cinder/cinder/volume/volume_utils.py:1522}}
Jul 21 08:13:58 devstack cinder-volume[87372]: DEBUG oslo_concurrency.lockutils [None req-66b12d88-ea81-45a6-aafd-b25d457383df tempest-AttachVolumeNegativeTest-1805662753 None] Lock "quobyte" "released" by "cinder.volume.drivers.quobyte.QuobyteDriver.create_volume" :: held 0.836s {{(pid=87372) inner /opt/stack/data/venv/lib/python3.12/site-packages/oslo_concurrency/lockutils.py:544}}
Jul 21 08:13:58 devstack cinder-volume[87372]: DEBUG cinder.volume.manager [None req-66b12d88-ea81-45a6-aafd-b25d457383df tempest-AttachVolumeNegativeTest-1805662753 None] Task 'cinder.volume.flows.manager.create_volume.CreateVolumeFromSpecTask;volume:create' (30570286-bf86-4e10-8f85-130d682dcb68) transitioned into state 'SUCCESS' from state 'RUNNING' with result '{'status': 'creating', 'volume_name': 'volume-eca08d57-ae19-4422-9e53-aa40bce475da', 'volume_size': 1}' {{(pid=87372) _task_receiver /opt/stack/data/venv/lib/python3.12/site-packages/taskflow/listeners/logging.py:218}}
Jul 21 08:13:58 devstack cinder-volume[87372]: DEBUG cinder.volume.manager [None req-66b12d88-ea81-45a6-aafd-b25d457383df tempest-AttachVolumeNegativeTest-1805662753 None] Task 'cinder.volume.flows.manager.create_volume.CreateVolumeOnFinishTask;volume:create, create.end' (76b451da-ea63-4a76-a177-12ace7fe38f3) transitioned into state 'RUNNING' from state 'PENDING' {{(pid=87372) _task_receiver /opt/stack/data/venv/lib/python3.12/site-packages/taskflow/listeners/logging.py:242}}
Jul 21 08:13:58 devstack cinder-volume[87372]: INFO cinder.volume.flows.manager.create_volume [None req-66b12d88-ea81-45a6-aafd-b25d457383df tempest-AttachVolumeNegativeTest-1805662753 None] Volume volume-eca08d57-ae19-4422-9e53-aa40bce475da (eca08d57-ae19-4422-9e53-aa40bce475da): created successfully
Jul 21 08:13:58 devstack cinder-volume[87372]: DEBUG cinder.volume.manager [None req-66b12d88-ea81-45a6-aafd-b25d457383df tempest-AttachVolumeNegativeTest-1805662753 None] Task 'cinder.volume.flows.manager.create_volume.CreateVolumeOnFinishTask;volume:create, create.end' (76b451da-ea63-4a76-a177-12ace7fe38f3) transitioned into state 'SUCCESS' from state 'RUNNING' with result 'None' {{(pid=87372) _task_receiver /opt/stack/data/venv/lib/python3.12/site-packages/taskflow/listeners/logging.py:218}}
Jul 21 08:13:58 devstack cinder-volume[87372]: DEBUG cinder.volume.manager [None req-66b12d88-ea81-45a6-aafd-b25d457383df tempest-AttachVolumeNegativeTest-1805662753 None] Flow 'volume_create_manager' (109c8c7c-5e55-4722-b718-1fc9719363cc) transitioned into state 'SUCCESS' from state 'RUNNING' {{(pid=87372) _flow_receiver /opt/stack/data/venv/lib/python3.12/site-packages/taskflow/listeners/logging.py:160}}
Jul 21 08:13:58 devstack cinder-volume[87372]: INFO cinder.volume.manager [None req-66b12d88-ea81-45a6-aafd-b25d457383df tempest-AttachVolumeNegativeTest-1805662753 None] Created volume successfully.
Jul 21 08:14:00 devstack cinder-volume[87372]: DEBUG oslo_concurrency.lockutils [None req-0d7051a7-350c-4105-8a1b-13bfe4bd768d tempest-SnapshotsActionsTest-1035096803 None] Acquiring lock "quobyte" by "cinder.volume.drivers.quobyte.QuobyteDriver.create_snapshot" {{(pid=87372) inner /opt/stack/data/venv/lib/python3.12/site-packages/oslo_concurrency/lockutils.py:512}}
Jul 21 08:14:00 devstack cinder-volume[87372]: DEBUG oslo_concurrency.lockutils [None req-0d7051a7-350c-4105-8a1b-13bfe4bd768d tempest-SnapshotsActionsTest-1035096803 None] Lock "quobyte" acquired by "cinder.volume.drivers.quobyte.QuobyteDriver.create_snapshot" :: waited 0.001s {{(pid=87372) inner /opt/stack/data/venv/lib/python3.12/site-packages/oslo_concurrency/lockutils.py:525}}
Jul 21 08:14:00 devstack cinder-volume[87372]: DEBUG cinder.volume.drivers.remotefs [None req-0d7051a7-350c-4105-8a1b-13bfe4bd768d tempest-SnapshotsActionsTest-1035096803 None] Creating offline snapshot b980d381-70ca-4fce-bfe7-84ebed92bb4e of volume be6314d0-7d66-4301-912d-61a635a149d4 {{(pid=87372) _create_snapshot /opt/stack/cinder/cinder/volume/drivers/remotefs.py:1816}}
Jul 21 08:14:00 devstack cinder-volume[87372]: DEBUG oslo.privsep.daemon [-] privsep: reply[466ad23f-9201-4ea2-b367-1d67d6f531e7]: (4, 'qcow2') {{(pid=88536) _call_back /opt/stack/data/venv/lib/python3.12/site-packages/oslo_privsep/daemon.py:580}}
Jul 21 08:14:00 devstack cinder-volume[87372]: DEBUG oslo_concurrency.processutils [None req-0d7051a7-350c-4105-8a1b-13bfe4bd768d tempest-SnapshotsActionsTest-1035096803 None] Running cmd (subprocess): /opt/stack/data/venv/bin/python3.12 -m oslo_concurrency.prlimit --as=1073741824 --cpu=60 -- sudo cinder-rootwrap /etc/cinder/rootwrap.conf env LC_ALL=C qemu-img info -f qcow2 --output=json --force-share /opt/stack/data/cinder/mnt/5fb61706f5344b2d994d87f5778d55f1/volume-be6314d0-7d66-4301-912d-61a635a149d4.1aed394f-ccf8-4dbb-80e0-b758f9ceca93 {{(pid=87372) execute /opt/stack/data/venv/lib/python3.12/site-packages/oslo_concurrency/processutils.py:440}}
Jul 21 08:14:00 devstack sudo[93096]: quobyte : PWD=/ ; USER=root ; COMMAND=/opt/stack/data/venv/bin/cinder-rootwrap /etc/cinder/rootwrap.conf env LC_ALL=C qemu-img info -f qcow2 --output=json --force-share /opt/stack/data/cinder/mnt/5fb61706f5344b2d994d87f5778d55f1/volume-be6314d0-7d66-4301-912d-61a635a149d4.1aed394f-ccf8-4dbb-80e0-b758f9ceca93
Jul 21 08:14:00 devstack sudo[93096]: pam_unix(sudo:session): session opened for user root(uid=0) by (uid=1000)
Jul 21 08:14:00 devstack sudo[93096]: pam_unix(sudo:session): session closed for user root
Jul 21 08:14:00 devstack cinder-volume[87372]: DEBUG oslo_concurrency.processutils [None req-0d7051a7-350c-4105-8a1b-13bfe4bd768d tempest-SnapshotsActionsTest-1035096803 None] CMD "/opt/stack/data/venv/bin/python3.12 -m oslo_concurrency.prlimit --as=1073741824 --cpu=60 -- sudo cinder-rootwrap /etc/cinder/rootwrap.conf env LC_ALL=C qemu-img info -f qcow2 --output=json --force-share /opt/stack/data/cinder/mnt/5fb61706f5344b2d994d87f5778d55f1/volume-be6314d0-7d66-4301-912d-61a635a149d4.1aed394f-ccf8-4dbb-80e0-b758f9ceca93" returned: 0 in 0.540s {{(pid=87372) execute /opt/stack/data/venv/lib/python3.12/site-packages/oslo_concurrency/processutils.py:468}}
Jul 21 08:14:00 devstack cinder-volume[87372]: DEBUG cinder.volume.drivers.remotefs [None req-0d7051a7-350c-4105-8a1b-13bfe4bd768d tempest-SnapshotsActionsTest-1035096803 None] Fetching qemu-img info with special backing_file_template: (/opt/stack/data/cinder/mnt/[0-9a-f]+/)?(volume-be6314d0-7d66-4301-912d-61a635a149d4(.(tmp-snap-)?[0-9a-f-]+)?|volume_from_snapshot_cache/(tmp-snap-)?[0-9a-f-]+(.(child-|parent-)[0-9a-f-]+)?)$ {{(pid=87372) _qemu_img_info_base /opt/stack/cinder/cinder/volume/drivers/remotefs.py:896}}
Jul 21 08:14:00 devstack cinder-volume[87372]: DEBUG oslo_concurrency.processutils [None req-0d7051a7-350c-4105-8a1b-13bfe4bd768d tempest-SnapshotsActionsTest-1035096803 None] Running cmd (subprocess): sudo cinder-rootwrap /etc/cinder/rootwrap.conf qemu-img create -f qcow2 -o backing_file=/opt/stack/data/cinder/mnt/5fb61706f5344b2d994d87f5778d55f1/volume-be6314d0-7d66-4301-912d-61a635a149d4.1aed394f-ccf8-4dbb-80e0-b758f9ceca93,backing_fmt=qcow2 /opt/stack/data/cinder/mnt/5fb61706f5344b2d994d87f5778d55f1/volume-be6314d0-7d66-4301-912d-61a635a149d4.b980d381-70ca-4fce-bfe7-84ebed92bb4e 1G {{(pid=87372) execute /opt/stack/data/venv/lib/python3.12/site-packages/oslo_concurrency/processutils.py:440}}
Jul 21 08:14:00 devstack sudo[93106]: quobyte : PWD=/ ; USER=root ; COMMAND=/opt/stack/data/venv/bin/cinder-rootwrap /etc/cinder/rootwrap.conf qemu-img create -f qcow2 -o backing_file=/opt/stack/data/cinder/mnt/5fb61706f5344b2d994d87f5778d55f1/volume-be6314d0-7d66-4301-912d-61a635a149d4.1aed394f-ccf8-4dbb-80e0-b758f9ceca93,backing_fmt=qcow2 /opt/stack/data/cinder/mnt/5fb61706f5344b2d994d87f5778d55f1/volume-be6314d0-7d66-4301-912d-61a635a149d4.b980d381-70ca-4fce-bfe7-84ebed92bb4e 1G
Jul 21 08:14:00 devstack sudo[93106]: pam_unix(sudo:session): session opened for user root(uid=0) by (uid=1000)
Jul 21 08:14:01 devstack cinder-volume[87372]: DEBUG oslo_concurrency.lockutils [req-6f953d5c-6f45-4a2c-a147-d196002f7da5 req-a60be276-0281-48eb-9d9b-88829a846806 tempest-AttachVolumeNegativeTest-1805662753 None] Acquiring lock "quobyte" by "cinder.volume.drivers.quobyte.QuobyteDriver.initialize_connection" {{(pid=87372) inner /opt/stack/data/venv/lib/python3.12/site-packages/oslo_concurrency/lockutils.py:512}}
Jul 21 08:14:01 devstack sudo[93106]: pam_unix(sudo:session): session closed for user root
Jul 21 08:14:01 devstack cinder-volume[87372]: DEBUG oslo_concurrency.processutils [None req-0d7051a7-350c-4105-8a1b-13bfe4bd768d tempest-SnapshotsActionsTest-1035096803 None] CMD "sudo cinder-rootwrap /etc/cinder/rootwrap.conf qemu-img create -f qcow2 -o backing_file=/opt/stack/data/cinder/mnt/5fb61706f5344b2d994d87f5778d55f1/volume-be6314d0-7d66-4301-912d-61a635a149d4.1aed394f-ccf8-4dbb-80e0-b758f9ceca93,backing_fmt=qcow2 /opt/stack/data/cinder/mnt/5fb61706f5344b2d994d87f5778d55f1/volume-be6314d0-7d66-4301-912d-61a635a149d4.b980d381-70ca-4fce-bfe7-84ebed92bb4e 1G" returned: 0 in 0.798s {{(pid=87372) execute /opt/stack/data/venv/lib/python3.12/site-packages/oslo_concurrency/processutils.py:468}}
Jul 21 08:14:01 devstack cinder-volume[87372]: DEBUG oslo_concurrency.processutils [None req-0d7051a7-350c-4105-8a1b-13bfe4bd768d tempest-SnapshotsActionsTest-1035096803 None] Running cmd (subprocess): sudo cinder-rootwrap /etc/cinder/rootwrap.conf qemu-img rebase -u -b volume-be6314d0-7d66-4301-912d-61a635a149d4.1aed394f-ccf8-4dbb-80e0-b758f9ceca93 -F qcow2 /opt/stack/data/cinder/mnt/5fb61706f5344b2d994d87f5778d55f1/volume-be6314d0-7d66-4301-912d-61a635a149d4.b980d381-70ca-4fce-bfe7-84ebed92bb4e {{(pid=87372) execute /opt/stack/data/venv/lib/python3.12/site-packages/oslo_concurrency/processutils.py:440}}
Jul 21 08:14:01 devstack sudo[93137]: quobyte : PWD=/ ; USER=root ; COMMAND=/opt/stack/data/venv/bin/cinder-rootwrap /etc/cinder/rootwrap.conf qemu-img rebase -u -b volume-be6314d0-7d66-4301-912d-61a635a149d4.1aed394f-ccf8-4dbb-80e0-b758f9ceca93 -F qcow2 /opt/stack/data/cinder/mnt/5fb61706f5344b2d994d87f5778d55f1/volume-be6314d0-7d66-4301-912d-61a635a149d4.b980d381-70ca-4fce-bfe7-84ebed92bb4e
Jul 21 08:14:01 devstack sudo[93137]: pam_unix(sudo:session): session opened for user root(uid=0) by (uid=1000)
Jul 21 08:14:02 devstack sudo[93137]: pam_unix(sudo:session): session closed for user root
Jul 21 08:14:02 devstack cinder-volume[87372]: DEBUG oslo_concurrency.processutils [None req-0d7051a7-350c-4105-8a1b-13bfe4bd768d tempest-SnapshotsActionsTest-1035096803 None] CMD "sudo cinder-rootwrap /etc/cinder/rootwrap.conf qemu-img rebase -u -b volume-be6314d0-7d66-4301-912d-61a635a149d4.1aed394f-ccf8-4dbb-80e0-b758f9ceca93 -F qcow2 /opt/stack/data/cinder/mnt/5fb61706f5344b2d994d87f5778d55f1/volume-be6314d0-7d66-4301-912d-61a635a149d4.b980d381-70ca-4fce-bfe7-84ebed92bb4e" returned: 0 in 0.488s {{(pid=87372) execute /opt/stack/data/venv/lib/python3.12/site-packages/oslo_concurrency/processutils.py:468}}
Jul 21 08:14:02 devstack cinder-volume[87372]: WARNING cinder.volume.drivers.remotefs [None req-0d7051a7-350c-4105-8a1b-13bfe4bd768d tempest-SnapshotsActionsTest-1035096803 None] /opt/stack/data/cinder/mnt/5fb61706f5344b2d994d87f5778d55f1/volume-be6314d0-7d66-4301-912d-61a635a149d4.b980d381-70ca-4fce-bfe7-84ebed92bb4e is being set with open permissions: ugo+rw
Jul 21 08:14:02 devstack cinder-volume[87372]: DEBUG oslo_concurrency.processutils [None req-0d7051a7-350c-4105-8a1b-13bfe4bd768d tempest-SnapshotsActionsTest-1035096803 None] Running cmd (subprocess): sudo cinder-rootwrap /etc/cinder/rootwrap.conf chmod ugo+rw /opt/stack/data/cinder/mnt/5fb61706f5344b2d994d87f5778d55f1/volume-be6314d0-7d66-4301-912d-61a635a149d4.b980d381-70ca-4fce-bfe7-84ebed92bb4e {{(pid=87372) execute /opt/stack/data/venv/lib/python3.12/site-packages/oslo_concurrency/processutils.py:440}}
Jul 21 08:14:02 devstack sudo[93184]: quobyte : PWD=/ ; USER=root ; COMMAND=/opt/stack/data/venv/bin/cinder-rootwrap /etc/cinder/rootwrap.conf chmod ugo+rw /opt/stack/data/cinder/mnt/5fb61706f5344b2d994d87f5778d55f1/volume-be6314d0-7d66-4301-912d-61a635a149d4.b980d381-70ca-4fce-bfe7-84ebed92bb4e
Jul 21 08:14:02 devstack sudo[93184]: pam_unix(sudo:session): session opened for user root(uid=0) by (uid=1000)
Jul 21 08:14:02 devstack sudo[93184]: pam_unix(sudo:session): session closed for user root
Jul 21 08:14:02 devstack cinder-volume[87372]: DEBUG oslo_concurrency.processutils [None req-0d7051a7-350c-4105-8a1b-13bfe4bd768d tempest-SnapshotsActionsTest-1035096803 None] CMD "sudo cinder-rootwrap /etc/cinder/rootwrap.conf chmod ugo+rw /opt/stack/data/cinder/mnt/5fb61706f5344b2d994d87f5778d55f1/volume-be6314d0-7d66-4301-912d-61a635a149d4.b980d381-70ca-4fce-bfe7-84ebed92bb4e" returned: 0 in 0.496s {{(pid=87372) execute /opt/stack/data/venv/lib/python3.12/site-packages/oslo_concurrency/processutils.py:468}}
Jul 21 08:14:02 devstack cinder-volume[87372]: DEBUG oslo_concurrency.lockutils [None req-0d7051a7-350c-4105-8a1b-13bfe4bd768d tempest-SnapshotsActionsTest-1035096803 None] Lock "quobyte" "released" by "cinder.volume.drivers.quobyte.QuobyteDriver.create_snapshot" :: held 2.480s {{(pid=87372) inner /opt/stack/data/venv/lib/python3.12/site-packages/oslo_concurrency/lockutils.py:544}}
Jul 21 08:14:02 devstack cinder-volume[87372]: DEBUG oslo_concurrency.lockutils [req-6f953d5c-6f45-4a2c-a147-d196002f7da5 req-a60be276-0281-48eb-9d9b-88829a846806 tempest-AttachVolumeNegativeTest-1805662753 None] Lock "quobyte" acquired by "cinder.volume.drivers.quobyte.QuobyteDriver.initialize_connection" :: waited 1.217s {{(pid=87372) inner /opt/stack/data/venv/lib/python3.12/site-packages/oslo_concurrency/lockutils.py:525}}
Jul 21 08:14:02 devstack cinder-volume[87372]: DEBUG oslo_concurrency.lockutils [req-6f953d5c-6f45-4a2c-a147-d196002f7da5 req-a60be276-0281-48eb-9d9b-88829a846806 tempest-AttachVolumeNegativeTest-1805662753 None] Lock "quobyte" "released" by "cinder.volume.drivers.quobyte.QuobyteDriver.initialize_connection" :: held 0.021s {{(pid=87372) inner /opt/stack/data/venv/lib/python3.12/site-packages/oslo_concurrency/lockutils.py:544}}
Jul 21 08:14:02 devstack cinder-volume[87372]: INFO cinder.volume.manager [None req-0d7051a7-350c-4105-8a1b-13bfe4bd768d tempest-SnapshotsActionsTest-1035096803 None] Create snapshot completed successfully
Jul 21 08:14:02 devstack cinder-volume[87372]: DEBUG cinder.volume.manager [req-6f953d5c-6f45-4a2c-a147-d196002f7da5 req-a60be276-0281-48eb-9d9b-88829a846806 tempest-AttachVolumeNegativeTest-1805662753 None] Connection info returned from driver {'export': 'osci02.corp.quobyte.com/cinder-vol-61c26bd9-5126-4e5b-b274-fa1991916e06', 'name': 'volume-eca08d57-ae19-4422-9e53-aa40bce475da', 'options': None, 'format': 'qcow2', 'qos_specs': None, 'access_mode': 'rw', 'encrypted': False, 'cacheable': False, 'driver_volume_type': 'quobyte', 'mount_point_base': '/opt/stack/data/cinder/mnt', 'attachment_id': '09f44d6a-8656-4859-a227-3b3ed71ca4d3', 'enforce_multipath': True} {{(pid=87372) _connection_create /opt/stack/cinder/cinder/volume/manager.py:4924}}
Jul 21 08:14:02 devstack cinder-volume[87372]: INFO cinder.volume.manager [req-6f953d5c-6f45-4a2c-a147-d196002f7da5 req-a60be276-0281-48eb-9d9b-88829a846806 tempest-AttachVolumeNegativeTest-1805662753 None] attachment_update completed successfully.
Jul 21 08:14:03 devstack cinder-volume[87372]: DEBUG cinder.coordination [None req-191f634d-0cd8-4c49-a8c2-a12360f6cf7f tempest-SnapshotsActionsTest-981537179 None] Acquiring lock "cinder-b980d381-70ca-4fce-bfe7-84ebed92bb4e-delete_snapshot" by "delete_snapshot" {{(pid=87372) __acquire /opt/stack/cinder/cinder/coordination.py:138}}
Jul 21 08:14:03 devstack cinder-volume[87372]: DEBUG cinder.coordination [None req-191f634d-0cd8-4c49-a8c2-a12360f6cf7f tempest-SnapshotsActionsTest-981537179 None] Lock "cinder-b980d381-70ca-4fce-bfe7-84ebed92bb4e-delete_snapshot" acquired by "delete_snapshot" :: waited 0.052s {{(pid=87372) __acquire /opt/stack/cinder/cinder/coordination.py:141}}
Jul 21 08:14:03 devstack cinder-volume[87372]: DEBUG cinder.coordination [None req-191f634d-0cd8-4c49-a8c2-a12360f6cf7f tempest-SnapshotsActionsTest-981537179 None] Acquiring lock "cinder-quobyte-be6314d0-7d66-4301-912d-61a635a149d4" by "delete_snapshot" {{(pid=87372) __acquire /opt/stack/cinder/cinder/coordination.py:138}}
Jul 21 08:14:03 devstack cinder-volume[87372]: DEBUG cinder.coordination [None req-191f634d-0cd8-4c49-a8c2-a12360f6cf7f tempest-SnapshotsActionsTest-981537179 None] Lock "cinder-quobyte-be6314d0-7d66-4301-912d-61a635a149d4" acquired by "delete_snapshot" :: waited 0.045s {{(pid=87372) __acquire /opt/stack/cinder/cinder/coordination.py:141}}
Jul 21 08:14:03 devstack cinder-volume[87372]: DEBUG cinder.coordination [None req-191f634d-0cd8-4c49-a8c2-a12360f6cf7f tempest-SnapshotsActionsTest-981537179 None] Acquiring lock "cinder-quobyte-b980d381-70ca-4fce-bfe7-84ebed92bb4e" by "_delete_snapshot" {{(pid=87372) __acquire /opt/stack/cinder/cinder/coordination.py:138}}
Jul 21 08:14:03 devstack cinder-volume[87372]: DEBUG cinder.coordination [None req-191f634d-0cd8-4c49-a8c2-a12360f6cf7f tempest-SnapshotsActionsTest-981537179 None] Lock "cinder-quobyte-b980d381-70ca-4fce-bfe7-84ebed92bb4e" acquired by "_delete_snapshot" :: waited 0.037s {{(pid=87372) __acquire /opt/stack/cinder/cinder/coordination.py:141}}
Jul 21 08:14:03 devstack cinder-volume[87372]: DEBUG cinder.volume.drivers.remotefs [None req-191f634d-0cd8-4c49-a8c2-a12360f6cf7f tempest-SnapshotsActionsTest-981537179 None] Deleting offline snapshot b980d381-70ca-4fce-bfe7-84ebed92bb4e of volume be6314d0-7d66-4301-912d-61a635a149d4 {{(pid=87372) _delete_snapshot /opt/stack/cinder/cinder/volume/drivers/remotefs.py:1288}}
Jul 21 08:14:03 devstack cinder-volume[87372]: DEBUG cinder.volume.drivers.remotefs [None req-191f634d-0cd8-4c49-a8c2-a12360f6cf7f tempest-SnapshotsActionsTest-981537179 None] snapshot_file for this snap is: volume-be6314d0-7d66-4301-912d-61a635a149d4.b980d381-70ca-4fce-bfe7-84ebed92bb4e {{(pid=87372) _delete_snapshot /opt/stack/cinder/cinder/volume/drivers/remotefs.py:1317}}
Jul 21 08:14:03 devstack cinder-volume[87372]: DEBUG oslo.privsep.daemon [-] privsep: reply[6ddb3a0f-5b21-4050-b3b1-32b6f3af4a47]: (4, 'qcow2') {{(pid=88536) _call_back /opt/stack/data/venv/lib/python3.12/site-packages/oslo_privsep/daemon.py:580}}
Jul 21 08:14:03 devstack cinder-volume[87372]: DEBUG oslo_concurrency.processutils [None req-191f634d-0cd8-4c49-a8c2-a12360f6cf7f tempest-SnapshotsActionsTest-981537179 None] Running cmd (subprocess): /opt/stack/data/venv/bin/python3.12 -m oslo_concurrency.prlimit --as=1073741824 --cpu=60 -- sudo cinder-rootwrap /etc/cinder/rootwrap.conf env LC_ALL=C qemu-img info -f qcow2 --output=json --force-share /opt/stack/data/cinder/mnt/5fb61706f5344b2d994d87f5778d55f1/volume-be6314d0-7d66-4301-912d-61a635a149d4.b980d381-70ca-4fce-bfe7-84ebed92bb4e {{(pid=87372) execute /opt/stack/data/venv/lib/python3.12/site-packages/oslo_concurrency/processutils.py:440}}
Jul 21 08:14:04 devstack sudo[93579]: quobyte : PWD=/ ; USER=root ; COMMAND=/opt/stack/data/venv/bin/cinder-rootwrap /etc/cinder/rootwrap.conf env LC_ALL=C qemu-img info -f qcow2 --output=json --force-share /opt/stack/data/cinder/mnt/5fb61706f5344b2d994d87f5778d55f1/volume-be6314d0-7d66-4301-912d-61a635a149d4.b980d381-70ca-4fce-bfe7-84ebed92bb4e
Jul 21 08:14:04 devstack sudo[93579]: pam_unix(sudo:session): session opened for user root(uid=0) by (uid=1000)
Jul 21 08:14:04 devstack sudo[93579]: pam_unix(sudo:session): session closed for user root
Jul 21 08:14:04 devstack cinder-volume[87372]: DEBUG oslo_concurrency.processutils [None req-191f634d-0cd8-4c49-a8c2-a12360f6cf7f tempest-SnapshotsActionsTest-981537179 None] CMD "/opt/stack/data/venv/bin/python3.12 -m oslo_concurrency.prlimit --as=1073741824 --cpu=60 -- sudo cinder-rootwrap /etc/cinder/rootwrap.conf env LC_ALL=C qemu-img info -f qcow2 --output=json --force-share /opt/stack/data/cinder/mnt/5fb61706f5344b2d994d87f5778d55f1/volume-be6314d0-7d66-4301-912d-61a635a149d4.b980d381-70ca-4fce-bfe7-84ebed92bb4e" returned: 0 in 0.726s {{(pid=87372) execute /opt/stack/data/venv/lib/python3.12/site-packages/oslo_concurrency/processutils.py:468}}
Jul 21 08:14:04 devstack cinder-volume[87372]: DEBUG cinder.volume.drivers.remotefs [None req-191f634d-0cd8-4c49-a8c2-a12360f6cf7f tempest-SnapshotsActionsTest-981537179 None] Fetching qemu-img info with special backing_file_template: (/opt/stack/data/cinder/mnt/[0-9a-f]+/)?(volume-be6314d0-7d66-4301-912d-61a635a149d4(.(tmp-snap-)?[0-9a-f-]+)?|volume_from_snapshot_cache/(tmp-snap-)?[0-9a-f-]+(.(child-|parent-)[0-9a-f-]+)?)$ {{(pid=87372) _qemu_img_info_base /opt/stack/cinder/cinder/volume/drivers/remotefs.py:896}}
Jul 21 08:14:04 devstack cinder-volume[87372]: DEBUG oslo.privsep.daemon [-] privsep: reply[93e0b914-10bd-44ec-821b-64e66be0cb84]: (4, 'qcow2') {{(pid=88536) _call_back /opt/stack/data/venv/lib/python3.12/site-packages/oslo_privsep/daemon.py:580}}
Jul 21 08:14:04 devstack cinder-volume[87372]: DEBUG oslo_concurrency.processutils [None req-191f634d-0cd8-4c49-a8c2-a12360f6cf7f tempest-SnapshotsActionsTest-981537179 None] Running cmd (subprocess): /opt/stack/data/venv/bin/python3.12 -m oslo_concurrency.prlimit --as=1073741824 --cpu=60 -- sudo cinder-rootwrap /etc/cinder/rootwrap.conf env LC_ALL=C qemu-img info -f qcow2 --output=json --force-share /opt/stack/data/cinder/mnt/5fb61706f5344b2d994d87f5778d55f1/volume-be6314d0-7d66-4301-912d-61a635a149d4.1aed394f-ccf8-4dbb-80e0-b758f9ceca93 {{(pid=87372) execute /opt/stack/data/venv/lib/python3.12/site-packages/oslo_concurrency/processutils.py:440}}
Jul 21 08:14:04 devstack sudo[93584]: quobyte : PWD=/ ; USER=root ; COMMAND=/opt/stack/data/venv/bin/cinder-rootwrap /etc/cinder/rootwrap.conf env LC_ALL=C qemu-img info -f qcow2 --output=json --force-share /opt/stack/data/cinder/mnt/5fb61706f5344b2d994d87f5778d55f1/volume-be6314d0-7d66-4301-912d-61a635a149d4.1aed394f-ccf8-4dbb-80e0-b758f9ceca93
Jul 21 08:14:04 devstack sudo[93584]: pam_unix(sudo:session): session opened for user root(uid=0) by (uid=1000)
Jul 21 08:14:05 devstack sudo[93584]: pam_unix(sudo:session): session closed for user root
Jul 21 08:14:05 devstack cinder-volume[87372]: DEBUG oslo_concurrency.processutils [None req-191f634d-0cd8-4c49-a8c2-a12360f6cf7f tempest-SnapshotsActionsTest-981537179 None] CMD "/opt/stack/data/venv/bin/python3.12 -m oslo_concurrency.prlimit --as=1073741824 --cpu=60 -- sudo cinder-rootwrap /etc/cinder/rootwrap.conf env LC_ALL=C qemu-img info -f qcow2 --output=json --force-share /opt/stack/data/cinder/mnt/5fb61706f5344b2d994d87f5778d55f1/volume-be6314d0-7d66-4301-912d-61a635a149d4.1aed394f-ccf8-4dbb-80e0-b758f9ceca93" returned: 0 in 0.794s {{(pid=87372) execute /opt/stack/data/venv/lib/python3.12/site-packages/oslo_concurrency/processutils.py:468}}
Jul 21 08:14:05 devstack cinder-volume[87372]: DEBUG cinder.volume.drivers.remotefs [None req-191f634d-0cd8-4c49-a8c2-a12360f6cf7f tempest-SnapshotsActionsTest-981537179 None] Fetching qemu-img info with special backing_file_template: (/opt/stack/data/cinder/mnt/[0-9a-f]+/)?(volume-be6314d0-7d66-4301-912d-61a635a149d4(.(tmp-snap-)?[0-9a-f-]+)?|volume_from_snapshot_cache/(tmp-snap-)?[0-9a-f-]+(.(child-|parent-)[0-9a-f-]+)?)$ {{(pid=87372) _qemu_img_info_base /opt/stack/cinder/cinder/volume/drivers/remotefs.py:896}}
Jul 21 08:14:05 devstack cinder-volume[87372]: DEBUG oslo_concurrency.processutils [None req-191f634d-0cd8-4c49-a8c2-a12360f6cf7f tempest-SnapshotsActionsTest-981537179 None] Running cmd (subprocess): sudo cinder-rootwrap /etc/cinder/rootwrap.conf qemu-img commit -d /opt/stack/data/cinder/mnt/5fb61706f5344b2d994d87f5778d55f1/volume-be6314d0-7d66-4301-912d-61a635a149d4.b980d381-70ca-4fce-bfe7-84ebed92bb4e {{(pid=87372) execute /opt/stack/data/venv/lib/python3.12/site-packages/oslo_concurrency/processutils.py:440}}
Jul 21 08:14:05 devstack sudo[93591]: quobyte : PWD=/ ; USER=root ; COMMAND=/opt/stack/data/venv/bin/cinder-rootwrap /etc/cinder/rootwrap.conf qemu-img commit -d /opt/stack/data/cinder/mnt/5fb61706f5344b2d994d87f5778d55f1/volume-be6314d0-7d66-4301-912d-61a635a149d4.b980d381-70ca-4fce-bfe7-84ebed92bb4e
Jul 21 08:14:05 devstack sudo[93591]: pam_unix(sudo:session): session opened for user root(uid=0) by (uid=1000)
Jul 21 08:14:06 devstack cinder-volume[87372]: DEBUG dbcounter [-] [87372] Writing DB stats cinder:SELECT=105,cinder:UPDATE=115,cinder:DELETE=11,cinder:INSERT=26 {{(pid=87372) stat_writer /opt/stack/data/venv/lib/python3.12/site-packages/dbcounter.py:115}}
Jul 21 08:14:06 devstack cinder-volume[87372]: DEBUG dbcounter [-] [87372] Writing DB stats cinder:UPDATE=117,cinder:SELECT=102,cinder:INSERT=30,cinder:DELETE=12 {{(pid=87372) stat_writer /opt/stack/data/venv/lib/python3.12/site-packages/dbcounter.py:115}}
Jul 21 08:14:06 devstack cinder-volume[87372]: INFO cinder.volume.manager [req-ba2f9577-0380-4e5d-b9cf-9bd1624bc043 req-78a85fe6-394d-4774-8a4c-e1c514bacad1 tempest-AttachVolumeNegativeTest-1805662753 None] Terminate volume connection completed successfully.
Jul 21 08:14:06 devstack cinder-volume[87372]: DEBUG cinder.volume.manager [req-ba2f9577-0380-4e5d-b9cf-9bd1624bc043 req-78a85fe6-394d-4774-8a4c-e1c514bacad1 tempest-AttachVolumeNegativeTest-1805662753 None] Deleting attachment 09f44d6a-8656-4859-a227-3b3ed71ca4d3. {{(pid=87372) attachment_delete /opt/stack/cinder/cinder/volume/manager.py:5055}}
Jul 21 08:14:06 devstack sudo[93591]: pam_unix(sudo:session): session closed for user root
Jul 21 08:14:06 devstack cinder-volume[87372]: DEBUG oslo_concurrency.processutils [None req-191f634d-0cd8-4c49-a8c2-a12360f6cf7f tempest-SnapshotsActionsTest-981537179 None] CMD "sudo cinder-rootwrap /etc/cinder/rootwrap.conf qemu-img commit -d /opt/stack/data/cinder/mnt/5fb61706f5344b2d994d87f5778d55f1/volume-be6314d0-7d66-4301-912d-61a635a149d4.b980d381-70ca-4fce-bfe7-84ebed92bb4e" returned: 0 in 0.895s {{(pid=87372) execute /opt/stack/data/venv/lib/python3.12/site-packages/oslo_concurrency/processutils.py:468}}
Jul 21 08:14:06 devstack cinder-volume[87372]: DEBUG oslo_concurrency.processutils [None req-191f634d-0cd8-4c49-a8c2-a12360f6cf7f tempest-SnapshotsActionsTest-981537179 None] Running cmd (subprocess): sudo cinder-rootwrap /etc/cinder/rootwrap.conf rm -f /opt/stack/data/cinder/mnt/5fb61706f5344b2d994d87f5778d55f1/volume-be6314d0-7d66-4301-912d-61a635a149d4.b980d381-70ca-4fce-bfe7-84ebed92bb4e {{(pid=87372) execute /opt/stack/data/venv/lib/python3.12/site-packages/oslo_concurrency/processutils.py:440}}
Jul 21 08:14:06 devstack sudo[93625]: quobyte : PWD=/ ; USER=root ; COMMAND=/opt/stack/data/venv/bin/cinder-rootwrap /etc/cinder/rootwrap.conf rm -f /opt/stack/data/cinder/mnt/5fb61706f5344b2d994d87f5778d55f1/volume-be6314d0-7d66-4301-912d-61a635a149d4.b980d381-70ca-4fce-bfe7-84ebed92bb4e
Jul 21 08:14:06 devstack sudo[93625]: pam_unix(sudo:session): session opened for user root(uid=0) by (uid=1000)
Jul 21 08:14:06 devstack sudo[93625]: pam_unix(sudo:session): session closed for user root
Jul 21 08:14:06 devstack cinder-volume[87372]: DEBUG oslo_concurrency.processutils [None req-191f634d-0cd8-4c49-a8c2-a12360f6cf7f tempest-SnapshotsActionsTest-981537179 None] CMD "sudo cinder-rootwrap /etc/cinder/rootwrap.conf rm -f /opt/stack/data/cinder/mnt/5fb61706f5344b2d994d87f5778d55f1/volume-be6314d0-7d66-4301-912d-61a635a149d4.b980d381-70ca-4fce-bfe7-84ebed92bb4e" returned: 0 in 0.351s {{(pid=87372) execute /opt/stack/data/venv/lib/python3.12/site-packages/oslo_concurrency/processutils.py:468}}
Jul 21 08:14:06 devstack cinder-volume[87372]: DEBUG cinder.coordination [None req-191f634d-0cd8-4c49-a8c2-a12360f6cf7f tempest-SnapshotsActionsTest-981537179 None] Lock "cinder-quobyte-b980d381-70ca-4fce-bfe7-84ebed92bb4e" released by "_delete_snapshot" :: held 2.984s {{(pid=87372) __release /opt/stack/cinder/cinder/coordination.py:152}}
Jul 21 08:14:06 devstack cinder-volume[87372]: DEBUG cinder.coordination [None req-191f634d-0cd8-4c49-a8c2-a12360f6cf7f tempest-SnapshotsActionsTest-981537179 None] Lock "cinder-quobyte-be6314d0-7d66-4301-912d-61a635a149d4" released by "delete_snapshot" :: held 3.042s {{(pid=87372) __release /opt/stack/cinder/cinder/coordination.py:152}}
Jul 21 08:14:06 devstack cinder-volume[87372]: DEBUG cinder.quota [None req-191f634d-0cd8-4c49-a8c2-a12360f6cf7f tempest-SnapshotsActionsTest-981537179 None] Created reservations ['cd9572d2-9a9a-4527-bed5-9e540337c094', '7a77c77e-e0be-419c-bbf1-f75658fa03bf', '3471cc66-882b-49c0-8bbb-6650276224d3', 'd1610290-3287-43a6-b77c-4a3f150d0f1a'] {{(pid=87372) reserve /opt/stack/cinder/cinder/quota.py:752}}
Jul 21 08:14:07 devstack cinder-volume[87372]: INFO cinder.volume.manager [None req-191f634d-0cd8-4c49-a8c2-a12360f6cf7f tempest-SnapshotsActionsTest-981537179 None] Delete snapshot completed successfully.
Jul 21 08:14:07 devstack cinder-volume[87372]: DEBUG cinder.coordination [None req-191f634d-0cd8-4c49-a8c2-a12360f6cf7f tempest-SnapshotsActionsTest-981537179 None] Lock "cinder-b980d381-70ca-4fce-bfe7-84ebed92bb4e-delete_snapshot" released by "delete_snapshot" :: held 3.351s {{(pid=87372) __release /opt/stack/cinder/cinder/coordination.py:152}}
Jul 21 08:14:08 devstack cinder-volume[87372]: DEBUG oslo_concurrency.lockutils [None req-7ac3ae2b-ae9b-488b-bd09-355e8d4e2708 tempest-SnapshotsActionsTest-1035096803 None] Acquiring lock "quobyte" by "cinder.volume.drivers.quobyte.QuobyteDriver.create_snapshot" {{(pid=87372) inner /opt/stack/data/venv/lib/python3.12/site-packages/oslo_concurrency/lockutils.py:512}}
Jul 21 08:14:08 devstack cinder-volume[87372]: DEBUG oslo_concurrency.lockutils [None req-7ac3ae2b-ae9b-488b-bd09-355e8d4e2708 tempest-SnapshotsActionsTest-1035096803 None] Lock "quobyte" acquired by "cinder.volume.drivers.quobyte.QuobyteDriver.create_snapshot" :: waited 0.003s {{(pid=87372) inner /opt/stack/data/venv/lib/python3.12/site-packages/oslo_concurrency/lockutils.py:525}}
Jul 21 08:14:08 devstack cinder-volume[87372]: DEBUG cinder.volume.drivers.remotefs [None req-7ac3ae2b-ae9b-488b-bd09-355e8d4e2708 tempest-SnapshotsActionsTest-1035096803 None] Creating offline snapshot 957e5728-3453-43c2-a328-330e5aa76ee8 of volume be6314d0-7d66-4301-912d-61a635a149d4 {{(pid=87372) _create_snapshot /opt/stack/cinder/cinder/volume/drivers/remotefs.py:1816}}
Jul 21 08:14:08 devstack cinder-volume[87372]: DEBUG oslo.privsep.daemon [-] privsep: reply[84aef605-1453-40ec-aecd-40553d26a84e]: (4, 'qcow2') {{(pid=88536) _call_back /opt/stack/data/venv/lib/python3.12/site-packages/oslo_privsep/daemon.py:580}}
Jul 21 08:14:08 devstack cinder-volume[87372]: DEBUG oslo_concurrency.processutils [None req-7ac3ae2b-ae9b-488b-bd09-355e8d4e2708 tempest-SnapshotsActionsTest-1035096803 None] Running cmd (subprocess): /opt/stack/data/venv/bin/python3.12 -m oslo_concurrency.prlimit --as=1073741824 --cpu=60 -- sudo cinder-rootwrap /etc/cinder/rootwrap.conf env LC_ALL=C qemu-img info -f qcow2 --output=json --force-share /opt/stack/data/cinder/mnt/5fb61706f5344b2d994d87f5778d55f1/volume-be6314d0-7d66-4301-912d-61a635a149d4.1aed394f-ccf8-4dbb-80e0-b758f9ceca93 {{(pid=87372) execute /opt/stack/data/venv/lib/python3.12/site-packages/oslo_concurrency/processutils.py:440}}
Jul 21 08:14:08 devstack sudo[93650]: quobyte : PWD=/ ; USER=root ; COMMAND=/opt/stack/data/venv/bin/cinder-rootwrap /etc/cinder/rootwrap.conf env LC_ALL=C qemu-img info -f qcow2 --output=json --force-share /opt/stack/data/cinder/mnt/5fb61706f5344b2d994d87f5778d55f1/volume-be6314d0-7d66-4301-912d-61a635a149d4.1aed394f-ccf8-4dbb-80e0-b758f9ceca93
Jul 21 08:14:08 devstack sudo[93650]: pam_unix(sudo:session): session opened for user root(uid=0) by (uid=1000)
Jul 21 08:14:09 devstack sudo[93650]: pam_unix(sudo:session): session closed for user root
Jul 21 08:14:09 devstack cinder-volume[87372]: DEBUG oslo_concurrency.processutils [None req-7ac3ae2b-ae9b-488b-bd09-355e8d4e2708 tempest-SnapshotsActionsTest-1035096803 None] CMD "/opt/stack/data/venv/bin/python3.12 -m oslo_concurrency.prlimit --as=1073741824 --cpu=60 -- sudo cinder-rootwrap /etc/cinder/rootwrap.conf env LC_ALL=C qemu-img info -f qcow2 --output=json --force-share /opt/stack/data/cinder/mnt/5fb61706f5344b2d994d87f5778d55f1/volume-be6314d0-7d66-4301-912d-61a635a149d4.1aed394f-ccf8-4dbb-80e0-b758f9ceca93" returned: 0 in 0.728s {{(pid=87372) execute /opt/stack/data/venv/lib/python3.12/site-packages/oslo_concurrency/processutils.py:468}}
Jul 21 08:14:09 devstack cinder-volume[87372]: DEBUG cinder.volume.drivers.remotefs [None req-7ac3ae2b-ae9b-488b-bd09-355e8d4e2708 tempest-SnapshotsActionsTest-1035096803 None] Fetching qemu-img info with special backing_file_template: (/opt/stack/data/cinder/mnt/[0-9a-f]+/)?(volume-be6314d0-7d66-4301-912d-61a635a149d4(.(tmp-snap-)?[0-9a-f-]+)?|volume_from_snapshot_cache/(tmp-snap-)?[0-9a-f-]+(.(child-|parent-)[0-9a-f-]+)?)$ {{(pid=87372) _qemu_img_info_base /opt/stack/cinder/cinder/volume/drivers/remotefs.py:896}}
Jul 21 08:14:09 devstack cinder-volume[87372]: DEBUG oslo_concurrency.processutils [None req-7ac3ae2b-ae9b-488b-bd09-355e8d4e2708 tempest-SnapshotsActionsTest-1035096803 None] Running cmd (subprocess): sudo cinder-rootwrap /etc/cinder/rootwrap.conf qemu-img create -f qcow2 -o backing_file=/opt/stack/data/cinder/mnt/5fb61706f5344b2d994d87f5778d55f1/volume-be6314d0-7d66-4301-912d-61a635a149d4.1aed394f-ccf8-4dbb-80e0-b758f9ceca93,backing_fmt=qcow2 /opt/stack/data/cinder/mnt/5fb61706f5344b2d994d87f5778d55f1/volume-be6314d0-7d66-4301-912d-61a635a149d4.957e5728-3453-43c2-a328-330e5aa76ee8 1G {{(pid=87372) execute /opt/stack/data/venv/lib/python3.12/site-packages/oslo_concurrency/processutils.py:440}}
Jul 21 08:14:09 devstack sudo[93690]: quobyte : PWD=/ ; USER=root ; COMMAND=/opt/stack/data/venv/bin/cinder-rootwrap /etc/cinder/rootwrap.conf qemu-img create -f qcow2 -o backing_file=/opt/stack/data/cinder/mnt/5fb61706f5344b2d994d87f5778d55f1/volume-be6314d0-7d66-4301-912d-61a635a149d4.1aed394f-ccf8-4dbb-80e0-b758f9ceca93,backing_fmt=qcow2 /opt/stack/data/cinder/mnt/5fb61706f5344b2d994d87f5778d55f1/volume-be6314d0-7d66-4301-912d-61a635a149d4.957e5728-3453-43c2-a328-330e5aa76ee8 1G
Jul 21 08:14:09 devstack sudo[93690]: pam_unix(sudo:session): session opened for user root(uid=0) by (uid=1000)
Jul 21 08:14:10 devstack sudo[93690]: pam_unix(sudo:session): session closed for user root
Jul 21 08:14:10 devstack cinder-volume[87372]: DEBUG oslo_concurrency.processutils [None req-7ac3ae2b-ae9b-488b-bd09-355e8d4e2708 tempest-SnapshotsActionsTest-1035096803 None] CMD "sudo cinder-rootwrap /etc/cinder/rootwrap.conf qemu-img create -f qcow2 -o backing_file=/opt/stack/data/cinder/mnt/5fb61706f5344b2d994d87f5778d55f1/volume-be6314d0-7d66-4301-912d-61a635a149d4.1aed394f-ccf8-4dbb-80e0-b758f9ceca93,backing_fmt=qcow2 /opt/stack/data/cinder/mnt/5fb61706f5344b2d994d87f5778d55f1/volume-be6314d0-7d66-4301-912d-61a635a149d4.957e5728-3453-43c2-a328-330e5aa76ee8 1G" returned: 0 in 0.854s {{(pid=87372) execute /opt/stack/data/venv/lib/python3.12/site-packages/oslo_concurrency/processutils.py:468}}
Jul 21 08:14:10 devstack cinder-volume[87372]: DEBUG oslo_concurrency.processutils [None req-7ac3ae2b-ae9b-488b-bd09-355e8d4e2708 tempest-SnapshotsActionsTest-1035096803 None] Running cmd (subprocess): sudo cinder-rootwrap /etc/cinder/rootwrap.conf qemu-img rebase -u -b volume-be6314d0-7d66-4301-912d-61a635a149d4.1aed394f-ccf8-4dbb-80e0-b758f9ceca93 -F qcow2 /opt/stack/data/cinder/mnt/5fb61706f5344b2d994d87f5778d55f1/volume-be6314d0-7d66-4301-912d-61a635a149d4.957e5728-3453-43c2-a328-330e5aa76ee8 {{(pid=87372) execute /opt/stack/data/venv/lib/python3.12/site-packages/oslo_concurrency/processutils.py:440}}
Jul 21 08:14:10 devstack sudo[93702]: quobyte : PWD=/ ; USER=root ; COMMAND=/opt/stack/data/venv/bin/cinder-rootwrap /etc/cinder/rootwrap.conf qemu-img rebase -u -b volume-be6314d0-7d66-4301-912d-61a635a149d4.1aed394f-ccf8-4dbb-80e0-b758f9ceca93 -F qcow2 /opt/stack/data/cinder/mnt/5fb61706f5344b2d994d87f5778d55f1/volume-be6314d0-7d66-4301-912d-61a635a149d4.957e5728-3453-43c2-a328-330e5aa76ee8
Jul 21 08:14:10 devstack sudo[93702]: pam_unix(sudo:session): session opened for user root(uid=0) by (uid=1000)
Jul 21 08:14:11 devstack sudo[93702]: pam_unix(sudo:session): session closed for user root
Jul 21 08:14:11 devstack cinder-volume[87372]: DEBUG oslo_concurrency.processutils [None req-7ac3ae2b-ae9b-488b-bd09-355e8d4e2708 tempest-SnapshotsActionsTest-1035096803 None] CMD "sudo cinder-rootwrap /etc/cinder/rootwrap.conf qemu-img rebase -u -b volume-be6314d0-7d66-4301-912d-61a635a149d4.1aed394f-ccf8-4dbb-80e0-b758f9ceca93 -F qcow2 /opt/stack/data/cinder/mnt/5fb61706f5344b2d994d87f5778d55f1/volume-be6314d0-7d66-4301-912d-61a635a149d4.957e5728-3453-43c2-a328-330e5aa76ee8" returned: 0 in 0.788s {{(pid=87372) execute /opt/stack/data/venv/lib/python3.12/site-packages/oslo_concurrency/processutils.py:468}}
Jul 21 08:14:11 devstack cinder-volume[87372]: WARNING cinder.volume.drivers.remotefs [None req-7ac3ae2b-ae9b-488b-bd09-355e8d4e2708 tempest-SnapshotsActionsTest-1035096803 None] /opt/stack/data/cinder/mnt/5fb61706f5344b2d994d87f5778d55f1/volume-be6314d0-7d66-4301-912d-61a635a149d4.957e5728-3453-43c2-a328-330e5aa76ee8 is being set with open permissions: ugo+rw
Jul 21 08:14:11 devstack cinder-volume[87372]: DEBUG oslo_concurrency.processutils [None req-7ac3ae2b-ae9b-488b-bd09-355e8d4e2708 tempest-SnapshotsActionsTest-1035096803 None] Running cmd (subprocess): sudo cinder-rootwrap /etc/cinder/rootwrap.conf chmod ugo+rw /opt/stack/data/cinder/mnt/5fb61706f5344b2d994d87f5778d55f1/volume-be6314d0-7d66-4301-912d-61a635a149d4.957e5728-3453-43c2-a328-330e5aa76ee8 {{(pid=87372) execute /opt/stack/data/venv/lib/python3.12/site-packages/oslo_concurrency/processutils.py:440}}
Jul 21 08:14:11 devstack sudo[93708]: quobyte : PWD=/ ; USER=root ; COMMAND=/opt/stack/data/venv/bin/cinder-rootwrap /etc/cinder/rootwrap.conf chmod ugo+rw /opt/stack/data/cinder/mnt/5fb61706f5344b2d994d87f5778d55f1/volume-be6314d0-7d66-4301-912d-61a635a149d4.957e5728-3453-43c2-a328-330e5aa76ee8
Jul 21 08:14:11 devstack sudo[93708]: pam_unix(sudo:session): session opened for user root(uid=0) by (uid=1000)
