Aug 05 06:12:59 devstack devstack@c-api.service[88388]: INFO cinder.api.openstack.wsgi [None req-70c43398-a2d6-49e0-b7e2-af13a5c13bf8 tempest-VolumesTransfersTest-170828364 tempest-VolumesTransfersTest-170828364-project-member] http://192.168.122.36/volume/v3/os-volume-transfer/4d6323ac-b871-4740-b4cb-496183db2f50 returned with HTTP 200
Aug 05 06:12:59 devstack devstack@c-api.service[88388]: [pid: 88388|app: 0|req: 193/401] 192.168.122.36 () {58 vars in 1260 bytes} [Wed Aug 5 06:12:59 2026] GET /volume/v3/os-volume-transfer/4d6323ac-b871-4740-b4cb-496183db2f50 => generated 415 bytes in 20 msecs (HTTP/1.1 200) 7 headers in 285 bytes (1 switches on core 0)
Aug 05 06:12:59 devstack devstack@c-api.service[88389]: DEBUG cinder.api.middleware.request_id [None req-058fbee9-241d-493a-8b82-62c3ef78c026 None None] RequestId filter calling following filter/app {{(pid=88389) _context_setter /opt/stack/cinder/cinder/api/middleware/request_id.py:62}}
Aug 05 06:12:59 devstack devstack@c-api.service[88389]: INFO cinder.api.openstack.wsgi [None req-058fbee9-241d-493a-8b82-62c3ef78c026 tempest-VolumesTransfersTest-170828364 tempest-VolumesTransfersTest-170828364-project-member] GET http://192.168.122.36/volume/v3/os-volume-transfer
Aug 05 06:12:59 devstack devstack@c-api.service[88389]: DEBUG cinder.api.openstack.wsgi [None req-058fbee9-241d-493a-8b82-62c3ef78c026 tempest-VolumesTransfersTest-170828364 tempest-VolumesTransfersTest-170828364-project-member] Empty body provided in request {{(pid=88389) get_body /opt/stack/cinder/cinder/api/openstack/wsgi.py:725}}
Aug 05 06:12:59 devstack devstack@c-api.service[88389]: DEBUG cinder.api.openstack.wsgi [None req-058fbee9-241d-493a-8b82-62c3ef78c026 tempest-VolumesTransfersTest-170828364 tempest-VolumesTransfersTest-170828364-project-member] Calling method 'index' {{(pid=88389) _process_stack /opt/stack/cinder/cinder/api/openstack/wsgi.py:878}}
Aug 05 06:12:59 devstack devstack@c-api.service[88389]: DEBUG cinder.api.contrib.volume_transfer [None req-058fbee9-241d-493a-8b82-62c3ef78c026 tempest-VolumesTransfersTest-170828364 tempest-VolumesTransfersTest-170828364-project-member] Listing volume transfers {{(pid=88389) _get_transfers /opt/stack/cinder/cinder/api/contrib/volume_transfer.py:63}}
Aug 05 06:12:59 devstack devstack@c-api.service[88389]: INFO cinder.api.openstack.wsgi [None req-058fbee9-241d-493a-8b82-62c3ef78c026 tempest-VolumesTransfersTest-170828364 tempest-VolumesTransfersTest-170828364-project-member] http://192.168.122.36/volume/v3/os-volume-transfer returned with HTTP 200
Aug 05 06:12:59 devstack devstack@c-api.service[88389]: [pid: 88389|app: 0|req: 209/402] 192.168.122.36 () {58 vars in 1149 bytes} [Wed Aug 5 06:12:59 2026] GET /volume/v3/os-volume-transfer => generated 374 bytes in 19 msecs (HTTP/1.1 200) 7 headers in 285 bytes (1 switches on core 0)
Aug 05 06:12:59 devstack devstack@c-api.service[88388]: DEBUG cinder.api.middleware.request_id [None req-a739c54e-a2b5-4ebf-a493-de00c2acacb0 None None] RequestId filter calling following filter/app {{(pid=88388) _context_setter /opt/stack/cinder/cinder/api/middleware/request_id.py:62}}
Aug 05 06:13:00 devstack devstack@c-api.service[88388]: INFO cinder.api.openstack.wsgi [None req-a739c54e-a2b5-4ebf-a493-de00c2acacb0 tempest-VolumesTransfersTest-1065653514 tempest-VolumesTransfersTest-1065653514-project-member] POST http://192.168.122.36/volume/v3/os-volume-transfer/4d6323ac-b871-4740-b4cb-496183db2f50/accept
Aug 05 06:13:00 devstack devstack@c-api.service[88388]: DEBUG cinder.api.openstack.wsgi [None req-a739c54e-a2b5-4ebf-a493-de00c2acacb0 tempest-VolumesTransfersTest-1065653514 tempest-VolumesTransfersTest-1065653514-project-member] Action: 'accept', calling method: accept, body: {"accept": {"auth_key": "226205270f9feb29"}} {{(pid=88388) _process_stack /opt/stack/cinder/cinder/api/openstack/wsgi.py:876}}
Aug 05 06:13:00 devstack devstack@c-api.service[88388]: DEBUG cinder.api.contrib.volume_transfer [None req-a739c54e-a2b5-4ebf-a493-de00c2acacb0 tempest-VolumesTransfersTest-1065653514 tempest-VolumesTransfersTest-1065653514-project-member] Accepting volume transfer 4d6323ac-b871-4740-b4cb-496183db2f50 {{(pid=88388) accept /opt/stack/cinder/cinder/api/contrib/volume_transfer.py:115}}
Aug 05 06:13:00 devstack devstack@c-api.service[88388]: INFO cinder.api.contrib.volume_transfer [None req-a739c54e-a2b5-4ebf-a493-de00c2acacb0 tempest-VolumesTransfersTest-1065653514 tempest-VolumesTransfersTest-1065653514-project-member] Accepting transfer 4d6323ac-b871-4740-b4cb-496183db2f50
Aug 05 06:13:00 devstack devstack@c-api.service[88389]: DEBUG cinder.api.middleware.request_id [req-c9bc3785-0699-4d3c-ab93-ff7f91fad23d req-68762b56-77a3-4ffa-9179-85c92d444aec None None] RequestId filter calling following filter/app {{(pid=88389) _context_setter /opt/stack/cinder/cinder/api/middleware/request_id.py:62}}
Aug 05 06:13:00 devstack devstack@c-api.service[88389]: INFO cinder.api.openstack.wsgi [req-c9bc3785-0699-4d3c-ab93-ff7f91fad23d req-68762b56-77a3-4ffa-9179-85c92d444aec tempest-TaggedAttachmentsTest-306183043 tempest-TaggedAttachmentsTest-306183043-project-member] GET http://192.168.122.36/volume/v3/volumes/aeee006c-089d-4fcb-8275-e80f2bf1d441
Aug 05 06:13:00 devstack devstack@c-api.service[88389]: DEBUG cinder.api.openstack.wsgi [req-c9bc3785-0699-4d3c-ab93-ff7f91fad23d req-68762b56-77a3-4ffa-9179-85c92d444aec tempest-TaggedAttachmentsTest-306183043 tempest-TaggedAttachmentsTest-306183043-project-member] Empty body provided in request {{(pid=88389) get_body /opt/stack/cinder/cinder/api/openstack/wsgi.py:725}}
Aug 05 06:13:00 devstack devstack@c-api.service[88389]: DEBUG cinder.api.openstack.wsgi [req-c9bc3785-0699-4d3c-ab93-ff7f91fad23d req-68762b56-77a3-4ffa-9179-85c92d444aec tempest-TaggedAttachmentsTest-306183043 tempest-TaggedAttachmentsTest-306183043-project-member] Calling method 'show' {{(pid=88389) _process_stack /opt/stack/cinder/cinder/api/openstack/wsgi.py:878}}
Aug 05 06:13:00 devstack devstack@c-api.service[88389]: /opt/stack/data/venv/lib/python3.12/site-packages/oslo_context/context.py:102: DeprecationWarning: Policy enforcement is depending on the value of is_admin. This key is deprecated. Please update your policy file to use the standard policy values.
Aug 05 06:13:00 devstack devstack@c-api.service[88389]: warnings.warn(
Aug 05 06:13:00 devstack devstack@c-api.service[88389]: INFO cinder.volume.api [req-c9bc3785-0699-4d3c-ab93-ff7f91fad23d req-68762b56-77a3-4ffa-9179-85c92d444aec tempest-TaggedAttachmentsTest-306183043 tempest-TaggedAttachmentsTest-306183043-project-member] Volume info retrieved successfully.
Aug 05 06:13:00 devstack devstack@c-api.service[88389]: INFO cinder.api.openstack.wsgi [req-c9bc3785-0699-4d3c-ab93-ff7f91fad23d req-68762b56-77a3-4ffa-9179-85c92d444aec tempest-TaggedAttachmentsTest-306183043 tempest-TaggedAttachmentsTest-306183043-project-member] http://192.168.122.36/volume/v3/volumes/aeee006c-089d-4fcb-8275-e80f2bf1d441 returned with HTTP 200
Aug 05 06:13:00 devstack devstack@c-api.service[88389]: [pid: 88389|app: 0|req: 210/403] 192.168.122.36 () {60 vars in 1482 bytes} [Wed Aug 5 06:13:00 2026] GET /volume/v3/volumes/aeee006c-089d-4fcb-8275-e80f2bf1d441 => generated 852 bytes in 72 msecs (HTTP/1.1 200) 7 headers in 285 bytes (1 switches on core 0)
Aug 05 06:13:00 devstack devstack@c-api.service[88388]: DEBUG cinder.quota [None req-a739c54e-a2b5-4ebf-a493-de00c2acacb0 tempest-VolumesTransfersTest-1065653514 tempest-VolumesTransfersTest-1065653514-project-member] Created reservations ['f46ab851-a337-48b9-a5cf-b9d7cf42d37d', '996cb4c9-1148-4eaf-861b-defae23f4c56', '710f3e4e-c58f-4bca-a1a5-dcedc5723940', '29a626f1-aea4-4afd-89bd-a843171c5409'] {{(pid=88388) reserve /opt/stack/cinder/cinder/quota.py:752}}
Aug 05 06:13:00 devstack devstack@c-api.service[88388]: DEBUG cinder.quota [None req-a739c54e-a2b5-4ebf-a493-de00c2acacb0 tempest-VolumesTransfersTest-1065653514 tempest-VolumesTransfersTest-1065653514-project-member] Created reservations ['64386b65-cb71-4f0d-bee6-f2754110f79c', '4e85a0ed-a867-4d6c-9987-6b463976cd09', '6f028b20-3779-4bad-af5c-7939a5ecb6c8', '63b53978-679a-4484-8b0e-a1002f54a123'] {{(pid=88388) reserve /opt/stack/cinder/cinder/quota.py:752}}
Aug 05 06:13:00 devstack devstack@c-api.service[88388]: DEBUG cinder.quota [None req-a739c54e-a2b5-4ebf-a493-de00c2acacb0 tempest-VolumesTransfersTest-1065653514 tempest-VolumesTransfersTest-1065653514-project-member] Created reservations ['636fbb19-0872-47c0-b9a9-9d050666074b', '162236dc-2ebe-4133-8046-d9eb69d021c4', '70bd82a8-1194-4201-b765-6f7763ba7b99', 'e82a230d-9384-4446-868c-b67d0c5ed205'] {{(pid=88388) reserve /opt/stack/cinder/cinder/quota.py:752}}
Aug 05 06:13:00 devstack devstack@c-api.service[88388]: DEBUG cinder.quota [None req-a739c54e-a2b5-4ebf-a493-de00c2acacb0 tempest-VolumesTransfersTest-1065653514 tempest-VolumesTransfersTest-1065653514-project-member] Created reservations ['42744816-7d4a-43d0-a8fd-e25758f3bc37', '9fc4156c-8442-4d99-9985-efc91a1f5e58', 'e9d53958-ecdf-4bdd-a277-709729b0b6b4', '2b13a9c9-a486-4343-b6ef-058fbe0e1aea'] {{(pid=88388) reserve /opt/stack/cinder/cinder/quota.py:752}}
Aug 05 06:13:00 devstack devstack@c-api.service[88389]: DEBUG cinder.api.middleware.request_id [None req-6fdebd9b-82f0-4679-ae0f-0c172541352f None None] RequestId filter calling following filter/app {{(pid=88389) _context_setter /opt/stack/cinder/cinder/api/middleware/request_id.py:62}}
Aug 05 06:13:00 devstack devstack@c-api.service[88389]: INFO cinder.api.openstack.wsgi [None req-6fdebd9b-82f0-4679-ae0f-0c172541352f None None] GET http://192.168.122.36/volume//
Aug 05 06:13:00 devstack devstack@c-api.service[88389]: DEBUG cinder.api.openstack.wsgi [None req-6fdebd9b-82f0-4679-ae0f-0c172541352f None None] Empty body provided in request {{(pid=88389) get_body /opt/stack/cinder/cinder/api/openstack/wsgi.py:725}}
Aug 05 06:13:00 devstack devstack@c-api.service[88389]: DEBUG cinder.api.openstack.wsgi [None req-6fdebd9b-82f0-4679-ae0f-0c172541352f None None] Calling method 'all' {{(pid=88389) _process_stack /opt/stack/cinder/cinder/api/openstack/wsgi.py:878}}
Aug 05 06:13:00 devstack devstack@c-api.service[88389]: INFO cinder.api.openstack.wsgi [None req-6fdebd9b-82f0-4679-ae0f-0c172541352f None None] http://192.168.122.36/volume// returned with HTTP 300
Aug 05 06:13:00 devstack devstack@c-api.service[88389]: [pid: 88389|app: 0|req: 211/404] 192.168.122.36 () {58 vars in 1312 bytes} [Wed Aug 5 06:13:00 2026] GET /volume/ => generated 389 bytes in 14 msecs (HTTP/1.1 300) 7 headers in 299 bytes (1 switches on core 0)
Aug 05 06:13:00 devstack devstack@c-api.service[88389]: DEBUG cinder.api.middleware.request_id [req-c9bc3785-0699-4d3c-ab93-ff7f91fad23d req-f99cd32d-4f5e-4338-b3d1-c4cbdfe92c75 None None] RequestId filter calling following filter/app {{(pid=88389) _context_setter /opt/stack/cinder/cinder/api/middleware/request_id.py:62}}
Aug 05 06:13:00 devstack devstack@c-api.service[88389]: INFO cinder.api.openstack.wsgi [req-c9bc3785-0699-4d3c-ab93-ff7f91fad23d req-f99cd32d-4f5e-4338-b3d1-c4cbdfe92c75 tempest-TaggedAttachmentsTest-306183043 tempest-TaggedAttachmentsTest-306183043-project-member] POST http://192.168.122.36/volume/v3/attachments
Aug 05 06:13:00 devstack devstack@c-api.service[88389]: DEBUG cinder.api.openstack.wsgi [req-c9bc3785-0699-4d3c-ab93-ff7f91fad23d req-f99cd32d-4f5e-4338-b3d1-c4cbdfe92c75 tempest-TaggedAttachmentsTest-306183043 tempest-TaggedAttachmentsTest-306183043-project-member] Action: 'create', calling method: version_select, body: {"attachment": {"volume_uuid": "aeee006c-089d-4fcb-8275-e80f2bf1d441", "connector": null, "instance_uuid": "b8ffe348-0d8d-48dc-839e-4e101bc648fb"}} {{(pid=88389) _process_stack /opt/stack/cinder/cinder/api/openstack/wsgi.py:876}}
Aug 05 06:13:00 devstack devstack@c-api.service[88388]: INFO cinder.volume.api [None req-a739c54e-a2b5-4ebf-a493-de00c2acacb0 tempest-VolumesTransfersTest-1065653514 tempest-VolumesTransfersTest-1065653514-project-member] Transfer volume completed successfully.
Aug 05 06:13:00 devstack devstack@c-api.service[88389]: /opt/stack/data/venv/lib/python3.12/site-packages/oslo_context/context.py:102: DeprecationWarning: Policy enforcement is depending on the value of is_admin. This key is deprecated. Please update your policy file to use the standard policy values.
Aug 05 06:13:00 devstack devstack@c-api.service[88389]: warnings.warn(
Aug 05 06:13:00 devstack devstack@c-api.service[88389]: INFO cinder.api.openstack.wsgi [req-c9bc3785-0699-4d3c-ab93-ff7f91fad23d req-f99cd32d-4f5e-4338-b3d1-c4cbdfe92c75 tempest-TaggedAttachmentsTest-306183043 tempest-TaggedAttachmentsTest-306183043-project-member] http://192.168.122.36/volume/v3/attachments returned with HTTP 200
Aug 05 06:13:00 devstack devstack@c-api.service[88389]: [pid: 88389|app: 0|req: 212/405] 192.168.122.36 () {66 vars in 1478 bytes} [Wed Aug 5 06:13:00 2026] POST /volume/v3/attachments => generated 273 bytes in 209 msecs (HTTP/1.1 200) 7 headers in 286 bytes (1 switches on core 0)
Aug 05 06:13:01 devstack devstack@c-api.service[88388]: INFO cinder.transfer.api [None req-a739c54e-a2b5-4ebf-a493-de00c2acacb0 tempest-VolumesTransfersTest-1065653514 tempest-VolumesTransfersTest-1065653514-project-member] Volume eb41593d-2645-4a37-8919-f6142773e1ff has been transferred.
Aug 05 06:13:01 devstack devstack@c-api.service[88389]: DEBUG cinder.api.middleware.request_id [None req-70099d1b-6187-43a4-a434-95dfdbe0f0e7 None None] RequestId filter calling following filter/app {{(pid=88389) _context_setter /opt/stack/cinder/cinder/api/middleware/request_id.py:62}}
Aug 05 06:13:01 devstack devstack@c-api.service[88389]: INFO cinder.api.openstack.wsgi [None req-70099d1b-6187-43a4-a434-95dfdbe0f0e7 tempest-TaggedAttachmentsTest-306183043 tempest-TaggedAttachmentsTest-306183043-project-member] GET http://192.168.122.36/volume/v3/volumes/aeee006c-089d-4fcb-8275-e80f2bf1d441
Aug 05 06:13:01 devstack devstack@c-api.service[88389]: DEBUG cinder.api.openstack.wsgi [None req-70099d1b-6187-43a4-a434-95dfdbe0f0e7 tempest-TaggedAttachmentsTest-306183043 tempest-TaggedAttachmentsTest-306183043-project-member] Empty body provided in request {{(pid=88389) get_body /opt/stack/cinder/cinder/api/openstack/wsgi.py:725}}
Aug 05 06:13:01 devstack devstack@c-api.service[88389]: DEBUG cinder.api.openstack.wsgi [None req-70099d1b-6187-43a4-a434-95dfdbe0f0e7 tempest-TaggedAttachmentsTest-306183043 tempest-TaggedAttachmentsTest-306183043-project-member] Calling method 'show' {{(pid=88389) _process_stack /opt/stack/cinder/cinder/api/openstack/wsgi.py:878}}
Aug 05 06:13:01 devstack devstack@c-api.service[88388]: INFO cinder.api.openstack.wsgi [None req-a739c54e-a2b5-4ebf-a493-de00c2acacb0 tempest-VolumesTransfersTest-1065653514 tempest-VolumesTransfersTest-1065653514-project-member] http://192.168.122.36/volume/v3/os-volume-transfer/4d6323ac-b871-4740-b4cb-496183db2f50/accept returned with HTTP 202
Aug 05 06:13:01 devstack devstack@c-api.service[88388]: [pid: 88388|app: 0|req: 194/406] 192.168.122.36 () {60 vars in 1302 bytes} [Wed Aug 5 06:12:59 2026] POST /volume/v3/os-volume-transfer/4d6323ac-b871-4740-b4cb-496183db2f50/accept => generated 371 bytes in 1318 msecs (HTTP/1.1 202) 7 headers in 291 bytes (1 switches on core 0)
Aug 05 06:13:01 devstack devstack@c-api.service[88388]: DEBUG cinder.api.middleware.request_id [None req-5c78aacd-3bed-459f-951b-2212f9b9a176 None None] RequestId filter calling following filter/app {{(pid=88388) _context_setter /opt/stack/cinder/cinder/api/middleware/request_id.py:62}}
Aug 05 06:13:01 devstack devstack@c-api.service[88388]: INFO cinder.api.openstack.wsgi [None req-5c78aacd-3bed-459f-951b-2212f9b9a176 None None] GET http://192.168.122.36/volume//
Aug 05 06:13:01 devstack devstack@c-api.service[88388]: DEBUG cinder.api.openstack.wsgi [None req-5c78aacd-3bed-459f-951b-2212f9b9a176 None None] Empty body provided in request {{(pid=88388) get_body /opt/stack/cinder/cinder/api/openstack/wsgi.py:725}}
Aug 05 06:13:01 devstack devstack@c-api.service[88388]: DEBUG cinder.api.openstack.wsgi [None req-5c78aacd-3bed-459f-951b-2212f9b9a176 None None] Calling method 'all' {{(pid=88388) _process_stack /opt/stack/cinder/cinder/api/openstack/wsgi.py:878}}
Aug 05 06:13:01 devstack devstack@c-api.service[88388]: INFO cinder.api.openstack.wsgi [None req-5c78aacd-3bed-459f-951b-2212f9b9a176 None None] http://192.168.122.36/volume// returned with HTTP 300
Aug 05 06:13:01 devstack devstack@c-api.service[88388]: [pid: 88388|app: 0|req: 195/407] 192.168.122.36 () {58 vars in 1310 bytes} [Wed Aug 5 06:13:01 2026] GET /volume/ => generated 389 bytes in 16 msecs (HTTP/1.1 300) 7 headers in 299 bytes (2 switches on core 0)
Aug 05 06:13:01 devstack devstack@c-api.service[88388]: DEBUG cinder.api.middleware.request_id [None req-d98d7f97-a12d-4bd6-85b2-7c3fe735e71d None None] RequestId filter calling following filter/app {{(pid=88388) _context_setter /opt/stack/cinder/cinder/api/middleware/request_id.py:62}}
Aug 05 06:13:01 devstack devstack@c-api.service[88388]: INFO cinder.api.openstack.wsgi [None req-d98d7f97-a12d-4bd6-85b2-7c3fe735e71d tempest-VolumesTransfersTest-1065653514 tempest-VolumesTransfersTest-1065653514-project-member] GET http://192.168.122.36/volume/v3/volumes/eb41593d-2645-4a37-8919-f6142773e1ff
Aug 05 06:13:01 devstack devstack@c-api.service[88388]: DEBUG cinder.api.openstack.wsgi [None req-d98d7f97-a12d-4bd6-85b2-7c3fe735e71d tempest-VolumesTransfersTest-1065653514 tempest-VolumesTransfersTest-1065653514-project-member] Empty body provided in request {{(pid=88388) get_body /opt/stack/cinder/cinder/api/openstack/wsgi.py:725}}
Aug 05 06:13:01 devstack devstack@c-api.service[88388]: DEBUG cinder.api.openstack.wsgi [None req-d98d7f97-a12d-4bd6-85b2-7c3fe735e71d tempest-VolumesTransfersTest-1065653514 tempest-VolumesTransfersTest-1065653514-project-member] Calling method 'show' {{(pid=88388) _process_stack /opt/stack/cinder/cinder/api/openstack/wsgi.py:878}}
Aug 05 06:13:01 devstack devstack@c-api.service[88389]: /opt/stack/data/venv/lib/python3.12/site-packages/oslo_context/context.py:102: DeprecationWarning: Policy enforcement is depending on the value of is_admin. This key is deprecated. Please update your policy file to use the standard policy values.
Aug 05 06:13:01 devstack devstack@c-api.service[88389]: warnings.warn(
Aug 05 06:13:01 devstack devstack@c-api.service[88389]: INFO cinder.volume.api [None req-70099d1b-6187-43a4-a434-95dfdbe0f0e7 tempest-TaggedAttachmentsTest-306183043 tempest-TaggedAttachmentsTest-306183043-project-member] Volume info retrieved successfully.
Aug 05 06:13:01 devstack devstack@c-api.service[88388]: /opt/stack/data/venv/lib/python3.12/site-packages/oslo_context/context.py:102: DeprecationWarning: Policy enforcement is depending on the value of is_admin. This key is deprecated. Please update your policy file to use the standard policy values.
Aug 05 06:13:01 devstack devstack@c-api.service[88388]: warnings.warn(
Aug 05 06:13:01 devstack devstack@c-api.service[88389]: INFO cinder.api.openstack.wsgi [None req-70099d1b-6187-43a4-a434-95dfdbe0f0e7 tempest-TaggedAttachmentsTest-306183043 tempest-TaggedAttachmentsTest-306183043-project-member] http://192.168.122.36/volume/v3/volumes/aeee006c-089d-4fcb-8275-e80f2bf1d441 returned with HTTP 200
Aug 05 06:13:01 devstack devstack@c-api.service[88389]: [pid: 88389|app: 0|req: 213/408] 192.168.122.36 () {58 vars in 1227 bytes} [Wed Aug 5 06:13:01 2026] GET /volume/v3/volumes/aeee006c-089d-4fcb-8275-e80f2bf1d441 => generated 851 bytes in 105 msecs (HTTP/1.1 200) 7 headers in 285 bytes (1 switches on core 0)
Aug 05 06:13:01 devstack devstack@c-api.service[88389]: DEBUG cinder.api.middleware.request_id [req-c9bc3785-0699-4d3c-ab93-ff7f91fad23d req-12dc2c5f-f4f9-430b-abdd-73b086e38f5b None None] RequestId filter calling following filter/app {{(pid=88389) _context_setter /opt/stack/cinder/cinder/api/middleware/request_id.py:62}}
Aug 05 06:13:01 devstack devstack@c-api.service[88389]: INFO cinder.api.openstack.wsgi [req-c9bc3785-0699-4d3c-ab93-ff7f91fad23d req-12dc2c5f-f4f9-430b-abdd-73b086e38f5b tempest-TaggedAttachmentsTest-306183043 tempest-TaggedAttachmentsTest-306183043-project-member] GET http://192.168.122.36/volume/v3/volumes/aeee006c-089d-4fcb-8275-e80f2bf1d441
Aug 05 06:13:01 devstack devstack@c-api.service[88389]: DEBUG cinder.api.openstack.wsgi [req-c9bc3785-0699-4d3c-ab93-ff7f91fad23d req-12dc2c5f-f4f9-430b-abdd-73b086e38f5b tempest-TaggedAttachmentsTest-306183043 tempest-TaggedAttachmentsTest-306183043-project-member] Empty body provided in request {{(pid=88389) get_body /opt/stack/cinder/cinder/api/openstack/wsgi.py:725}}
Aug 05 06:13:01 devstack devstack@c-api.service[88389]: DEBUG cinder.api.openstack.wsgi [req-c9bc3785-0699-4d3c-ab93-ff7f91fad23d req-12dc2c5f-f4f9-430b-abdd-73b086e38f5b tempest-TaggedAttachmentsTest-306183043 tempest-TaggedAttachmentsTest-306183043-project-member] Calling method 'show' {{(pid=88389) _process_stack /opt/stack/cinder/cinder/api/openstack/wsgi.py:878}}
Aug 05 06:13:01 devstack devstack@c-api.service[88388]: INFO cinder.volume.api [None req-d98d7f97-a12d-4bd6-85b2-7c3fe735e71d tempest-VolumesTransfersTest-1065653514 tempest-VolumesTransfersTest-1065653514-project-member] Volume info retrieved successfully.
Aug 05 06:13:01 devstack devstack@c-api.service[88389]: /opt/stack/data/venv/lib/python3.12/site-packages/oslo_context/context.py:102: DeprecationWarning: Policy enforcement is depending on the value of is_admin. This key is deprecated. Please update your policy file to use the standard policy values.
Aug 05 06:13:01 devstack devstack@c-api.service[88389]: warnings.warn(
Aug 05 06:13:01 devstack devstack@c-api.service[88388]: INFO cinder.api.openstack.wsgi [None req-d98d7f97-a12d-4bd6-85b2-7c3fe735e71d tempest-VolumesTransfersTest-1065653514 tempest-VolumesTransfersTest-1065653514-project-member] http://192.168.122.36/volume/v3/volumes/eb41593d-2645-4a37-8919-f6142773e1ff returned with HTTP 200
Aug 05 06:13:01 devstack devstack@c-api.service[88388]: [pid: 88388|app: 0|req: 196/409] 192.168.122.36 () {58 vars in 1227 bytes} [Wed Aug 5 06:13:01 2026] GET /volume/v3/volumes/eb41593d-2645-4a37-8919-f6142773e1ff => generated 851 bytes in 93 msecs (HTTP/1.1 200) 7 headers in 285 bytes (1 switches on core 0)
Aug 05 06:13:01 devstack devstack@c-api.service[88389]: INFO cinder.volume.api [req-c9bc3785-0699-4d3c-ab93-ff7f91fad23d req-12dc2c5f-f4f9-430b-abdd-73b086e38f5b tempest-TaggedAttachmentsTest-306183043 tempest-TaggedAttachmentsTest-306183043-project-member] Volume info retrieved successfully.
Aug 05 06:13:01 devstack devstack@c-api.service[88388]: DEBUG cinder.api.middleware.request_id [None req-732020ef-d824-4699-bed3-0e1ea25d335d None None] RequestId filter calling following filter/app {{(pid=88388) _context_setter /opt/stack/cinder/cinder/api/middleware/request_id.py:62}}
Aug 05 06:13:01 devstack devstack@c-api.service[88388]: INFO cinder.api.openstack.wsgi [None req-732020ef-d824-4699-bed3-0e1ea25d335d tempest-VolumesTransfersTest-1065653514 tempest-VolumesTransfersTest-1065653514-project-member] GET http://192.168.122.36/volume/v3/volumes/eb41593d-2645-4a37-8919-f6142773e1ff
Aug 05 06:13:01 devstack devstack@c-api.service[88388]: DEBUG cinder.api.openstack.wsgi [None req-732020ef-d824-4699-bed3-0e1ea25d335d tempest-VolumesTransfersTest-1065653514 tempest-VolumesTransfersTest-1065653514-project-member] Empty body provided in request {{(pid=88388) get_body /opt/stack/cinder/cinder/api/openstack/wsgi.py:725}}
Aug 05 06:13:01 devstack devstack@c-api.service[88388]: DEBUG cinder.api.openstack.wsgi [None req-732020ef-d824-4699-bed3-0e1ea25d335d tempest-VolumesTransfersTest-1065653514 tempest-VolumesTransfersTest-1065653514-project-member] Calling method 'show' {{(pid=88388) _process_stack /opt/stack/cinder/cinder/api/openstack/wsgi.py:878}}
Aug 05 06:13:01 devstack devstack@c-api.service[88389]: INFO cinder.api.openstack.wsgi [req-c9bc3785-0699-4d3c-ab93-ff7f91fad23d req-12dc2c5f-f4f9-430b-abdd-73b086e38f5b tempest-TaggedAttachmentsTest-306183043 tempest-TaggedAttachmentsTest-306183043-project-member] http://192.168.122.36/volume/v3/volumes/aeee006c-089d-4fcb-8275-e80f2bf1d441 returned with HTTP 200
Aug 05 06:13:01 devstack devstack@c-api.service[88389]: [pid: 88389|app: 0|req: 214/410] 192.168.122.36 () {62 vars in 1523 bytes} [Wed Aug 5 06:13:01 2026] GET /volume/v3/volumes/aeee006c-089d-4fcb-8275-e80f2bf1d441 => generated 1032 bytes in 77 msecs (HTTP/1.1 200) 7 headers in 287 bytes (1 switches on core 0)
Aug 05 06:13:01 devstack devstack@c-api.service[88388]: /opt/stack/data/venv/lib/python3.12/site-packages/oslo_context/context.py:102: DeprecationWarning: Policy enforcement is depending on the value of is_admin. This key is deprecated. Please update your policy file to use the standard policy values.
Aug 05 06:13:01 devstack devstack@c-api.service[88388]: warnings.warn(
Aug 05 06:13:01 devstack devstack@c-api.service[88388]: INFO cinder.volume.api [None req-732020ef-d824-4699-bed3-0e1ea25d335d tempest-VolumesTransfersTest-1065653514 tempest-VolumesTransfersTest-1065653514-project-member] Volume info retrieved successfully.
Aug 05 06:13:01 devstack devstack@c-api.service[88388]: INFO cinder.api.openstack.wsgi [None req-732020ef-d824-4699-bed3-0e1ea25d335d tempest-VolumesTransfersTest-1065653514 tempest-VolumesTransfersTest-1065653514-project-member] http://192.168.122.36/volume/v3/volumes/eb41593d-2645-4a37-8919-f6142773e1ff returned with HTTP 200
Aug 05 06:13:01 devstack devstack@c-api.service[88388]: [pid: 88388|app: 0|req: 197/411] 192.168.122.36 () {58 vars in 1227 bytes} [Wed Aug 5 06:13:01 2026] GET /volume/v3/volumes/eb41593d-2645-4a37-8919-f6142773e1ff => generated 851 bytes in 46 msecs (HTTP/1.1 200) 7 headers in 285 bytes (1 switches on core 0)
Aug 05 06:13:01 devstack devstack@c-api.service[88389]: DEBUG cinder.api.middleware.request_id [None req-22e9d215-a0ed-4523-a2a0-f1869f6c40fb None None] RequestId filter calling following filter/app {{(pid=88389) _context_setter /opt/stack/cinder/cinder/api/middleware/request_id.py:62}}
Aug 05 06:13:01 devstack devstack@c-api.service[88389]: INFO cinder.api.openstack.wsgi [None req-22e9d215-a0ed-4523-a2a0-f1869f6c40fb tempest-VolumesTransfersTest-170828364 tempest-VolumesTransfersTest-170828364-project-member] DELETE http://192.168.122.36/volume/v3/os-volume-transfer/4d6323ac-b871-4740-b4cb-496183db2f50
Aug 05 06:13:01 devstack devstack@c-api.service[88389]: DEBUG cinder.api.openstack.wsgi [None req-22e9d215-a0ed-4523-a2a0-f1869f6c40fb tempest-VolumesTransfersTest-170828364 tempest-VolumesTransfersTest-170828364-project-member] Empty body provided in request {{(pid=88389) get_body /opt/stack/cinder/cinder/api/openstack/wsgi.py:725}}
Aug 05 06:13:01 devstack devstack@c-api.service[88389]: DEBUG cinder.api.openstack.wsgi [None req-22e9d215-a0ed-4523-a2a0-f1869f6c40fb tempest-VolumesTransfersTest-170828364 tempest-VolumesTransfersTest-170828364-project-member] Calling method 'delete' {{(pid=88389) _process_stack /opt/stack/cinder/cinder/api/openstack/wsgi.py:878}}
Aug 05 06:13:01 devstack devstack@c-api.service[88389]: INFO cinder.api.contrib.volume_transfer [None req-22e9d215-a0ed-4523-a2a0-f1869f6c40fb tempest-VolumesTransfersTest-170828364 tempest-VolumesTransfersTest-170828364-project-member] Delete transfer with id: 4d6323ac-b871-4740-b4cb-496183db2f50
Aug 05 06:13:01 devstack devstack@c-api.service[88389]: INFO cinder.api.openstack.wsgi [None req-22e9d215-a0ed-4523-a2a0-f1869f6c40fb tempest-VolumesTransfersTest-170828364 tempest-VolumesTransfersTest-170828364-project-member] http://192.168.122.36/volume/v3/os-volume-transfer/4d6323ac-b871-4740-b4cb-496183db2f50 returned with HTTP 404
Aug 05 06:13:01 devstack devstack@c-api.service[88389]: [pid: 88389|app: 0|req: 215/412] 192.168.122.36 () {58 vars in 1263 bytes} [Wed Aug 5 06:13:01 2026] DELETE /volume/v3/os-volume-transfer/4d6323ac-b871-4740-b4cb-496183db2f50 => generated 111 bytes in 23 msecs (HTTP/1.1 404) 7 headers in 292 bytes (1 switches on core 0)
Aug 05 06:13:01 devstack devstack@c-api.service[88388]: DEBUG cinder.api.middleware.request_id [None req-9bebfa21-f9ff-4069-8fdf-ff10e9d265c5 None None] RequestId filter calling following filter/app {{(pid=88388) _context_setter /opt/stack/cinder/cinder/api/middleware/request_id.py:62}}
Aug 05 06:13:01 devstack devstack@c-api.service[88389]: DEBUG cinder.api.middleware.request_id [req-c9bc3785-0699-4d3c-ab93-ff7f91fad23d req-f127fe44-d3a7-4d22-99f9-72aa441b2e6f None None] RequestId filter calling following filter/app {{(pid=88389) _context_setter /opt/stack/cinder/cinder/api/middleware/request_id.py:62}}
Aug 05 06:13:01 devstack devstack@c-api.service[88389]: INFO cinder.api.openstack.wsgi [req-c9bc3785-0699-4d3c-ab93-ff7f91fad23d req-f127fe44-d3a7-4d22-99f9-72aa441b2e6f tempest-TaggedAttachmentsTest-306183043 tempest-TaggedAttachmentsTest-306183043-project-member] PUT http://192.168.122.36/volume/v3/attachments/a397e274-029e-4918-90e0-2f456a7643cd
Aug 05 06:13:01 devstack devstack@c-api.service[88389]: DEBUG cinder.api.openstack.wsgi [req-c9bc3785-0699-4d3c-ab93-ff7f91fad23d req-f127fe44-d3a7-4d22-99f9-72aa441b2e6f tempest-TaggedAttachmentsTest-306183043 tempest-TaggedAttachmentsTest-306183043-project-member] Action: 'update', calling method: version_select, body: {"attachment": {"connector": {"platform": "x86_64", "os_type": "linux", "ip": "192.168.122.36", "host": "devstack", "multipath": false, "enforce_multipath": true, "initiator": "iqn.2016-04.com.open-iscsi:4f9e18365cd2", "do_local_attach": false, "uuid": "064c80c2-a85f-4aa5-8b10-e46983c87a65", "system uuid": "5926be6b-0527-46f1-97fc-9478927ed374", "nvme_native_multipath": false, "mountpoint": "/dev/vdb"}}} {{(pid=88389) _process_stack /opt/stack/cinder/cinder/api/openstack/wsgi.py:876}}
Aug 05 06:13:01 devstack devstack@c-api.service[88388]: INFO cinder.api.openstack.wsgi [None req-9bebfa21-f9ff-4069-8fdf-ff10e9d265c5 tempest-VolumesTransfersTest-1480389806 tempest-VolumesTransfersTest-1480389806-project-admin] DELETE http://192.168.122.36/volume/v3/volumes/eb41593d-2645-4a37-8919-f6142773e1ff
Aug 05 06:13:01 devstack devstack@c-api.service[88388]: DEBUG cinder.api.openstack.wsgi [None req-9bebfa21-f9ff-4069-8fdf-ff10e9d265c5 tempest-VolumesTransfersTest-1480389806 tempest-VolumesTransfersTest-1480389806-project-admin] Empty body provided in request {{(pid=88388) get_body /opt/stack/cinder/cinder/api/openstack/wsgi.py:725}}
Aug 05 06:13:01 devstack devstack@c-api.service[88388]: DEBUG cinder.api.openstack.wsgi [None req-9bebfa21-f9ff-4069-8fdf-ff10e9d265c5 tempest-VolumesTransfersTest-1480389806 tempest-VolumesTransfersTest-1480389806-project-admin] Calling method 'delete' {{(pid=88388) _process_stack /opt/stack/cinder/cinder/api/openstack/wsgi.py:878}}
Aug 05 06:13:01 devstack devstack@c-api.service[88388]: INFO cinder.api.v3.volumes [None req-9bebfa21-f9ff-4069-8fdf-ff10e9d265c5 tempest-VolumesTransfersTest-1480389806 tempest-VolumesTransfersTest-1480389806-project-admin] Delete volume with id: eb41593d-2645-4a37-8919-f6142773e1ff
Aug 05 06:13:01 devstack devstack@c-api.service[88389]: DEBUG cinder.coordination [req-c9bc3785-0699-4d3c-ab93-ff7f91fad23d req-f127fe44-d3a7-4d22-99f9-72aa441b2e6f tempest-TaggedAttachmentsTest-306183043 tempest-TaggedAttachmentsTest-306183043-project-member] Acquiring lock "cinder-attachment_update-aeee006c-089d-4fcb-8275-e80f2bf1d441-devstack" by "attachment_update" {{(pid=88389) __acquire /opt/stack/cinder/cinder/coordination.py:138}}
Aug 05 06:13:01 devstack devstack@c-api.service[88389]: DEBUG cinder.coordination [req-c9bc3785-0699-4d3c-ab93-ff7f91fad23d req-f127fe44-d3a7-4d22-99f9-72aa441b2e6f tempest-TaggedAttachmentsTest-306183043 tempest-TaggedAttachmentsTest-306183043-project-member] Lock "cinder-attachment_update-aeee006c-089d-4fcb-8275-e80f2bf1d441-devstack" acquired by "attachment_update" :: waited 0.019s {{(pid=88389) __acquire /opt/stack/cinder/cinder/coordination.py:141}}
Aug 05 06:13:01 devstack devstack@c-api.service[88389]: /opt/stack/data/venv/lib/python3.12/site-packages/oslo_context/context.py:102: DeprecationWarning: Policy enforcement is depending on the value of is_admin. This key is deprecated. Please update your policy file to use the standard policy values.
Aug 05 06:13:01 devstack devstack@c-api.service[88389]: warnings.warn(
Aug 05 06:13:01 devstack devstack@c-api.service[88388]: /opt/stack/data/venv/lib/python3.12/site-packages/oslo_context/context.py:102: DeprecationWarning: Policy enforcement is depending on the value of is_admin. This key is deprecated. Please update your policy file to use the standard policy values.
Aug 05 06:13:01 devstack devstack@c-api.service[88388]: warnings.warn(
Aug 05 06:13:01 devstack devstack@c-api.service[88388]: INFO cinder.volume.api [None req-9bebfa21-f9ff-4069-8fdf-ff10e9d265c5 tempest-VolumesTransfersTest-1480389806 tempest-VolumesTransfersTest-1480389806-project-admin] Volume info retrieved successfully.
Aug 05 06:13:01 devstack devstack@c-api.service[88388]: INFO cinder.volume.api [None req-9bebfa21-f9ff-4069-8fdf-ff10e9d265c5 tempest-VolumesTransfersTest-1480389806 tempest-VolumesTransfersTest-1480389806-project-admin] Delete volume request issued successfully.
Aug 05 06:13:01 devstack devstack@c-api.service[88388]: INFO cinder.api.openstack.wsgi [None req-9bebfa21-f9ff-4069-8fdf-ff10e9d265c5 tempest-VolumesTransfersTest-1480389806 tempest-VolumesTransfersTest-1480389806-project-admin] http://192.168.122.36/volume/v3/volumes/eb41593d-2645-4a37-8919-f6142773e1ff returned with HTTP 202
Aug 05 06:13:01 devstack devstack@c-api.service[88388]: [pid: 88388|app: 0|req: 198/413] 192.168.122.36 () {58 vars in 1230 bytes} [Wed Aug 5 06:13:01 2026] DELETE /volume/v3/volumes/eb41593d-2645-4a37-8919-f6142773e1ff => generated 0 bytes in 203 msecs (HTTP/1.1 202) 6 headers in 233 bytes (1 switches on core 0)
Aug 05 06:13:01 devstack devstack@c-api.service[88388]: DEBUG cinder.api.middleware.request_id [None req-dd9b4127-f2a9-4e95-9066-14892c806904 None None] RequestId filter calling following filter/app {{(pid=88388) _context_setter /opt/stack/cinder/cinder/api/middleware/request_id.py:62}}
Aug 05 06:13:01 devstack devstack@c-api.service[88388]: INFO cinder.api.openstack.wsgi [None req-dd9b4127-f2a9-4e95-9066-14892c806904 tempest-VolumesTransfersTest-1480389806 tempest-VolumesTransfersTest-1480389806-project-admin] GET http://192.168.122.36/volume/v3/volumes/eb41593d-2645-4a37-8919-f6142773e1ff
Aug 05 06:13:01 devstack devstack@c-api.service[88388]: DEBUG cinder.api.openstack.wsgi [None req-dd9b4127-f2a9-4e95-9066-14892c806904 tempest-VolumesTransfersTest-1480389806 tempest-VolumesTransfersTest-1480389806-project-admin] Empty body provided in request {{(pid=88388) get_body /opt/stack/cinder/cinder/api/openstack/wsgi.py:725}}
Aug 05 06:13:01 devstack devstack@c-api.service[88388]: DEBUG cinder.api.openstack.wsgi [None req-dd9b4127-f2a9-4e95-9066-14892c806904 tempest-VolumesTransfersTest-1480389806 tempest-VolumesTransfersTest-1480389806-project-admin] Calling method 'show' {{(pid=88388) _process_stack /opt/stack/cinder/cinder/api/openstack/wsgi.py:878}}
Aug 05 06:13:01 devstack devstack@c-api.service[88388]: /opt/stack/data/venv/lib/python3.12/site-packages/oslo_context/context.py:102: DeprecationWarning: Policy enforcement is depending on the value of is_admin. This key is deprecated. Please update your policy file to use the standard policy values.
Aug 05 06:13:01 devstack devstack@c-api.service[88388]: warnings.warn(
Aug 05 06:13:01 devstack devstack@c-api.service[88388]: INFO cinder.volume.api [None req-dd9b4127-f2a9-4e95-9066-14892c806904 tempest-VolumesTransfersTest-1480389806 tempest-VolumesTransfersTest-1480389806-project-admin] Volume info retrieved successfully.
Aug 05 06:13:01 devstack devstack@c-api.service[88388]: INFO cinder.api.openstack.wsgi [None req-dd9b4127-f2a9-4e95-9066-14892c806904 tempest-VolumesTransfersTest-1480389806 tempest-VolumesTransfersTest-1480389806-project-admin] http://192.168.122.36/volume/v3/volumes/eb41593d-2645-4a37-8919-f6142773e1ff returned with HTTP 200
Aug 05 06:13:01 devstack devstack@c-api.service[88388]: [pid: 88388|app: 0|req: 199/414] 192.168.122.36 () {58 vars in 1227 bytes} [Wed Aug 5 06:13:01 2026] GET /volume/v3/volumes/eb41593d-2645-4a37-8919-f6142773e1ff => generated 1013 bytes in 81 msecs (HTTP/1.1 200) 7 headers in 286 bytes (1 switches on core 0)
Aug 05 06:13:01 devstack devstack@c-api.service[88389]: DEBUG cinder.coordination [req-c9bc3785-0699-4d3c-ab93-ff7f91fad23d req-f127fe44-d3a7-4d22-99f9-72aa441b2e6f tempest-TaggedAttachmentsTest-306183043 tempest-TaggedAttachmentsTest-306183043-project-member] Lock "cinder-attachment_update-aeee006c-089d-4fcb-8275-e80f2bf1d441-devstack" released by "attachment_update" :: held 0.307s {{(pid=88389) __release /opt/stack/cinder/cinder/coordination.py:152}}
Aug 05 06:13:01 devstack devstack@c-api.service[88389]: INFO cinder.api.openstack.wsgi [req-c9bc3785-0699-4d3c-ab93-ff7f91fad23d req-f127fe44-d3a7-4d22-99f9-72aa441b2e6f tempest-TaggedAttachmentsTest-306183043 tempest-TaggedAttachmentsTest-306183043-project-member] http://192.168.122.36/volume/v3/attachments/a397e274-029e-4918-90e0-2f456a7643cd returned with HTTP 200
Aug 05 06:13:01 devstack devstack@c-api.service[88389]: [pid: 88389|app: 0|req: 216/415] 192.168.122.36 () {66 vars in 1588 bytes} [Wed Aug 5 06:13:01 2026] PUT /volume/v3/attachments/a397e274-029e-4918-90e0-2f456a7643cd => generated 694 bytes in 360 msecs (HTTP/1.1 200) 7 headers in 286 bytes (1 switches on core 0)
Aug 05 06:13:02 devstack devstack@c-api.service[88388]: DEBUG cinder.api.middleware.request_id [None req-b4756bf9-09e4-4217-b8c9-eaeb6faa0c45 None None] RequestId filter calling following filter/app {{(pid=88388) _context_setter /opt/stack/cinder/cinder/api/middleware/request_id.py:62}}
Aug 05 06:13:02 devstack devstack@c-api.service[88388]: INFO cinder.api.openstack.wsgi [None req-b4756bf9-09e4-4217-b8c9-eaeb6faa0c45 tempest-TaggedAttachmentsTest-306183043 tempest-TaggedAttachmentsTest-306183043-project-member] GET http://192.168.122.36/volume/v3/volumes/aeee006c-089d-4fcb-8275-e80f2bf1d441
Aug 05 06:13:02 devstack devstack@c-api.service[88388]: DEBUG cinder.api.openstack.wsgi [None req-b4756bf9-09e4-4217-b8c9-eaeb6faa0c45 tempest-TaggedAttachmentsTest-306183043 tempest-TaggedAttachmentsTest-306183043-project-member] Empty body provided in request {{(pid=88388) get_body /opt/stack/cinder/cinder/api/openstack/wsgi.py:725}}
Aug 05 06:13:02 devstack devstack@c-api.service[88388]: DEBUG cinder.api.openstack.wsgi [None req-b4756bf9-09e4-4217-b8c9-eaeb6faa0c45 tempest-TaggedAttachmentsTest-306183043 tempest-TaggedAttachmentsTest-306183043-project-member] Calling method 'show' {{(pid=88388) _process_stack /opt/stack/cinder/cinder/api/openstack/wsgi.py:878}}
Aug 05 06:13:02 devstack devstack@c-api.service[88388]: DEBUG dbcounter [-] [88388] Writing DB stats cinder:SELECT=534,cinder:INSERT=109,cinder:UPDATE=153 {{(pid=88388) stat_writer /opt/stack/data/venv/lib/python3.12/site-packages/dbcounter.py:115}}
Aug 05 06:13:02 devstack devstack@c-api.service[88388]: /opt/stack/data/venv/lib/python3.12/site-packages/oslo_context/context.py:102: DeprecationWarning: Policy enforcement is depending on the value of is_admin. This key is deprecated. Please update your policy file to use the standard policy values.
Aug 05 06:13:02 devstack devstack@c-api.service[88388]: warnings.warn(
Aug 05 06:13:02 devstack devstack@c-api.service[88388]: INFO cinder.volume.api [None req-b4756bf9-09e4-4217-b8c9-eaeb6faa0c45 tempest-TaggedAttachmentsTest-306183043 tempest-TaggedAttachmentsTest-306183043-project-member] Volume info retrieved successfully.
Aug 05 06:13:02 devstack devstack@c-api.service[88388]: INFO cinder.api.openstack.wsgi [None req-b4756bf9-09e4-4217-b8c9-eaeb6faa0c45 tempest-TaggedAttachmentsTest-306183043 tempest-TaggedAttachmentsTest-306183043-project-member] http://192.168.122.36/volume/v3/volumes/aeee006c-089d-4fcb-8275-e80f2bf1d441 returned with HTTP 200
Aug 05 06:13:02 devstack devstack@c-api.service[88388]: [pid: 88388|app: 0|req: 200/416] 192.168.122.36 () {58 vars in 1227 bytes} [Wed Aug 5 06:13:02 2026] GET /volume/v3/volumes/aeee006c-089d-4fcb-8275-e80f2bf1d441 => generated 852 bytes in 112 msecs (HTTP/1.1 200) 7 headers in 285 bytes (1 switches on core 0)
Aug 05 06:13:02 devstack devstack@c-api.service[88389]: DEBUG cinder.api.middleware.request_id [req-c9bc3785-0699-4d3c-ab93-ff7f91fad23d req-3aa3190d-30d0-49e0-a708-4a19667002d2 None None] RequestId filter calling following filter/app {{(pid=88389) _context_setter /opt/stack/cinder/cinder/api/middleware/request_id.py:62}}
Aug 05 06:13:02 devstack devstack@c-api.service[88389]: INFO cinder.api.openstack.wsgi [req-c9bc3785-0699-4d3c-ab93-ff7f91fad23d req-3aa3190d-30d0-49e0-a708-4a19667002d2 tempest-TaggedAttachmentsTest-306183043 tempest-TaggedAttachmentsTest-306183043-project-member] POST http://192.168.122.36/volume/v3/attachments/a397e274-029e-4918-90e0-2f456a7643cd/action
Aug 05 06:13:02 devstack devstack@c-api.service[88389]: DEBUG cinder.api.openstack.wsgi [req-c9bc3785-0699-4d3c-ab93-ff7f91fad23d req-3aa3190d-30d0-49e0-a708-4a19667002d2 tempest-TaggedAttachmentsTest-306183043 tempest-TaggedAttachmentsTest-306183043-project-member] Action body: b'{"os-complete": null}' {{(pid=88389) get_method /opt/stack/cinder/cinder/api/openstack/wsgi.py:993}}
Aug 05 06:13:02 devstack devstack@c-api.service[88389]: DEBUG cinder.api.openstack.wsgi [req-c9bc3785-0699-4d3c-ab93-ff7f91fad23d req-3aa3190d-30d0-49e0-a708-4a19667002d2 tempest-TaggedAttachmentsTest-306183043 tempest-TaggedAttachmentsTest-306183043-project-member] Action: 'action', calling method: complete, body: {"os-complete": null} {{(pid=88389) _process_stack /opt/stack/cinder/cinder/api/openstack/wsgi.py:876}}
Aug 05 06:13:02 devstack devstack@c-api.service[88389]: /opt/stack/data/venv/lib/python3.12/site-packages/oslo_context/context.py:102: DeprecationWarning: Policy enforcement is depending on the value of is_admin. This key is deprecated. Please update your policy file to use the standard policy values.
Aug 05 06:13:02 devstack devstack@c-api.service[88389]: warnings.warn(
Aug 05 06:13:02 devstack devstack@c-api.service[88388]: DEBUG cinder.api.middleware.request_id [None req-46925c41-e804-4959-872b-3b0a4458b6ef None None] RequestId filter calling following filter/app {{(pid=88388) _context_setter /opt/stack/cinder/cinder/api/middleware/request_id.py:62}}
Aug 05 06:13:02 devstack devstack@c-api.service[88388]: INFO cinder.api.openstack.wsgi [None req-46925c41-e804-4959-872b-3b0a4458b6ef tempest-VolumesTransfersTest-1480389806 tempest-VolumesTransfersTest-1480389806-project-admin] GET http://192.168.122.36/volume/v3/volumes/eb41593d-2645-4a37-8919-f6142773e1ff
Aug 05 06:13:02 devstack devstack@c-api.service[88388]: DEBUG cinder.api.openstack.wsgi [None req-46925c41-e804-4959-872b-3b0a4458b6ef tempest-VolumesTransfersTest-1480389806 tempest-VolumesTransfersTest-1480389806-project-admin] Empty body provided in request {{(pid=88388) get_body /opt/stack/cinder/cinder/api/openstack/wsgi.py:725}}
Aug 05 06:13:02 devstack devstack@c-api.service[88389]: INFO cinder.api.openstack.wsgi [req-c9bc3785-0699-4d3c-ab93-ff7f91fad23d req-3aa3190d-30d0-49e0-a708-4a19667002d2 tempest-TaggedAttachmentsTest-306183043 tempest-TaggedAttachmentsTest-306183043-project-member] http://192.168.122.36/volume/v3/attachments/a397e274-029e-4918-90e0-2f456a7643cd/action returned with HTTP 204
Aug 05 06:13:02 devstack devstack@c-api.service[88388]: DEBUG cinder.api.openstack.wsgi [None req-46925c41-e804-4959-872b-3b0a4458b6ef tempest-VolumesTransfersTest-1480389806 tempest-VolumesTransfersTest-1480389806-project-admin] Calling method 'show' {{(pid=88388) _process_stack /opt/stack/cinder/cinder/api/openstack/wsgi.py:878}}
Aug 05 06:13:02 devstack devstack@c-api.service[88389]: [pid: 88389|app: 0|req: 217/417] 192.168.122.36 () {66 vars in 1609 bytes} [Wed Aug 5 06:13:02 2026] POST /volume/v3/attachments/a397e274-029e-4918-90e0-2f456a7643cd/action => generated 0 bytes in 119 msecs (HTTP/1.1 204) 7 headers in 292 bytes (1 switches on core 0)
Aug 05 06:13:02 devstack devstack@c-api.service[88388]: /opt/stack/data/venv/lib/python3.12/site-packages/oslo_context/context.py:102: DeprecationWarning: Policy enforcement is depending on the value of is_admin. This key is deprecated. Please update your policy file to use the standard policy values.
Aug 05 06:13:02 devstack devstack@c-api.service[88388]: warnings.warn(
Aug 05 06:13:02 devstack devstack@c-api.service[88388]: INFO cinder.volume.api [None req-46925c41-e804-4959-872b-3b0a4458b6ef tempest-VolumesTransfersTest-1480389806 tempest-VolumesTransfersTest-1480389806-project-admin] Volume info retrieved successfully.
Aug 05 06:13:02 devstack devstack@c-api.service[88388]: INFO cinder.api.openstack.wsgi [None req-46925c41-e804-4959-872b-3b0a4458b6ef tempest-VolumesTransfersTest-1480389806 tempest-VolumesTransfersTest-1480389806-project-admin] http://192.168.122.36/volume/v3/volumes/eb41593d-2645-4a37-8919-f6142773e1ff returned with HTTP 200
Aug 05 06:13:02 devstack devstack@c-api.service[88388]: [pid: 88388|app: 0|req: 201/418] 192.168.122.36 () {58 vars in 1227 bytes} [Wed Aug 5 06:13:02 2026] GET /volume/v3/volumes/eb41593d-2645-4a37-8919-f6142773e1ff => generated 1013 bytes in 99 msecs (HTTP/1.1 200) 7 headers in 286 bytes (1 switches on core 0)
Aug 05 06:13:03 devstack devstack@c-api.service[88389]: DEBUG cinder.api.middleware.request_id [None req-98fcaaa7-63d6-4c8d-995c-31f8b772c8c1 None None] RequestId filter calling following filter/app {{(pid=88389) _context_setter /opt/stack/cinder/cinder/api/middleware/request_id.py:62}}
Aug 05 06:13:03 devstack devstack@c-api.service[88389]: INFO cinder.api.openstack.wsgi [None req-98fcaaa7-63d6-4c8d-995c-31f8b772c8c1 tempest-TaggedAttachmentsTest-306183043 tempest-TaggedAttachmentsTest-306183043-project-member] GET http://192.168.122.36/volume/v3/volumes/aeee006c-089d-4fcb-8275-e80f2bf1d441
Aug 05 06:13:03 devstack devstack@c-api.service[88389]: DEBUG cinder.api.openstack.wsgi [None req-98fcaaa7-63d6-4c8d-995c-31f8b772c8c1 tempest-TaggedAttachmentsTest-306183043 tempest-TaggedAttachmentsTest-306183043-project-member] Empty body provided in request {{(pid=88389) get_body /opt/stack/cinder/cinder/api/openstack/wsgi.py:725}}
Aug 05 06:13:03 devstack devstack@c-api.service[88389]: DEBUG cinder.api.openstack.wsgi [None req-98fcaaa7-63d6-4c8d-995c-31f8b772c8c1 tempest-TaggedAttachmentsTest-306183043 tempest-TaggedAttachmentsTest-306183043-project-member] Calling method 'show' {{(pid=88389) _process_stack /opt/stack/cinder/cinder/api/openstack/wsgi.py:878}}
Aug 05 06:13:03 devstack devstack@c-api.service[88389]: /opt/stack/data/venv/lib/python3.12/site-packages/oslo_context/context.py:102: DeprecationWarning: Policy enforcement is depending on the value of is_admin. This key is deprecated. Please update your policy file to use the standard policy values.
Aug 05 06:13:03 devstack devstack@c-api.service[88389]: warnings.warn(
Aug 05 06:13:03 devstack devstack@c-api.service[88389]: INFO cinder.volume.api [None req-98fcaaa7-63d6-4c8d-995c-31f8b772c8c1 tempest-TaggedAttachmentsTest-306183043 tempest-TaggedAttachmentsTest-306183043-project-member] Volume info retrieved successfully.
Aug 05 06:13:03 devstack devstack@c-api.service[88389]: INFO cinder.api.openstack.wsgi [None req-98fcaaa7-63d6-4c8d-995c-31f8b772c8c1 tempest-TaggedAttachmentsTest-306183043 tempest-TaggedAttachmentsTest-306183043-project-member] http://192.168.122.36/volume/v3/volumes/aeee006c-089d-4fcb-8275-e80f2bf1d441 returned with HTTP 200
Aug 05 06:13:03 devstack devstack@c-api.service[88389]: [pid: 88389|app: 0|req: 218/419] 192.168.122.36 () {58 vars in 1227 bytes} [Wed Aug 5 06:13:03 2026] GET /volume/v3/volumes/aeee006c-089d-4fcb-8275-e80f2bf1d441 => generated 1144 bytes in 58 msecs (HTTP/1.1 200) 7 headers in 286 bytes (1 switches on core 0)
Aug 05 06:13:03 devstack devstack@c-api.service[88388]: DEBUG cinder.api.middleware.request_id [None req-85a74b4a-5d1e-4c0d-bdc1-0c447e70c654 None None] RequestId filter calling following filter/app {{(pid=88388) _context_setter /opt/stack/cinder/cinder/api/middleware/request_id.py:62}}
Aug 05 06:13:03 devstack devstack@c-api.service[88388]: INFO cinder.api.openstack.wsgi [None req-85a74b4a-5d1e-4c0d-bdc1-0c447e70c654 tempest-TaggedAttachmentsTest-306183043 tempest-TaggedAttachmentsTest-306183043-project-member] GET http://192.168.122.36/volume/v3/volumes/aeee006c-089d-4fcb-8275-e80f2bf1d441
Aug 05 06:13:03 devstack devstack@c-api.service[88388]: DEBUG cinder.api.openstack.wsgi [None req-85a74b4a-5d1e-4c0d-bdc1-0c447e70c654 tempest-TaggedAttachmentsTest-306183043 tempest-TaggedAttachmentsTest-306183043-project-member] Empty body provided in request {{(pid=88388) get_body /opt/stack/cinder/cinder/api/openstack/wsgi.py:725}}
Aug 05 06:13:03 devstack devstack@c-api.service[88388]: DEBUG cinder.api.openstack.wsgi [None req-85a74b4a-5d1e-4c0d-bdc1-0c447e70c654 tempest-TaggedAttachmentsTest-306183043 tempest-TaggedAttachmentsTest-306183043-project-member] Calling method 'show' {{(pid=88388) _process_stack /opt/stack/cinder/cinder/api/openstack/wsgi.py:878}}
Aug 05 06:13:03 devstack devstack@c-api.service[88388]: /opt/stack/data/venv/lib/python3.12/site-packages/oslo_context/context.py:102: DeprecationWarning: Policy enforcement is depending on the value of is_admin. This key is deprecated. Please update your policy file to use the standard policy values.
Aug 05 06:13:03 devstack devstack@c-api.service[88388]: warnings.warn(
