Aug 14 17:30:53 devstack devstack@g-api.service[84078]: DEBUG glance.common.config [None req-5fe8b45f-8994-426d-99bd-71f4bd862c60 None None] barbican_service_user.cafile = None {{(pid=84078) log_opt_values /opt/stack/data/venv/lib/python3.12/site-packages/oslo_config/cfg.py:3560}}
Aug 14 17:30:53 devstack devstack@g-api.service[84078]: DEBUG glance.common.config [None req-5fe8b45f-8994-426d-99bd-71f4bd862c60 None None] barbican_service_user.certfile = None {{(pid=84078) log_opt_values /opt/stack/data/venv/lib/python3.12/site-packages/oslo_config/cfg.py:3560}}
Aug 14 17:30:53 devstack devstack@g-api.service[84078]: DEBUG glance.common.config [None req-5fe8b45f-8994-426d-99bd-71f4bd862c60 None None] barbican_service_user.collect_timing = False {{(pid=84078) log_opt_values /opt/stack/data/venv/lib/python3.12/site-packages/oslo_config/cfg.py:3560}}
Aug 14 17:30:53 devstack devstack@g-api.service[84078]: DEBUG glance.common.config [None req-5fe8b45f-8994-426d-99bd-71f4bd862c60 None None] barbican_service_user.insecure = False {{(pid=84078) log_opt_values /opt/stack/data/venv/lib/python3.12/site-packages/oslo_config/cfg.py:3560}}
Aug 14 17:30:53 devstack devstack@g-api.service[84078]: DEBUG glance.common.config [None req-5fe8b45f-8994-426d-99bd-71f4bd862c60 None None] barbican_service_user.keyfile = None {{(pid=84078) log_opt_values /opt/stack/data/venv/lib/python3.12/site-packages/oslo_config/cfg.py:3560}}
Aug 14 17:30:53 devstack devstack@g-api.service[84078]: DEBUG glance.common.config [None req-5fe8b45f-8994-426d-99bd-71f4bd862c60 None None] barbican_service_user.split_loggers = False {{(pid=84078) log_opt_values /opt/stack/data/venv/lib/python3.12/site-packages/oslo_config/cfg.py:3560}}
Aug 14 17:30:53 devstack devstack@g-api.service[84078]: DEBUG glance.common.config [None req-5fe8b45f-8994-426d-99bd-71f4bd862c60 None None] barbican_service_user.timeout = None {{(pid=84078) log_opt_values /opt/stack/data/venv/lib/python3.12/site-packages/oslo_config/cfg.py:3560}}
Aug 14 17:30:53 devstack devstack@g-api.service[84078]: DEBUG glance.common.config [None req-5fe8b45f-8994-426d-99bd-71f4bd862c60 None None] database.asyncio_connection = **** {{(pid=84078) log_opt_values /opt/stack/data/venv/lib/python3.12/site-packages/oslo_config/cfg.py:3560}}
Aug 14 17:30:53 devstack devstack@g-api.service[84078]: DEBUG glance.common.config [None req-5fe8b45f-8994-426d-99bd-71f4bd862c60 None None] database.asyncio_slave_connection = **** {{(pid=84078) log_opt_values /opt/stack/data/venv/lib/python3.12/site-packages/oslo_config/cfg.py:3560}}
Aug 14 17:30:53 devstack devstack@g-api.service[84078]: DEBUG glance.common.config [None req-5fe8b45f-8994-426d-99bd-71f4bd862c60 None None] database.backend = sqlalchemy {{(pid=84078) log_opt_values /opt/stack/data/venv/lib/python3.12/site-packages/oslo_config/cfg.py:3560}}
Aug 14 17:30:53 devstack devstack@g-api.service[84078]: DEBUG glance.common.config [None req-5fe8b45f-8994-426d-99bd-71f4bd862c60 None None] database.connection = **** {{(pid=84078) log_opt_values /opt/stack/data/venv/lib/python3.12/site-packages/oslo_config/cfg.py:3560}}
Aug 14 17:30:53 devstack devstack@g-api.service[84078]: DEBUG glance.common.config [None req-5fe8b45f-8994-426d-99bd-71f4bd862c60 None None] database.connection_debug = 0 {{(pid=84078) log_opt_values /opt/stack/data/venv/lib/python3.12/site-packages/oslo_config/cfg.py:3560}}
Aug 14 17:30:53 devstack devstack@g-api.service[84078]: DEBUG glance.common.config [None req-5fe8b45f-8994-426d-99bd-71f4bd862c60 None None] database.connection_parameters = {{(pid=84078) log_opt_values /opt/stack/data/venv/lib/python3.12/site-packages/oslo_config/cfg.py:3560}}
Aug 14 17:30:53 devstack devstack@g-api.service[84078]: DEBUG glance.common.config [None req-5fe8b45f-8994-426d-99bd-71f4bd862c60 None None] database.connection_recycle_time = 3600 {{(pid=84078) log_opt_values /opt/stack/data/venv/lib/python3.12/site-packages/oslo_config/cfg.py:3560}}
Aug 14 17:30:53 devstack devstack@g-api.service[84078]: DEBUG glance.common.config [None req-5fe8b45f-8994-426d-99bd-71f4bd862c60 None None] database.connection_trace = False {{(pid=84078) log_opt_values /opt/stack/data/venv/lib/python3.12/site-packages/oslo_config/cfg.py:3560}}
Aug 14 17:30:53 devstack devstack@g-api.service[84078]: DEBUG glance.common.config [None req-5fe8b45f-8994-426d-99bd-71f4bd862c60 None None] database.db_inc_retry_interval = True {{(pid=84078) log_opt_values /opt/stack/data/venv/lib/python3.12/site-packages/oslo_config/cfg.py:3560}}
Aug 14 17:30:53 devstack devstack@g-api.service[84078]: DEBUG glance.common.config [None req-5fe8b45f-8994-426d-99bd-71f4bd862c60 None None] database.db_max_retries = 20 {{(pid=84078) log_opt_values /opt/stack/data/venv/lib/python3.12/site-packages/oslo_config/cfg.py:3560}}
Aug 14 17:30:53 devstack devstack@g-api.service[84078]: DEBUG glance.common.config [None req-5fe8b45f-8994-426d-99bd-71f4bd862c60 None None] database.db_max_retry_interval = 10 {{(pid=84078) log_opt_values /opt/stack/data/venv/lib/python3.12/site-packages/oslo_config/cfg.py:3560}}
Aug 14 17:30:53 devstack devstack@g-api.service[84078]: DEBUG glance.common.config [None req-5fe8b45f-8994-426d-99bd-71f4bd862c60 None None] database.db_retry_interval = 1 {{(pid=84078) log_opt_values /opt/stack/data/venv/lib/python3.12/site-packages/oslo_config/cfg.py:3560}}
Aug 14 17:30:53 devstack devstack@g-api.service[84078]: DEBUG glance.common.config [None req-5fe8b45f-8994-426d-99bd-71f4bd862c60 None None] database.max_overflow = 50 {{(pid=84078) log_opt_values /opt/stack/data/venv/lib/python3.12/site-packages/oslo_config/cfg.py:3560}}
Aug 14 17:30:53 devstack devstack@g-api.service[84078]: DEBUG glance.common.config [None req-5fe8b45f-8994-426d-99bd-71f4bd862c60 None None] database.max_pool_size = 5 {{(pid=84078) log_opt_values /opt/stack/data/venv/lib/python3.12/site-packages/oslo_config/cfg.py:3560}}
Aug 14 17:30:53 devstack devstack@g-api.service[84078]: DEBUG glance.common.config [None req-5fe8b45f-8994-426d-99bd-71f4bd862c60 None None] database.max_retries = 10 {{(pid=84078) log_opt_values /opt/stack/data/venv/lib/python3.12/site-packages/oslo_config/cfg.py:3560}}
Aug 14 17:30:53 devstack devstack@g-api.service[84078]: DEBUG glance.common.config [None req-5fe8b45f-8994-426d-99bd-71f4bd862c60 None None] database.mysql_sql_mode = TRADITIONAL {{(pid=84078) log_opt_values /opt/stack/data/venv/lib/python3.12/site-packages/oslo_config/cfg.py:3560}}
Aug 14 17:30:53 devstack devstack@g-api.service[84078]: DEBUG glance.common.config [None req-5fe8b45f-8994-426d-99bd-71f4bd862c60 None None] database.mysql_wsrep_sync_wait = None {{(pid=84078) log_opt_values /opt/stack/data/venv/lib/python3.12/site-packages/oslo_config/cfg.py:3560}}
Aug 14 17:30:53 devstack devstack@g-api.service[84078]: DEBUG glance.common.config [None req-5fe8b45f-8994-426d-99bd-71f4bd862c60 None None] database.pool_timeout = None {{(pid=84078) log_opt_values /opt/stack/data/venv/lib/python3.12/site-packages/oslo_config/cfg.py:3560}}
Aug 14 17:30:53 devstack devstack@g-api.service[84078]: DEBUG glance.common.config [None req-5fe8b45f-8994-426d-99bd-71f4bd862c60 None None] database.retry_interval = 10 {{(pid=84078) log_opt_values /opt/stack/data/venv/lib/python3.12/site-packages/oslo_config/cfg.py:3560}}
Aug 14 17:30:53 devstack devstack@g-api.service[84078]: DEBUG glance.common.config [None req-5fe8b45f-8994-426d-99bd-71f4bd862c60 None None] database.slave_connection = **** {{(pid=84078) log_opt_values /opt/stack/data/venv/lib/python3.12/site-packages/oslo_config/cfg.py:3560}}
Aug 14 17:30:53 devstack devstack@g-api.service[84078]: DEBUG glance.common.config [None req-5fe8b45f-8994-426d-99bd-71f4bd862c60 None None] database.sqlite_synchronous = True {{(pid=84078) log_opt_values /opt/stack/data/venv/lib/python3.12/site-packages/oslo_config/cfg.py:3560}}
Aug 14 17:30:53 devstack devstack@g-api.service[84078]: DEBUG glance.common.config [None req-5fe8b45f-8994-426d-99bd-71f4bd862c60 None None] database.synchronous_reader = True {{(pid=84078) log_opt_values /opt/stack/data/venv/lib/python3.12/site-packages/oslo_config/cfg.py:3560}}
Aug 14 17:30:53 devstack devstack@g-api.service[84078]: DEBUG glance.common.config [None req-5fe8b45f-8994-426d-99bd-71f4bd862c60 None None] database.use_db_reconnect = False {{(pid=84078) log_opt_values /opt/stack/data/venv/lib/python3.12/site-packages/oslo_config/cfg.py:3560}}
Aug 14 17:30:53 devstack devstack@g-api.service[84078]: DEBUG glance.common.config [None req-5fe8b45f-8994-426d-99bd-71f4bd862c60 None None] healthcheck.allowed_source_ranges = [] {{(pid=84078) log_opt_values /opt/stack/data/venv/lib/python3.12/site-packages/oslo_config/cfg.py:3560}}
Aug 14 17:30:53 devstack devstack@g-api.service[84078]: DEBUG glance.common.config [None req-5fe8b45f-8994-426d-99bd-71f4bd862c60 None None] healthcheck.backends = ['disable_by_file'] {{(pid=84078) log_opt_values /opt/stack/data/venv/lib/python3.12/site-packages/oslo_config/cfg.py:3560}}
Aug 14 17:30:53 devstack devstack@g-api.service[84078]: DEBUG glance.common.config [None req-5fe8b45f-8994-426d-99bd-71f4bd862c60 None None] healthcheck.detailed = False {{(pid=84078) log_opt_values /opt/stack/data/venv/lib/python3.12/site-packages/oslo_config/cfg.py:3560}}
Aug 14 17:30:53 devstack devstack@g-api.service[84078]: DEBUG glance.common.config [None req-5fe8b45f-8994-426d-99bd-71f4bd862c60 None None] healthcheck.disable_by_file_path = None {{(pid=84078) log_opt_values /opt/stack/data/venv/lib/python3.12/site-packages/oslo_config/cfg.py:3560}}
Aug 14 17:30:53 devstack devstack@g-api.service[84078]: DEBUG glance.common.config [None req-5fe8b45f-8994-426d-99bd-71f4bd862c60 None None] healthcheck.ignore_proxied_requests = False {{(pid=84078) log_opt_values /opt/stack/data/venv/lib/python3.12/site-packages/oslo_config/cfg.py:3560}}
Aug 14 17:30:53 devstack devstack@g-api.service[84078]: DEBUG glance.common.config [None req-5fe8b45f-8994-426d-99bd-71f4bd862c60 None None] ******************************************************************************** {{(pid=84078) log_opt_values /opt/stack/data/venv/lib/python3.12/site-packages/oslo_config/cfg.py:3567}}
Aug 14 17:30:53 devstack devstack@g-api.service[84078]: WSGI app 0 (mountpoint='') ready in 6 seconds on interpreter 0x73513dea4668 pid: 84078 (default app)
Aug 14 17:30:57 devstack devstack@g-api.service[84076]: DEBUG glance.api.middleware.version_negotiation [None req-5bacd92e-712d-45ed-909f-1ab0d119df2f None None] Determining version of request: GET / Accept: application/json {{(pid=84076) process_request /opt/stack/glance/glance/api/middleware/version_negotiation.py:44}}
Aug 14 17:30:57 devstack devstack@g-api.service[84076]: DEBUG glance.api.middleware.version_negotiation [None req-5bacd92e-712d-45ed-909f-1ab0d119df2f None None] Using url versioning {{(pid=84076) process_request /opt/stack/glance/glance/api/middleware/version_negotiation.py:57}}
Aug 14 17:30:57 devstack devstack@g-api.service[84076]: DEBUG glance.api.middleware.version_negotiation [None req-5bacd92e-712d-45ed-909f-1ab0d119df2f None None] Unknown version. Returning version choices. {{(pid=84076) process_request /opt/stack/glance/glance/api/middleware/version_negotiation.py:64}}
Aug 14 17:30:57 devstack devstack@g-api.service[84076]: [pid: 84076|app: 0|req: 2/2] 127.0.0.1 () {34 vars in 519 bytes} [Fri Aug 14 17:30:57 2026] GET / => generated 1571 bytes in 2 msecs (HTTP/1.1 300) 3 headers in 106 bytes (1 switches on core 0)
Aug 14 17:30:57 devstack devstack@g-api.service[84078]: DEBUG glance.api.middleware.version_negotiation [None req-5fe8b45f-8994-426d-99bd-71f4bd862c60 None None] Determining version of request: POST /v2/images Accept: */* {{(pid=84078) process_request /opt/stack/glance/glance/api/middleware/version_negotiation.py:44}}
Aug 14 17:30:57 devstack devstack@g-api.service[84078]: DEBUG glance.api.middleware.version_negotiation [None req-5fe8b45f-8994-426d-99bd-71f4bd862c60 None None] Using url versioning {{(pid=84078) process_request /opt/stack/glance/glance/api/middleware/version_negotiation.py:57}}
Aug 14 17:30:57 devstack devstack@g-api.service[84078]: DEBUG glance.api.middleware.version_negotiation [None req-5fe8b45f-8994-426d-99bd-71f4bd862c60 None None] Matched version: v2 {{(pid=84078) process_request /opt/stack/glance/glance/api/middleware/version_negotiation.py:69}}
Aug 14 17:30:57 devstack devstack@g-api.service[84078]: DEBUG glance.api.middleware.version_negotiation [None req-5fe8b45f-8994-426d-99bd-71f4bd862c60 None None] new path /v2/images {{(pid=84078) process_request /opt/stack/glance/glance/api/middleware/version_negotiation.py:70}}
Aug 14 17:30:58 devstack devstack@g-api.service[84078]: [pid: 84078|app: 0|req: 1/3] 127.0.0.1 () {40 vars in 782 bytes} [Fri Aug 14 17:30:57 2026] POST /v2/images => generated 807 bytes in 1264 msecs (HTTP/1.1 201) 6 headers in 314 bytes (1 switches on core 0)
Aug 14 17:30:58 devstack devstack@g-api.service[84076]: DEBUG glance.api.middleware.version_negotiation [None req-5bacd92e-712d-45ed-909f-1ab0d119df2f None None] Determining version of request: PUT /v2/images/760da48a-52f6-4c8c-b7b8-6ab7c8bcfdad/file Accept: {{(pid=84076) process_request /opt/stack/glance/glance/api/middleware/version_negotiation.py:44}}
Aug 14 17:30:58 devstack devstack@g-api.service[84076]: DEBUG glance.api.middleware.version_negotiation [None req-5bacd92e-712d-45ed-909f-1ab0d119df2f None None] Using url versioning {{(pid=84076) process_request /opt/stack/glance/glance/api/middleware/version_negotiation.py:57}}
Aug 14 17:30:58 devstack devstack@g-api.service[84076]: DEBUG glance.api.middleware.version_negotiation [None req-5bacd92e-712d-45ed-909f-1ab0d119df2f None None] Matched version: v2 {{(pid=84076) process_request /opt/stack/glance/glance/api/middleware/version_negotiation.py:69}}
Aug 14 17:30:58 devstack devstack@g-api.service[84076]: DEBUG glance.api.middleware.version_negotiation [None req-5bacd92e-712d-45ed-909f-1ab0d119df2f None None] new path /v2/images/760da48a-52f6-4c8c-b7b8-6ab7c8bcfdad/file {{(pid=84076) process_request /opt/stack/glance/glance/api/middleware/version_negotiation.py:70}}
Aug 14 17:30:59 devstack devstack@g-api.service[84076]: INFO glance.api.v2.image_data [None req-786f53cf-55fc-43cc-926a-f5f7d14a295d admin admin] Unable to create trust: no such option collect_timing in group [keystone_authtoken] Use the existing user token.
Aug 14 17:30:59 devstack devstack@g-api.service[84076]: DEBUG glance.location [None req-786f53cf-55fc-43cc-926a-f5f7d14a295d admin admin] Enabling in-flight format inspection for qcow2 {{(pid=84076) set_data /opt/stack/glance/glance/location.py:596}}
Aug 14 17:30:59 devstack devstack@g-api.service[84076]: DEBUG oslo_utils.imageutils.format_inspector [None req-786f53cf-55fc-43cc-926a-f5f7d14a295d admin admin] Format inspector for vmdk does not match, excluding from consideration (Signature KDMV not found: b'QFI\xfb') {{(pid=84076) _process_chunk /opt/stack/data/venv/lib/python3.12/site-packages/oslo_utils/imageutils/format_inspector.py:1758}}
Aug 14 17:30:59 devstack devstack@g-api.service[84076]: DEBUG oslo_utils.imageutils.format_inspector [None req-786f53cf-55fc-43cc-926a-f5f7d14a295d admin admin] Format inspector for vhdx does not match, excluding from consideration (Region signature not found at 30000) {{(pid=84076) _process_chunk /opt/stack/data/venv/lib/python3.12/site-packages/oslo_utils/imageutils/format_inspector.py:1758}}
Aug 14 17:31:00 devstack devstack@g-api.service[84076]: DEBUG glance_store._drivers.filesystem [None req-786f53cf-55fc-43cc-926a-f5f7d14a295d admin admin] Wrote 21692416 bytes to /opt/stack/data/glance/images/760da48a-52f6-4c8c-b7b8-6ab7c8bcfdad with checksum 87617e24a5e30cb3b87fda8c0764838f and multihash 9a9bce0083a00939ec17c11febbfc767aa211aaa54f51e75c5a8b271a9b5637c77205a518b7a2007cb391d23cceb01e0e4e8d64832317151bc85b734b92a7be0 {{(pid=84076) add /opt/stack/data/venv/lib/python3.12/site-packages/glance_store/_drivers/filesystem.py:899}}
Aug 14 17:31:00 devstack devstack@g-api.service[84076]: INFO glance.location [None req-786f53cf-55fc-43cc-926a-f5f7d14a295d admin admin] Image format matched and virtual size computed: 117440512
Aug 14 17:31:00 devstack devstack@g-api.service[84076]: DEBUG glance_store.backend [None req-786f53cf-55fc-43cc-926a-f5f7d14a295d admin admin] Skipping store.set_acls... not implemented. {{(pid=84076) set_acls /opt/stack/data/venv/lib/python3.12/site-packages/glance_store/backend.py:507}}
Aug 14 17:31:00 devstack devstack@g-api.service[84076]: [pid: 84076|app: 0|req: 3/4] 127.0.0.1 () {42 vars in 914 bytes} [Fri Aug 14 17:30:58 2026] PUT /v2/images/760da48a-52f6-4c8c-b7b8-6ab7c8bcfdad/file => generated 0 bytes in 1787 msecs (HTTP/1.1 204) 4 headers in 171 bytes (1 switches on core 0)
Aug 14 17:31:00 devstack devstack@g-api.service[84078]: DEBUG glance.api.middleware.version_negotiation [None req-b1041cea-5cab-40b9-8996-097f9650f3e4 admin admin] Determining version of request: GET /v2/images/760da48a-52f6-4c8c-b7b8-6ab7c8bcfdad Accept: */* {{(pid=84078) process_request /opt/stack/glance/glance/api/middleware/version_negotiation.py:44}}
Aug 14 17:31:00 devstack devstack@g-api.service[84078]: DEBUG glance.api.middleware.version_negotiation [None req-b1041cea-5cab-40b9-8996-097f9650f3e4 admin admin] Using url versioning {{(pid=84078) process_request /opt/stack/glance/glance/api/middleware/version_negotiation.py:57}}
Aug 14 17:31:00 devstack devstack@g-api.service[84078]: DEBUG glance.api.middleware.version_negotiation [None req-b1041cea-5cab-40b9-8996-097f9650f3e4 admin admin] Matched version: v2 {{(pid=84078) process_request /opt/stack/glance/glance/api/middleware/version_negotiation.py:69}}
Aug 14 17:31:00 devstack devstack@g-api.service[84078]: DEBUG glance.api.middleware.version_negotiation [None req-b1041cea-5cab-40b9-8996-097f9650f3e4 admin admin] new path /v2/images/760da48a-52f6-4c8c-b7b8-6ab7c8bcfdad {{(pid=84078) process_request /opt/stack/glance/glance/api/middleware/version_negotiation.py:70}}
Aug 14 17:31:00 devstack devstack@g-api.service[84078]: [pid: 84078|app: 0|req: 2/5] 127.0.0.1 () {36 vars in 802 bytes} [Fri Aug 14 17:31:00 2026] GET /v2/images/760da48a-52f6-4c8c-b7b8-6ab7c8bcfdad => generated 976 bytes in 19 msecs (HTTP/1.1 200) 4 headers in 157 bytes (1 switches on core 0)
Aug 14 17:31:10 devstack devstack@g-api.service[84076]: DEBUG dbcounter [-] [84076] Writing DB stats glance:INSERT=5,glance:SELECT=16,glance:UPDATE=2 {{(pid=84076) stat_writer /opt/stack/data/venv/lib/python3.12/site-packages/dbcounter.py:115}}
Aug 14 17:31:10 devstack devstack@g-api.service[84078]: DEBUG dbcounter [-] [84078] Writing DB stats glance:INSERT=9,glance:SELECT=6 {{(pid=84078) stat_writer /opt/stack/data/venv/lib/python3.12/site-packages/dbcounter.py:115}}
Aug 14 17:31:46 devstack devstack@g-api.service[84076]: DEBUG glance.api.middleware.version_negotiation [None req-786f53cf-55fc-43cc-926a-f5f7d14a295d admin admin] Determining version of request: GET / Accept: application/json {{(pid=84076) process_request /opt/stack/glance/glance/api/middleware/version_negotiation.py:44}}
Aug 14 17:31:46 devstack devstack@g-api.service[84076]: DEBUG glance.api.middleware.version_negotiation [None req-786f53cf-55fc-43cc-926a-f5f7d14a295d admin admin] Using url versioning {{(pid=84076) process_request /opt/stack/glance/glance/api/middleware/version_negotiation.py:57}}
Aug 14 17:31:46 devstack devstack@g-api.service[84076]: DEBUG glance.api.middleware.version_negotiation [None req-786f53cf-55fc-43cc-926a-f5f7d14a295d admin admin] Unknown version. Returning version choices. {{(pid=84076) process_request /opt/stack/glance/glance/api/middleware/version_negotiation.py:64}}
Aug 14 17:31:46 devstack devstack@g-api.service[84076]: [pid: 84076|app: 0|req: 4/6] 127.0.0.1 () {34 vars in 519 bytes} [Fri Aug 14 17:31:46 2026] GET / => generated 1571 bytes in 3 msecs (HTTP/1.1 300) 3 headers in 106 bytes (1 switches on core 0)
Aug 14 17:31:46 devstack devstack@g-api.service[84078]: DEBUG glance.api.middleware.version_negotiation [None req-cb0a69ed-2644-4568-a255-17966f7cae54 admin admin] Determining version of request: GET /v2/images Accept: application/json {{(pid=84078) process_request /opt/stack/glance/glance/api/middleware/version_negotiation.py:44}}
Aug 14 17:31:46 devstack devstack@g-api.service[84078]: DEBUG glance.api.middleware.version_negotiation [None req-cb0a69ed-2644-4568-a255-17966f7cae54 admin admin] Using url versioning {{(pid=84078) process_request /opt/stack/glance/glance/api/middleware/version_negotiation.py:57}}
Aug 14 17:31:46 devstack devstack@g-api.service[84078]: DEBUG glance.api.middleware.version_negotiation [None req-cb0a69ed-2644-4568-a255-17966f7cae54 admin admin] Matched version: v2 {{(pid=84078) process_request /opt/stack/glance/glance/api/middleware/version_negotiation.py:69}}
Aug 14 17:31:46 devstack devstack@g-api.service[84078]: DEBUG glance.api.middleware.version_negotiation [None req-cb0a69ed-2644-4568-a255-17966f7cae54 admin admin] new path /v2/images {{(pid=84078) process_request /opt/stack/glance/glance/api/middleware/version_negotiation.py:70}}
Aug 14 17:31:46 devstack devstack@g-api.service[84078]: [pid: 84078|app: 0|req: 3/7] 127.0.0.1 () {36 vars in 741 bytes} [Fri Aug 14 17:31:46 2026] GET /v2/images => generated 1045 bytes in 96 msecs (HTTP/1.1 200) 4 headers in 158 bytes (1 switches on core 0)
Aug 14 17:31:55 devstack devstack@g-api.service[84076]: DEBUG glance.api.middleware.version_negotiation [None req-786f53cf-55fc-43cc-926a-f5f7d14a295d admin admin] Determining version of request: GET / Accept: application/json {{(pid=84076) process_request /opt/stack/glance/glance/api/middleware/version_negotiation.py:44}}
Aug 14 17:31:55 devstack devstack@g-api.service[84076]: DEBUG glance.api.middleware.version_negotiation [None req-786f53cf-55fc-43cc-926a-f5f7d14a295d admin admin] Using url versioning {{(pid=84076) process_request /opt/stack/glance/glance/api/middleware/version_negotiation.py:57}}
Aug 14 17:31:55 devstack devstack@g-api.service[84076]: DEBUG glance.api.middleware.version_negotiation [None req-786f53cf-55fc-43cc-926a-f5f7d14a295d admin admin] Unknown version. Returning version choices. {{(pid=84076) process_request /opt/stack/glance/glance/api/middleware/version_negotiation.py:64}}
Aug 14 17:31:55 devstack devstack@g-api.service[84076]: [pid: 84076|app: 0|req: 5/8] 127.0.0.1 () {34 vars in 519 bytes} [Fri Aug 14 17:31:55 2026] GET / => generated 1571 bytes in 3 msecs (HTTP/1.1 300) 3 headers in 106 bytes (1 switches on core 0)
Aug 14 17:31:55 devstack devstack@g-api.service[84078]: DEBUG glance.api.middleware.version_negotiation [None req-bcc85084-5c09-492d-b850-4a292c183dcf admin admin] Determining version of request: GET /v2/images/760da48a-52f6-4c8c-b7b8-6ab7c8bcfdad Accept: */* {{(pid=84078) process_request /opt/stack/glance/glance/api/middleware/version_negotiation.py:44}}
Aug 14 17:31:55 devstack devstack@g-api.service[84078]: DEBUG glance.api.middleware.version_negotiation [None req-bcc85084-5c09-492d-b850-4a292c183dcf admin admin] Using url versioning {{(pid=84078) process_request /opt/stack/glance/glance/api/middleware/version_negotiation.py:57}}
Aug 14 17:31:55 devstack devstack@g-api.service[84078]: DEBUG glance.api.middleware.version_negotiation [None req-bcc85084-5c09-492d-b850-4a292c183dcf admin admin] Matched version: v2 {{(pid=84078) process_request /opt/stack/glance/glance/api/middleware/version_negotiation.py:69}}
Aug 14 17:31:55 devstack devstack@g-api.service[84078]: DEBUG glance.api.middleware.version_negotiation [None req-bcc85084-5c09-492d-b850-4a292c183dcf admin admin] new path /v2/images/760da48a-52f6-4c8c-b7b8-6ab7c8bcfdad {{(pid=84078) process_request /opt/stack/glance/glance/api/middleware/version_negotiation.py:70}}
Aug 14 17:31:55 devstack devstack@g-api.service[84078]: [pid: 84078|app: 0|req: 4/9] 127.0.0.1 () {36 vars in 802 bytes} [Fri Aug 14 17:31:55 2026] GET /v2/images/760da48a-52f6-4c8c-b7b8-6ab7c8bcfdad => generated 976 bytes in 74 msecs (HTTP/1.1 200) 4 headers in 157 bytes (1 switches on core 0)
Aug 14 17:32:01 devstack devstack@g-api.service[84076]: DEBUG glance.api.middleware.version_negotiation [None req-786f53cf-55fc-43cc-926a-f5f7d14a295d admin admin] Determining version of request: GET / Accept: application/json {{(pid=84076) process_request /opt/stack/glance/glance/api/middleware/version_negotiation.py:44}}
Aug 14 17:32:01 devstack devstack@g-api.service[84076]: DEBUG glance.api.middleware.version_negotiation [None req-786f53cf-55fc-43cc-926a-f5f7d14a295d admin admin] Using url versioning {{(pid=84076) process_request /opt/stack/glance/glance/api/middleware/version_negotiation.py:57}}
Aug 14 17:32:01 devstack devstack@g-api.service[84076]: DEBUG glance.api.middleware.version_negotiation [None req-786f53cf-55fc-43cc-926a-f5f7d14a295d admin admin] Unknown version. Returning version choices. {{(pid=84076) process_request /opt/stack/glance/glance/api/middleware/version_negotiation.py:64}}
Aug 14 17:32:01 devstack devstack@g-api.service[84076]: [pid: 84076|app: 0|req: 6/10] 127.0.0.1 () {34 vars in 519 bytes} [Fri Aug 14 17:32:01 2026] GET / => generated 1571 bytes in 2 msecs (HTTP/1.1 300) 3 headers in 106 bytes (1 switches on core 0)
Aug 14 17:32:01 devstack devstack@g-api.service[84078]: DEBUG glance.api.middleware.version_negotiation [None req-75af2a27-3fe3-47ff-a4d9-28bf1b6d3f25 admin admin] Determining version of request: GET /v2/images/760da48a-52f6-4c8c-b7b8-6ab7c8bcfdad Accept: */* {{(pid=84078) process_request /opt/stack/glance/glance/api/middleware/version_negotiation.py:44}}
Aug 14 17:32:01 devstack devstack@g-api.service[84078]: DEBUG glance.api.middleware.version_negotiation [None req-75af2a27-3fe3-47ff-a4d9-28bf1b6d3f25 admin admin] Using url versioning {{(pid=84078) process_request /opt/stack/glance/glance/api/middleware/version_negotiation.py:57}}
Aug 14 17:32:01 devstack devstack@g-api.service[84078]: DEBUG glance.api.middleware.version_negotiation [None req-75af2a27-3fe3-47ff-a4d9-28bf1b6d3f25 admin admin] Matched version: v2 {{(pid=84078) process_request /opt/stack/glance/glance/api/middleware/version_negotiation.py:69}}
Aug 14 17:32:01 devstack devstack@g-api.service[84078]: DEBUG glance.api.middleware.version_negotiation [None req-75af2a27-3fe3-47ff-a4d9-28bf1b6d3f25 admin admin] new path /v2/images/760da48a-52f6-4c8c-b7b8-6ab7c8bcfdad {{(pid=84078) process_request /opt/stack/glance/glance/api/middleware/version_negotiation.py:70}}
Aug 14 17:32:01 devstack devstack@g-api.service[84078]: [pid: 84078|app: 0|req: 5/11] 127.0.0.1 () {36 vars in 802 bytes} [Fri Aug 14 17:32:01 2026] GET /v2/images/760da48a-52f6-4c8c-b7b8-6ab7c8bcfdad => generated 976 bytes in 69 msecs (HTTP/1.1 200) 4 headers in 157 bytes (1 switches on core 0)
Aug 14 17:32:11 devstack devstack@g-api.service[84078]: DEBUG dbcounter [-] [84078] Writing DB stats glance:SELECT=5 {{(pid=84078) stat_writer /opt/stack/data/venv/lib/python3.12/site-packages/dbcounter.py:115}}
Aug 14 17:33:20 devstack devstack@g-api.service[84076]: DEBUG glance.api.middleware.version_negotiation [None req-786f53cf-55fc-43cc-926a-f5f7d14a295d admin admin] Determining version of request: GET / Accept: application/json {{(pid=84076) process_request /opt/stack/glance/glance/api/middleware/version_negotiation.py:44}}
Aug 14 17:33:20 devstack devstack@g-api.service[84076]: DEBUG glance.api.middleware.version_negotiation [None req-786f53cf-55fc-43cc-926a-f5f7d14a295d admin admin] Using url versioning {{(pid=84076) process_request /opt/stack/glance/glance/api/middleware/version_negotiation.py:57}}
Aug 14 17:33:20 devstack devstack@g-api.service[84076]: DEBUG glance.api.middleware.version_negotiation [None req-786f53cf-55fc-43cc-926a-f5f7d14a295d admin admin] Unknown version. Returning version choices. {{(pid=84076) process_request /opt/stack/glance/glance/api/middleware/version_negotiation.py:64}}
Aug 14 17:33:20 devstack devstack@g-api.service[84076]: [pid: 84076|app: 0|req: 7/12] 127.0.0.1 () {36 vars in 488 bytes} [Fri Aug 14 17:33:20 2026] GET / => generated 1571 bytes in 2 msecs (HTTP/1.1 300) 3 headers in 106 bytes (1 switches on core 0)
Aug 14 17:36:22 devstack devstack@g-api.service[84078]: DEBUG glance.api.middleware.version_negotiation [None req-b32b4aac-00a4-49d2-b8f2-6670d8105aa3 admin admin] Determining version of request: GET / Accept: application/json {{(pid=84078) process_request /opt/stack/glance/glance/api/middleware/version_negotiation.py:44}}
Aug 14 17:36:22 devstack devstack@g-api.service[84078]: DEBUG glance.api.middleware.version_negotiation [None req-b32b4aac-00a4-49d2-b8f2-6670d8105aa3 admin admin] Using url versioning {{(pid=84078) process_request /opt/stack/glance/glance/api/middleware/version_negotiation.py:57}}
Aug 14 17:36:22 devstack devstack@g-api.service[84078]: DEBUG glance.api.middleware.version_negotiation [None req-b32b4aac-00a4-49d2-b8f2-6670d8105aa3 admin admin] Unknown version. Returning version choices. {{(pid=84078) process_request /opt/stack/glance/glance/api/middleware/version_negotiation.py:64}}
Aug 14 17:36:22 devstack devstack@g-api.service[84078]: [pid: 84078|app: 0|req: 6/13] 127.0.0.1 () {34 vars in 505 bytes} [Fri Aug 14 17:36:22 2026] GET / => generated 1571 bytes in 5 msecs (HTTP/1.1 300) 3 headers in 106 bytes (1 switches on core 0)
Aug 14 17:36:22 devstack devstack@g-api.service[84076]: DEBUG glance.api.middleware.version_negotiation [None req-786f53cf-55fc-43cc-926a-f5f7d14a295d admin admin] Determining version of request: GET /v2/images/760da48a-52f6-4c8c-b7b8-6ab7c8bcfdad Accept: */* {{(pid=84076) process_request /opt/stack/glance/glance/api/middleware/version_negotiation.py:44}}
Aug 14 17:36:22 devstack devstack@g-api.service[84076]: DEBUG glance.api.middleware.version_negotiation [None req-786f53cf-55fc-43cc-926a-f5f7d14a295d admin admin] Using url versioning {{(pid=84076) process_request /opt/stack/glance/glance/api/middleware/version_negotiation.py:57}}
Aug 14 17:36:22 devstack devstack@g-api.service[84076]: DEBUG glance.api.middleware.version_negotiation [None req-786f53cf-55fc-43cc-926a-f5f7d14a295d admin admin] Matched version: v2 {{(pid=84076) process_request /opt/stack/glance/glance/api/middleware/version_negotiation.py:69}}
Aug 14 17:36:22 devstack devstack@g-api.service[84076]: DEBUG glance.api.middleware.version_negotiation [None req-786f53cf-55fc-43cc-926a-f5f7d14a295d admin admin] new path /v2/images/760da48a-52f6-4c8c-b7b8-6ab7c8bcfdad {{(pid=84076) process_request /opt/stack/glance/glance/api/middleware/version_negotiation.py:70}}
Aug 14 17:36:23 devstack devstack@g-api.service[84076]: [pid: 84076|app: 0|req: 8/14] 127.0.0.1 () {42 vars in 1061 bytes} [Fri Aug 14 17:36:22 2026] GET /v2/images/760da48a-52f6-4c8c-b7b8-6ab7c8bcfdad => generated 976 bytes in 898 msecs (HTTP/1.1 200) 4 headers in 157 bytes (1 switches on core 0)
Aug 14 17:36:23 devstack devstack@g-api.service[84078]: DEBUG glance.api.middleware.version_negotiation [None req-b32b4aac-00a4-49d2-b8f2-6670d8105aa3 admin admin] Determining version of request: GET /v2/schemas/image Accept: */* {{(pid=84078) process_request /opt/stack/glance/glance/api/middleware/version_negotiation.py:44}}
Aug 14 17:36:23 devstack devstack@g-api.service[84078]: DEBUG glance.api.middleware.version_negotiation [None req-b32b4aac-00a4-49d2-b8f2-6670d8105aa3 admin admin] Using url versioning {{(pid=84078) process_request /opt/stack/glance/glance/api/middleware/version_negotiation.py:57}}
Aug 14 17:36:23 devstack devstack@g-api.service[84078]: DEBUG glance.api.middleware.version_negotiation [None req-b32b4aac-00a4-49d2-b8f2-6670d8105aa3 admin admin] Matched version: v2 {{(pid=84078) process_request /opt/stack/glance/glance/api/middleware/version_negotiation.py:69}}
Aug 14 17:36:23 devstack devstack@g-api.service[84078]: DEBUG glance.api.middleware.version_negotiation [None req-b32b4aac-00a4-49d2-b8f2-6670d8105aa3 admin admin] new path /v2/schemas/image {{(pid=84078) process_request /opt/stack/glance/glance/api/middleware/version_negotiation.py:70}}
Aug 14 17:36:23 devstack devstack@g-api.service[84078]: [pid: 84078|app: 0|req: 7/15] 127.0.0.1 () {42 vars in 1001 bytes} [Fri Aug 14 17:36:23 2026] GET /v2/schemas/image => generated 6083 bytes in 13 msecs (HTTP/1.1 200) 4 headers in 158 bytes (1 switches on core 0)
Aug 14 17:36:30 devstack devstack@g-api.service[84076]: DEBUG glance.api.middleware.version_negotiation [None req-73184bc7-b15b-4858-951c-e900304f7d97 tempest-ServersNegativeTestJSON-345194232 tempest-ServersNegativeTestJSON-345194232-project-member] Determining version of request: GET / Accept: application/json {{(pid=84076) process_request /opt/stack/glance/glance/api/middleware/version_negotiation.py:44}}
Aug 14 17:36:30 devstack devstack@g-api.service[84076]: DEBUG glance.api.middleware.version_negotiation [None req-73184bc7-b15b-4858-951c-e900304f7d97 tempest-ServersNegativeTestJSON-345194232 tempest-ServersNegativeTestJSON-345194232-project-member] Using url versioning {{(pid=84076) process_request /opt/stack/glance/glance/api/middleware/version_negotiation.py:57}}
Aug 14 17:36:30 devstack devstack@g-api.service[84076]: DEBUG glance.api.middleware.version_negotiation [None req-73184bc7-b15b-4858-951c-e900304f7d97 tempest-ServersNegativeTestJSON-345194232 tempest-ServersNegativeTestJSON-345194232-project-member] Unknown version. Returning version choices. {{(pid=84076) process_request /opt/stack/glance/glance/api/middleware/version_negotiation.py:64}}
Aug 14 17:36:30 devstack devstack@g-api.service[84076]: [pid: 84076|app: 0|req: 9/16] 127.0.0.1 () {34 vars in 505 bytes} [Fri Aug 14 17:36:30 2026] GET / => generated 1571 bytes in 4 msecs (HTTP/1.1 300) 3 headers in 106 bytes (1 switches on core 0)
Aug 14 17:36:30 devstack devstack@g-api.service[84078]: DEBUG glance.api.middleware.version_negotiation [None req-73184bc7-b15b-4858-951c-e900304f7d97 tempest-ServersNegativeTestJSON-345194232 tempest-ServersNegativeTestJSON-345194232-project-member] Determining version of request: GET /v2/images/760da48a-52f6-4c8c-b7b8-6ab7c8bcfdad Accept: */* {{(pid=84078) process_request /opt/stack/glance/glance/api/middleware/version_negotiation.py:44}}
Aug 14 17:36:30 devstack devstack@g-api.service[84078]: DEBUG glance.api.middleware.version_negotiation [None req-73184bc7-b15b-4858-951c-e900304f7d97 tempest-ServersNegativeTestJSON-345194232 tempest-ServersNegativeTestJSON-345194232-project-member] Using url versioning {{(pid=84078) process_request /opt/stack/glance/glance/api/middleware/version_negotiation.py:57}}
Aug 14 17:36:30 devstack devstack@g-api.service[84078]: DEBUG glance.api.middleware.version_negotiation [None req-73184bc7-b15b-4858-951c-e900304f7d97 tempest-ServersNegativeTestJSON-345194232 tempest-ServersNegativeTestJSON-345194232-project-member] Matched version: v2 {{(pid=84078) process_request /opt/stack/glance/glance/api/middleware/version_negotiation.py:69}}
Aug 14 17:36:30 devstack devstack@g-api.service[84078]: DEBUG glance.api.middleware.version_negotiation [None req-73184bc7-b15b-4858-951c-e900304f7d97 tempest-ServersNegativeTestJSON-345194232 tempest-ServersNegativeTestJSON-345194232-project-member] new path /v2/images/760da48a-52f6-4c8c-b7b8-6ab7c8bcfdad {{(pid=84078) process_request /opt/stack/glance/glance/api/middleware/version_negotiation.py:70}}
Aug 14 17:36:30 devstack devstack@g-api.service[84078]: [pid: 84078|app: 0|req: 8/17] 127.0.0.1 () {42 vars in 1061 bytes} [Fri Aug 14 17:36:30 2026] GET /v2/images/760da48a-52f6-4c8c-b7b8-6ab7c8bcfdad => generated 976 bytes in 266 msecs (HTTP/1.1 200) 4 headers in 157 bytes (1 switches on core 0)
Aug 14 17:36:30 devstack devstack@g-api.service[84076]: DEBUG glance.api.middleware.version_negotiation [None req-73184bc7-b15b-4858-951c-e900304f7d97 tempest-ServersNegativeTestJSON-345194232 tempest-ServersNegativeTestJSON-345194232-project-member] Determining version of request: GET /v2/schemas/image Accept: */* {{(pid=84076) process_request /opt/stack/glance/glance/api/middleware/version_negotiation.py:44}}
Aug 14 17:36:30 devstack devstack@g-api.service[84076]: DEBUG glance.api.middleware.version_negotiation [None req-73184bc7-b15b-4858-951c-e900304f7d97 tempest-ServersNegativeTestJSON-345194232 tempest-ServersNegativeTestJSON-345194232-project-member] Using url versioning {{(pid=84076) process_request /opt/stack/glance/glance/api/middleware/version_negotiation.py:57}}
Aug 14 17:36:30 devstack devstack@g-api.service[84076]: DEBUG glance.api.middleware.version_negotiation [None req-73184bc7-b15b-4858-951c-e900304f7d97 tempest-ServersNegativeTestJSON-345194232 tempest-ServersNegativeTestJSON-345194232-project-member] Matched version: v2 {{(pid=84076) process_request /opt/stack/glance/glance/api/middleware/version_negotiation.py:69}}
Aug 14 17:36:30 devstack devstack@g-api.service[84076]: DEBUG glance.api.middleware.version_negotiation [None req-73184bc7-b15b-4858-951c-e900304f7d97 tempest-ServersNegativeTestJSON-345194232 tempest-ServersNegativeTestJSON-345194232-project-member] new path /v2/schemas/image {{(pid=84076) process_request /opt/stack/glance/glance/api/middleware/version_negotiation.py:70}}
Aug 14 17:36:30 devstack devstack@g-api.service[84076]: [pid: 84076|app: 0|req: 10/18] 127.0.0.1 () {42 vars in 1001 bytes} [Fri Aug 14 17:36:30 2026] GET /v2/schemas/image => generated 6083 bytes in 14 msecs (HTTP/1.1 200) 4 headers in 158 bytes (1 switches on core 0)
Aug 14 17:36:33 devstack devstack@g-api.service[84076]: DEBUG dbcounter [-] [84076] Writing DB stats glance:SELECT=2 {{(pid=84076) stat_writer /opt/stack/data/venv/lib/python3.12/site-packages/dbcounter.py:115}}
Aug 14 17:36:40 devstack devstack@g-api.service[84078]: DEBUG glance.api.middleware.version_negotiation [None req-01a2859f-8a0b-496c-9660-45e90d2d90af tempest-ServerActionsTestOtherA-2076844139 tempest-ServerActionsTestOtherA-2076844139-project-member] Determining version of request: GET /v2/images/760da48a-52f6-4c8c-b7b8-6ab7c8bcfdad Accept: */* {{(pid=84078) process_request /opt/stack/glance/glance/api/middleware/version_negotiation.py:44}}
Aug 14 17:36:40 devstack devstack@g-api.service[84078]: DEBUG glance.api.middleware.version_negotiation [None req-01a2859f-8a0b-496c-9660-45e90d2d90af tempest-ServerActionsTestOtherA-2076844139 tempest-ServerActionsTestOtherA-2076844139-project-member] Using url versioning {{(pid=84078) process_request /opt/stack/glance/glance/api/middleware/version_negotiation.py:57}}
Aug 14 17:36:40 devstack devstack@g-api.service[84078]: DEBUG glance.api.middleware.version_negotiation [None req-01a2859f-8a0b-496c-9660-45e90d2d90af tempest-ServerActionsTestOtherA-2076844139 tempest-ServerActionsTestOtherA-2076844139-project-member] Matched version: v2 {{(pid=84078) process_request /opt/stack/glance/glance/api/middleware/version_negotiation.py:69}}
Aug 14 17:36:40 devstack devstack@g-api.service[84078]: DEBUG glance.api.middleware.version_negotiation [None req-01a2859f-8a0b-496c-9660-45e90d2d90af tempest-ServerActionsTestOtherA-2076844139 tempest-ServerActionsTestOtherA-2076844139-project-member] new path /v2/images/760da48a-52f6-4c8c-b7b8-6ab7c8bcfdad {{(pid=84078) process_request /opt/stack/glance/glance/api/middleware/version_negotiation.py:70}}
Aug 14 17:36:40 devstack devstack@g-api.service[84078]: DEBUG dbcounter [-] [84078] Writing DB stats glance:SELECT=2 {{(pid=84078) stat_writer /opt/stack/data/venv/lib/python3.12/site-packages/dbcounter.py:115}}
Aug 14 17:36:40 devstack devstack@g-api.service[84078]: [pid: 84078|app: 0|req: 9/19] 127.0.0.1 () {42 vars in 1061 bytes} [Fri Aug 14 17:36:40 2026] GET /v2/images/760da48a-52f6-4c8c-b7b8-6ab7c8bcfdad => generated 976 bytes in 83 msecs (HTTP/1.1 200) 4 headers in 157 bytes (1 switches on core 0)
Aug 14 17:36:40 devstack devstack@g-api.service[84076]: DEBUG glance.api.middleware.version_negotiation [None req-01a2859f-8a0b-496c-9660-45e90d2d90af tempest-ServerActionsTestOtherA-2076844139 tempest-ServerActionsTestOtherA-2076844139-project-member] Determining version of request: GET /v2/images/760da48a-52f6-4c8c-b7b8-6ab7c8bcfdad/file Accept: */* {{(pid=84076) process_request /opt/stack/glance/glance/api/middleware/version_negotiation.py:44}}
Aug 14 17:36:40 devstack devstack@g-api.service[84076]: DEBUG glance.api.middleware.version_negotiation [None req-01a2859f-8a0b-496c-9660-45e90d2d90af tempest-ServerActionsTestOtherA-2076844139 tempest-ServerActionsTestOtherA-2076844139-project-member] Using url versioning {{(pid=84076) process_request /opt/stack/glance/glance/api/middleware/version_negotiation.py:57}}
Aug 14 17:36:40 devstack devstack@g-api.service[84076]: DEBUG glance.api.middleware.version_negotiation [None req-01a2859f-8a0b-496c-9660-45e90d2d90af tempest-ServerActionsTestOtherA-2076844139 tempest-ServerActionsTestOtherA-2076844139-project-member] Matched version: v2 {{(pid=84076) process_request /opt/stack/glance/glance/api/middleware/version_negotiation.py:69}}
Aug 14 17:36:40 devstack devstack@g-api.service[84076]: DEBUG glance.api.middleware.version_negotiation [None req-01a2859f-8a0b-496c-9660-45e90d2d90af tempest-ServerActionsTestOtherA-2076844139 tempest-ServerActionsTestOtherA-2076844139-project-member] new path /v2/images/760da48a-52f6-4c8c-b7b8-6ab7c8bcfdad/file {{(pid=84076) process_request /opt/stack/glance/glance/api/middleware/version_negotiation.py:70}}
Aug 14 17:36:40 devstack devstack@g-api.service[84076]: DEBUG glance_store._drivers.filesystem [None req-73184bc7-b15b-4858-951c-e900304f7d97 tempest-ServersNegativeTestJSON-345194232 tempest-ServersNegativeTestJSON-345194232-project-member] Found image at /opt/stack/data/glance/images/760da48a-52f6-4c8c-b7b8-6ab7c8bcfdad. Returning in ChunkedFile. {{(pid=84076) get /opt/stack/data/venv/lib/python3.12/site-packages/glance_store/_drivers/filesystem.py:724}}
Aug 14 17:36:41 devstack devstack@g-api.service[84076]: DEBUG glance.image_cache [None req-73184bc7-b15b-4858-951c-e900304f7d97 tempest-ServersNegativeTestJSON-345194232 tempest-ServersNegativeTestJSON-345194232-project-member] Tee'ing image '760da48a-52f6-4c8c-b7b8-6ab7c8bcfdad' into cache {{(pid=84076) get_caching_iter /opt/stack/glance/glance/image_cache/__init__.py:356}}
Aug 14 17:36:41 devstack devstack@g-api.service[84076]: DEBUG glance.image_cache.drivers.centralized_db [None req-73184bc7-b15b-4858-951c-e900304f7d97 tempest-ServersNegativeTestJSON-345194232 tempest-ServersNegativeTestJSON-345194232-project-member] Fetch finished, moving '/opt/stack/data/glance/cache/incomplete/760da48a-52f6-4c8c-b7b8-6ab7c8bcfdad' to '/opt/stack/data/glance/cache/760da48a-52f6-4c8c-b7b8-6ab7c8bcfdad' {{(pid=84076) commit /opt/stack/glance/glance/image_cache/drivers/centralized_db.py:243}}
Aug 14 17:36:41 devstack devstack@g-api.service[84076]: DEBUG glance.image_cache.drivers.centralized_db [None req-73184bc7-b15b-4858-951c-e900304f7d97 tempest-ServersNegativeTestJSON-345194232 tempest-ServersNegativeTestJSON-345194232-project-member] Image cached successfully. {{(pid=84076) commit /opt/stack/glance/glance/image_cache/drivers/centralized_db.py:258}}
Aug 14 17:36:41 devstack devstack@g-api.service[84076]: [pid: 84076|app: 0|req: 11/20] 127.0.0.1 () {42 vars in 1071 bytes} [Fri Aug 14 17:36:40 2026] GET /v2/images/760da48a-52f6-4c8c-b7b8-6ab7c8bcfdad/file => generated 21692416 bytes in 626 msecs (HTTP/1.1 200) 4 headers in 191 bytes (335 switches on core 0)
Aug 14 17:36:41 devstack devstack@g-api.service[84078]: DEBUG glance.api.middleware.version_negotiation [None req-73184bc7-b15b-4858-951c-e900304f7d97 tempest-ServersNegativeTestJSON-345194232 tempest-ServersNegativeTestJSON-345194232-project-member] Determining version of request: GET /v2/images/760da48a-52f6-4c8c-b7b8-6ab7c8bcfdad Accept: */* {{(pid=84078) process_request /opt/stack/glance/glance/api/middleware/version_negotiation.py:44}}
Aug 14 17:36:41 devstack devstack@g-api.service[84078]: DEBUG glance.api.middleware.version_negotiation [None req-73184bc7-b15b-4858-951c-e900304f7d97 tempest-ServersNegativeTestJSON-345194232 tempest-ServersNegativeTestJSON-345194232-project-member] Using url versioning {{(pid=84078) process_request /opt/stack/glance/glance/api/middleware/version_negotiation.py:57}}
Aug 14 17:36:41 devstack devstack@g-api.service[84078]: DEBUG glance.api.middleware.version_negotiation [None req-73184bc7-b15b-4858-951c-e900304f7d97 tempest-ServersNegativeTestJSON-345194232 tempest-ServersNegativeTestJSON-345194232-project-member] Matched version: v2 {{(pid=84078) process_request /opt/stack/glance/glance/api/middleware/version_negotiation.py:69}}
Aug 14 17:36:41 devstack devstack@g-api.service[84078]: DEBUG glance.api.middleware.version_negotiation [None req-73184bc7-b15b-4858-951c-e900304f7d97 tempest-ServersNegativeTestJSON-345194232 tempest-ServersNegativeTestJSON-345194232-project-member] new path /v2/images/760da48a-52f6-4c8c-b7b8-6ab7c8bcfdad {{(pid=84078) process_request /opt/stack/glance/glance/api/middleware/version_negotiation.py:70}}
Aug 14 17:36:41 devstack devstack@g-api.service[84078]: [pid: 84078|app: 0|req: 10/21] 127.0.0.1 () {42 vars in 1061 bytes} [Fri Aug 14 17:36:41 2026] GET /v2/images/760da48a-52f6-4c8c-b7b8-6ab7c8bcfdad => generated 976 bytes in 70 msecs (HTTP/1.1 200) 4 headers in 157 bytes (1 switches on core 0)
Aug 14 17:36:41 devstack devstack@g-api.service[84076]: DEBUG glance.api.middleware.version_negotiation [None req-73184bc7-b15b-4858-951c-e900304f7d97 tempest-ServersNegativeTestJSON-345194232 tempest-ServersNegativeTestJSON-345194232-project-member] Determining version of request: GET /v2/schemas/image Accept: */* {{(pid=84076) process_request /opt/stack/glance/glance/api/middleware/version_negotiation.py:44}}
Aug 14 17:36:41 devstack devstack@g-api.service[84076]: DEBUG glance.api.middleware.version_negotiation [None req-73184bc7-b15b-4858-951c-e900304f7d97 tempest-ServersNegativeTestJSON-345194232 tempest-ServersNegativeTestJSON-345194232-project-member] Using url versioning {{(pid=84076) process_request /opt/stack/glance/glance/api/middleware/version_negotiation.py:57}}
Aug 14 17:36:41 devstack devstack@g-api.service[84076]: DEBUG glance.api.middleware.version_negotiation [None req-73184bc7-b15b-4858-951c-e900304f7d97 tempest-ServersNegativeTestJSON-345194232 tempest-ServersNegativeTestJSON-345194232-project-member] Matched version: v2 {{(pid=84076) process_request /opt/stack/glance/glance/api/middleware/version_negotiation.py:69}}
Aug 14 17:36:41 devstack devstack@g-api.service[84076]: DEBUG glance.api.middleware.version_negotiation [None req-73184bc7-b15b-4858-951c-e900304f7d97 tempest-ServersNegativeTestJSON-345194232 tempest-ServersNegativeTestJSON-345194232-project-member] new path /v2/schemas/image {{(pid=84076) process_request /opt/stack/glance/glance/api/middleware/version_negotiation.py:70}}
Aug 14 17:36:42 devstack devstack@g-api.service[84076]: [pid: 84076|app: 0|req: 12/22] 127.0.0.1 () {42 vars in 1001 bytes} [Fri Aug 14 17:36:41 2026] GET /v2/schemas/image => generated 6083 bytes in 18 msecs (HTTP/1.1 200) 4 headers in 158 bytes (1 switches on core 0)
Aug 14 17:36:51 devstack devstack@g-api.service[84076]: DEBUG dbcounter [-] [84076] Writing DB stats glance:SELECT=5,glance:INSERT=1 {{(pid=84076) stat_writer /opt/stack/data/venv/lib/python3.12/site-packages/dbcounter.py:115}}
Aug 14 17:36:51 devstack devstack@g-api.service[84078]: DEBUG dbcounter [-] [84078] Writing DB stats glance:SELECT=4 {{(pid=84078) stat_writer /opt/stack/data/venv/lib/python3.12/site-packages/dbcounter.py:115}}
Aug 14 17:36:58 devstack devstack@g-api.service[84078]: DEBUG glance.api.middleware.version_negotiation [None req-73184bc7-b15b-4858-951c-e900304f7d97 tempest-ServersNegativeTestJSON-345194232 tempest-ServersNegativeTestJSON-345194232-project-member] Determining version of request: GET /v2/images/760da48a-52f6-4c8c-b7b8-6ab7c8bcfdad Accept: */* {{(pid=84078) process_request /opt/stack/glance/glance/api/middleware/version_negotiation.py:44}}
Aug 14 17:36:58 devstack devstack@g-api.service[84078]: DEBUG glance.api.middleware.version_negotiation [None req-73184bc7-b15b-4858-951c-e900304f7d97 tempest-ServersNegativeTestJSON-345194232 tempest-ServersNegativeTestJSON-345194232-project-member] Using url versioning {{(pid=84078) process_request /opt/stack/glance/glance/api/middleware/version_negotiation.py:57}}
Aug 14 17:36:58 devstack devstack@g-api.service[84078]: DEBUG glance.api.middleware.version_negotiation [None req-73184bc7-b15b-4858-951c-e900304f7d97 tempest-ServersNegativeTestJSON-345194232 tempest-ServersNegativeTestJSON-345194232-project-member] Matched version: v2 {{(pid=84078) process_request /opt/stack/glance/glance/api/middleware/version_negotiation.py:69}}
Aug 14 17:36:58 devstack devstack@g-api.service[84078]: DEBUG glance.api.middleware.version_negotiation [None req-73184bc7-b15b-4858-951c-e900304f7d97 tempest-ServersNegativeTestJSON-345194232 tempest-ServersNegativeTestJSON-345194232-project-member] new path /v2/images/760da48a-52f6-4c8c-b7b8-6ab7c8bcfdad {{(pid=84078) process_request /opt/stack/glance/glance/api/middleware/version_negotiation.py:70}}
Aug 14 17:36:58 devstack devstack@g-api.service[84078]: [pid: 84078|app: 0|req: 11/23] 127.0.0.1 () {42 vars in 1061 bytes} [Fri Aug 14 17:36:58 2026] GET /v2/images/760da48a-52f6-4c8c-b7b8-6ab7c8bcfdad => generated 976 bytes in 88 msecs (HTTP/1.1 200) 4 headers in 157 bytes (1 switches on core 0)
Aug 14 17:36:58 devstack devstack@g-api.service[84076]: DEBUG glance.api.middleware.version_negotiation [None req-73184bc7-b15b-4858-951c-e900304f7d97 tempest-ServersNegativeTestJSON-345194232 tempest-ServersNegativeTestJSON-345194232-project-member] Determining version of request: GET /v2/schemas/image Accept: */* {{(pid=84076) process_request /opt/stack/glance/glance/api/middleware/version_negotiation.py:44}}
