Jun 23 04:23:54 devstack cinder-volume[93326]: DEBUG oslo.privsep.daemon [-] privsep: reply[3b58498b-bff5-43d5-8d8a-e6600f109a3c]: (4, 'qcow2') {{(pid=94617) _call_back /opt/stack/data/venv/lib/python3.12/site-packages/oslo_privsep/daemon.py:580}}
Jun 23 04:23:54 devstack cinder-volume[93326]: DEBUG oslo_concurrency.processutils [None req-facd9c89-dfb5-4b27-9b46-b383e5788844 tempest-GroupSnapshotsTest-1192531673 None] Running cmd (subprocess): /opt/stack/data/venv/bin/python3.12 -m oslo_concurrency.prlimit --as=1073741824 --cpu=60 -- sudo cinder-rootwrap /etc/cinder/rootwrap.conf env LC_ALL=C qemu-img info -f qcow2 --output=json --force-share /opt/stack/data/cinder/mnt/67221b93f8ce36e4761b25afbd140090/volume-ce585222-67ae-46ed-a198-c0492e142544 {{(pid=93326) execute /opt/stack/data/venv/lib/python3.12/site-packages/oslo_concurrency/processutils.py:440}}
Jun 23 04:23:54 devstack sudo[99532]: quobyte : PWD=/ ; USER=root ; COMMAND=/opt/stack/data/venv/bin/cinder-rootwrap /etc/cinder/rootwrap.conf env LC_ALL=C qemu-img info -f qcow2 --output=json --force-share /opt/stack/data/cinder/mnt/67221b93f8ce36e4761b25afbd140090/volume-ce585222-67ae-46ed-a198-c0492e142544
Jun 23 04:23:54 devstack sudo[99532]: pam_unix(sudo:session): session opened for user root(uid=0) by (uid=1000)
Jun 23 04:23:55 devstack sudo[99530]: pam_unix(sudo:session): session closed for user root
Jun 23 04:23:55 devstack cinder-volume[93326]: DEBUG oslo_concurrency.processutils [None req-51bc8c0f-0947-4bfe-96da-2769883c586b None None] CMD "sudo cinder-rootwrap /etc/cinder/rootwrap.conf df --portability --block-size 1 /opt/stack/data/cinder/mnt/67221b93f8ce36e4761b25afbd140090" returned: 0 in 0.900s {{(pid=93326) execute /opt/stack/data/venv/lib/python3.12/site-packages/oslo_concurrency/processutils.py:468}}
Jun 23 04:23:55 devstack cinder-volume[93326]: DEBUG cinder.manager [None req-51bc8c0f-0947-4bfe-96da-2769883c586b None None] Notifying Schedulers of capabilities ... {{(pid=93326) _publish_service_capabilities /opt/stack/cinder/cinder/manager.py:219}}
Jun 23 04:23:55 devstack cinder-volume[93326]: DEBUG oslo_service.periodic_task [None req-51bc8c0f-0947-4bfe-96da-2769883c586b None None] Running periodic task VolumeManager._thread_info {{(pid=93326) run_periodic_tasks /opt/stack/data/venv/lib/python3.12/site-packages/oslo_service/periodic_task.py:225}}
Jun 23 04:23:55 devstack cinder-volume[93326]: DEBUG cinder.volume.manager [None req-51bc8c0f-0947-4bfe-96da-2769883c586b None None] thread count: 8 {{(pid=93326) _thread_info /opt/stack/cinder/cinder/volume/manager.py:5472}}
Jun 23 04:23:55 devstack cinder-volume[93326]: DEBUG cinder.volume.manager [None req-51bc8c0f-0947-4bfe-96da-2769883c586b None None] thread info: [<_MainThread(MainThread, started 140112944009344)>, , , , , , , ] {{(pid=93326) _thread_info /opt/stack/cinder/cinder/volume/manager.py:5473}}
Jun 23 04:23:55 devstack sudo[99532]: pam_unix(sudo:session): session closed for user root
Jun 23 04:23:55 devstack cinder-volume[93326]: DEBUG oslo_concurrency.processutils [None req-facd9c89-dfb5-4b27-9b46-b383e5788844 tempest-GroupSnapshotsTest-1192531673 None] CMD "/opt/stack/data/venv/bin/python3.12 -m oslo_concurrency.prlimit --as=1073741824 --cpu=60 -- sudo cinder-rootwrap /etc/cinder/rootwrap.conf env LC_ALL=C qemu-img info -f qcow2 --output=json --force-share /opt/stack/data/cinder/mnt/67221b93f8ce36e4761b25afbd140090/volume-ce585222-67ae-46ed-a198-c0492e142544" returned: 0 in 1.042s {{(pid=93326) execute /opt/stack/data/venv/lib/python3.12/site-packages/oslo_concurrency/processutils.py:468}}
Jun 23 04:23:55 devstack cinder-volume[93326]: DEBUG oslo_concurrency.processutils [None req-facd9c89-dfb5-4b27-9b46-b383e5788844 tempest-GroupSnapshotsTest-1192531673 None] Running cmd (subprocess): sudo cinder-rootwrap /etc/cinder/rootwrap.conf qemu-img create -f qcow2 -o backing_file=/opt/stack/data/cinder/mnt/67221b93f8ce36e4761b25afbd140090/volume-ce585222-67ae-46ed-a198-c0492e142544,backing_fmt=qcow2 /opt/stack/data/cinder/mnt/67221b93f8ce36e4761b25afbd140090/volume-ce585222-67ae-46ed-a198-c0492e142544.50e94159-b091-459d-b872-76559bfc7cae 1G {{(pid=93326) execute /opt/stack/data/venv/lib/python3.12/site-packages/oslo_concurrency/processutils.py:440}}
Jun 23 04:23:55 devstack sudo[99561]: quobyte : PWD=/ ; USER=root ; COMMAND=/opt/stack/data/venv/bin/cinder-rootwrap /etc/cinder/rootwrap.conf qemu-img create -f qcow2 -o backing_file=/opt/stack/data/cinder/mnt/67221b93f8ce36e4761b25afbd140090/volume-ce585222-67ae-46ed-a198-c0492e142544,backing_fmt=qcow2 /opt/stack/data/cinder/mnt/67221b93f8ce36e4761b25afbd140090/volume-ce585222-67ae-46ed-a198-c0492e142544.50e94159-b091-459d-b872-76559bfc7cae 1G
Jun 23 04:23:55 devstack sudo[99561]: pam_unix(sudo:session): session opened for user root(uid=0) by (uid=1000)
Jun 23 04:23:56 devstack sudo[99561]: pam_unix(sudo:session): session closed for user root
Jun 23 04:23:56 devstack cinder-volume[93326]: DEBUG oslo_concurrency.processutils [None req-facd9c89-dfb5-4b27-9b46-b383e5788844 tempest-GroupSnapshotsTest-1192531673 None] CMD "sudo cinder-rootwrap /etc/cinder/rootwrap.conf qemu-img create -f qcow2 -o backing_file=/opt/stack/data/cinder/mnt/67221b93f8ce36e4761b25afbd140090/volume-ce585222-67ae-46ed-a198-c0492e142544,backing_fmt=qcow2 /opt/stack/data/cinder/mnt/67221b93f8ce36e4761b25afbd140090/volume-ce585222-67ae-46ed-a198-c0492e142544.50e94159-b091-459d-b872-76559bfc7cae 1G" returned: 0 in 0.947s {{(pid=93326) execute /opt/stack/data/venv/lib/python3.12/site-packages/oslo_concurrency/processutils.py:468}}
Jun 23 04:23:56 devstack cinder-volume[93326]: DEBUG oslo_concurrency.processutils [None req-facd9c89-dfb5-4b27-9b46-b383e5788844 tempest-GroupSnapshotsTest-1192531673 None] Running cmd (subprocess): sudo cinder-rootwrap /etc/cinder/rootwrap.conf qemu-img rebase -u -b volume-ce585222-67ae-46ed-a198-c0492e142544 -F qcow2 /opt/stack/data/cinder/mnt/67221b93f8ce36e4761b25afbd140090/volume-ce585222-67ae-46ed-a198-c0492e142544.50e94159-b091-459d-b872-76559bfc7cae {{(pid=93326) execute /opt/stack/data/venv/lib/python3.12/site-packages/oslo_concurrency/processutils.py:440}}
Jun 23 04:23:56 devstack sudo[99587]: quobyte : PWD=/ ; USER=root ; COMMAND=/opt/stack/data/venv/bin/cinder-rootwrap /etc/cinder/rootwrap.conf qemu-img rebase -u -b volume-ce585222-67ae-46ed-a198-c0492e142544 -F qcow2 /opt/stack/data/cinder/mnt/67221b93f8ce36e4761b25afbd140090/volume-ce585222-67ae-46ed-a198-c0492e142544.50e94159-b091-459d-b872-76559bfc7cae
Jun 23 04:23:56 devstack sudo[99587]: pam_unix(sudo:session): session opened for user root(uid=0) by (uid=1000)
Jun 23 04:23:57 devstack sudo[99587]: pam_unix(sudo:session): session closed for user root
Jun 23 04:23:57 devstack cinder-volume[93326]: DEBUG oslo_concurrency.processutils [None req-facd9c89-dfb5-4b27-9b46-b383e5788844 tempest-GroupSnapshotsTest-1192531673 None] CMD "sudo cinder-rootwrap /etc/cinder/rootwrap.conf qemu-img rebase -u -b volume-ce585222-67ae-46ed-a198-c0492e142544 -F qcow2 /opt/stack/data/cinder/mnt/67221b93f8ce36e4761b25afbd140090/volume-ce585222-67ae-46ed-a198-c0492e142544.50e94159-b091-459d-b872-76559bfc7cae" returned: 0 in 0.865s {{(pid=93326) execute /opt/stack/data/venv/lib/python3.12/site-packages/oslo_concurrency/processutils.py:468}}
Jun 23 04:23:57 devstack cinder-volume[93326]: WARNING cinder.volume.drivers.remotefs [None req-facd9c89-dfb5-4b27-9b46-b383e5788844 tempest-GroupSnapshotsTest-1192531673 None] /opt/stack/data/cinder/mnt/67221b93f8ce36e4761b25afbd140090/volume-ce585222-67ae-46ed-a198-c0492e142544.50e94159-b091-459d-b872-76559bfc7cae is being set with open permissions: ugo+rw: NotImplementedError
Jun 23 04:23:57 devstack cinder-volume[93326]: DEBUG oslo_concurrency.processutils [None req-facd9c89-dfb5-4b27-9b46-b383e5788844 tempest-GroupSnapshotsTest-1192531673 None] Running cmd (subprocess): sudo cinder-rootwrap /etc/cinder/rootwrap.conf chmod ugo+rw /opt/stack/data/cinder/mnt/67221b93f8ce36e4761b25afbd140090/volume-ce585222-67ae-46ed-a198-c0492e142544.50e94159-b091-459d-b872-76559bfc7cae {{(pid=93326) execute /opt/stack/data/venv/lib/python3.12/site-packages/oslo_concurrency/processutils.py:440}}
Jun 23 04:23:57 devstack sudo[99593]: quobyte : PWD=/ ; USER=root ; COMMAND=/opt/stack/data/venv/bin/cinder-rootwrap /etc/cinder/rootwrap.conf chmod ugo+rw /opt/stack/data/cinder/mnt/67221b93f8ce36e4761b25afbd140090/volume-ce585222-67ae-46ed-a198-c0492e142544.50e94159-b091-459d-b872-76559bfc7cae
Jun 23 04:23:57 devstack sudo[99593]: pam_unix(sudo:session): session opened for user root(uid=0) by (uid=1000)
Jun 23 04:23:58 devstack sudo[99593]: pam_unix(sudo:session): session closed for user root
Jun 23 04:23:58 devstack cinder-volume[93326]: DEBUG oslo_concurrency.processutils [None req-facd9c89-dfb5-4b27-9b46-b383e5788844 tempest-GroupSnapshotsTest-1192531673 None] CMD "sudo cinder-rootwrap /etc/cinder/rootwrap.conf chmod ugo+rw /opt/stack/data/cinder/mnt/67221b93f8ce36e4761b25afbd140090/volume-ce585222-67ae-46ed-a198-c0492e142544.50e94159-b091-459d-b872-76559bfc7cae" returned: 0 in 0.756s {{(pid=93326) execute /opt/stack/data/venv/lib/python3.12/site-packages/oslo_concurrency/processutils.py:468}}
Jun 23 04:23:58 devstack cinder-volume[93326]: DEBUG oslo_concurrency.processutils [None req-facd9c89-dfb5-4b27-9b46-b383e5788844 tempest-GroupSnapshotsTest-1192531673 None] Running cmd (subprocess): sudo cinder-rootwrap /etc/cinder/rootwrap.conf truncate -s0 /opt/stack/data/cinder/mnt/67221b93f8ce36e4761b25afbd140090/volume-ce585222-67ae-46ed-a198-c0492e142544.info {{(pid=93326) execute /opt/stack/data/venv/lib/python3.12/site-packages/oslo_concurrency/processutils.py:440}}
Jun 23 04:23:58 devstack sudo[99597]: quobyte : PWD=/ ; USER=root ; COMMAND=/opt/stack/data/venv/bin/cinder-rootwrap /etc/cinder/rootwrap.conf truncate -s0 /opt/stack/data/cinder/mnt/67221b93f8ce36e4761b25afbd140090/volume-ce585222-67ae-46ed-a198-c0492e142544.info
Jun 23 04:23:58 devstack sudo[99597]: pam_unix(sudo:session): session opened for user root(uid=0) by (uid=1000)
Jun 23 04:23:59 devstack sudo[99597]: pam_unix(sudo:session): session closed for user root
Jun 23 04:23:59 devstack cinder-volume[93326]: DEBUG oslo_concurrency.processutils [None req-facd9c89-dfb5-4b27-9b46-b383e5788844 tempest-GroupSnapshotsTest-1192531673 None] CMD "sudo cinder-rootwrap /etc/cinder/rootwrap.conf truncate -s0 /opt/stack/data/cinder/mnt/67221b93f8ce36e4761b25afbd140090/volume-ce585222-67ae-46ed-a198-c0492e142544.info" returned: 0 in 0.745s {{(pid=93326) execute /opt/stack/data/venv/lib/python3.12/site-packages/oslo_concurrency/processutils.py:468}}
Jun 23 04:23:59 devstack cinder-volume[93326]: WARNING cinder.volume.drivers.remotefs [None req-facd9c89-dfb5-4b27-9b46-b383e5788844 tempest-GroupSnapshotsTest-1192531673 None] /opt/stack/data/cinder/mnt/67221b93f8ce36e4761b25afbd140090/volume-ce585222-67ae-46ed-a198-c0492e142544.info is being set with open permissions: ugo+rw: NotImplementedError
Jun 23 04:23:59 devstack cinder-volume[93326]: DEBUG oslo_concurrency.processutils [None req-facd9c89-dfb5-4b27-9b46-b383e5788844 tempest-GroupSnapshotsTest-1192531673 None] Running cmd (subprocess): sudo cinder-rootwrap /etc/cinder/rootwrap.conf chmod ugo+rw /opt/stack/data/cinder/mnt/67221b93f8ce36e4761b25afbd140090/volume-ce585222-67ae-46ed-a198-c0492e142544.info {{(pid=93326) execute /opt/stack/data/venv/lib/python3.12/site-packages/oslo_concurrency/processutils.py:440}}
Jun 23 04:23:59 devstack sudo[99602]: quobyte : PWD=/ ; USER=root ; COMMAND=/opt/stack/data/venv/bin/cinder-rootwrap /etc/cinder/rootwrap.conf chmod ugo+rw /opt/stack/data/cinder/mnt/67221b93f8ce36e4761b25afbd140090/volume-ce585222-67ae-46ed-a198-c0492e142544.info
Jun 23 04:23:59 devstack sudo[99602]: pam_unix(sudo:session): session opened for user root(uid=0) by (uid=1000)
Jun 23 04:23:59 devstack cinder-volume[93326]: DEBUG cinder.volume.flows.manager.create_volume [None req-a4a2d550-f76a-4335-9a8b-8bf7387aa6d5 tempest-AttachVolumeNegativeTest-820855793 None] Volume reschedule parameters: True retry: {'num_attempts': 1, 'backends': ['devstack@QuobyteHD#QuobyteHD'], 'hosts': ['devstack@QuobyteHD#QuobyteHD']} {{(pid=93326) get_flow /opt/stack/cinder/cinder/volume/flows/manager/create_volume.py:1397}}
Jun 23 04:23:59 devstack cinder-volume[93326]: DEBUG cinder.volume.manager [None req-a4a2d550-f76a-4335-9a8b-8bf7387aa6d5 tempest-AttachVolumeNegativeTest-820855793 None] Flow 'volume_create_manager' (dd3c686b-4e13-41d1-8db9-0894077958cf) transitioned into state 'RUNNING' from state 'PENDING' {{(pid=93326) _flow_receiver /opt/stack/data/venv/lib/python3.12/site-packages/taskflow/listeners/logging.py:160}}
Jun 23 04:23:59 devstack cinder-volume[93326]: DEBUG cinder.volume.manager [None req-a4a2d550-f76a-4335-9a8b-8bf7387aa6d5 tempest-AttachVolumeNegativeTest-820855793 None] Task 'cinder.volume.flows.manager.create_volume.ExtractVolumeRefTask;volume:create' (1f060e7d-f7e8-420b-adfc-0afb6e023d9b) transitioned into state 'RUNNING' from state 'PENDING' {{(pid=93326) _task_receiver /opt/stack/data/venv/lib/python3.12/site-packages/taskflow/listeners/logging.py:242}}
Jun 23 04:23:59 devstack cinder-volume[93326]: DEBUG cinder.volume.manager [None req-a4a2d550-f76a-4335-9a8b-8bf7387aa6d5 tempest-AttachVolumeNegativeTest-820855793 None] Task 'cinder.volume.flows.manager.create_volume.ExtractVolumeRefTask;volume:create' (1f060e7d-f7e8-420b-adfc-0afb6e023d9b) transitioned into state 'SUCCESS' from state 'RUNNING' with result 'Volume(_name_id=None,admin_metadata=,attach_status='detached',availability_zone='nova',bootable=False,cluster=,cluster_name=None,consistencygroup=,consistencygroup_id=None,created_at=2026-06-23T02:23:59Z,deleted=False,deleted_at=None,display_description=None,display_name='tempest-AttachVolumeNegativeTest-volume-89651327',ec2_id=None,encryption_key_id=None,glance_metadata=,group=,group_id=None,host='devstack@QuobyteHD#QuobyteHD',id=d87c61d2-2daf-4bf7-8a45-09848736e88e,launched_at=None,metadata={},migration_status=None,multiattach=False,previous_status=None,project_id='e4adf625f6514704b53ac3eee3318ad4',provider_auth=None,provider_geometry=None,provider_id=None,provider_location=None,replication_driver_data=None,replication_extended_status=None,replication_status=None,scheduled_at=2026-06-23T02:24:00Z,service_uuid=None,shared_targets=True,size=1,snapshot_id=None,snapshots=,source_volid=None,status='creating',terminated_at=None,updated_at=2026-06-23T02:24:00Z,use_quota=True,user_id='b24b7a13b0f74b069944c04275649c34',volume_attachment=VolumeAttachmentList,volume_type=VolumeType(c3457fb9-3f4c-436e-9921-b7362fe90947),volume_type_id=c3457fb9-3f4c-436e-9921-b7362fe90947)' {{(pid=93326) _task_receiver /opt/stack/data/venv/lib/python3.12/site-packages/taskflow/listeners/logging.py:218}}
Jun 23 04:23:59 devstack cinder-volume[93326]: DEBUG cinder.volume.manager [None req-a4a2d550-f76a-4335-9a8b-8bf7387aa6d5 tempest-AttachVolumeNegativeTest-820855793 None] Task 'cinder.volume.flows.manager.create_volume.OnFailureRescheduleTask;volume:create' (ca0bb308-8c71-41a3-9ff2-d1be2c2cae24) transitioned into state 'RUNNING' from state 'PENDING' {{(pid=93326) _task_receiver /opt/stack/data/venv/lib/python3.12/site-packages/taskflow/listeners/logging.py:242}}
Jun 23 04:23:59 devstack cinder-volume[93326]: DEBUG cinder.volume.manager [None req-a4a2d550-f76a-4335-9a8b-8bf7387aa6d5 tempest-AttachVolumeNegativeTest-820855793 None] Task 'cinder.volume.flows.manager.create_volume.OnFailureRescheduleTask;volume:create' (ca0bb308-8c71-41a3-9ff2-d1be2c2cae24) transitioned into state 'SUCCESS' from state 'RUNNING' with result 'None' {{(pid=93326) _task_receiver /opt/stack/data/venv/lib/python3.12/site-packages/taskflow/listeners/logging.py:218}}
Jun 23 04:23:59 devstack cinder-volume[93326]: DEBUG cinder.volume.manager [None req-a4a2d550-f76a-4335-9a8b-8bf7387aa6d5 tempest-AttachVolumeNegativeTest-820855793 None] Task 'cinder.volume.flows.manager.create_volume.ExtractVolumeSpecTask;volume:create' (43f72677-f2e0-43b3-b53e-1d41624bbf28) transitioned into state 'RUNNING' from state 'PENDING' {{(pid=93326) _task_receiver /opt/stack/data/venv/lib/python3.12/site-packages/taskflow/listeners/logging.py:242}}
Jun 23 04:23:59 devstack cinder-volume[93326]: DEBUG cinder.volume.manager [None req-a4a2d550-f76a-4335-9a8b-8bf7387aa6d5 tempest-AttachVolumeNegativeTest-820855793 None] Task 'cinder.volume.flows.manager.create_volume.ExtractVolumeSpecTask;volume:create' (43f72677-f2e0-43b3-b53e-1d41624bbf28) transitioned into state 'SUCCESS' from state 'RUNNING' with result '{'status': 'creating', 'type': 'raw', 'volume_id': 'd87c61d2-2daf-4bf7-8a45-09848736e88e', 'volume_name': 'volume-d87c61d2-2daf-4bf7-8a45-09848736e88e', 'volume_size': 1}' {{(pid=93326) _task_receiver /opt/stack/data/venv/lib/python3.12/site-packages/taskflow/listeners/logging.py:218}}
Jun 23 04:23:59 devstack cinder-volume[93326]: DEBUG cinder.volume.manager [None req-a4a2d550-f76a-4335-9a8b-8bf7387aa6d5 tempest-AttachVolumeNegativeTest-820855793 None] Task 'cinder.volume.flows.manager.create_volume.NotifyVolumeActionTask;volume:create, create.start' (4ae160b4-8a40-4cf5-a24e-1861871d917b) transitioned into state 'RUNNING' from state 'PENDING' {{(pid=93326) _task_receiver /opt/stack/data/venv/lib/python3.12/site-packages/taskflow/listeners/logging.py:242}}
Jun 23 04:23:59 devstack cinder-volume[93326]: DEBUG cinder.volume.manager [None req-a4a2d550-f76a-4335-9a8b-8bf7387aa6d5 tempest-AttachVolumeNegativeTest-820855793 None] Task 'cinder.volume.flows.manager.create_volume.NotifyVolumeActionTask;volume:create, create.start' (4ae160b4-8a40-4cf5-a24e-1861871d917b) transitioned into state 'SUCCESS' from state 'RUNNING' with result 'None' {{(pid=93326) _task_receiver /opt/stack/data/venv/lib/python3.12/site-packages/taskflow/listeners/logging.py:218}}
Jun 23 04:23:59 devstack cinder-volume[93326]: DEBUG cinder.volume.manager [None req-a4a2d550-f76a-4335-9a8b-8bf7387aa6d5 tempest-AttachVolumeNegativeTest-820855793 None] Task 'cinder.volume.flows.manager.create_volume.CreateVolumeFromSpecTask;volume:create' (26f68ae7-e27d-499b-a2d0-ab7e163b7c1b) transitioned into state 'RUNNING' from state 'PENDING' {{(pid=93326) _task_receiver /opt/stack/data/venv/lib/python3.12/site-packages/taskflow/listeners/logging.py:242}}
Jun 23 04:23:59 devstack cinder-volume[93326]: INFO cinder.volume.flows.manager.create_volume [None req-a4a2d550-f76a-4335-9a8b-8bf7387aa6d5 tempest-AttachVolumeNegativeTest-820855793 None] Volume d87c61d2-2daf-4bf7-8a45-09848736e88e: being created as raw with specification: {'status': 'creating', 'volume_name': 'volume-d87c61d2-2daf-4bf7-8a45-09848736e88e', 'volume_size': 1}
Jun 23 04:23:59 devstack cinder-volume[93326]: DEBUG oslo_concurrency.lockutils [None req-a4a2d550-f76a-4335-9a8b-8bf7387aa6d5 tempest-AttachVolumeNegativeTest-820855793 None] Acquiring lock "quobyte" by "cinder.volume.drivers.quobyte.QuobyteDriver.create_volume" {{(pid=93326) inner /opt/stack/data/venv/lib/python3.12/site-packages/oslo_concurrency/lockutils.py:511}}
Jun 23 04:23:59 devstack sudo[99602]: pam_unix(sudo:session): session closed for user root
Jun 23 04:23:59 devstack cinder-volume[93326]: DEBUG oslo_concurrency.processutils [None req-facd9c89-dfb5-4b27-9b46-b383e5788844 tempest-GroupSnapshotsTest-1192531673 None] CMD "sudo cinder-rootwrap /etc/cinder/rootwrap.conf chmod ugo+rw /opt/stack/data/cinder/mnt/67221b93f8ce36e4761b25afbd140090/volume-ce585222-67ae-46ed-a198-c0492e142544.info" returned: 0 in 0.800s {{(pid=93326) execute /opt/stack/data/venv/lib/python3.12/site-packages/oslo_concurrency/processutils.py:468}}
Jun 23 04:24:00 devstack cinder-volume[93326]: DEBUG oslo_concurrency.lockutils [None req-facd9c89-dfb5-4b27-9b46-b383e5788844 tempest-GroupSnapshotsTest-1192531673 None] Lock "quobyte" "released" by "cinder.volume.drivers.quobyte.QuobyteDriver.create_snapshot" :: held 5.300s {{(pid=93326) inner /opt/stack/data/venv/lib/python3.12/site-packages/oslo_concurrency/lockutils.py:543}}
Jun 23 04:24:00 devstack cinder-volume[93326]: DEBUG oslo_concurrency.lockutils [None req-facd9c89-dfb5-4b27-9b46-b383e5788844 tempest-GroupSnapshotsTest-1192531673 None] Acquiring lock "quobyte" by "cinder.volume.drivers.quobyte.QuobyteDriver.create_snapshot" {{(pid=93326) inner /opt/stack/data/venv/lib/python3.12/site-packages/oslo_concurrency/lockutils.py:511}}
Jun 23 04:24:00 devstack cinder-volume[93326]: DEBUG oslo_concurrency.lockutils [None req-facd9c89-dfb5-4b27-9b46-b383e5788844 tempest-GroupSnapshotsTest-1192531673 None] Lock "quobyte" acquired by "cinder.volume.drivers.quobyte.QuobyteDriver.create_snapshot" :: waited 0.000s {{(pid=93326) inner /opt/stack/data/venv/lib/python3.12/site-packages/oslo_concurrency/lockutils.py:524}}
Jun 23 04:24:00 devstack cinder-volume[93326]: DEBUG cinder.volume.drivers.remotefs [None req-facd9c89-dfb5-4b27-9b46-b383e5788844 tempest-GroupSnapshotsTest-1192531673 None] Creating offline snapshot a55fbbb6-da25-4727-bc07-5d61220c1a2d of volume 8e6c4855-e869-494f-8227-61cd285b47c2 {{(pid=93326) _create_snapshot /opt/stack/cinder/cinder/volume/drivers/remotefs.py:1816}}
Jun 23 04:24:00 devstack cinder-volume[93326]: DEBUG oslo.privsep.daemon [-] privsep: reply[a5c68418-e10d-4704-8058-2f33f193872c]: (4, 'qcow2') {{(pid=94617) _call_back /opt/stack/data/venv/lib/python3.12/site-packages/oslo_privsep/daemon.py:580}}
Jun 23 04:24:00 devstack cinder-volume[93326]: DEBUG oslo_concurrency.processutils [None req-facd9c89-dfb5-4b27-9b46-b383e5788844 tempest-GroupSnapshotsTest-1192531673 None] Running cmd (subprocess): /opt/stack/data/venv/bin/python3.12 -m oslo_concurrency.prlimit --as=1073741824 --cpu=60 -- sudo cinder-rootwrap /etc/cinder/rootwrap.conf env LC_ALL=C qemu-img info -f qcow2 --output=json --force-share /opt/stack/data/cinder/mnt/67221b93f8ce36e4761b25afbd140090/volume-8e6c4855-e869-494f-8227-61cd285b47c2 {{(pid=93326) execute /opt/stack/data/venv/lib/python3.12/site-packages/oslo_concurrency/processutils.py:440}}
Jun 23 04:24:00 devstack sudo[99606]: quobyte : PWD=/ ; USER=root ; COMMAND=/opt/stack/data/venv/bin/cinder-rootwrap /etc/cinder/rootwrap.conf env LC_ALL=C qemu-img info -f qcow2 --output=json --force-share /opt/stack/data/cinder/mnt/67221b93f8ce36e4761b25afbd140090/volume-8e6c4855-e869-494f-8227-61cd285b47c2
Jun 23 04:24:00 devstack sudo[99606]: pam_unix(sudo:session): session opened for user root(uid=0) by (uid=1000)
Jun 23 04:24:00 devstack sudo[99606]: pam_unix(sudo:session): session closed for user root
Jun 23 04:24:00 devstack cinder-volume[93326]: DEBUG oslo_concurrency.processutils [None req-facd9c89-dfb5-4b27-9b46-b383e5788844 tempest-GroupSnapshotsTest-1192531673 None] CMD "/opt/stack/data/venv/bin/python3.12 -m oslo_concurrency.prlimit --as=1073741824 --cpu=60 -- sudo cinder-rootwrap /etc/cinder/rootwrap.conf env LC_ALL=C qemu-img info -f qcow2 --output=json --force-share /opt/stack/data/cinder/mnt/67221b93f8ce36e4761b25afbd140090/volume-8e6c4855-e869-494f-8227-61cd285b47c2" returned: 0 in 0.868s {{(pid=93326) execute /opt/stack/data/venv/lib/python3.12/site-packages/oslo_concurrency/processutils.py:468}}
Jun 23 04:24:00 devstack cinder-volume[93326]: DEBUG oslo_concurrency.processutils [None req-facd9c89-dfb5-4b27-9b46-b383e5788844 tempest-GroupSnapshotsTest-1192531673 None] Running cmd (subprocess): sudo cinder-rootwrap /etc/cinder/rootwrap.conf qemu-img create -f qcow2 -o backing_file=/opt/stack/data/cinder/mnt/67221b93f8ce36e4761b25afbd140090/volume-8e6c4855-e869-494f-8227-61cd285b47c2,backing_fmt=qcow2 /opt/stack/data/cinder/mnt/67221b93f8ce36e4761b25afbd140090/volume-8e6c4855-e869-494f-8227-61cd285b47c2.a55fbbb6-da25-4727-bc07-5d61220c1a2d 1G {{(pid=93326) execute /opt/stack/data/venv/lib/python3.12/site-packages/oslo_concurrency/processutils.py:440}}
Jun 23 04:24:00 devstack sudo[99650]: quobyte : PWD=/ ; USER=root ; COMMAND=/opt/stack/data/venv/bin/cinder-rootwrap /etc/cinder/rootwrap.conf qemu-img create -f qcow2 -o backing_file=/opt/stack/data/cinder/mnt/67221b93f8ce36e4761b25afbd140090/volume-8e6c4855-e869-494f-8227-61cd285b47c2,backing_fmt=qcow2 /opt/stack/data/cinder/mnt/67221b93f8ce36e4761b25afbd140090/volume-8e6c4855-e869-494f-8227-61cd285b47c2.a55fbbb6-da25-4727-bc07-5d61220c1a2d 1G
Jun 23 04:24:00 devstack sudo[99650]: pam_unix(sudo:session): session opened for user root(uid=0) by (uid=1000)
Jun 23 04:24:01 devstack sudo[99650]: pam_unix(sudo:session): session closed for user root
Jun 23 04:24:01 devstack cinder-volume[93326]: DEBUG oslo_concurrency.processutils [None req-facd9c89-dfb5-4b27-9b46-b383e5788844 tempest-GroupSnapshotsTest-1192531673 None] CMD "sudo cinder-rootwrap /etc/cinder/rootwrap.conf qemu-img create -f qcow2 -o backing_file=/opt/stack/data/cinder/mnt/67221b93f8ce36e4761b25afbd140090/volume-8e6c4855-e869-494f-8227-61cd285b47c2,backing_fmt=qcow2 /opt/stack/data/cinder/mnt/67221b93f8ce36e4761b25afbd140090/volume-8e6c4855-e869-494f-8227-61cd285b47c2.a55fbbb6-da25-4727-bc07-5d61220c1a2d 1G" returned: 0 in 0.980s {{(pid=93326) execute /opt/stack/data/venv/lib/python3.12/site-packages/oslo_concurrency/processutils.py:468}}
Jun 23 04:24:01 devstack cinder-volume[93326]: DEBUG oslo_concurrency.processutils [None req-facd9c89-dfb5-4b27-9b46-b383e5788844 tempest-GroupSnapshotsTest-1192531673 None] Running cmd (subprocess): sudo cinder-rootwrap /etc/cinder/rootwrap.conf qemu-img rebase -u -b volume-8e6c4855-e869-494f-8227-61cd285b47c2 -F qcow2 /opt/stack/data/cinder/mnt/67221b93f8ce36e4761b25afbd140090/volume-8e6c4855-e869-494f-8227-61cd285b47c2.a55fbbb6-da25-4727-bc07-5d61220c1a2d {{(pid=93326) execute /opt/stack/data/venv/lib/python3.12/site-packages/oslo_concurrency/processutils.py:440}}
Jun 23 04:24:01 devstack sudo[99682]: quobyte : PWD=/ ; USER=root ; COMMAND=/opt/stack/data/venv/bin/cinder-rootwrap /etc/cinder/rootwrap.conf qemu-img rebase -u -b volume-8e6c4855-e869-494f-8227-61cd285b47c2 -F qcow2 /opt/stack/data/cinder/mnt/67221b93f8ce36e4761b25afbd140090/volume-8e6c4855-e869-494f-8227-61cd285b47c2.a55fbbb6-da25-4727-bc07-5d61220c1a2d
Jun 23 04:24:01 devstack sudo[99682]: pam_unix(sudo:session): session opened for user root(uid=0) by (uid=1000)
Jun 23 04:24:02 devstack sudo[99682]: pam_unix(sudo:session): session closed for user root
Jun 23 04:24:02 devstack cinder-volume[93326]: DEBUG oslo_concurrency.processutils [None req-facd9c89-dfb5-4b27-9b46-b383e5788844 tempest-GroupSnapshotsTest-1192531673 None] CMD "sudo cinder-rootwrap /etc/cinder/rootwrap.conf qemu-img rebase -u -b volume-8e6c4855-e869-494f-8227-61cd285b47c2 -F qcow2 /opt/stack/data/cinder/mnt/67221b93f8ce36e4761b25afbd140090/volume-8e6c4855-e869-494f-8227-61cd285b47c2.a55fbbb6-da25-4727-bc07-5d61220c1a2d" returned: 0 in 0.707s {{(pid=93326) execute /opt/stack/data/venv/lib/python3.12/site-packages/oslo_concurrency/processutils.py:468}}
Jun 23 04:24:02 devstack cinder-volume[93326]: WARNING cinder.volume.drivers.remotefs [None req-facd9c89-dfb5-4b27-9b46-b383e5788844 tempest-GroupSnapshotsTest-1192531673 None] /opt/stack/data/cinder/mnt/67221b93f8ce36e4761b25afbd140090/volume-8e6c4855-e869-494f-8227-61cd285b47c2.a55fbbb6-da25-4727-bc07-5d61220c1a2d is being set with open permissions: ugo+rw: NotImplementedError
Jun 23 04:24:02 devstack cinder-volume[93326]: DEBUG oslo_concurrency.processutils [None req-facd9c89-dfb5-4b27-9b46-b383e5788844 tempest-GroupSnapshotsTest-1192531673 None] Running cmd (subprocess): sudo cinder-rootwrap /etc/cinder/rootwrap.conf chmod ugo+rw /opt/stack/data/cinder/mnt/67221b93f8ce36e4761b25afbd140090/volume-8e6c4855-e869-494f-8227-61cd285b47c2.a55fbbb6-da25-4727-bc07-5d61220c1a2d {{(pid=93326) execute /opt/stack/data/venv/lib/python3.12/site-packages/oslo_concurrency/processutils.py:440}}
Jun 23 04:24:02 devstack sudo[99688]: quobyte : PWD=/ ; USER=root ; COMMAND=/opt/stack/data/venv/bin/cinder-rootwrap /etc/cinder/rootwrap.conf chmod ugo+rw /opt/stack/data/cinder/mnt/67221b93f8ce36e4761b25afbd140090/volume-8e6c4855-e869-494f-8227-61cd285b47c2.a55fbbb6-da25-4727-bc07-5d61220c1a2d
Jun 23 04:24:02 devstack sudo[99688]: pam_unix(sudo:session): session opened for user root(uid=0) by (uid=1000)
Jun 23 04:24:03 devstack sudo[99688]: pam_unix(sudo:session): session closed for user root
Jun 23 04:24:03 devstack cinder-volume[93326]: DEBUG oslo_concurrency.processutils [None req-facd9c89-dfb5-4b27-9b46-b383e5788844 tempest-GroupSnapshotsTest-1192531673 None] CMD "sudo cinder-rootwrap /etc/cinder/rootwrap.conf chmod ugo+rw /opt/stack/data/cinder/mnt/67221b93f8ce36e4761b25afbd140090/volume-8e6c4855-e869-494f-8227-61cd285b47c2.a55fbbb6-da25-4727-bc07-5d61220c1a2d" returned: 0 in 0.844s {{(pid=93326) execute /opt/stack/data/venv/lib/python3.12/site-packages/oslo_concurrency/processutils.py:468}}
Jun 23 04:24:03 devstack cinder-volume[93326]: DEBUG oslo_concurrency.processutils [None req-facd9c89-dfb5-4b27-9b46-b383e5788844 tempest-GroupSnapshotsTest-1192531673 None] Running cmd (subprocess): sudo cinder-rootwrap /etc/cinder/rootwrap.conf truncate -s0 /opt/stack/data/cinder/mnt/67221b93f8ce36e4761b25afbd140090/volume-8e6c4855-e869-494f-8227-61cd285b47c2.info {{(pid=93326) execute /opt/stack/data/venv/lib/python3.12/site-packages/oslo_concurrency/processutils.py:440}}
Jun 23 04:24:03 devstack sudo[99693]: quobyte : PWD=/ ; USER=root ; COMMAND=/opt/stack/data/venv/bin/cinder-rootwrap /etc/cinder/rootwrap.conf truncate -s0 /opt/stack/data/cinder/mnt/67221b93f8ce36e4761b25afbd140090/volume-8e6c4855-e869-494f-8227-61cd285b47c2.info
Jun 23 04:24:03 devstack sudo[99693]: pam_unix(sudo:session): session opened for user root(uid=0) by (uid=1000)
Jun 23 04:24:04 devstack sudo[99693]: pam_unix(sudo:session): session closed for user root
Jun 23 04:24:04 devstack cinder-volume[93326]: DEBUG oslo_concurrency.processutils [None req-facd9c89-dfb5-4b27-9b46-b383e5788844 tempest-GroupSnapshotsTest-1192531673 None] CMD "sudo cinder-rootwrap /etc/cinder/rootwrap.conf truncate -s0 /opt/stack/data/cinder/mnt/67221b93f8ce36e4761b25afbd140090/volume-8e6c4855-e869-494f-8227-61cd285b47c2.info" returned: 0 in 0.706s {{(pid=93326) execute /opt/stack/data/venv/lib/python3.12/site-packages/oslo_concurrency/processutils.py:468}}
Jun 23 04:24:04 devstack cinder-volume[93326]: WARNING cinder.volume.drivers.remotefs [None req-facd9c89-dfb5-4b27-9b46-b383e5788844 tempest-GroupSnapshotsTest-1192531673 None] /opt/stack/data/cinder/mnt/67221b93f8ce36e4761b25afbd140090/volume-8e6c4855-e869-494f-8227-61cd285b47c2.info is being set with open permissions: ugo+rw: NotImplementedError
Jun 23 04:24:04 devstack cinder-volume[93326]: DEBUG oslo_concurrency.processutils [None req-facd9c89-dfb5-4b27-9b46-b383e5788844 tempest-GroupSnapshotsTest-1192531673 None] Running cmd (subprocess): sudo cinder-rootwrap /etc/cinder/rootwrap.conf chmod ugo+rw /opt/stack/data/cinder/mnt/67221b93f8ce36e4761b25afbd140090/volume-8e6c4855-e869-494f-8227-61cd285b47c2.info {{(pid=93326) execute /opt/stack/data/venv/lib/python3.12/site-packages/oslo_concurrency/processutils.py:440}}
Jun 23 04:24:04 devstack sudo[99703]: quobyte : PWD=/ ; USER=root ; COMMAND=/opt/stack/data/venv/bin/cinder-rootwrap /etc/cinder/rootwrap.conf chmod ugo+rw /opt/stack/data/cinder/mnt/67221b93f8ce36e4761b25afbd140090/volume-8e6c4855-e869-494f-8227-61cd285b47c2.info
Jun 23 04:24:04 devstack sudo[99703]: pam_unix(sudo:session): session opened for user root(uid=0) by (uid=1000)
Jun 23 04:24:04 devstack sudo[99703]: pam_unix(sudo:session): session closed for user root
Jun 23 04:24:04 devstack cinder-volume[93326]: DEBUG oslo_concurrency.processutils [None req-facd9c89-dfb5-4b27-9b46-b383e5788844 tempest-GroupSnapshotsTest-1192531673 None] CMD "sudo cinder-rootwrap /etc/cinder/rootwrap.conf chmod ugo+rw /opt/stack/data/cinder/mnt/67221b93f8ce36e4761b25afbd140090/volume-8e6c4855-e869-494f-8227-61cd285b47c2.info" returned: 0 in 0.663s {{(pid=93326) execute /opt/stack/data/venv/lib/python3.12/site-packages/oslo_concurrency/processutils.py:468}}
Jun 23 04:24:04 devstack cinder-volume[93326]: DEBUG oslo_concurrency.lockutils [None req-facd9c89-dfb5-4b27-9b46-b383e5788844 tempest-GroupSnapshotsTest-1192531673 None] Lock "quobyte" "released" by "cinder.volume.drivers.quobyte.QuobyteDriver.create_snapshot" :: held 4.871s {{(pid=93326) inner /opt/stack/data/venv/lib/python3.12/site-packages/oslo_concurrency/lockutils.py:543}}
Jun 23 04:24:04 devstack cinder-volume[93326]: DEBUG oslo_concurrency.lockutils [None req-a4a2d550-f76a-4335-9a8b-8bf7387aa6d5 tempest-AttachVolumeNegativeTest-820855793 None] Lock "quobyte" acquired by "cinder.volume.drivers.quobyte.QuobyteDriver.create_volume" :: waited 5.071s {{(pid=93326) inner /opt/stack/data/venv/lib/python3.12/site-packages/oslo_concurrency/lockutils.py:524}}
Jun 23 04:24:04 devstack cinder-volume[93326]: DEBUG cinder.volume.drivers.quobyte [None req-a4a2d550-f76a-4335-9a8b-8bf7387aa6d5 tempest-AttachVolumeNegativeTest-820855793 None] ==> create_volume: call "{'self': , 'volume': Volume(_name_id=None,admin_metadata=,attach_status='detached',availability_zone='nova',bootable=False,cluster=,cluster_name=None,consistencygroup=,consistencygroup_id=None,created_at=2026-06-23T02:23:59Z,deleted=False,deleted_at=None,display_description=None,display_name='tempest-AttachVolumeNegativeTest-volume-89651327',ec2_id=None,encryption_key_id=None,glance_metadata=,group=,group_id=None,host='devstack@QuobyteHD#QuobyteHD',id=d87c61d2-2daf-4bf7-8a45-09848736e88e,launched_at=None,metadata={},migration_status=None,multiattach=False,previous_status=None,project_id='e4adf625f6514704b53ac3eee3318ad4',provider_auth=None,provider_geometry=None,provider_id=None,provider_location=None,replication_driver_data=None,replication_extended_status=None,replication_status=None,scheduled_at=2026-06-23T02:24:00Z,service_uuid=None,shared_targets=True,size=1,snapshot_id=None,snapshots=,source_volid=None,status='creating',terminated_at=None,updated_at=2026-06-23T02:24:00Z,use_quota=True,user_id='b24b7a13b0f74b069944c04275649c34',volume_attachment=VolumeAttachmentList,volume_type=VolumeType(c3457fb9-3f4c-436e-9921-b7362fe90947),volume_type_id=c3457fb9-3f4c-436e-9921-b7362fe90947)}" {{(pid=93326) trace_logging_wrapper /opt/stack/cinder/cinder/volume/volume_utils.py:1497}}
Jun 23 04:24:04 devstack cinder-volume[93326]: DEBUG cinder.volume.drivers.remotefs [None req-a4a2d550-f76a-4335-9a8b-8bf7387aa6d5 tempest-AttachVolumeNegativeTest-820855793 None] Creating volume d87c61d2-2daf-4bf7-8a45-09848736e88e {{(pid=93326) create_volume /opt/stack/cinder/cinder/volume/drivers/remotefs.py:292}}
Jun 23 04:24:04 devstack cinder-volume[93326]: DEBUG oslo_concurrency.lockutils [None req-a4a2d550-f76a-4335-9a8b-8bf7387aa6d5 tempest-AttachVolumeNegativeTest-820855793 None] Acquiring lock "quobyte_ensure" by "cinder.volume.drivers.quobyte.QuobyteDriver._ensure_shares_mounted" {{(pid=93326) inner /opt/stack/data/venv/lib/python3.12/site-packages/oslo_concurrency/lockutils.py:511}}
Jun 23 04:24:04 devstack cinder-volume[93326]: DEBUG oslo_concurrency.lockutils [None req-a4a2d550-f76a-4335-9a8b-8bf7387aa6d5 tempest-AttachVolumeNegativeTest-820855793 None] Lock "quobyte_ensure" acquired by "cinder.volume.drivers.quobyte.QuobyteDriver._ensure_shares_mounted" :: waited 0.001s {{(pid=93326) inner /opt/stack/data/venv/lib/python3.12/site-packages/oslo_concurrency/lockutils.py:524}}
Jun 23 04:24:04 devstack cinder-volume[93326]: DEBUG cinder.volume.drivers.quobyte [None req-a4a2d550-f76a-4335-9a8b-8bf7387aa6d5 tempest-AttachVolumeNegativeTest-820855793 None] Quobyte Volume URL set to: {'osci02.corp.quobyte.com/cinder-vol-1978e060-91f0-4a63-86ac-b262c6dd3d77': None} {{(pid=93326) _load_shares_config /opt/stack/cinder/cinder/volume/drivers/quobyte.py:617}}
Jun 23 04:24:04 devstack cinder-volume[93326]: DEBUG cinder.volume.drivers.quobyte [None req-a4a2d550-f76a-4335-9a8b-8bf7387aa6d5 tempest-AttachVolumeNegativeTest-820855793 None] Available shares ['osci02.corp.quobyte.com/cinder-vol-1978e060-91f0-4a63-86ac-b262c6dd3d77'] {{(pid=93326) _ensure_shares_mounted /opt/stack/cinder/cinder/volume/drivers/quobyte.py:647}}
Jun 23 04:24:04 devstack cinder-volume[93326]: DEBUG oslo_concurrency.lockutils [None req-a4a2d550-f76a-4335-9a8b-8bf7387aa6d5 tempest-AttachVolumeNegativeTest-820855793 None] Lock "quobyte_ensure" "released" by "cinder.volume.drivers.quobyte.QuobyteDriver._ensure_shares_mounted" :: held 0.005s {{(pid=93326) inner /opt/stack/data/venv/lib/python3.12/site-packages/oslo_concurrency/lockutils.py:543}}
Jun 23 04:24:04 devstack cinder-volume[93326]: DEBUG cinder.volume.drivers.quobyte [None req-a4a2d550-f76a-4335-9a8b-8bf7387aa6d5 tempest-AttachVolumeNegativeTest-820855793 None] Selected osci02.corp.quobyte.com/cinder-vol-1978e060-91f0-4a63-86ac-b262c6dd3d77 as target Quobyte volume. {{(pid=93326) _find_share /opt/stack/cinder/cinder/volume/drivers/quobyte.py:668}}
Jun 23 04:24:04 devstack cinder-volume[93326]: INFO cinder.volume.drivers.remotefs [None req-a4a2d550-f76a-4335-9a8b-8bf7387aa6d5 tempest-AttachVolumeNegativeTest-820855793 None] casted to osci02.corp.quobyte.com/cinder-vol-1978e060-91f0-4a63-86ac-b262c6dd3d77
Jun 23 04:24:04 devstack cinder-volume[93326]: DEBUG oslo_concurrency.processutils [None req-a4a2d550-f76a-4335-9a8b-8bf7387aa6d5 tempest-AttachVolumeNegativeTest-820855793 None] Running cmd (subprocess): sudo cinder-rootwrap /etc/cinder/rootwrap.conf qemu-img create -f qcow2 -o preallocation=metadata /opt/stack/data/cinder/mnt/67221b93f8ce36e4761b25afbd140090/volume-d87c61d2-2daf-4bf7-8a45-09848736e88e 1073741824 {{(pid=93326) execute /opt/stack/data/venv/lib/python3.12/site-packages/oslo_concurrency/processutils.py:440}}
Jun 23 04:24:04 devstack sudo[99713]: quobyte : PWD=/ ; USER=root ; COMMAND=/opt/stack/data/venv/bin/cinder-rootwrap /etc/cinder/rootwrap.conf qemu-img create -f qcow2 -o preallocation=metadata /opt/stack/data/cinder/mnt/67221b93f8ce36e4761b25afbd140090/volume-d87c61d2-2daf-4bf7-8a45-09848736e88e 1073741824
Jun 23 04:24:04 devstack sudo[99713]: pam_unix(sudo:session): session opened for user root(uid=0) by (uid=1000)
Jun 23 04:24:05 devstack cinder-volume[93326]: INFO cinder.volume.manager [None req-facd9c89-dfb5-4b27-9b46-b383e5788844 tempest-GroupSnapshotsTest-1192531673 None] group_snapshot bb3db0a2-fccd-441c-b0f7-83cb6a4360fa: created successfully
Jun 23 04:24:05 devstack cinder-volume[93326]: INFO cinder.volume.manager [None req-687cb9cf-0c48-43ce-a0e4-b04e732f3d90 tempest-GroupSnapshotsTest-1192531673 None] group_snapshot bb3db0a2-fccd-441c-b0f7-83cb6a4360fa: deleting
Jun 23 04:24:05 devstack cinder-volume[93326]: DEBUG cinder.volume.manager [None req-687cb9cf-0c48-43ce-a0e4-b04e732f3d90 tempest-GroupSnapshotsTest-1192531673 None] group_snapshot bb3db0a2-fccd-441c-b0f7-83cb6a4360fa: deleting {{(pid=93326) delete_group_snapshot /opt/stack/cinder/cinder/volume/manager.py:4350}}
Jun 23 04:24:05 devstack cinder-volume[93326]: DEBUG cinder.coordination [None req-687cb9cf-0c48-43ce-a0e4-b04e732f3d90 tempest-GroupSnapshotsTest-1192531673 None] Acquiring lock "cinder-quobyte-ce585222-67ae-46ed-a198-c0492e142544" by "delete_snapshot" {{(pid=93326) __acquire /opt/stack/cinder/cinder/coordination.py:138}}
Jun 23 04:24:05 devstack cinder-volume[93326]: DEBUG cinder.coordination [None req-687cb9cf-0c48-43ce-a0e4-b04e732f3d90 tempest-GroupSnapshotsTest-1192531673 None] Lock "cinder-quobyte-ce585222-67ae-46ed-a198-c0492e142544" acquired by "delete_snapshot" :: waited 0.034s {{(pid=93326) __acquire /opt/stack/cinder/cinder/coordination.py:141}}
Jun 23 04:24:05 devstack cinder-volume[93326]: DEBUG cinder.coordination [None req-687cb9cf-0c48-43ce-a0e4-b04e732f3d90 tempest-GroupSnapshotsTest-1192531673 None] Acquiring lock "cinder-quobyte-50e94159-b091-459d-b872-76559bfc7cae" by "_delete_snapshot" {{(pid=93326) __acquire /opt/stack/cinder/cinder/coordination.py:138}}
Jun 23 04:24:05 devstack cinder-volume[93326]: DEBUG cinder.coordination [None req-687cb9cf-0c48-43ce-a0e4-b04e732f3d90 tempest-GroupSnapshotsTest-1192531673 None] Lock "cinder-quobyte-50e94159-b091-459d-b872-76559bfc7cae" acquired by "_delete_snapshot" :: waited 0.019s {{(pid=93326) __acquire /opt/stack/cinder/cinder/coordination.py:141}}
Jun 23 04:24:05 devstack cinder-volume[93326]: DEBUG cinder.volume.drivers.remotefs [None req-687cb9cf-0c48-43ce-a0e4-b04e732f3d90 tempest-GroupSnapshotsTest-1192531673 None] Deleting offline snapshot 50e94159-b091-459d-b872-76559bfc7cae of volume ce585222-67ae-46ed-a198-c0492e142544 {{(pid=93326) _delete_snapshot /opt/stack/cinder/cinder/volume/drivers/remotefs.py:1288}}
Jun 23 04:24:05 devstack cinder-volume[93326]: DEBUG cinder.volume.drivers.remotefs [None req-687cb9cf-0c48-43ce-a0e4-b04e732f3d90 tempest-GroupSnapshotsTest-1192531673 None] snapshot_file for this snap is: volume-ce585222-67ae-46ed-a198-c0492e142544.50e94159-b091-459d-b872-76559bfc7cae {{(pid=93326) _delete_snapshot /opt/stack/cinder/cinder/volume/drivers/remotefs.py:1317}}
Jun 23 04:24:05 devstack cinder-volume[93326]: DEBUG oslo.privsep.daemon [-] privsep: reply[8b95cd2a-33f8-475d-8677-27738adef473]: (4, 'qcow2') {{(pid=94617) _call_back /opt/stack/data/venv/lib/python3.12/site-packages/oslo_privsep/daemon.py:580}}
Jun 23 04:24:05 devstack cinder-volume[93326]: DEBUG oslo_concurrency.processutils [None req-687cb9cf-0c48-43ce-a0e4-b04e732f3d90 tempest-GroupSnapshotsTest-1192531673 None] Running cmd (subprocess): /opt/stack/data/venv/bin/python3.12 -m oslo_concurrency.prlimit --as=1073741824 --cpu=60 -- sudo cinder-rootwrap /etc/cinder/rootwrap.conf env LC_ALL=C qemu-img info -f qcow2 --output=json --force-share /opt/stack/data/cinder/mnt/67221b93f8ce36e4761b25afbd140090/volume-ce585222-67ae-46ed-a198-c0492e142544.50e94159-b091-459d-b872-76559bfc7cae {{(pid=93326) execute /opt/stack/data/venv/lib/python3.12/site-packages/oslo_concurrency/processutils.py:440}}
Jun 23 04:24:05 devstack sudo[99725]: quobyte : PWD=/ ; USER=root ; COMMAND=/opt/stack/data/venv/bin/cinder-rootwrap /etc/cinder/rootwrap.conf env LC_ALL=C qemu-img info -f qcow2 --output=json --force-share /opt/stack/data/cinder/mnt/67221b93f8ce36e4761b25afbd140090/volume-ce585222-67ae-46ed-a198-c0492e142544.50e94159-b091-459d-b872-76559bfc7cae
Jun 23 04:24:05 devstack sudo[99725]: pam_unix(sudo:session): session opened for user root(uid=0) by (uid=1000)
Jun 23 04:24:05 devstack sudo[99713]: pam_unix(sudo:session): session closed for user root
Jun 23 04:24:05 devstack cinder-volume[93326]: DEBUG oslo_concurrency.processutils [None req-a4a2d550-f76a-4335-9a8b-8bf7387aa6d5 tempest-AttachVolumeNegativeTest-820855793 None] CMD "sudo cinder-rootwrap /etc/cinder/rootwrap.conf qemu-img create -f qcow2 -o preallocation=metadata /opt/stack/data/cinder/mnt/67221b93f8ce36e4761b25afbd140090/volume-d87c61d2-2daf-4bf7-8a45-09848736e88e 1073741824" returned: 0 in 1.058s {{(pid=93326) execute /opt/stack/data/venv/lib/python3.12/site-packages/oslo_concurrency/processutils.py:468}}
Jun 23 04:24:06 devstack cinder-volume[93326]: DEBUG oslo_concurrency.processutils [None req-a4a2d550-f76a-4335-9a8b-8bf7387aa6d5 tempest-AttachVolumeNegativeTest-820855793 None] Running cmd (subprocess): sudo cinder-rootwrap /etc/cinder/rootwrap.conf chmod ugo+rw /opt/stack/data/cinder/mnt/67221b93f8ce36e4761b25afbd140090/volume-d87c61d2-2daf-4bf7-8a45-09848736e88e {{(pid=93326) execute /opt/stack/data/venv/lib/python3.12/site-packages/oslo_concurrency/processutils.py:440}}
Jun 23 04:24:06 devstack sudo[99735]: quobyte : PWD=/ ; USER=root ; COMMAND=/opt/stack/data/venv/bin/cinder-rootwrap /etc/cinder/rootwrap.conf chmod ugo+rw /opt/stack/data/cinder/mnt/67221b93f8ce36e4761b25afbd140090/volume-d87c61d2-2daf-4bf7-8a45-09848736e88e
Jun 23 04:24:06 devstack sudo[99735]: pam_unix(sudo:session): session opened for user root(uid=0) by (uid=1000)
Jun 23 04:24:06 devstack sudo[99725]: pam_unix(sudo:session): session closed for user root
Jun 23 04:24:06 devstack cinder-volume[93326]: DEBUG oslo_concurrency.processutils [None req-687cb9cf-0c48-43ce-a0e4-b04e732f3d90 tempest-GroupSnapshotsTest-1192531673 None] CMD "/opt/stack/data/venv/bin/python3.12 -m oslo_concurrency.prlimit --as=1073741824 --cpu=60 -- sudo cinder-rootwrap /etc/cinder/rootwrap.conf env LC_ALL=C qemu-img info -f qcow2 --output=json --force-share /opt/stack/data/cinder/mnt/67221b93f8ce36e4761b25afbd140090/volume-ce585222-67ae-46ed-a198-c0492e142544.50e94159-b091-459d-b872-76559bfc7cae" returned: 0 in 1.192s {{(pid=93326) execute /opt/stack/data/venv/lib/python3.12/site-packages/oslo_concurrency/processutils.py:468}}
Jun 23 04:24:06 devstack cinder-volume[93326]: DEBUG cinder.volume.drivers.remotefs [None req-687cb9cf-0c48-43ce-a0e4-b04e732f3d90 tempest-GroupSnapshotsTest-1192531673 None] Fetching qemu-img info with special backing_file_template: (/opt/stack/data/cinder/mnt/[0-9a-f]+/)?(volume-ce585222-67ae-46ed-a198-c0492e142544(.(tmp-snap-)?[0-9a-f-]+)?|volume_from_snapshot_cache/(tmp-snap-)?[0-9a-f-]+(.(child-|parent-)[0-9a-f-]+)?)$ {{(pid=93326) _qemu_img_info_base /opt/stack/cinder/cinder/volume/drivers/remotefs.py:896}}
Jun 23 04:24:06 devstack cinder-volume[93326]: DEBUG oslo.privsep.daemon [-] privsep: reply[199047ac-b06b-4cf6-90a0-0f71740c96fe]: (4, 'qcow2') {{(pid=94617) _call_back /opt/stack/data/venv/lib/python3.12/site-packages/oslo_privsep/daemon.py:580}}
Jun 23 04:24:06 devstack cinder-volume[93326]: DEBUG oslo_concurrency.processutils [None req-687cb9cf-0c48-43ce-a0e4-b04e732f3d90 tempest-GroupSnapshotsTest-1192531673 None] Running cmd (subprocess): /opt/stack/data/venv/bin/python3.12 -m oslo_concurrency.prlimit --as=1073741824 --cpu=60 -- sudo cinder-rootwrap /etc/cinder/rootwrap.conf env LC_ALL=C qemu-img info -f qcow2 --output=json --force-share /opt/stack/data/cinder/mnt/67221b93f8ce36e4761b25afbd140090/volume-ce585222-67ae-46ed-a198-c0492e142544 {{(pid=93326) execute /opt/stack/data/venv/lib/python3.12/site-packages/oslo_concurrency/processutils.py:440}}
Jun 23 04:24:07 devstack sudo[99795]: quobyte : PWD=/ ; USER=root ; COMMAND=/opt/stack/data/venv/bin/cinder-rootwrap /etc/cinder/rootwrap.conf env LC_ALL=C qemu-img info -f qcow2 --output=json --force-share /opt/stack/data/cinder/mnt/67221b93f8ce36e4761b25afbd140090/volume-ce585222-67ae-46ed-a198-c0492e142544
Jun 23 04:24:07 devstack sudo[99795]: pam_unix(sudo:session): session opened for user root(uid=0) by (uid=1000)
Jun 23 04:24:07 devstack sudo[99735]: pam_unix(sudo:session): session closed for user root
Jun 23 04:24:07 devstack cinder-volume[93326]: DEBUG oslo_concurrency.processutils [None req-a4a2d550-f76a-4335-9a8b-8bf7387aa6d5 tempest-AttachVolumeNegativeTest-820855793 None] CMD "sudo cinder-rootwrap /etc/cinder/rootwrap.conf chmod ugo+rw /opt/stack/data/cinder/mnt/67221b93f8ce36e4761b25afbd140090/volume-d87c61d2-2daf-4bf7-8a45-09848736e88e" returned: 0 in 1.242s {{(pid=93326) execute /opt/stack/data/venv/lib/python3.12/site-packages/oslo_concurrency/processutils.py:468}}
Jun 23 04:24:07 devstack cinder-volume[93326]: DEBUG cinder.volume.drivers.quobyte [None req-a4a2d550-f76a-4335-9a8b-8bf7387aa6d5 tempest-AttachVolumeNegativeTest-820855793 None] <== create_volume: return (2357ms) {'provider_location': 'osci02.corp.quobyte.com/cinder-vol-1978e060-91f0-4a63-86ac-b262c6dd3d77'} {{(pid=93326) trace_logging_wrapper /opt/stack/cinder/cinder/volume/volume_utils.py:1522}}
Jun 23 04:24:07 devstack cinder-volume[93326]: DEBUG oslo_concurrency.lockutils [None req-a4a2d550-f76a-4335-9a8b-8bf7387aa6d5 tempest-AttachVolumeNegativeTest-820855793 None] Lock "quobyte" "released" by "cinder.volume.drivers.quobyte.QuobyteDriver.create_volume" :: held 2.361s {{(pid=93326) inner /opt/stack/data/venv/lib/python3.12/site-packages/oslo_concurrency/lockutils.py:543}}
Jun 23 04:24:07 devstack cinder-volume[93326]: DEBUG cinder.volume.manager [None req-a4a2d550-f76a-4335-9a8b-8bf7387aa6d5 tempest-AttachVolumeNegativeTest-820855793 None] Task 'cinder.volume.flows.manager.create_volume.CreateVolumeFromSpecTask;volume:create' (26f68ae7-e27d-499b-a2d0-ab7e163b7c1b) transitioned into state 'SUCCESS' from state 'RUNNING' with result '{'status': 'creating', 'volume_name': 'volume-d87c61d2-2daf-4bf7-8a45-09848736e88e', 'volume_size': 1}' {{(pid=93326) _task_receiver /opt/stack/data/venv/lib/python3.12/site-packages/taskflow/listeners/logging.py:218}}
Jun 23 04:24:07 devstack cinder-volume[93326]: DEBUG cinder.volume.manager [None req-a4a2d550-f76a-4335-9a8b-8bf7387aa6d5 tempest-AttachVolumeNegativeTest-820855793 None] Task 'cinder.volume.flows.manager.create_volume.CreateVolumeOnFinishTask;volume:create, create.end' (25afa35c-495f-4eb2-9191-4c79dab8d1e5) transitioned into state 'RUNNING' from state 'PENDING' {{(pid=93326) _task_receiver /opt/stack/data/venv/lib/python3.12/site-packages/taskflow/listeners/logging.py:242}}
Jun 23 04:24:07 devstack cinder-volume[93326]: INFO cinder.volume.flows.manager.create_volume [None req-a4a2d550-f76a-4335-9a8b-8bf7387aa6d5 tempest-AttachVolumeNegativeTest-820855793 None] Volume volume-d87c61d2-2daf-4bf7-8a45-09848736e88e (d87c61d2-2daf-4bf7-8a45-09848736e88e): created successfully
Jun 23 04:24:07 devstack cinder-volume[93326]: DEBUG cinder.volume.manager [None req-a4a2d550-f76a-4335-9a8b-8bf7387aa6d5 tempest-AttachVolumeNegativeTest-820855793 None] Task 'cinder.volume.flows.manager.create_volume.CreateVolumeOnFinishTask;volume:create, create.end' (25afa35c-495f-4eb2-9191-4c79dab8d1e5) transitioned into state 'SUCCESS' from state 'RUNNING' with result 'None' {{(pid=93326) _task_receiver /opt/stack/data/venv/lib/python3.12/site-packages/taskflow/listeners/logging.py:218}}
Jun 23 04:24:07 devstack cinder-volume[93326]: DEBUG cinder.volume.manager [None req-a4a2d550-f76a-4335-9a8b-8bf7387aa6d5 tempest-AttachVolumeNegativeTest-820855793 None] Flow 'volume_create_manager' (dd3c686b-4e13-41d1-8db9-0894077958cf) transitioned into state 'SUCCESS' from state 'RUNNING' {{(pid=93326) _flow_receiver /opt/stack/data/venv/lib/python3.12/site-packages/taskflow/listeners/logging.py:160}}
