Jul 21 02:08:23 devstack sudo[91035]: pam_unix(sudo:session): session opened for user root(uid=0) by (uid=1000)
Jul 21 02:08:24 devstack sudo[91035]: pam_unix(sudo:session): session closed for user root
Jul 21 02:08:24 devstack cinder-volume[87566]: DEBUG oslo_concurrency.processutils [req-860dc4c4-3682-4c08-b7d4-fabd93b4778a req-45659fdb-37b3-4451-842a-32b758dd5ba1 tempest-VolumesSnapshotsTestJSON-1549047348 None] CMD "sudo cinder-rootwrap /etc/cinder/rootwrap.conf qemu-img create -f qcow2 -o backing_file=/opt/stack/data/cinder/mnt/8502fa8b0ef18d4d6f686112180d58dc/volume-3a47a27e-3ef8-4cc5-9069-234cf5d21791,backing_fmt=qcow2 /opt/stack/data/cinder/mnt/8502fa8b0ef18d4d6f686112180d58dc/volume-3a47a27e-3ef8-4cc5-9069-234cf5d21791.4944512b-64d9-4a9b-9c37-1fecea5499b9 1G" returned: 0 in 1.415s {{(pid=87566) execute /opt/stack/data/venv/lib/python3.12/site-packages/oslo_concurrency/processutils.py:468}}
Jul 21 02:08:24 devstack cinder-volume[87566]: DEBUG oslo_concurrency.processutils [req-860dc4c4-3682-4c08-b7d4-fabd93b4778a req-45659fdb-37b3-4451-842a-32b758dd5ba1 tempest-VolumesSnapshotsTestJSON-1549047348 None] Running cmd (subprocess): sudo cinder-rootwrap /etc/cinder/rootwrap.conf qemu-img rebase -u -b volume-3a47a27e-3ef8-4cc5-9069-234cf5d21791 -F qcow2 /opt/stack/data/cinder/mnt/8502fa8b0ef18d4d6f686112180d58dc/volume-3a47a27e-3ef8-4cc5-9069-234cf5d21791.4944512b-64d9-4a9b-9c37-1fecea5499b9 {{(pid=87566) execute /opt/stack/data/venv/lib/python3.12/site-packages/oslo_concurrency/processutils.py:440}}
Jul 21 02:08:24 devstack sudo[91047]: quobyte : PWD=/ ; USER=root ; COMMAND=/opt/stack/data/venv/bin/cinder-rootwrap /etc/cinder/rootwrap.conf qemu-img rebase -u -b volume-3a47a27e-3ef8-4cc5-9069-234cf5d21791 -F qcow2 /opt/stack/data/cinder/mnt/8502fa8b0ef18d4d6f686112180d58dc/volume-3a47a27e-3ef8-4cc5-9069-234cf5d21791.4944512b-64d9-4a9b-9c37-1fecea5499b9
Jul 21 02:08:24 devstack sudo[91047]: pam_unix(sudo:session): session opened for user root(uid=0) by (uid=1000)
Jul 21 02:08:24 devstack sudo[91047]: pam_unix(sudo:session): session closed for user root
Jul 21 02:08:24 devstack cinder-volume[87566]: DEBUG oslo_concurrency.processutils [req-860dc4c4-3682-4c08-b7d4-fabd93b4778a req-45659fdb-37b3-4451-842a-32b758dd5ba1 tempest-VolumesSnapshotsTestJSON-1549047348 None] CMD "sudo cinder-rootwrap /etc/cinder/rootwrap.conf qemu-img rebase -u -b volume-3a47a27e-3ef8-4cc5-9069-234cf5d21791 -F qcow2 /opt/stack/data/cinder/mnt/8502fa8b0ef18d4d6f686112180d58dc/volume-3a47a27e-3ef8-4cc5-9069-234cf5d21791.4944512b-64d9-4a9b-9c37-1fecea5499b9" returned: 0 in 0.563s {{(pid=87566) execute /opt/stack/data/venv/lib/python3.12/site-packages/oslo_concurrency/processutils.py:468}}
Jul 21 02:08:24 devstack cinder-volume[87566]: WARNING cinder.volume.drivers.remotefs [req-860dc4c4-3682-4c08-b7d4-fabd93b4778a req-45659fdb-37b3-4451-842a-32b758dd5ba1 tempest-VolumesSnapshotsTestJSON-1549047348 None] /opt/stack/data/cinder/mnt/8502fa8b0ef18d4d6f686112180d58dc/volume-3a47a27e-3ef8-4cc5-9069-234cf5d21791.4944512b-64d9-4a9b-9c37-1fecea5499b9 is being set with open permissions: ugo+rw
Jul 21 02:08:24 devstack cinder-volume[87566]: DEBUG oslo_concurrency.processutils [req-860dc4c4-3682-4c08-b7d4-fabd93b4778a req-45659fdb-37b3-4451-842a-32b758dd5ba1 tempest-VolumesSnapshotsTestJSON-1549047348 None] Running cmd (subprocess): sudo cinder-rootwrap /etc/cinder/rootwrap.conf chmod ugo+rw /opt/stack/data/cinder/mnt/8502fa8b0ef18d4d6f686112180d58dc/volume-3a47a27e-3ef8-4cc5-9069-234cf5d21791.4944512b-64d9-4a9b-9c37-1fecea5499b9 {{(pid=87566) execute /opt/stack/data/venv/lib/python3.12/site-packages/oslo_concurrency/processutils.py:440}}
Jul 21 02:08:24 devstack sudo[91053]: quobyte : PWD=/ ; USER=root ; COMMAND=/opt/stack/data/venv/bin/cinder-rootwrap /etc/cinder/rootwrap.conf chmod ugo+rw /opt/stack/data/cinder/mnt/8502fa8b0ef18d4d6f686112180d58dc/volume-3a47a27e-3ef8-4cc5-9069-234cf5d21791.4944512b-64d9-4a9b-9c37-1fecea5499b9
Jul 21 02:08:24 devstack sudo[91053]: pam_unix(sudo:session): session opened for user root(uid=0) by (uid=1000)
Jul 21 02:08:25 devstack sudo[91053]: pam_unix(sudo:session): session closed for user root
Jul 21 02:08:25 devstack cinder-volume[87566]: DEBUG oslo_concurrency.processutils [req-860dc4c4-3682-4c08-b7d4-fabd93b4778a req-45659fdb-37b3-4451-842a-32b758dd5ba1 tempest-VolumesSnapshotsTestJSON-1549047348 None] CMD "sudo cinder-rootwrap /etc/cinder/rootwrap.conf chmod ugo+rw /opt/stack/data/cinder/mnt/8502fa8b0ef18d4d6f686112180d58dc/volume-3a47a27e-3ef8-4cc5-9069-234cf5d21791.4944512b-64d9-4a9b-9c37-1fecea5499b9" returned: 0 in 0.561s {{(pid=87566) execute /opt/stack/data/venv/lib/python3.12/site-packages/oslo_concurrency/processutils.py:468}}
Jul 21 02:08:25 devstack cinder-volume[87566]: DEBUG oslo_concurrency.processutils [req-860dc4c4-3682-4c08-b7d4-fabd93b4778a req-45659fdb-37b3-4451-842a-32b758dd5ba1 tempest-VolumesSnapshotsTestJSON-1549047348 None] Running cmd (subprocess): sudo cinder-rootwrap /etc/cinder/rootwrap.conf truncate -s0 /opt/stack/data/cinder/mnt/8502fa8b0ef18d4d6f686112180d58dc/volume-3a47a27e-3ef8-4cc5-9069-234cf5d21791.info {{(pid=87566) execute /opt/stack/data/venv/lib/python3.12/site-packages/oslo_concurrency/processutils.py:440}}
Jul 21 02:08:25 devstack sudo[91058]: quobyte : PWD=/ ; USER=root ; COMMAND=/opt/stack/data/venv/bin/cinder-rootwrap /etc/cinder/rootwrap.conf truncate -s0 /opt/stack/data/cinder/mnt/8502fa8b0ef18d4d6f686112180d58dc/volume-3a47a27e-3ef8-4cc5-9069-234cf5d21791.info
Jul 21 02:08:25 devstack sudo[91058]: pam_unix(sudo:session): session opened for user root(uid=0) by (uid=1000)
Jul 21 02:08:26 devstack sudo[91058]: pam_unix(sudo:session): session closed for user root
Jul 21 02:08:26 devstack cinder-volume[87566]: DEBUG oslo_concurrency.processutils [req-860dc4c4-3682-4c08-b7d4-fabd93b4778a req-45659fdb-37b3-4451-842a-32b758dd5ba1 tempest-VolumesSnapshotsTestJSON-1549047348 None] CMD "sudo cinder-rootwrap /etc/cinder/rootwrap.conf truncate -s0 /opt/stack/data/cinder/mnt/8502fa8b0ef18d4d6f686112180d58dc/volume-3a47a27e-3ef8-4cc5-9069-234cf5d21791.info" returned: 0 in 0.831s {{(pid=87566) execute /opt/stack/data/venv/lib/python3.12/site-packages/oslo_concurrency/processutils.py:468}}
Jul 21 02:08:26 devstack cinder-volume[87566]: WARNING cinder.volume.drivers.remotefs [req-860dc4c4-3682-4c08-b7d4-fabd93b4778a req-45659fdb-37b3-4451-842a-32b758dd5ba1 tempest-VolumesSnapshotsTestJSON-1549047348 None] /opt/stack/data/cinder/mnt/8502fa8b0ef18d4d6f686112180d58dc/volume-3a47a27e-3ef8-4cc5-9069-234cf5d21791.info is being set with open permissions: ugo+rw
Jul 21 02:08:26 devstack cinder-volume[87566]: DEBUG oslo_concurrency.processutils [req-860dc4c4-3682-4c08-b7d4-fabd93b4778a req-45659fdb-37b3-4451-842a-32b758dd5ba1 tempest-VolumesSnapshotsTestJSON-1549047348 None] Running cmd (subprocess): sudo cinder-rootwrap /etc/cinder/rootwrap.conf chmod ugo+rw /opt/stack/data/cinder/mnt/8502fa8b0ef18d4d6f686112180d58dc/volume-3a47a27e-3ef8-4cc5-9069-234cf5d21791.info {{(pid=87566) execute /opt/stack/data/venv/lib/python3.12/site-packages/oslo_concurrency/processutils.py:440}}
Jul 21 02:08:26 devstack sudo[91061]: quobyte : PWD=/ ; USER=root ; COMMAND=/opt/stack/data/venv/bin/cinder-rootwrap /etc/cinder/rootwrap.conf chmod ugo+rw /opt/stack/data/cinder/mnt/8502fa8b0ef18d4d6f686112180d58dc/volume-3a47a27e-3ef8-4cc5-9069-234cf5d21791.info
Jul 21 02:08:26 devstack sudo[91061]: pam_unix(sudo:session): session opened for user root(uid=0) by (uid=1000)
Jul 21 02:08:27 devstack sudo[91061]: pam_unix(sudo:session): session closed for user root
Jul 21 02:08:27 devstack cinder-volume[87566]: DEBUG oslo_concurrency.processutils [req-860dc4c4-3682-4c08-b7d4-fabd93b4778a req-45659fdb-37b3-4451-842a-32b758dd5ba1 tempest-VolumesSnapshotsTestJSON-1549047348 None] CMD "sudo cinder-rootwrap /etc/cinder/rootwrap.conf chmod ugo+rw /opt/stack/data/cinder/mnt/8502fa8b0ef18d4d6f686112180d58dc/volume-3a47a27e-3ef8-4cc5-9069-234cf5d21791.info" returned: 0 in 0.689s {{(pid=87566) execute /opt/stack/data/venv/lib/python3.12/site-packages/oslo_concurrency/processutils.py:468}}
Jul 21 02:08:27 devstack cinder-volume[87566]: DEBUG oslo_concurrency.lockutils [req-860dc4c4-3682-4c08-b7d4-fabd93b4778a req-45659fdb-37b3-4451-842a-32b758dd5ba1 tempest-VolumesSnapshotsTestJSON-1549047348 None] Lock "quobyte" "released" by "cinder.volume.drivers.quobyte.QuobyteDriver.create_snapshot" :: held 5.770s {{(pid=87566) inner /opt/stack/data/venv/lib/python3.12/site-packages/oslo_concurrency/lockutils.py:544}}
Jul 21 02:08:27 devstack cinder-volume[87566]: INFO cinder.volume.manager [req-860dc4c4-3682-4c08-b7d4-fabd93b4778a req-45659fdb-37b3-4451-842a-32b758dd5ba1 tempest-VolumesSnapshotsTestJSON-1549047348 None] Create snapshot completed successfully
Jul 21 02:08:28 devstack cinder-volume[87566]: DEBUG cinder.coordination [req-d1209479-2990-48ab-8052-86f7768a6061 req-2f3719f8-2784-4c3e-8e72-f6177e6503f2 tempest-VolumesSnapshotsTestJSON-1549047348 None] Acquiring lock "cinder-4944512b-64d9-4a9b-9c37-1fecea5499b9-delete_snapshot" by "delete_snapshot" {{(pid=87566) __acquire /opt/stack/cinder/cinder/coordination.py:138}}
Jul 21 02:08:28 devstack cinder-volume[87566]: DEBUG cinder.coordination [req-d1209479-2990-48ab-8052-86f7768a6061 req-2f3719f8-2784-4c3e-8e72-f6177e6503f2 tempest-VolumesSnapshotsTestJSON-1549047348 None] Lock "cinder-4944512b-64d9-4a9b-9c37-1fecea5499b9-delete_snapshot" acquired by "delete_snapshot" :: waited 0.044s {{(pid=87566) __acquire /opt/stack/cinder/cinder/coordination.py:141}}
Jul 21 02:08:28 devstack cinder-volume[87566]: DEBUG cinder.coordination [req-d1209479-2990-48ab-8052-86f7768a6061 req-2f3719f8-2784-4c3e-8e72-f6177e6503f2 tempest-VolumesSnapshotsTestJSON-1549047348 None] Acquiring lock "cinder-quobyte-3a47a27e-3ef8-4cc5-9069-234cf5d21791" by "delete_snapshot" {{(pid=87566) __acquire /opt/stack/cinder/cinder/coordination.py:138}}
Jul 21 02:08:28 devstack cinder-volume[87566]: DEBUG cinder.coordination [req-d1209479-2990-48ab-8052-86f7768a6061 req-2f3719f8-2784-4c3e-8e72-f6177e6503f2 tempest-VolumesSnapshotsTestJSON-1549047348 None] Lock "cinder-quobyte-3a47a27e-3ef8-4cc5-9069-234cf5d21791" acquired by "delete_snapshot" :: waited 0.087s {{(pid=87566) __acquire /opt/stack/cinder/cinder/coordination.py:141}}
Jul 21 02:08:28 devstack cinder-volume[87566]: DEBUG cinder.coordination [req-d1209479-2990-48ab-8052-86f7768a6061 req-2f3719f8-2784-4c3e-8e72-f6177e6503f2 tempest-VolumesSnapshotsTestJSON-1549047348 None] Acquiring lock "cinder-quobyte-4944512b-64d9-4a9b-9c37-1fecea5499b9" by "_delete_snapshot" {{(pid=87566) __acquire /opt/stack/cinder/cinder/coordination.py:138}}
Jul 21 02:08:28 devstack cinder-volume[87566]: DEBUG cinder.coordination [req-d1209479-2990-48ab-8052-86f7768a6061 req-2f3719f8-2784-4c3e-8e72-f6177e6503f2 tempest-VolumesSnapshotsTestJSON-1549047348 None] Lock "cinder-quobyte-4944512b-64d9-4a9b-9c37-1fecea5499b9" acquired by "_delete_snapshot" :: waited 0.062s {{(pid=87566) __acquire /opt/stack/cinder/cinder/coordination.py:141}}
Jul 21 02:08:28 devstack cinder-volume[87566]: DEBUG cinder.volume.drivers.remotefs [req-d1209479-2990-48ab-8052-86f7768a6061 req-2f3719f8-2784-4c3e-8e72-f6177e6503f2 tempest-VolumesSnapshotsTestJSON-1549047348 None] Deleting offline snapshot 4944512b-64d9-4a9b-9c37-1fecea5499b9 of volume 3a47a27e-3ef8-4cc5-9069-234cf5d21791 {{(pid=87566) _delete_snapshot /opt/stack/cinder/cinder/volume/drivers/remotefs.py:1288}}
Jul 21 02:08:28 devstack cinder-volume[87566]: DEBUG cinder.volume.drivers.remotefs [req-d1209479-2990-48ab-8052-86f7768a6061 req-2f3719f8-2784-4c3e-8e72-f6177e6503f2 tempest-VolumesSnapshotsTestJSON-1549047348 None] snapshot_file for this snap is: volume-3a47a27e-3ef8-4cc5-9069-234cf5d21791.4944512b-64d9-4a9b-9c37-1fecea5499b9 {{(pid=87566) _delete_snapshot /opt/stack/cinder/cinder/volume/drivers/remotefs.py:1317}}
Jul 21 02:08:28 devstack cinder-volume[87566]: DEBUG oslo.privsep.daemon [-] privsep: reply[19fae46b-c473-4a08-9f07-9716e4660452]: (4, 'qcow2') {{(pid=89104) _call_back /opt/stack/data/venv/lib/python3.12/site-packages/oslo_privsep/daemon.py:580}}
Jul 21 02:08:28 devstack cinder-volume[87566]: DEBUG oslo_concurrency.processutils [req-d1209479-2990-48ab-8052-86f7768a6061 req-2f3719f8-2784-4c3e-8e72-f6177e6503f2 tempest-VolumesSnapshotsTestJSON-1549047348 None] Running cmd (subprocess): /opt/stack/data/venv/bin/python3.12 -m oslo_concurrency.prlimit --as=1073741824 --cpu=60 -- sudo cinder-rootwrap /etc/cinder/rootwrap.conf env LC_ALL=C qemu-img info -f qcow2 --output=json --force-share /opt/stack/data/cinder/mnt/8502fa8b0ef18d4d6f686112180d58dc/volume-3a47a27e-3ef8-4cc5-9069-234cf5d21791.4944512b-64d9-4a9b-9c37-1fecea5499b9 {{(pid=87566) execute /opt/stack/data/venv/lib/python3.12/site-packages/oslo_concurrency/processutils.py:440}}
Jul 21 02:08:29 devstack sudo[91101]: quobyte : PWD=/ ; USER=root ; COMMAND=/opt/stack/data/venv/bin/cinder-rootwrap /etc/cinder/rootwrap.conf env LC_ALL=C qemu-img info -f qcow2 --output=json --force-share /opt/stack/data/cinder/mnt/8502fa8b0ef18d4d6f686112180d58dc/volume-3a47a27e-3ef8-4cc5-9069-234cf5d21791.4944512b-64d9-4a9b-9c37-1fecea5499b9
Jul 21 02:08:29 devstack sudo[91101]: pam_unix(sudo:session): session opened for user root(uid=0) by (uid=1000)
Jul 21 02:08:29 devstack sudo[91101]: pam_unix(sudo:session): session closed for user root
Jul 21 02:08:29 devstack cinder-volume[87566]: DEBUG oslo_concurrency.processutils [req-d1209479-2990-48ab-8052-86f7768a6061 req-2f3719f8-2784-4c3e-8e72-f6177e6503f2 tempest-VolumesSnapshotsTestJSON-1549047348 None] CMD "/opt/stack/data/venv/bin/python3.12 -m oslo_concurrency.prlimit --as=1073741824 --cpu=60 -- sudo cinder-rootwrap /etc/cinder/rootwrap.conf env LC_ALL=C qemu-img info -f qcow2 --output=json --force-share /opt/stack/data/cinder/mnt/8502fa8b0ef18d4d6f686112180d58dc/volume-3a47a27e-3ef8-4cc5-9069-234cf5d21791.4944512b-64d9-4a9b-9c37-1fecea5499b9" returned: 0 in 1.154s {{(pid=87566) execute /opt/stack/data/venv/lib/python3.12/site-packages/oslo_concurrency/processutils.py:468}}
Jul 21 02:08:29 devstack cinder-volume[87566]: DEBUG cinder.volume.drivers.remotefs [req-d1209479-2990-48ab-8052-86f7768a6061 req-2f3719f8-2784-4c3e-8e72-f6177e6503f2 tempest-VolumesSnapshotsTestJSON-1549047348 None] Fetching qemu-img info with special backing_file_template: (/opt/stack/data/cinder/mnt/[0-9a-f]+/)?(volume-3a47a27e-3ef8-4cc5-9069-234cf5d21791(.(tmp-snap-)?[0-9a-f-]+)?|volume_from_snapshot_cache/(tmp-snap-)?[0-9a-f-]+(.(child-|parent-)[0-9a-f-]+)?)$ {{(pid=87566) _qemu_img_info_base /opt/stack/cinder/cinder/volume/drivers/remotefs.py:896}}
Jul 21 02:08:30 devstack cinder-volume[87566]: DEBUG oslo.privsep.daemon [-] privsep: reply[5fdef6e0-3986-4343-97d5-62d209c9a8d3]: (4, 'qcow2') {{(pid=89104) _call_back /opt/stack/data/venv/lib/python3.12/site-packages/oslo_privsep/daemon.py:580}}
Jul 21 02:08:30 devstack cinder-volume[87566]: DEBUG oslo_concurrency.processutils [req-d1209479-2990-48ab-8052-86f7768a6061 req-2f3719f8-2784-4c3e-8e72-f6177e6503f2 tempest-VolumesSnapshotsTestJSON-1549047348 None] Running cmd (subprocess): /opt/stack/data/venv/bin/python3.12 -m oslo_concurrency.prlimit --as=1073741824 --cpu=60 -- sudo cinder-rootwrap /etc/cinder/rootwrap.conf env LC_ALL=C qemu-img info -f qcow2 --output=json --force-share /opt/stack/data/cinder/mnt/8502fa8b0ef18d4d6f686112180d58dc/volume-3a47a27e-3ef8-4cc5-9069-234cf5d21791 {{(pid=87566) execute /opt/stack/data/venv/lib/python3.12/site-packages/oslo_concurrency/processutils.py:440}}
Jul 21 02:08:30 devstack sudo[91180]: quobyte : PWD=/ ; USER=root ; COMMAND=/opt/stack/data/venv/bin/cinder-rootwrap /etc/cinder/rootwrap.conf env LC_ALL=C qemu-img info -f qcow2 --output=json --force-share /opt/stack/data/cinder/mnt/8502fa8b0ef18d4d6f686112180d58dc/volume-3a47a27e-3ef8-4cc5-9069-234cf5d21791
Jul 21 02:08:30 devstack sudo[91180]: pam_unix(sudo:session): session opened for user root(uid=0) by (uid=1000)
Jul 21 02:08:30 devstack sudo[91180]: pam_unix(sudo:session): session closed for user root
Jul 21 02:08:30 devstack cinder-volume[87566]: DEBUG oslo_concurrency.processutils [req-d1209479-2990-48ab-8052-86f7768a6061 req-2f3719f8-2784-4c3e-8e72-f6177e6503f2 tempest-VolumesSnapshotsTestJSON-1549047348 None] CMD "/opt/stack/data/venv/bin/python3.12 -m oslo_concurrency.prlimit --as=1073741824 --cpu=60 -- sudo cinder-rootwrap /etc/cinder/rootwrap.conf env LC_ALL=C qemu-img info -f qcow2 --output=json --force-share /opt/stack/data/cinder/mnt/8502fa8b0ef18d4d6f686112180d58dc/volume-3a47a27e-3ef8-4cc5-9069-234cf5d21791" returned: 0 in 0.824s {{(pid=87566) execute /opt/stack/data/venv/lib/python3.12/site-packages/oslo_concurrency/processutils.py:468}}
Jul 21 02:08:30 devstack cinder-volume[87566]: DEBUG oslo_concurrency.processutils [req-d1209479-2990-48ab-8052-86f7768a6061 req-2f3719f8-2784-4c3e-8e72-f6177e6503f2 tempest-VolumesSnapshotsTestJSON-1549047348 None] Running cmd (subprocess): sudo cinder-rootwrap /etc/cinder/rootwrap.conf qemu-img commit -d /opt/stack/data/cinder/mnt/8502fa8b0ef18d4d6f686112180d58dc/volume-3a47a27e-3ef8-4cc5-9069-234cf5d21791.4944512b-64d9-4a9b-9c37-1fecea5499b9 {{(pid=87566) execute /opt/stack/data/venv/lib/python3.12/site-packages/oslo_concurrency/processutils.py:440}}
Jul 21 02:08:30 devstack sudo[91195]: quobyte : PWD=/ ; USER=root ; COMMAND=/opt/stack/data/venv/bin/cinder-rootwrap /etc/cinder/rootwrap.conf qemu-img commit -d /opt/stack/data/cinder/mnt/8502fa8b0ef18d4d6f686112180d58dc/volume-3a47a27e-3ef8-4cc5-9069-234cf5d21791.4944512b-64d9-4a9b-9c37-1fecea5499b9
Jul 21 02:08:30 devstack sudo[91195]: pam_unix(sudo:session): session opened for user root(uid=0) by (uid=1000)
Jul 21 02:08:31 devstack sudo[91195]: pam_unix(sudo:session): session closed for user root
Jul 21 02:08:31 devstack cinder-volume[87566]: DEBUG oslo_concurrency.processutils [req-d1209479-2990-48ab-8052-86f7768a6061 req-2f3719f8-2784-4c3e-8e72-f6177e6503f2 tempest-VolumesSnapshotsTestJSON-1549047348 None] CMD "sudo cinder-rootwrap /etc/cinder/rootwrap.conf qemu-img commit -d /opt/stack/data/cinder/mnt/8502fa8b0ef18d4d6f686112180d58dc/volume-3a47a27e-3ef8-4cc5-9069-234cf5d21791.4944512b-64d9-4a9b-9c37-1fecea5499b9" returned: 0 in 0.751s {{(pid=87566) execute /opt/stack/data/venv/lib/python3.12/site-packages/oslo_concurrency/processutils.py:468}}
Jul 21 02:08:31 devstack cinder-volume[87566]: DEBUG oslo_concurrency.processutils [req-d1209479-2990-48ab-8052-86f7768a6061 req-2f3719f8-2784-4c3e-8e72-f6177e6503f2 tempest-VolumesSnapshotsTestJSON-1549047348 None] Running cmd (subprocess): sudo cinder-rootwrap /etc/cinder/rootwrap.conf rm -f /opt/stack/data/cinder/mnt/8502fa8b0ef18d4d6f686112180d58dc/volume-3a47a27e-3ef8-4cc5-9069-234cf5d21791.4944512b-64d9-4a9b-9c37-1fecea5499b9 {{(pid=87566) execute /opt/stack/data/venv/lib/python3.12/site-packages/oslo_concurrency/processutils.py:440}}
Jul 21 02:08:31 devstack sudo[91200]: quobyte : PWD=/ ; USER=root ; COMMAND=/opt/stack/data/venv/bin/cinder-rootwrap /etc/cinder/rootwrap.conf rm -f /opt/stack/data/cinder/mnt/8502fa8b0ef18d4d6f686112180d58dc/volume-3a47a27e-3ef8-4cc5-9069-234cf5d21791.4944512b-64d9-4a9b-9c37-1fecea5499b9
Jul 21 02:08:31 devstack sudo[91200]: pam_unix(sudo:session): session opened for user root(uid=0) by (uid=1000)
Jul 21 02:08:32 devstack sudo[91200]: pam_unix(sudo:session): session closed for user root
Jul 21 02:08:32 devstack cinder-volume[87566]: DEBUG oslo_concurrency.processutils [req-d1209479-2990-48ab-8052-86f7768a6061 req-2f3719f8-2784-4c3e-8e72-f6177e6503f2 tempest-VolumesSnapshotsTestJSON-1549047348 None] CMD "sudo cinder-rootwrap /etc/cinder/rootwrap.conf rm -f /opt/stack/data/cinder/mnt/8502fa8b0ef18d4d6f686112180d58dc/volume-3a47a27e-3ef8-4cc5-9069-234cf5d21791.4944512b-64d9-4a9b-9c37-1fecea5499b9" returned: 0 in 0.691s {{(pid=87566) execute /opt/stack/data/venv/lib/python3.12/site-packages/oslo_concurrency/processutils.py:468}}
Jul 21 02:08:32 devstack cinder-volume[87566]: DEBUG cinder.coordination [req-d1209479-2990-48ab-8052-86f7768a6061 req-2f3719f8-2784-4c3e-8e72-f6177e6503f2 tempest-VolumesSnapshotsTestJSON-1549047348 None] Lock "cinder-quobyte-4944512b-64d9-4a9b-9c37-1fecea5499b9" released by "_delete_snapshot" :: held 3.702s {{(pid=87566) __release /opt/stack/cinder/cinder/coordination.py:152}}
Jul 21 02:08:32 devstack cinder-volume[87566]: DEBUG cinder.coordination [req-d1209479-2990-48ab-8052-86f7768a6061 req-2f3719f8-2784-4c3e-8e72-f6177e6503f2 tempest-VolumesSnapshotsTestJSON-1549047348 None] Lock "cinder-quobyte-3a47a27e-3ef8-4cc5-9069-234cf5d21791" released by "delete_snapshot" :: held 3.780s {{(pid=87566) __release /opt/stack/cinder/cinder/coordination.py:152}}
Jul 21 02:08:32 devstack cinder-volume[87566]: WARNING cinder.quota [req-d1209479-2990-48ab-8052-86f7768a6061 req-2f3719f8-2784-4c3e-8e72-f6177e6503f2 tempest-VolumesSnapshotsTestJSON-1549047348 None] Deprecated: Default quota for resource: snapshots_QuobyteHD is set by the default quota flag: quota_snapshots_QuobyteHD, it is now deprecated. Please use the default quota class for default quota.
Jul 21 02:08:32 devstack cinder-volume[87566]: DEBUG cinder.quota [req-d1209479-2990-48ab-8052-86f7768a6061 req-2f3719f8-2784-4c3e-8e72-f6177e6503f2 tempest-VolumesSnapshotsTestJSON-1549047348 None] Created reservations ['64f1de25-da73-4244-8460-b3b95d561edc', '9dbb9cda-222f-4c4b-a67d-01ac0a8fad0f', '85c40871-54c6-415b-99b1-e00c93b0cf73', 'c94c68f2-77bc-4627-ab3f-1b9e71edf163'] {{(pid=87566) reserve /opt/stack/cinder/cinder/quota.py:752}}
Jul 21 02:08:32 devstack cinder-volume[87566]: INFO cinder.volume.manager [req-d1209479-2990-48ab-8052-86f7768a6061 req-2f3719f8-2784-4c3e-8e72-f6177e6503f2 tempest-VolumesSnapshotsTestJSON-1549047348 None] Delete snapshot completed successfully.
Jul 21 02:08:32 devstack cinder-volume[87566]: DEBUG cinder.coordination [req-d1209479-2990-48ab-8052-86f7768a6061 req-2f3719f8-2784-4c3e-8e72-f6177e6503f2 tempest-VolumesSnapshotsTestJSON-1549047348 None] Lock "cinder-4944512b-64d9-4a9b-9c37-1fecea5499b9-delete_snapshot" released by "delete_snapshot" :: held 4.056s {{(pid=87566) __release /opt/stack/cinder/cinder/coordination.py:152}}
Jul 21 02:08:33 devstack cinder-volume[87566]: DEBUG cinder.coordination [req-d30f3aec-6242-47c5-881e-963ae5c8549c req-b9c39160-961d-4ca8-9dc3-d9de829b7b80 tempest-VolumesSnapshotsTestJSON-1549047348 None] Acquiring lock "cinder-3a47a27e-3ef8-4cc5-9069-234cf5d21791-delete_volume" by "delete_volume" {{(pid=87566) __acquire /opt/stack/cinder/cinder/coordination.py:138}}
Jul 21 02:08:33 devstack cinder-volume[87566]: DEBUG cinder.coordination [req-d30f3aec-6242-47c5-881e-963ae5c8549c req-b9c39160-961d-4ca8-9dc3-d9de829b7b80 tempest-VolumesSnapshotsTestJSON-1549047348 None] Lock "cinder-3a47a27e-3ef8-4cc5-9069-234cf5d21791-delete_volume" acquired by "delete_volume" :: waited 0.038s {{(pid=87566) __acquire /opt/stack/cinder/cinder/coordination.py:141}}
Jul 21 02:08:33 devstack cinder-volume[87566]: DEBUG cinder.coordination [req-d30f3aec-6242-47c5-881e-963ae5c8549c req-b9c39160-961d-4ca8-9dc3-d9de829b7b80 tempest-VolumesSnapshotsTestJSON-1549047348 None] Acquiring lock "cinder-quobyte-3a47a27e-3ef8-4cc5-9069-234cf5d21791" by "delete_volume" {{(pid=87566) __acquire /opt/stack/cinder/cinder/coordination.py:138}}
Jul 21 02:08:33 devstack cinder-volume[87566]: DEBUG cinder.coordination [req-d30f3aec-6242-47c5-881e-963ae5c8549c req-b9c39160-961d-4ca8-9dc3-d9de829b7b80 tempest-VolumesSnapshotsTestJSON-1549047348 None] Lock "cinder-quobyte-3a47a27e-3ef8-4cc5-9069-234cf5d21791" acquired by "delete_volume" :: waited 0.042s {{(pid=87566) __acquire /opt/stack/cinder/cinder/coordination.py:141}}
Jul 21 02:08:33 devstack cinder-volume[87566]: DEBUG oslo.privsep.daemon [-] privsep: reply[45297d41-9671-4e2a-8711-f827d06d433e]: (4, 'qcow2') {{(pid=89104) _call_back /opt/stack/data/venv/lib/python3.12/site-packages/oslo_privsep/daemon.py:580}}
Jul 21 02:08:33 devstack cinder-volume[87566]: DEBUG oslo_concurrency.processutils [req-d30f3aec-6242-47c5-881e-963ae5c8549c req-b9c39160-961d-4ca8-9dc3-d9de829b7b80 tempest-VolumesSnapshotsTestJSON-1549047348 None] Running cmd (subprocess): /opt/stack/data/venv/bin/python3.12 -m oslo_concurrency.prlimit --as=1073741824 --cpu=60 -- sudo cinder-rootwrap /etc/cinder/rootwrap.conf env LC_ALL=C qemu-img info -f qcow2 --output=json --force-share /opt/stack/data/cinder/mnt/8502fa8b0ef18d4d6f686112180d58dc/volume-3a47a27e-3ef8-4cc5-9069-234cf5d21791 {{(pid=87566) execute /opt/stack/data/venv/lib/python3.12/site-packages/oslo_concurrency/processutils.py:440}}
Jul 21 02:08:34 devstack sudo[91206]: quobyte : PWD=/ ; USER=root ; COMMAND=/opt/stack/data/venv/bin/cinder-rootwrap /etc/cinder/rootwrap.conf env LC_ALL=C qemu-img info -f qcow2 --output=json --force-share /opt/stack/data/cinder/mnt/8502fa8b0ef18d4d6f686112180d58dc/volume-3a47a27e-3ef8-4cc5-9069-234cf5d21791
Jul 21 02:08:34 devstack sudo[91206]: pam_unix(sudo:session): session opened for user root(uid=0) by (uid=1000)
Jul 21 02:08:34 devstack sudo[91206]: pam_unix(sudo:session): session closed for user root
Jul 21 02:08:34 devstack cinder-volume[87566]: DEBUG oslo_concurrency.processutils [req-d30f3aec-6242-47c5-881e-963ae5c8549c req-b9c39160-961d-4ca8-9dc3-d9de829b7b80 tempest-VolumesSnapshotsTestJSON-1549047348 None] CMD "/opt/stack/data/venv/bin/python3.12 -m oslo_concurrency.prlimit --as=1073741824 --cpu=60 -- sudo cinder-rootwrap /etc/cinder/rootwrap.conf env LC_ALL=C qemu-img info -f qcow2 --output=json --force-share /opt/stack/data/cinder/mnt/8502fa8b0ef18d4d6f686112180d58dc/volume-3a47a27e-3ef8-4cc5-9069-234cf5d21791" returned: 0 in 0.835s {{(pid=87566) execute /opt/stack/data/venv/lib/python3.12/site-packages/oslo_concurrency/processutils.py:468}}
Jul 21 02:08:34 devstack cinder-volume[87566]: DEBUG oslo_concurrency.processutils [req-d30f3aec-6242-47c5-881e-963ae5c8549c req-b9c39160-961d-4ca8-9dc3-d9de829b7b80 tempest-VolumesSnapshotsTestJSON-1549047348 None] Running cmd (subprocess): sudo cinder-rootwrap /etc/cinder/rootwrap.conf rm -f /opt/stack/data/cinder/mnt/8502fa8b0ef18d4d6f686112180d58dc/volume-3a47a27e-3ef8-4cc5-9069-234cf5d21791 {{(pid=87566) execute /opt/stack/data/venv/lib/python3.12/site-packages/oslo_concurrency/processutils.py:440}}
Jul 21 02:08:34 devstack cinder-volume[87566]: DEBUG cinder.volume.flows.manager.create_volume [None req-60a18b06-ef15-4e1b-acc7-fc1cc9dac881 tempest-ServerRescueNegativeTestJSON-1821631500 None] Volume reschedule parameters: True retry: {'num_attempts': 1, 'backends': ['devstack@QuobyteHD#QuobyteHD'], 'hosts': ['devstack@QuobyteHD#QuobyteHD']} {{(pid=87566) get_flow /opt/stack/cinder/cinder/volume/flows/manager/create_volume.py:1397}}
Jul 21 02:08:34 devstack cinder-volume[87566]: DEBUG cinder.volume.manager [None req-60a18b06-ef15-4e1b-acc7-fc1cc9dac881 tempest-ServerRescueNegativeTestJSON-1821631500 None] Flow 'volume_create_manager' (04b92fa1-12c0-49d8-8a88-675988268508) transitioned into state 'RUNNING' from state 'PENDING' {{(pid=87566) _flow_receiver /opt/stack/data/venv/lib/python3.12/site-packages/taskflow/listeners/logging.py:160}}
Jul 21 02:08:34 devstack cinder-volume[87566]: DEBUG cinder.volume.manager [None req-60a18b06-ef15-4e1b-acc7-fc1cc9dac881 tempest-ServerRescueNegativeTestJSON-1821631500 None] Task 'cinder.volume.flows.manager.create_volume.ExtractVolumeRefTask;volume:create' (b345973d-5860-4ea7-b510-4d1a7433d9da) transitioned into state 'RUNNING' from state 'PENDING' {{(pid=87566) _task_receiver /opt/stack/data/venv/lib/python3.12/site-packages/taskflow/listeners/logging.py:242}}
Jul 21 02:08:34 devstack sudo[91213]: quobyte : PWD=/ ; USER=root ; COMMAND=/opt/stack/data/venv/bin/cinder-rootwrap /etc/cinder/rootwrap.conf rm -f /opt/stack/data/cinder/mnt/8502fa8b0ef18d4d6f686112180d58dc/volume-3a47a27e-3ef8-4cc5-9069-234cf5d21791
Jul 21 02:08:34 devstack cinder-volume[87566]: DEBUG cinder.volume.manager [None req-60a18b06-ef15-4e1b-acc7-fc1cc9dac881 tempest-ServerRescueNegativeTestJSON-1821631500 None] Task 'cinder.volume.flows.manager.create_volume.ExtractVolumeRefTask;volume:create' (b345973d-5860-4ea7-b510-4d1a7433d9da) transitioned into state 'SUCCESS' from state 'RUNNING' with result 'Volume(_name_id=None,admin_metadata=,attach_status='detached',availability_zone='nova',bootable=False,cluster=,cluster_name=None,consistencygroup=,consistencygroup_id=None,created_at=2026-07-21T00:08:34Z,deleted=False,deleted_at=None,display_description=None,display_name='tempest-ServerRescueNegativeTestJSON-volume-1608675738',ec2_id=None,encryption_key_id=None,glance_metadata=,group=,group_id=None,host='devstack@QuobyteHD#QuobyteHD',id=896b3140-3699-445c-a0a3-efb26660a851,launched_at=None,metadata={},migration_status=None,multiattach=False,previous_status=None,project_id='352bce6ca15542469d00bbc2ed313b8a',provider_auth=None,provider_geometry=None,provider_id=None,provider_location=None,replication_driver_data=None,replication_extended_status=None,replication_status=None,scheduled_at=2026-07-21T00:08:34Z,service_uuid=None,shared_targets=True,size=1,snapshot_id=None,snapshots=,source_volid=None,status='creating',terminated_at=None,updated_at=2026-07-21T00:08:34Z,use_quota=True,user_id='070452a6fa614aa5b31068b42c377d01',volume_attachment=VolumeAttachmentList,volume_type=VolumeType(2c84f85e-13c3-49c5-a537-4b15107a8845),volume_type_id=2c84f85e-13c3-49c5-a537-4b15107a8845)' {{(pid=87566) _task_receiver /opt/stack/data/venv/lib/python3.12/site-packages/taskflow/listeners/logging.py:218}}
Jul 21 02:08:34 devstack sudo[91213]: pam_unix(sudo:session): session opened for user root(uid=0) by (uid=1000)
Jul 21 02:08:34 devstack cinder-volume[87566]: DEBUG cinder.volume.manager [None req-60a18b06-ef15-4e1b-acc7-fc1cc9dac881 tempest-ServerRescueNegativeTestJSON-1821631500 None] Task 'cinder.volume.flows.manager.create_volume.OnFailureRescheduleTask;volume:create' (853f8b8d-df48-473c-bfe2-efe76f869a15) transitioned into state 'RUNNING' from state 'PENDING' {{(pid=87566) _task_receiver /opt/stack/data/venv/lib/python3.12/site-packages/taskflow/listeners/logging.py:242}}
Jul 21 02:08:34 devstack cinder-volume[87566]: DEBUG cinder.volume.manager [None req-60a18b06-ef15-4e1b-acc7-fc1cc9dac881 tempest-ServerRescueNegativeTestJSON-1821631500 None] Task 'cinder.volume.flows.manager.create_volume.OnFailureRescheduleTask;volume:create' (853f8b8d-df48-473c-bfe2-efe76f869a15) transitioned into state 'SUCCESS' from state 'RUNNING' with result 'None' {{(pid=87566) _task_receiver /opt/stack/data/venv/lib/python3.12/site-packages/taskflow/listeners/logging.py:218}}
Jul 21 02:08:34 devstack cinder-volume[87566]: DEBUG cinder.volume.manager [None req-60a18b06-ef15-4e1b-acc7-fc1cc9dac881 tempest-ServerRescueNegativeTestJSON-1821631500 None] Task 'cinder.volume.flows.manager.create_volume.ExtractVolumeSpecTask;volume:create' (ace7a0f3-b0f2-439d-89f1-d65efb905283) transitioned into state 'RUNNING' from state 'PENDING' {{(pid=87566) _task_receiver /opt/stack/data/venv/lib/python3.12/site-packages/taskflow/listeners/logging.py:242}}
Jul 21 02:08:34 devstack cinder-volume[87566]: DEBUG cinder.volume.manager [None req-60a18b06-ef15-4e1b-acc7-fc1cc9dac881 tempest-ServerRescueNegativeTestJSON-1821631500 None] Task 'cinder.volume.flows.manager.create_volume.ExtractVolumeSpecTask;volume:create' (ace7a0f3-b0f2-439d-89f1-d65efb905283) transitioned into state 'SUCCESS' from state 'RUNNING' with result '{'status': 'creating', 'type': 'raw', 'volume_id': '896b3140-3699-445c-a0a3-efb26660a851', 'volume_name': 'volume-896b3140-3699-445c-a0a3-efb26660a851', 'volume_size': 1}' {{(pid=87566) _task_receiver /opt/stack/data/venv/lib/python3.12/site-packages/taskflow/listeners/logging.py:218}}
Jul 21 02:08:34 devstack cinder-volume[87566]: DEBUG cinder.volume.manager [None req-60a18b06-ef15-4e1b-acc7-fc1cc9dac881 tempest-ServerRescueNegativeTestJSON-1821631500 None] Task 'cinder.volume.flows.manager.create_volume.NotifyVolumeActionTask;volume:create, create.start' (6bdb484f-80b2-41e2-851c-547bdd782517) transitioned into state 'RUNNING' from state 'PENDING' {{(pid=87566) _task_receiver /opt/stack/data/venv/lib/python3.12/site-packages/taskflow/listeners/logging.py:242}}
Jul 21 02:08:34 devstack cinder-volume[87566]: DEBUG cinder.volume.manager [None req-60a18b06-ef15-4e1b-acc7-fc1cc9dac881 tempest-ServerRescueNegativeTestJSON-1821631500 None] Task 'cinder.volume.flows.manager.create_volume.NotifyVolumeActionTask;volume:create, create.start' (6bdb484f-80b2-41e2-851c-547bdd782517) transitioned into state 'SUCCESS' from state 'RUNNING' with result 'None' {{(pid=87566) _task_receiver /opt/stack/data/venv/lib/python3.12/site-packages/taskflow/listeners/logging.py:218}}
Jul 21 02:08:34 devstack cinder-volume[87566]: DEBUG cinder.volume.manager [None req-60a18b06-ef15-4e1b-acc7-fc1cc9dac881 tempest-ServerRescueNegativeTestJSON-1821631500 None] Task 'cinder.volume.flows.manager.create_volume.CreateVolumeFromSpecTask;volume:create' (9ba2da8e-f0c5-4b5e-8af5-3977904eebc4) transitioned into state 'RUNNING' from state 'PENDING' {{(pid=87566) _task_receiver /opt/stack/data/venv/lib/python3.12/site-packages/taskflow/listeners/logging.py:242}}
Jul 21 02:08:34 devstack cinder-volume[87566]: INFO cinder.volume.flows.manager.create_volume [None req-60a18b06-ef15-4e1b-acc7-fc1cc9dac881 tempest-ServerRescueNegativeTestJSON-1821631500 None] Volume 896b3140-3699-445c-a0a3-efb26660a851: being created as raw with specification: {'status': 'creating', 'volume_name': 'volume-896b3140-3699-445c-a0a3-efb26660a851', 'volume_size': 1}
Jul 21 02:08:34 devstack cinder-volume[87566]: DEBUG oslo_concurrency.lockutils [None req-60a18b06-ef15-4e1b-acc7-fc1cc9dac881 tempest-ServerRescueNegativeTestJSON-1821631500 None] Acquiring lock "quobyte" by "cinder.volume.drivers.quobyte.QuobyteDriver.create_volume" {{(pid=87566) inner /opt/stack/data/venv/lib/python3.12/site-packages/oslo_concurrency/lockutils.py:512}}
Jul 21 02:08:34 devstack cinder-volume[87566]: DEBUG oslo_concurrency.lockutils [None req-60a18b06-ef15-4e1b-acc7-fc1cc9dac881 tempest-ServerRescueNegativeTestJSON-1821631500 None] Lock "quobyte" acquired by "cinder.volume.drivers.quobyte.QuobyteDriver.create_volume" :: waited 0.000s {{(pid=87566) inner /opt/stack/data/venv/lib/python3.12/site-packages/oslo_concurrency/lockutils.py:525}}
Jul 21 02:08:34 devstack cinder-volume[87566]: DEBUG cinder.volume.drivers.quobyte [None req-60a18b06-ef15-4e1b-acc7-fc1cc9dac881 tempest-ServerRescueNegativeTestJSON-1821631500 None] ==> create_volume: call "{'self': , 'volume': Volume(_name_id=None,admin_metadata=,attach_status='detached',availability_zone='nova',bootable=False,cluster=,cluster_name=None,consistencygroup=,consistencygroup_id=None,created_at=2026-07-21T00:08:34Z,deleted=False,deleted_at=None,display_description=None,display_name='tempest-ServerRescueNegativeTestJSON-volume-1608675738',ec2_id=None,encryption_key_id=None,glance_metadata=,group=,group_id=None,host='devstack@QuobyteHD#QuobyteHD',id=896b3140-3699-445c-a0a3-efb26660a851,launched_at=None,metadata={},migration_status=None,multiattach=False,previous_status=None,project_id='352bce6ca15542469d00bbc2ed313b8a',provider_auth=None,provider_geometry=None,provider_id=None,provider_location=None,replication_driver_data=None,replication_extended_status=None,replication_status=None,scheduled_at=2026-07-21T00:08:34Z,service_uuid=None,shared_targets=True,size=1,snapshot_id=None,snapshots=,source_volid=None,status='creating',terminated_at=None,updated_at=2026-07-21T00:08:34Z,use_quota=True,user_id='070452a6fa614aa5b31068b42c377d01',volume_attachment=VolumeAttachmentList,volume_type=VolumeType(2c84f85e-13c3-49c5-a537-4b15107a8845),volume_type_id=2c84f85e-13c3-49c5-a537-4b15107a8845)}" {{(pid=87566) trace_logging_wrapper /opt/stack/cinder/cinder/volume/volume_utils.py:1497}}
Jul 21 02:08:34 devstack cinder-volume[87566]: DEBUG cinder.volume.drivers.remotefs [None req-60a18b06-ef15-4e1b-acc7-fc1cc9dac881 tempest-ServerRescueNegativeTestJSON-1821631500 None] Creating volume 896b3140-3699-445c-a0a3-efb26660a851 {{(pid=87566) create_volume /opt/stack/cinder/cinder/volume/drivers/remotefs.py:292}}
Jul 21 02:08:34 devstack cinder-volume[87566]: DEBUG oslo_concurrency.lockutils [None req-60a18b06-ef15-4e1b-acc7-fc1cc9dac881 tempest-ServerRescueNegativeTestJSON-1821631500 None] Acquiring lock "quobyte_ensure" by "cinder.volume.drivers.quobyte.QuobyteDriver._ensure_shares_mounted" {{(pid=87566) inner /opt/stack/data/venv/lib/python3.12/site-packages/oslo_concurrency/lockutils.py:512}}
Jul 21 02:08:34 devstack cinder-volume[87566]: DEBUG oslo_concurrency.lockutils [None req-60a18b06-ef15-4e1b-acc7-fc1cc9dac881 tempest-ServerRescueNegativeTestJSON-1821631500 None] Lock "quobyte_ensure" acquired by "cinder.volume.drivers.quobyte.QuobyteDriver._ensure_shares_mounted" :: waited 0.000s {{(pid=87566) inner /opt/stack/data/venv/lib/python3.12/site-packages/oslo_concurrency/lockutils.py:525}}
Jul 21 02:08:34 devstack cinder-volume[87566]: DEBUG cinder.volume.drivers.quobyte [None req-60a18b06-ef15-4e1b-acc7-fc1cc9dac881 tempest-ServerRescueNegativeTestJSON-1821631500 None] Quobyte Volume URL set to: {'osci02.corp.quobyte.com/cinder-vol-e0347442-e678-45de-a374-b63fae53a9ea': None} {{(pid=87566) _load_shares_config /opt/stack/cinder/cinder/volume/drivers/quobyte.py:651}}
Jul 21 02:08:34 devstack cinder-volume[87566]: DEBUG cinder.volume.drivers.quobyte [None req-60a18b06-ef15-4e1b-acc7-fc1cc9dac881 tempest-ServerRescueNegativeTestJSON-1821631500 None] Available shares ['osci02.corp.quobyte.com/cinder-vol-e0347442-e678-45de-a374-b63fae53a9ea'] {{(pid=87566) _ensure_shares_mounted /opt/stack/cinder/cinder/volume/drivers/quobyte.py:681}}
Jul 21 02:08:34 devstack cinder-volume[87566]: DEBUG oslo_concurrency.lockutils [None req-60a18b06-ef15-4e1b-acc7-fc1cc9dac881 tempest-ServerRescueNegativeTestJSON-1821631500 None] Lock "quobyte_ensure" "released" by "cinder.volume.drivers.quobyte.QuobyteDriver._ensure_shares_mounted" :: held 0.015s {{(pid=87566) inner /opt/stack/data/venv/lib/python3.12/site-packages/oslo_concurrency/lockutils.py:544}}
Jul 21 02:08:34 devstack cinder-volume[87566]: DEBUG cinder.volume.drivers.quobyte [None req-60a18b06-ef15-4e1b-acc7-fc1cc9dac881 tempest-ServerRescueNegativeTestJSON-1821631500 None] Selected osci02.corp.quobyte.com/cinder-vol-e0347442-e678-45de-a374-b63fae53a9ea as target Quobyte volume. {{(pid=87566) _find_share /opt/stack/cinder/cinder/volume/drivers/quobyte.py:702}}
Jul 21 02:08:34 devstack cinder-volume[87566]: INFO cinder.volume.drivers.remotefs [None req-60a18b06-ef15-4e1b-acc7-fc1cc9dac881 tempest-ServerRescueNegativeTestJSON-1821631500 None] casted to osci02.corp.quobyte.com/cinder-vol-e0347442-e678-45de-a374-b63fae53a9ea
Jul 21 02:08:34 devstack cinder-volume[87566]: DEBUG oslo_concurrency.processutils [None req-60a18b06-ef15-4e1b-acc7-fc1cc9dac881 tempest-ServerRescueNegativeTestJSON-1821631500 None] Running cmd (subprocess): sudo cinder-rootwrap /etc/cinder/rootwrap.conf qemu-img create -f qcow2 -o preallocation=metadata /opt/stack/data/cinder/mnt/8502fa8b0ef18d4d6f686112180d58dc/volume-896b3140-3699-445c-a0a3-efb26660a851 1073741824 {{(pid=87566) execute /opt/stack/data/venv/lib/python3.12/site-packages/oslo_concurrency/processutils.py:440}}
Jul 21 02:08:34 devstack sudo[91215]: quobyte : PWD=/ ; USER=root ; COMMAND=/opt/stack/data/venv/bin/cinder-rootwrap /etc/cinder/rootwrap.conf qemu-img create -f qcow2 -o preallocation=metadata /opt/stack/data/cinder/mnt/8502fa8b0ef18d4d6f686112180d58dc/volume-896b3140-3699-445c-a0a3-efb26660a851 1073741824
Jul 21 02:08:34 devstack sudo[91215]: pam_unix(sudo:session): session opened for user root(uid=0) by (uid=1000)
Jul 21 02:08:35 devstack sudo[91213]: pam_unix(sudo:session): session closed for user root
Jul 21 02:08:35 devstack cinder-volume[87566]: DEBUG oslo_concurrency.processutils [req-d30f3aec-6242-47c5-881e-963ae5c8549c req-b9c39160-961d-4ca8-9dc3-d9de829b7b80 tempest-VolumesSnapshotsTestJSON-1549047348 None] CMD "sudo cinder-rootwrap /etc/cinder/rootwrap.conf rm -f /opt/stack/data/cinder/mnt/8502fa8b0ef18d4d6f686112180d58dc/volume-3a47a27e-3ef8-4cc5-9069-234cf5d21791" returned: 0 in 0.636s {{(pid=87566) execute /opt/stack/data/venv/lib/python3.12/site-packages/oslo_concurrency/processutils.py:468}}
Jul 21 02:08:35 devstack cinder-volume[87566]: DEBUG cinder.coordination [req-d30f3aec-6242-47c5-881e-963ae5c8549c req-b9c39160-961d-4ca8-9dc3-d9de829b7b80 tempest-VolumesSnapshotsTestJSON-1549047348 None] Lock "cinder-quobyte-3a47a27e-3ef8-4cc5-9069-234cf5d21791" released by "delete_volume" :: held 1.580s {{(pid=87566) __release /opt/stack/cinder/cinder/coordination.py:152}}
Jul 21 02:08:35 devstack cinder-volume[87566]: DEBUG cinder.quota [req-d30f3aec-6242-47c5-881e-963ae5c8549c req-b9c39160-961d-4ca8-9dc3-d9de829b7b80 tempest-VolumesSnapshotsTestJSON-1549047348 None] Created reservations ['2be17aed-6090-4c63-aef8-f2b4a8de2393', 'b2a513e9-dc33-48f3-a353-f3b08511154c', 'a953cdb1-b880-4465-a027-833425975804', '62985f91-9a65-49c2-9789-c3593320f21d'] {{(pid=87566) reserve /opt/stack/cinder/cinder/quota.py:752}}
Jul 21 02:08:35 devstack cinder-volume[87566]: DEBUG oslo_concurrency.lockutils [req-d30f3aec-6242-47c5-881e-963ae5c8549c req-b9c39160-961d-4ca8-9dc3-d9de829b7b80 tempest-VolumesSnapshotsTestJSON-1549047348 None] Acquiring lock "quobyte_ensure" by "cinder.volume.drivers.quobyte.QuobyteDriver._ensure_shares_mounted" {{(pid=87566) inner /opt/stack/data/venv/lib/python3.12/site-packages/oslo_concurrency/lockutils.py:512}}
Jul 21 02:08:35 devstack cinder-volume[87566]: DEBUG oslo_concurrency.lockutils [req-d30f3aec-6242-47c5-881e-963ae5c8549c req-b9c39160-961d-4ca8-9dc3-d9de829b7b80 tempest-VolumesSnapshotsTestJSON-1549047348 None] Lock "quobyte_ensure" acquired by "cinder.volume.drivers.quobyte.QuobyteDriver._ensure_shares_mounted" :: waited 0.001s {{(pid=87566) inner /opt/stack/data/venv/lib/python3.12/site-packages/oslo_concurrency/lockutils.py:525}}
Jul 21 02:08:35 devstack cinder-volume[87566]: DEBUG cinder.volume.drivers.quobyte [req-d30f3aec-6242-47c5-881e-963ae5c8549c req-b9c39160-961d-4ca8-9dc3-d9de829b7b80 tempest-VolumesSnapshotsTestJSON-1549047348 None] Quobyte Volume URL set to: {'osci02.corp.quobyte.com/cinder-vol-e0347442-e678-45de-a374-b63fae53a9ea': None} {{(pid=87566) _load_shares_config /opt/stack/cinder/cinder/volume/drivers/quobyte.py:651}}
Jul 21 02:08:35 devstack cinder-volume[87566]: DEBUG cinder.volume.drivers.quobyte [req-d30f3aec-6242-47c5-881e-963ae5c8549c req-b9c39160-961d-4ca8-9dc3-d9de829b7b80 tempest-VolumesSnapshotsTestJSON-1549047348 None] Available shares ['osci02.corp.quobyte.com/cinder-vol-e0347442-e678-45de-a374-b63fae53a9ea'] {{(pid=87566) _ensure_shares_mounted /opt/stack/cinder/cinder/volume/drivers/quobyte.py:681}}
Jul 21 02:08:35 devstack cinder-volume[87566]: DEBUG oslo_concurrency.lockutils [req-d30f3aec-6242-47c5-881e-963ae5c8549c req-b9c39160-961d-4ca8-9dc3-d9de829b7b80 tempest-VolumesSnapshotsTestJSON-1549047348 None] Lock "quobyte_ensure" "released" by "cinder.volume.drivers.quobyte.QuobyteDriver._ensure_shares_mounted" :: held 0.015s {{(pid=87566) inner /opt/stack/data/venv/lib/python3.12/site-packages/oslo_concurrency/lockutils.py:544}}
Jul 21 02:08:35 devstack cinder-volume[87566]: DEBUG oslo_concurrency.processutils [req-d30f3aec-6242-47c5-881e-963ae5c8549c req-b9c39160-961d-4ca8-9dc3-d9de829b7b80 tempest-VolumesSnapshotsTestJSON-1549047348 None] Running cmd (subprocess): sudo cinder-rootwrap /etc/cinder/rootwrap.conf df --portability --block-size 1 /opt/stack/data/cinder/mnt/8502fa8b0ef18d4d6f686112180d58dc {{(pid=87566) execute /opt/stack/data/venv/lib/python3.12/site-packages/oslo_concurrency/processutils.py:440}}
Jul 21 02:08:35 devstack sudo[91222]: quobyte : PWD=/ ; USER=root ; COMMAND=/opt/stack/data/venv/bin/cinder-rootwrap /etc/cinder/rootwrap.conf df --portability --block-size 1 /opt/stack/data/cinder/mnt/8502fa8b0ef18d4d6f686112180d58dc
Jul 21 02:08:35 devstack sudo[91222]: pam_unix(sudo:session): session opened for user root(uid=0) by (uid=1000)
Jul 21 02:08:35 devstack sudo[91215]: pam_unix(sudo:session): session closed for user root
Jul 21 02:08:35 devstack cinder-volume[87566]: DEBUG oslo_concurrency.processutils [None req-60a18b06-ef15-4e1b-acc7-fc1cc9dac881 tempest-ServerRescueNegativeTestJSON-1821631500 None] CMD "sudo cinder-rootwrap /etc/cinder/rootwrap.conf qemu-img create -f qcow2 -o preallocation=metadata /opt/stack/data/cinder/mnt/8502fa8b0ef18d4d6f686112180d58dc/volume-896b3140-3699-445c-a0a3-efb26660a851 1073741824" returned: 0 in 0.790s {{(pid=87566) execute /opt/stack/data/venv/lib/python3.12/site-packages/oslo_concurrency/processutils.py:468}}
Jul 21 02:08:35 devstack cinder-volume[87566]: DEBUG oslo_concurrency.processutils [None req-60a18b06-ef15-4e1b-acc7-fc1cc9dac881 tempest-ServerRescueNegativeTestJSON-1821631500 None] Running cmd (subprocess): sudo cinder-rootwrap /etc/cinder/rootwrap.conf chmod ugo+rw /opt/stack/data/cinder/mnt/8502fa8b0ef18d4d6f686112180d58dc/volume-896b3140-3699-445c-a0a3-efb26660a851 {{(pid=87566) execute /opt/stack/data/venv/lib/python3.12/site-packages/oslo_concurrency/processutils.py:440}}
Jul 21 02:08:35 devstack sudo[91224]: quobyte : PWD=/ ; USER=root ; COMMAND=/opt/stack/data/venv/bin/cinder-rootwrap /etc/cinder/rootwrap.conf chmod ugo+rw /opt/stack/data/cinder/mnt/8502fa8b0ef18d4d6f686112180d58dc/volume-896b3140-3699-445c-a0a3-efb26660a851
Jul 21 02:08:35 devstack sudo[91224]: pam_unix(sudo:session): session opened for user root(uid=0) by (uid=1000)
Jul 21 02:08:35 devstack sudo[91222]: pam_unix(sudo:session): session closed for user root
Jul 21 02:08:35 devstack cinder-volume[87566]: DEBUG oslo_concurrency.processutils [req-d30f3aec-6242-47c5-881e-963ae5c8549c req-b9c39160-961d-4ca8-9dc3-d9de829b7b80 tempest-VolumesSnapshotsTestJSON-1549047348 None] CMD "sudo cinder-rootwrap /etc/cinder/rootwrap.conf df --portability --block-size 1 /opt/stack/data/cinder/mnt/8502fa8b0ef18d4d6f686112180d58dc" returned: 0 in 0.420s {{(pid=87566) execute /opt/stack/data/venv/lib/python3.12/site-packages/oslo_concurrency/processutils.py:468}}
Jul 21 02:08:35 devstack cinder-volume[87566]: DEBUG cinder.manager [req-d30f3aec-6242-47c5-881e-963ae5c8549c req-b9c39160-961d-4ca8-9dc3-d9de829b7b80 tempest-VolumesSnapshotsTestJSON-1549047348 None] Notifying Schedulers of capabilities ... {{(pid=87566) _publish_service_capabilities /opt/stack/cinder/cinder/manager.py:219}}
Jul 21 02:08:35 devstack cinder-volume[87566]: INFO cinder.volume.manager [req-d30f3aec-6242-47c5-881e-963ae5c8549c req-b9c39160-961d-4ca8-9dc3-d9de829b7b80 tempest-VolumesSnapshotsTestJSON-1549047348 None] Deleted volume successfully.
Jul 21 02:08:36 devstack cinder-volume[87566]: DEBUG cinder.coordination [req-d30f3aec-6242-47c5-881e-963ae5c8549c req-b9c39160-961d-4ca8-9dc3-d9de829b7b80 tempest-VolumesSnapshotsTestJSON-1549047348 None] Lock "cinder-3a47a27e-3ef8-4cc5-9069-234cf5d21791-delete_volume" released by "delete_volume" :: held 2.477s {{(pid=87566) __release /opt/stack/cinder/cinder/coordination.py:152}}
Jul 21 02:08:36 devstack sudo[91224]: pam_unix(sudo:session): session closed for user root
Jul 21 02:08:36 devstack cinder-volume[87566]: DEBUG oslo_concurrency.processutils [None req-60a18b06-ef15-4e1b-acc7-fc1cc9dac881 tempest-ServerRescueNegativeTestJSON-1821631500 None] CMD "sudo cinder-rootwrap /etc/cinder/rootwrap.conf chmod ugo+rw /opt/stack/data/cinder/mnt/8502fa8b0ef18d4d6f686112180d58dc/volume-896b3140-3699-445c-a0a3-efb26660a851" returned: 0 in 0.630s {{(pid=87566) execute /opt/stack/data/venv/lib/python3.12/site-packages/oslo_concurrency/processutils.py:468}}
Jul 21 02:08:36 devstack cinder-volume[87566]: DEBUG cinder.volume.drivers.quobyte [None req-60a18b06-ef15-4e1b-acc7-fc1cc9dac881 tempest-ServerRescueNegativeTestJSON-1821631500 None] <== create_volume: return (1521ms) {'provider_location': 'osci02.corp.quobyte.com/cinder-vol-e0347442-e678-45de-a374-b63fae53a9ea'} {{(pid=87566) trace_logging_wrapper /opt/stack/cinder/cinder/volume/volume_utils.py:1522}}
Jul 21 02:08:36 devstack cinder-volume[87566]: DEBUG oslo_concurrency.lockutils [None req-60a18b06-ef15-4e1b-acc7-fc1cc9dac881 tempest-ServerRescueNegativeTestJSON-1821631500 None] Lock "quobyte" "released" by "cinder.volume.drivers.quobyte.QuobyteDriver.create_volume" :: held 1.523s {{(pid=87566) inner /opt/stack/data/venv/lib/python3.12/site-packages/oslo_concurrency/lockutils.py:544}}
Jul 21 02:08:36 devstack cinder-volume[87566]: DEBUG cinder.volume.manager [None req-60a18b06-ef15-4e1b-acc7-fc1cc9dac881 tempest-ServerRescueNegativeTestJSON-1821631500 None] Task 'cinder.volume.flows.manager.create_volume.CreateVolumeFromSpecTask;volume:create' (9ba2da8e-f0c5-4b5e-8af5-3977904eebc4) transitioned into state 'SUCCESS' from state 'RUNNING' with result '{'status': 'creating', 'volume_name': 'volume-896b3140-3699-445c-a0a3-efb26660a851', 'volume_size': 1}' {{(pid=87566) _task_receiver /opt/stack/data/venv/lib/python3.12/site-packages/taskflow/listeners/logging.py:218}}
Jul 21 02:08:36 devstack cinder-volume[87566]: DEBUG cinder.volume.manager [None req-60a18b06-ef15-4e1b-acc7-fc1cc9dac881 tempest-ServerRescueNegativeTestJSON-1821631500 None] Task 'cinder.volume.flows.manager.create_volume.CreateVolumeOnFinishTask;volume:create, create.end' (b1343f9e-3ebd-466a-b85f-4507a0c76ef6) transitioned into state 'RUNNING' from state 'PENDING' {{(pid=87566) _task_receiver /opt/stack/data/venv/lib/python3.12/site-packages/taskflow/listeners/logging.py:242}}
Jul 21 02:08:36 devstack cinder-volume[87566]: INFO cinder.volume.flows.manager.create_volume [None req-60a18b06-ef15-4e1b-acc7-fc1cc9dac881 tempest-ServerRescueNegativeTestJSON-1821631500 None] Volume volume-896b3140-3699-445c-a0a3-efb26660a851 (896b3140-3699-445c-a0a3-efb26660a851): created successfully
