Jan 19 17:31:36 devstack devstack@g-api.service[74370]: DEBUG glance.common.config [None req-e4b935b8-abde-4d5a-9829-65d46a0dc50b None None] barbican_service_user.cafile = None {{(pid=74370) log_opt_values /opt/stack/data/venv/lib/python3.10/site-packages/oslo_config/cfg.py:2824}}
Jan 19 17:31:36 devstack devstack@g-api.service[74370]: DEBUG glance.common.config [None req-e4b935b8-abde-4d5a-9829-65d46a0dc50b None None] barbican_service_user.certfile = None {{(pid=74370) log_opt_values /opt/stack/data/venv/lib/python3.10/site-packages/oslo_config/cfg.py:2824}}
Jan 19 17:31:36 devstack devstack@g-api.service[74370]: DEBUG glance.common.config [None req-e4b935b8-abde-4d5a-9829-65d46a0dc50b None None] barbican_service_user.collect_timing = False {{(pid=74370) log_opt_values /opt/stack/data/venv/lib/python3.10/site-packages/oslo_config/cfg.py:2824}}
Jan 19 17:31:36 devstack devstack@g-api.service[74370]: DEBUG glance.common.config [None req-e4b935b8-abde-4d5a-9829-65d46a0dc50b None None] barbican_service_user.insecure = False {{(pid=74370) log_opt_values /opt/stack/data/venv/lib/python3.10/site-packages/oslo_config/cfg.py:2824}}
Jan 19 17:31:36 devstack devstack@g-api.service[74370]: DEBUG glance.common.config [None req-e4b935b8-abde-4d5a-9829-65d46a0dc50b None None] barbican_service_user.keyfile = None {{(pid=74370) log_opt_values /opt/stack/data/venv/lib/python3.10/site-packages/oslo_config/cfg.py:2824}}
Jan 19 17:31:36 devstack devstack@g-api.service[74370]: DEBUG glance.common.config [None req-e4b935b8-abde-4d5a-9829-65d46a0dc50b None None] barbican_service_user.split_loggers = False {{(pid=74370) log_opt_values /opt/stack/data/venv/lib/python3.10/site-packages/oslo_config/cfg.py:2824}}
Jan 19 17:31:36 devstack devstack@g-api.service[74370]: DEBUG glance.common.config [None req-e4b935b8-abde-4d5a-9829-65d46a0dc50b None None] barbican_service_user.timeout = None {{(pid=74370) log_opt_values /opt/stack/data/venv/lib/python3.10/site-packages/oslo_config/cfg.py:2824}}
Jan 19 17:31:36 devstack devstack@g-api.service[74370]: DEBUG glance.common.config [None req-e4b935b8-abde-4d5a-9829-65d46a0dc50b None None] database.asyncio_connection = **** {{(pid=74370) log_opt_values /opt/stack/data/venv/lib/python3.10/site-packages/oslo_config/cfg.py:2824}}
Jan 19 17:31:36 devstack devstack@g-api.service[74370]: DEBUG glance.common.config [None req-e4b935b8-abde-4d5a-9829-65d46a0dc50b None None] database.asyncio_slave_connection = **** {{(pid=74370) log_opt_values /opt/stack/data/venv/lib/python3.10/site-packages/oslo_config/cfg.py:2824}}
Jan 19 17:31:36 devstack devstack@g-api.service[74370]: DEBUG glance.common.config [None req-e4b935b8-abde-4d5a-9829-65d46a0dc50b None None] database.backend = sqlalchemy {{(pid=74370) log_opt_values /opt/stack/data/venv/lib/python3.10/site-packages/oslo_config/cfg.py:2824}}
Jan 19 17:31:36 devstack devstack@g-api.service[74370]: DEBUG glance.common.config [None req-e4b935b8-abde-4d5a-9829-65d46a0dc50b None None] database.connection = **** {{(pid=74370) log_opt_values /opt/stack/data/venv/lib/python3.10/site-packages/oslo_config/cfg.py:2824}}
Jan 19 17:31:36 devstack devstack@g-api.service[74371]: [pid: 74371|app: 0|req: 1/1] 127.0.0.1 () {32 vars in 402 bytes} [Mon Jan 19 17:31:36 2026] GET / => generated 1459 bytes in 19 msecs (HTTP/1.1 300) 3 headers in 106 bytes (1 switches on core 0)
Jan 19 17:31:36 devstack devstack@g-api.service[74370]: DEBUG glance.common.config [None req-e4b935b8-abde-4d5a-9829-65d46a0dc50b None None] database.connection_debug = 0 {{(pid=74370) log_opt_values /opt/stack/data/venv/lib/python3.10/site-packages/oslo_config/cfg.py:2824}}
Jan 19 17:31:36 devstack devstack@g-api.service[74370]: DEBUG glance.common.config [None req-e4b935b8-abde-4d5a-9829-65d46a0dc50b None None] database.connection_parameters = {{(pid=74370) log_opt_values /opt/stack/data/venv/lib/python3.10/site-packages/oslo_config/cfg.py:2824}}
Jan 19 17:31:36 devstack devstack@g-api.service[74370]: DEBUG glance.common.config [None req-e4b935b8-abde-4d5a-9829-65d46a0dc50b None None] database.connection_recycle_time = 3600 {{(pid=74370) log_opt_values /opt/stack/data/venv/lib/python3.10/site-packages/oslo_config/cfg.py:2824}}
Jan 19 17:31:36 devstack devstack@g-api.service[74370]: DEBUG glance.common.config [None req-e4b935b8-abde-4d5a-9829-65d46a0dc50b None None] database.connection_trace = False {{(pid=74370) log_opt_values /opt/stack/data/venv/lib/python3.10/site-packages/oslo_config/cfg.py:2824}}
Jan 19 17:31:36 devstack devstack@g-api.service[74370]: DEBUG glance.common.config [None req-e4b935b8-abde-4d5a-9829-65d46a0dc50b None None] database.db_inc_retry_interval = True {{(pid=74370) log_opt_values /opt/stack/data/venv/lib/python3.10/site-packages/oslo_config/cfg.py:2824}}
Jan 19 17:31:36 devstack devstack@g-api.service[74370]: DEBUG glance.common.config [None req-e4b935b8-abde-4d5a-9829-65d46a0dc50b None None] database.db_max_retries = 20 {{(pid=74370) log_opt_values /opt/stack/data/venv/lib/python3.10/site-packages/oslo_config/cfg.py:2824}}
Jan 19 17:31:36 devstack devstack@g-api.service[74370]: DEBUG glance.common.config [None req-e4b935b8-abde-4d5a-9829-65d46a0dc50b None None] database.db_max_retry_interval = 10 {{(pid=74370) log_opt_values /opt/stack/data/venv/lib/python3.10/site-packages/oslo_config/cfg.py:2824}}
Jan 19 17:31:36 devstack devstack@g-api.service[74370]: DEBUG glance.common.config [None req-e4b935b8-abde-4d5a-9829-65d46a0dc50b None None] database.db_retry_interval = 1 {{(pid=74370) log_opt_values /opt/stack/data/venv/lib/python3.10/site-packages/oslo_config/cfg.py:2824}}
Jan 19 17:31:36 devstack devstack@g-api.service[74370]: DEBUG glance.common.config [None req-e4b935b8-abde-4d5a-9829-65d46a0dc50b None None] database.max_overflow = 50 {{(pid=74370) log_opt_values /opt/stack/data/venv/lib/python3.10/site-packages/oslo_config/cfg.py:2824}}
Jan 19 17:31:36 devstack devstack@g-api.service[74370]: DEBUG glance.common.config [None req-e4b935b8-abde-4d5a-9829-65d46a0dc50b None None] database.max_pool_size = 5 {{(pid=74370) log_opt_values /opt/stack/data/venv/lib/python3.10/site-packages/oslo_config/cfg.py:2824}}
Jan 19 17:31:36 devstack devstack@g-api.service[74370]: DEBUG glance.common.config [None req-e4b935b8-abde-4d5a-9829-65d46a0dc50b None None] database.max_retries = 10 {{(pid=74370) log_opt_values /opt/stack/data/venv/lib/python3.10/site-packages/oslo_config/cfg.py:2824}}
Jan 19 17:31:36 devstack devstack@g-api.service[74370]: DEBUG glance.common.config [None req-e4b935b8-abde-4d5a-9829-65d46a0dc50b None None] database.mysql_sql_mode = TRADITIONAL {{(pid=74370) log_opt_values /opt/stack/data/venv/lib/python3.10/site-packages/oslo_config/cfg.py:2824}}
Jan 19 17:31:36 devstack devstack@g-api.service[74370]: DEBUG glance.common.config [None req-e4b935b8-abde-4d5a-9829-65d46a0dc50b None None] database.mysql_wsrep_sync_wait = None {{(pid=74370) log_opt_values /opt/stack/data/venv/lib/python3.10/site-packages/oslo_config/cfg.py:2824}}
Jan 19 17:31:36 devstack devstack@g-api.service[74370]: DEBUG glance.common.config [None req-e4b935b8-abde-4d5a-9829-65d46a0dc50b None None] database.pool_timeout = None {{(pid=74370) log_opt_values /opt/stack/data/venv/lib/python3.10/site-packages/oslo_config/cfg.py:2824}}
Jan 19 17:31:36 devstack devstack@g-api.service[74370]: DEBUG glance.common.config [None req-e4b935b8-abde-4d5a-9829-65d46a0dc50b None None] database.retry_interval = 10 {{(pid=74370) log_opt_values /opt/stack/data/venv/lib/python3.10/site-packages/oslo_config/cfg.py:2824}}
Jan 19 17:31:36 devstack devstack@g-api.service[74370]: DEBUG glance.common.config [None req-e4b935b8-abde-4d5a-9829-65d46a0dc50b None None] database.slave_connection = **** {{(pid=74370) log_opt_values /opt/stack/data/venv/lib/python3.10/site-packages/oslo_config/cfg.py:2824}}
Jan 19 17:31:36 devstack devstack@g-api.service[74370]: DEBUG glance.common.config [None req-e4b935b8-abde-4d5a-9829-65d46a0dc50b None None] database.sqlite_synchronous = True {{(pid=74370) log_opt_values /opt/stack/data/venv/lib/python3.10/site-packages/oslo_config/cfg.py:2824}}
Jan 19 17:31:36 devstack devstack@g-api.service[74370]: DEBUG glance.common.config [None req-e4b935b8-abde-4d5a-9829-65d46a0dc50b None None] database.use_db_reconnect = False {{(pid=74370) log_opt_values /opt/stack/data/venv/lib/python3.10/site-packages/oslo_config/cfg.py:2824}}
Jan 19 17:31:36 devstack devstack@g-api.service[74370]: DEBUG glance.common.config [None req-e4b935b8-abde-4d5a-9829-65d46a0dc50b None None] healthcheck.allowed_source_ranges = [] {{(pid=74370) log_opt_values /opt/stack/data/venv/lib/python3.10/site-packages/oslo_config/cfg.py:2824}}
Jan 19 17:31:36 devstack devstack@g-api.service[74370]: DEBUG glance.common.config [None req-e4b935b8-abde-4d5a-9829-65d46a0dc50b None None] healthcheck.backends = ['disable_by_file'] {{(pid=74370) log_opt_values /opt/stack/data/venv/lib/python3.10/site-packages/oslo_config/cfg.py:2824}}
Jan 19 17:31:36 devstack devstack@g-api.service[74370]: DEBUG glance.common.config [None req-e4b935b8-abde-4d5a-9829-65d46a0dc50b None None] healthcheck.detailed = False {{(pid=74370) log_opt_values /opt/stack/data/venv/lib/python3.10/site-packages/oslo_config/cfg.py:2824}}
Jan 19 17:31:36 devstack devstack@g-api.service[74370]: DEBUG glance.common.config [None req-e4b935b8-abde-4d5a-9829-65d46a0dc50b None None] healthcheck.disable_by_file_path = None {{(pid=74370) log_opt_values /opt/stack/data/venv/lib/python3.10/site-packages/oslo_config/cfg.py:2824}}
Jan 19 17:31:36 devstack devstack@g-api.service[74370]: DEBUG glance.common.config [None req-e4b935b8-abde-4d5a-9829-65d46a0dc50b None None] healthcheck.ignore_proxied_requests = False {{(pid=74370) log_opt_values /opt/stack/data/venv/lib/python3.10/site-packages/oslo_config/cfg.py:2824}}
Jan 19 17:31:36 devstack devstack@g-api.service[74370]: DEBUG glance.common.config [None req-e4b935b8-abde-4d5a-9829-65d46a0dc50b None None] ******************************************************************************** {{(pid=74370) log_opt_values /opt/stack/data/venv/lib/python3.10/site-packages/oslo_config/cfg.py:2828}}
Jan 19 17:31:36 devstack devstack@g-api.service[74370]: WSGI app 0 (mountpoint='') ready in 4 seconds on interpreter 0x555c57e096a0 pid: 74370 (default app)
Jan 19 17:31:39 devstack devstack@g-api.service[74371]: DEBUG glance.api.middleware.version_negotiation [None req-eae830b3-5193-4825-a32f-b07766da2938 None None] Determining version of request: GET / Accept: application/json {{(pid=74371) process_request /opt/stack/glance/glance/api/middleware/version_negotiation.py:44}}
Jan 19 17:31:39 devstack devstack@g-api.service[74371]: DEBUG glance.api.middleware.version_negotiation [None req-eae830b3-5193-4825-a32f-b07766da2938 None None] Using url versioning {{(pid=74371) process_request /opt/stack/glance/glance/api/middleware/version_negotiation.py:57}}
Jan 19 17:31:39 devstack devstack@g-api.service[74371]: DEBUG glance.api.middleware.version_negotiation [None req-eae830b3-5193-4825-a32f-b07766da2938 None None] Unknown version. Returning version choices. {{(pid=74371) process_request /opt/stack/glance/glance/api/middleware/version_negotiation.py:64}}
Jan 19 17:31:39 devstack devstack@g-api.service[74371]: [pid: 74371|app: 0|req: 2/2] 127.0.0.1 () {34 vars in 519 bytes} [Mon Jan 19 17:31:39 2026] GET / => generated 1459 bytes in 2 msecs (HTTP/1.1 300) 3 headers in 106 bytes (1 switches on core 0)
Jan 19 17:31:39 devstack devstack@g-api.service[74370]: DEBUG glance.api.middleware.version_negotiation [None req-e4b935b8-abde-4d5a-9829-65d46a0dc50b None None] Determining version of request: POST /v2/images Accept: */* {{(pid=74370) process_request /opt/stack/glance/glance/api/middleware/version_negotiation.py:44}}
Jan 19 17:31:39 devstack devstack@g-api.service[74370]: DEBUG glance.api.middleware.version_negotiation [None req-e4b935b8-abde-4d5a-9829-65d46a0dc50b None None] Using url versioning {{(pid=74370) process_request /opt/stack/glance/glance/api/middleware/version_negotiation.py:57}}
Jan 19 17:31:39 devstack devstack@g-api.service[74370]: DEBUG glance.api.middleware.version_negotiation [None req-e4b935b8-abde-4d5a-9829-65d46a0dc50b None None] Matched version: v2 {{(pid=74370) process_request /opt/stack/glance/glance/api/middleware/version_negotiation.py:69}}
Jan 19 17:31:39 devstack devstack@g-api.service[74370]: DEBUG glance.api.middleware.version_negotiation [None req-e4b935b8-abde-4d5a-9829-65d46a0dc50b None None] new path /v2/images {{(pid=74370) process_request /opt/stack/glance/glance/api/middleware/version_negotiation.py:70}}
Jan 19 17:31:40 devstack devstack@g-api.service[74370]: [pid: 74370|app: 0|req: 1/3] 127.0.0.1 () {40 vars in 782 bytes} [Mon Jan 19 17:31:39 2026] POST /v2/images => generated 807 bytes in 994 msecs (HTTP/1.1 201) 6 headers in 314 bytes (1 switches on core 0)
Jan 19 17:31:40 devstack devstack@g-api.service[74371]: DEBUG glance.api.middleware.version_negotiation [None req-eae830b3-5193-4825-a32f-b07766da2938 None None] Determining version of request: PUT /v2/images/3b59fa03-d38f-4e32-a124-c97baf36c3fc/file Accept: {{(pid=74371) process_request /opt/stack/glance/glance/api/middleware/version_negotiation.py:44}}
Jan 19 17:31:40 devstack devstack@g-api.service[74371]: DEBUG glance.api.middleware.version_negotiation [None req-eae830b3-5193-4825-a32f-b07766da2938 None None] Using url versioning {{(pid=74371) process_request /opt/stack/glance/glance/api/middleware/version_negotiation.py:57}}
Jan 19 17:31:40 devstack devstack@g-api.service[74371]: DEBUG glance.api.middleware.version_negotiation [None req-eae830b3-5193-4825-a32f-b07766da2938 None None] Matched version: v2 {{(pid=74371) process_request /opt/stack/glance/glance/api/middleware/version_negotiation.py:69}}
Jan 19 17:31:40 devstack devstack@g-api.service[74371]: DEBUG glance.api.middleware.version_negotiation [None req-eae830b3-5193-4825-a32f-b07766da2938 None None] new path /v2/images/3b59fa03-d38f-4e32-a124-c97baf36c3fc/file {{(pid=74371) process_request /opt/stack/glance/glance/api/middleware/version_negotiation.py:70}}
Jan 19 17:31:40 devstack devstack@g-api.service[74371]: INFO glance.api.v2.image_data [None req-2fab15d3-ecdf-4eeb-8780-364925ea0cd2 admin admin] Unable to create trust: no such option collect_timing in group [keystone_authtoken] Use the existing user token.
Jan 19 17:31:41 devstack devstack@g-api.service[74371]: DEBUG glance.location [None req-2fab15d3-ecdf-4eeb-8780-364925ea0cd2 admin admin] Enabling in-flight format inspection for qcow2 {{(pid=74371) set_data /opt/stack/glance/glance/location.py:616}}
Jan 19 17:31:41 devstack devstack@g-api.service[74371]: DEBUG oslo_utils.imageutils.format_inspector [None req-2fab15d3-ecdf-4eeb-8780-364925ea0cd2 admin admin] Format inspector for vmdk does not match, excluding from consideration (Signature KDMV not found: b'QFI\xfb') {{(pid=74371) _process_chunk /opt/stack/data/venv/lib/python3.10/site-packages/oslo_utils/imageutils/format_inspector.py:1537}}
Jan 19 17:31:41 devstack devstack@g-api.service[74371]: DEBUG oslo_utils.imageutils.format_inspector [None req-2fab15d3-ecdf-4eeb-8780-364925ea0cd2 admin admin] Format inspector for vhdx does not match, excluding from consideration (Region signature not found at 30000) {{(pid=74371) _process_chunk /opt/stack/data/venv/lib/python3.10/site-packages/oslo_utils/imageutils/format_inspector.py:1537}}
Jan 19 17:31:41 devstack devstack@g-api.service[74371]: DEBUG glance_store._drivers.filesystem [None req-2fab15d3-ecdf-4eeb-8780-364925ea0cd2 admin admin] Wrote 21692416 bytes to /opt/stack/data/glance/images/3b59fa03-d38f-4e32-a124-c97baf36c3fc with checksum 87617e24a5e30cb3b87fda8c0764838f and multihash 9a9bce0083a00939ec17c11febbfc767aa211aaa54f51e75c5a8b271a9b5637c77205a518b7a2007cb391d23cceb01e0e4e8d64832317151bc85b734b92a7be0 {{(pid=74371) add /opt/stack/data/venv/lib/python3.10/site-packages/glance_store/_drivers/filesystem.py:794}}
Jan 19 17:31:41 devstack devstack@g-api.service[74371]: INFO glance.location [None req-2fab15d3-ecdf-4eeb-8780-364925ea0cd2 admin admin] Image format matched and virtual size computed: 117440512
Jan 19 17:31:41 devstack devstack@g-api.service[74371]: DEBUG glance_store.backend [None req-2fab15d3-ecdf-4eeb-8780-364925ea0cd2 admin admin] Skipping store.set_acls... not implemented. {{(pid=74371) set_acls /opt/stack/data/venv/lib/python3.10/site-packages/glance_store/backend.py:507}}
Jan 19 17:31:41 devstack devstack@g-api.service[74371]: [pid: 74371|app: 0|req: 3/4] 127.0.0.1 () {40 vars in 875 bytes} [Mon Jan 19 17:31:40 2026] PUT /v2/images/3b59fa03-d38f-4e32-a124-c97baf36c3fc/file => generated 0 bytes in 1420 msecs (HTTP/1.1 204) 4 headers in 171 bytes (1 switches on core 0)
Jan 19 17:31:41 devstack devstack@g-api.service[74370]: DEBUG glance.api.middleware.version_negotiation [None req-768e1f74-43a7-4436-9bee-dca1aa05c2b0 admin admin] Determining version of request: GET /v2/images/3b59fa03-d38f-4e32-a124-c97baf36c3fc Accept: */* {{(pid=74370) process_request /opt/stack/glance/glance/api/middleware/version_negotiation.py:44}}
Jan 19 17:31:41 devstack devstack@g-api.service[74370]: DEBUG glance.api.middleware.version_negotiation [None req-768e1f74-43a7-4436-9bee-dca1aa05c2b0 admin admin] Using url versioning {{(pid=74370) process_request /opt/stack/glance/glance/api/middleware/version_negotiation.py:57}}
Jan 19 17:31:41 devstack devstack@g-api.service[74370]: DEBUG glance.api.middleware.version_negotiation [None req-768e1f74-43a7-4436-9bee-dca1aa05c2b0 admin admin] Matched version: v2 {{(pid=74370) process_request /opt/stack/glance/glance/api/middleware/version_negotiation.py:69}}
Jan 19 17:31:41 devstack devstack@g-api.service[74370]: DEBUG glance.api.middleware.version_negotiation [None req-768e1f74-43a7-4436-9bee-dca1aa05c2b0 admin admin] new path /v2/images/3b59fa03-d38f-4e32-a124-c97baf36c3fc {{(pid=74370) process_request /opt/stack/glance/glance/api/middleware/version_negotiation.py:70}}
Jan 19 17:31:41 devstack devstack@g-api.service[74370]: [pid: 74370|app: 0|req: 2/5] 127.0.0.1 () {36 vars in 802 bytes} [Mon Jan 19 17:31:41 2026] GET /v2/images/3b59fa03-d38f-4e32-a124-c97baf36c3fc => generated 976 bytes in 16 msecs (HTTP/1.1 200) 4 headers in 157 bytes (1 switches on core 0)
Jan 19 17:31:51 devstack devstack@g-api.service[74371]: DEBUG dbcounter [-] [74371] Writing DB stats glance:INSERT=5,glance:SELECT=16,glance:UPDATE=2 {{(pid=74371) stat_writer /opt/stack/data/venv/lib/python3.10/site-packages/dbcounter.py:115}}
Jan 19 17:31:51 devstack devstack@g-api.service[74370]: DEBUG dbcounter [-] [74370] Writing DB stats glance:INSERT=9,glance:SELECT=6 {{(pid=74370) stat_writer /opt/stack/data/venv/lib/python3.10/site-packages/dbcounter.py:115}}
Jan 19 17:32:24 devstack devstack@g-api.service[74371]: DEBUG glance.api.middleware.version_negotiation [None req-2fab15d3-ecdf-4eeb-8780-364925ea0cd2 admin admin] Determining version of request: GET / Accept: application/json {{(pid=74371) process_request /opt/stack/glance/glance/api/middleware/version_negotiation.py:44}}
Jan 19 17:32:24 devstack devstack@g-api.service[74371]: DEBUG glance.api.middleware.version_negotiation [None req-2fab15d3-ecdf-4eeb-8780-364925ea0cd2 admin admin] Using url versioning {{(pid=74371) process_request /opt/stack/glance/glance/api/middleware/version_negotiation.py:57}}
Jan 19 17:32:24 devstack devstack@g-api.service[74371]: DEBUG glance.api.middleware.version_negotiation [None req-2fab15d3-ecdf-4eeb-8780-364925ea0cd2 admin admin] Unknown version. Returning version choices. {{(pid=74371) process_request /opt/stack/glance/glance/api/middleware/version_negotiation.py:64}}
Jan 19 17:32:24 devstack devstack@g-api.service[74371]: [pid: 74371|app: 0|req: 4/6] 127.0.0.1 () {34 vars in 515 bytes} [Mon Jan 19 17:32:24 2026] GET / => generated 1459 bytes in 4 msecs (HTTP/1.1 300) 3 headers in 106 bytes (1 switches on core 0)
Jan 19 17:32:24 devstack devstack@g-api.service[74370]: DEBUG glance.api.middleware.version_negotiation [None req-1c65f008-5373-4418-adf0-11a2aaf41586 admin admin] Determining version of request: GET /v2/images Accept: application/json {{(pid=74370) process_request /opt/stack/glance/glance/api/middleware/version_negotiation.py:44}}
Jan 19 17:32:24 devstack devstack@g-api.service[74370]: DEBUG glance.api.middleware.version_negotiation [None req-1c65f008-5373-4418-adf0-11a2aaf41586 admin admin] Using url versioning {{(pid=74370) process_request /opt/stack/glance/glance/api/middleware/version_negotiation.py:57}}
Jan 19 17:32:24 devstack devstack@g-api.service[74370]: DEBUG glance.api.middleware.version_negotiation [None req-1c65f008-5373-4418-adf0-11a2aaf41586 admin admin] Matched version: v2 {{(pid=74370) process_request /opt/stack/glance/glance/api/middleware/version_negotiation.py:69}}
Jan 19 17:32:24 devstack devstack@g-api.service[74370]: DEBUG glance.api.middleware.version_negotiation [None req-1c65f008-5373-4418-adf0-11a2aaf41586 admin admin] new path /v2/images {{(pid=74370) process_request /opt/stack/glance/glance/api/middleware/version_negotiation.py:70}}
Jan 19 17:32:24 devstack devstack@g-api.service[74370]: [pid: 74370|app: 0|req: 3/7] 127.0.0.1 () {36 vars in 737 bytes} [Mon Jan 19 17:32:24 2026] GET /v2/images => generated 1045 bytes in 75 msecs (HTTP/1.1 200) 4 headers in 158 bytes (1 switches on core 0)
Jan 19 17:32:30 devstack devstack@g-api.service[74371]: DEBUG glance.api.middleware.version_negotiation [None req-2fab15d3-ecdf-4eeb-8780-364925ea0cd2 admin admin] Determining version of request: GET / Accept: application/json {{(pid=74371) process_request /opt/stack/glance/glance/api/middleware/version_negotiation.py:44}}
Jan 19 17:32:30 devstack devstack@g-api.service[74371]: DEBUG glance.api.middleware.version_negotiation [None req-2fab15d3-ecdf-4eeb-8780-364925ea0cd2 admin admin] Using url versioning {{(pid=74371) process_request /opt/stack/glance/glance/api/middleware/version_negotiation.py:57}}
Jan 19 17:32:30 devstack devstack@g-api.service[74371]: DEBUG glance.api.middleware.version_negotiation [None req-2fab15d3-ecdf-4eeb-8780-364925ea0cd2 admin admin] Unknown version. Returning version choices. {{(pid=74371) process_request /opt/stack/glance/glance/api/middleware/version_negotiation.py:64}}
Jan 19 17:32:30 devstack devstack@g-api.service[74371]: [pid: 74371|app: 0|req: 5/8] 127.0.0.1 () {34 vars in 515 bytes} [Mon Jan 19 17:32:30 2026] GET / => generated 1459 bytes in 3 msecs (HTTP/1.1 300) 3 headers in 106 bytes (1 switches on core 0)
Jan 19 17:32:30 devstack devstack@g-api.service[74370]: DEBUG glance.api.middleware.version_negotiation [None req-57b6f8c0-1b9f-4207-81b7-0bad155b5ca6 admin admin] Determining version of request: GET /v2/images/3b59fa03-d38f-4e32-a124-c97baf36c3fc Accept: */* {{(pid=74370) process_request /opt/stack/glance/glance/api/middleware/version_negotiation.py:44}}
Jan 19 17:32:30 devstack devstack@g-api.service[74370]: DEBUG glance.api.middleware.version_negotiation [None req-57b6f8c0-1b9f-4207-81b7-0bad155b5ca6 admin admin] Using url versioning {{(pid=74370) process_request /opt/stack/glance/glance/api/middleware/version_negotiation.py:57}}
Jan 19 17:32:30 devstack devstack@g-api.service[74370]: DEBUG glance.api.middleware.version_negotiation [None req-57b6f8c0-1b9f-4207-81b7-0bad155b5ca6 admin admin] Matched version: v2 {{(pid=74370) process_request /opt/stack/glance/glance/api/middleware/version_negotiation.py:69}}
Jan 19 17:32:30 devstack devstack@g-api.service[74370]: DEBUG glance.api.middleware.version_negotiation [None req-57b6f8c0-1b9f-4207-81b7-0bad155b5ca6 admin admin] new path /v2/images/3b59fa03-d38f-4e32-a124-c97baf36c3fc {{(pid=74370) process_request /opt/stack/glance/glance/api/middleware/version_negotiation.py:70}}
Jan 19 17:32:30 devstack devstack@g-api.service[74370]: [pid: 74370|app: 0|req: 4/9] 127.0.0.1 () {36 vars in 798 bytes} [Mon Jan 19 17:32:30 2026] GET /v2/images/3b59fa03-d38f-4e32-a124-c97baf36c3fc => generated 976 bytes in 51 msecs (HTTP/1.1 200) 4 headers in 157 bytes (1 switches on core 0)
Jan 19 17:32:34 devstack devstack@g-api.service[74371]: DEBUG glance.api.middleware.version_negotiation [None req-2fab15d3-ecdf-4eeb-8780-364925ea0cd2 admin admin] Determining version of request: GET / Accept: application/json {{(pid=74371) process_request /opt/stack/glance/glance/api/middleware/version_negotiation.py:44}}
Jan 19 17:32:34 devstack devstack@g-api.service[74371]: DEBUG glance.api.middleware.version_negotiation [None req-2fab15d3-ecdf-4eeb-8780-364925ea0cd2 admin admin] Using url versioning {{(pid=74371) process_request /opt/stack/glance/glance/api/middleware/version_negotiation.py:57}}
Jan 19 17:32:34 devstack devstack@g-api.service[74371]: DEBUG glance.api.middleware.version_negotiation [None req-2fab15d3-ecdf-4eeb-8780-364925ea0cd2 admin admin] Unknown version. Returning version choices. {{(pid=74371) process_request /opt/stack/glance/glance/api/middleware/version_negotiation.py:64}}
Jan 19 17:32:34 devstack devstack@g-api.service[74371]: [pid: 74371|app: 0|req: 6/10] 127.0.0.1 () {34 vars in 515 bytes} [Mon Jan 19 17:32:34 2026] GET / => generated 1459 bytes in 4 msecs (HTTP/1.1 300) 3 headers in 106 bytes (1 switches on core 0)
Jan 19 17:32:34 devstack devstack@g-api.service[74370]: DEBUG glance.api.middleware.version_negotiation [None req-d4d39db8-3172-4003-ac42-f0e2eba082b2 admin admin] Determining version of request: GET /v2/images/3b59fa03-d38f-4e32-a124-c97baf36c3fc Accept: */* {{(pid=74370) process_request /opt/stack/glance/glance/api/middleware/version_negotiation.py:44}}
Jan 19 17:32:34 devstack devstack@g-api.service[74370]: DEBUG glance.api.middleware.version_negotiation [None req-d4d39db8-3172-4003-ac42-f0e2eba082b2 admin admin] Using url versioning {{(pid=74370) process_request /opt/stack/glance/glance/api/middleware/version_negotiation.py:57}}
Jan 19 17:32:34 devstack devstack@g-api.service[74370]: DEBUG glance.api.middleware.version_negotiation [None req-d4d39db8-3172-4003-ac42-f0e2eba082b2 admin admin] Matched version: v2 {{(pid=74370) process_request /opt/stack/glance/glance/api/middleware/version_negotiation.py:69}}
Jan 19 17:32:34 devstack devstack@g-api.service[74370]: DEBUG glance.api.middleware.version_negotiation [None req-d4d39db8-3172-4003-ac42-f0e2eba082b2 admin admin] new path /v2/images/3b59fa03-d38f-4e32-a124-c97baf36c3fc {{(pid=74370) process_request /opt/stack/glance/glance/api/middleware/version_negotiation.py:70}}
Jan 19 17:32:34 devstack devstack@g-api.service[74370]: [pid: 74370|app: 0|req: 5/11] 127.0.0.1 () {36 vars in 798 bytes} [Mon Jan 19 17:32:34 2026] GET /v2/images/3b59fa03-d38f-4e32-a124-c97baf36c3fc => generated 976 bytes in 46 msecs (HTTP/1.1 200) 4 headers in 157 bytes (1 switches on core 0)
Jan 19 17:32:44 devstack devstack@g-api.service[74370]: DEBUG dbcounter [-] [74370] Writing DB stats glance:SELECT=5 {{(pid=74370) stat_writer /opt/stack/data/venv/lib/python3.10/site-packages/dbcounter.py:115}}
Jan 19 17:34:00 devstack devstack@g-api.service[74371]: DEBUG glance.api.middleware.version_negotiation [None req-2fab15d3-ecdf-4eeb-8780-364925ea0cd2 admin admin] Determining version of request: GET / Accept: application/json {{(pid=74371) process_request /opt/stack/glance/glance/api/middleware/version_negotiation.py:44}}
Jan 19 17:34:00 devstack devstack@g-api.service[74371]: DEBUG glance.api.middleware.version_negotiation [None req-2fab15d3-ecdf-4eeb-8780-364925ea0cd2 admin admin] Using url versioning {{(pid=74371) process_request /opt/stack/glance/glance/api/middleware/version_negotiation.py:57}}
Jan 19 17:34:00 devstack devstack@g-api.service[74371]: DEBUG glance.api.middleware.version_negotiation [None req-2fab15d3-ecdf-4eeb-8780-364925ea0cd2 admin admin] Unknown version. Returning version choices. {{(pid=74371) process_request /opt/stack/glance/glance/api/middleware/version_negotiation.py:64}}
Jan 19 17:34:00 devstack devstack@g-api.service[74371]: [pid: 74371|app: 0|req: 7/12] 127.0.0.1 () {36 vars in 486 bytes} [Mon Jan 19 17:34:00 2026] GET / => generated 1459 bytes in 4 msecs (HTTP/1.1 300) 3 headers in 106 bytes (1 switches on core 0)
Jan 19 17:35:16 devstack devstack@g-api.service[74370]: DEBUG glance.api.middleware.version_negotiation [None req-8913267b-b41f-4274-8bb3-42e30dab16e2 admin admin] Determining version of request: GET /v2/images/3b59fa03-d38f-4e32-a124-c97baf36c3fc Accept: application/json {{(pid=74370) process_request /opt/stack/glance/glance/api/middleware/version_negotiation.py:44}}
Jan 19 17:35:16 devstack devstack@g-api.service[74370]: DEBUG glance.api.middleware.version_negotiation [None req-8913267b-b41f-4274-8bb3-42e30dab16e2 admin admin] Using url versioning {{(pid=74370) process_request /opt/stack/glance/glance/api/middleware/version_negotiation.py:57}}
Jan 19 17:35:16 devstack devstack@g-api.service[74370]: DEBUG glance.api.middleware.version_negotiation [None req-8913267b-b41f-4274-8bb3-42e30dab16e2 admin admin] Matched version: v2 {{(pid=74370) process_request /opt/stack/glance/glance/api/middleware/version_negotiation.py:69}}
Jan 19 17:35:16 devstack devstack@g-api.service[74370]: DEBUG glance.api.middleware.version_negotiation [None req-8913267b-b41f-4274-8bb3-42e30dab16e2 admin admin] new path /v2/images/3b59fa03-d38f-4e32-a124-c97baf36c3fc {{(pid=74370) process_request /opt/stack/glance/glance/api/middleware/version_negotiation.py:70}}
Jan 19 17:35:16 devstack devstack@g-api.service[74370]: [pid: 74370|app: 0|req: 6/13] 127.0.0.1 () {38 vars in 782 bytes} [Mon Jan 19 17:35:16 2026] GET /v2/images/3b59fa03-d38f-4e32-a124-c97baf36c3fc => generated 976 bytes in 123 msecs (HTTP/1.1 200) 4 headers in 157 bytes (1 switches on core 0)
Jan 19 17:35:16 devstack devstack@g-api.service[74371]: DEBUG glance.api.middleware.version_negotiation [None req-2fab15d3-ecdf-4eeb-8780-364925ea0cd2 admin admin] Determining version of request: GET /v2/images/3b59fa03-d38f-4e32-a124-c97baf36c3fc/file Accept: application/json {{(pid=74371) process_request /opt/stack/glance/glance/api/middleware/version_negotiation.py:44}}
Jan 19 17:35:16 devstack devstack@g-api.service[74371]: DEBUG glance.api.middleware.version_negotiation [None req-2fab15d3-ecdf-4eeb-8780-364925ea0cd2 admin admin] Using url versioning {{(pid=74371) process_request /opt/stack/glance/glance/api/middleware/version_negotiation.py:57}}
Jan 19 17:35:16 devstack devstack@g-api.service[74371]: DEBUG glance.api.middleware.version_negotiation [None req-2fab15d3-ecdf-4eeb-8780-364925ea0cd2 admin admin] Matched version: v2 {{(pid=74371) process_request /opt/stack/glance/glance/api/middleware/version_negotiation.py:69}}
Jan 19 17:35:16 devstack devstack@g-api.service[74371]: DEBUG glance.api.middleware.version_negotiation [None req-2fab15d3-ecdf-4eeb-8780-364925ea0cd2 admin admin] new path /v2/images/3b59fa03-d38f-4e32-a124-c97baf36c3fc/file {{(pid=74371) process_request /opt/stack/glance/glance/api/middleware/version_negotiation.py:70}}
Jan 19 17:35:16 devstack devstack@g-api.service[74371]: DEBUG glance_store._drivers.filesystem [None req-53f0062b-54de-4ddb-a90f-e3af9829587f tempest-AttachSCSIVolumeTestJSON-2058634498 tempest-AttachSCSIVolumeTestJSON-2058634498-project-admin] Found image at /opt/stack/data/glance/images/3b59fa03-d38f-4e32-a124-c97baf36c3fc. Returning in ChunkedFile. {{(pid=74371) get /opt/stack/data/venv/lib/python3.10/site-packages/glance_store/_drivers/filesystem.py:618}}
Jan 19 17:35:16 devstack devstack@g-api.service[74371]: DEBUG glance.image_cache [None req-53f0062b-54de-4ddb-a90f-e3af9829587f tempest-AttachSCSIVolumeTestJSON-2058634498 tempest-AttachSCSIVolumeTestJSON-2058634498-project-admin] Tee'ing image '3b59fa03-d38f-4e32-a124-c97baf36c3fc' into cache {{(pid=74371) get_caching_iter /opt/stack/glance/glance/image_cache/__init__.py:350}}
Jan 19 17:35:16 devstack devstack@g-api.service[74370]: DEBUG glance.api.middleware.version_negotiation [None req-80dcf672-67b2-4cb3-ae54-516024b82ba0 tempest-AttachSCSIVolumeTestJSON-2058634498 tempest-AttachSCSIVolumeTestJSON-2058634498-project-admin] Determining version of request: POST /v2/images Accept: application/json {{(pid=74370) process_request /opt/stack/glance/glance/api/middleware/version_negotiation.py:44}}
Jan 19 17:35:16 devstack devstack@g-api.service[74370]: DEBUG glance.api.middleware.version_negotiation [None req-80dcf672-67b2-4cb3-ae54-516024b82ba0 tempest-AttachSCSIVolumeTestJSON-2058634498 tempest-AttachSCSIVolumeTestJSON-2058634498-project-admin] Using url versioning {{(pid=74370) process_request /opt/stack/glance/glance/api/middleware/version_negotiation.py:57}}
Jan 19 17:35:16 devstack devstack@g-api.service[74370]: DEBUG glance.api.middleware.version_negotiation [None req-80dcf672-67b2-4cb3-ae54-516024b82ba0 tempest-AttachSCSIVolumeTestJSON-2058634498 tempest-AttachSCSIVolumeTestJSON-2058634498-project-admin] Matched version: v2 {{(pid=74370) process_request /opt/stack/glance/glance/api/middleware/version_negotiation.py:69}}
Jan 19 17:35:16 devstack devstack@g-api.service[74370]: DEBUG glance.api.middleware.version_negotiation [None req-80dcf672-67b2-4cb3-ae54-516024b82ba0 tempest-AttachSCSIVolumeTestJSON-2058634498 tempest-AttachSCSIVolumeTestJSON-2058634498-project-admin] new path /v2/images {{(pid=74370) process_request /opt/stack/glance/glance/api/middleware/version_negotiation.py:70}}
Jan 19 17:35:17 devstack devstack@g-api.service[74370]: [pid: 74370|app: 0|req: 7/14] 127.0.0.1 () {40 vars in 730 bytes} [Mon Jan 19 17:35:16 2026] POST /v2/images => generated 690 bytes in 673 msecs (HTTP/1.1 201) 6 headers in 314 bytes (1 switches on core 0)
Jan 19 17:35:17 devstack devstack@g-api.service[74370]: DEBUG glance.api.middleware.version_negotiation [None req-5272c8ec-ae48-4d5f-b745-c93388c7f7f6 tempest-AttachSCSIVolumeTestJSON-2058634498 tempest-AttachSCSIVolumeTestJSON-2058634498-project-admin] Determining version of request: PUT /v2/images/abfa0128-2e83-49ba-ac40-bc0cf92bbcf3/file Accept: {{(pid=74370) process_request /opt/stack/glance/glance/api/middleware/version_negotiation.py:44}}
Jan 19 17:35:17 devstack devstack@g-api.service[74370]: DEBUG glance.api.middleware.version_negotiation [None req-5272c8ec-ae48-4d5f-b745-c93388c7f7f6 tempest-AttachSCSIVolumeTestJSON-2058634498 tempest-AttachSCSIVolumeTestJSON-2058634498-project-admin] Using url versioning {{(pid=74370) process_request /opt/stack/glance/glance/api/middleware/version_negotiation.py:57}}
Jan 19 17:35:17 devstack devstack@g-api.service[74370]: DEBUG glance.api.middleware.version_negotiation [None req-5272c8ec-ae48-4d5f-b745-c93388c7f7f6 tempest-AttachSCSIVolumeTestJSON-2058634498 tempest-AttachSCSIVolumeTestJSON-2058634498-project-admin] Matched version: v2 {{(pid=74370) process_request /opt/stack/glance/glance/api/middleware/version_negotiation.py:69}}
Jan 19 17:35:17 devstack devstack@g-api.service[74370]: DEBUG glance.api.middleware.version_negotiation [None req-5272c8ec-ae48-4d5f-b745-c93388c7f7f6 tempest-AttachSCSIVolumeTestJSON-2058634498 tempest-AttachSCSIVolumeTestJSON-2058634498-project-admin] new path /v2/images/abfa0128-2e83-49ba-ac40-bc0cf92bbcf3/file {{(pid=74370) process_request /opt/stack/glance/glance/api/middleware/version_negotiation.py:70}}
Jan 19 17:35:17 devstack devstack@g-api.service[74371]: DEBUG glance.image_cache.drivers.centralized_db [None req-53f0062b-54de-4ddb-a90f-e3af9829587f tempest-AttachSCSIVolumeTestJSON-2058634498 tempest-AttachSCSIVolumeTestJSON-2058634498-project-admin] Fetch finished, moving '/opt/stack/data/glance/cache/incomplete/3b59fa03-d38f-4e32-a124-c97baf36c3fc' to '/opt/stack/data/glance/cache/3b59fa03-d38f-4e32-a124-c97baf36c3fc' {{(pid=74371) commit /opt/stack/glance/glance/image_cache/drivers/centralized_db.py:235}}
Jan 19 17:35:17 devstack devstack@g-api.service[74371]: DEBUG glance.image_cache.drivers.centralized_db [None req-53f0062b-54de-4ddb-a90f-e3af9829587f tempest-AttachSCSIVolumeTestJSON-2058634498 tempest-AttachSCSIVolumeTestJSON-2058634498-project-admin] Image cached successfully. {{(pid=74371) commit /opt/stack/glance/glance/image_cache/drivers/centralized_db.py:250}}
Jan 19 17:35:17 devstack devstack@g-api.service[74371]: [pid: 74371|app: 0|req: 8/15] 127.0.0.1 () {38 vars in 792 bytes} [Mon Jan 19 17:35:16 2026] GET /v2/images/3b59fa03-d38f-4e32-a124-c97baf36c3fc/file => generated 21692416 bytes in 836 msecs (HTTP/1.1 200) 4 headers in 191 bytes (336 switches on core 0)
Jan 19 17:35:18 devstack devstack@g-api.service[74370]: INFO glance.api.v2.image_data [None req-dd4a21ff-799b-4ddf-8cf5-587ad4833abc tempest-AttachSCSIVolumeTestJSON-2058634498 tempest-AttachSCSIVolumeTestJSON-2058634498-project-admin] Unable to create trust: no such option collect_timing in group [keystone_authtoken] Use the existing user token.
Jan 19 17:35:18 devstack devstack@g-api.service[74370]: DEBUG glance.location [None req-dd4a21ff-799b-4ddf-8cf5-587ad4833abc tempest-AttachSCSIVolumeTestJSON-2058634498 tempest-AttachSCSIVolumeTestJSON-2058634498-project-admin] Enabling in-flight format inspection for qcow2 {{(pid=74370) set_data /opt/stack/glance/glance/location.py:616}}
Jan 19 17:35:18 devstack devstack@g-api.service[74370]: DEBUG oslo_utils.imageutils.format_inspector [None req-dd4a21ff-799b-4ddf-8cf5-587ad4833abc tempest-AttachSCSIVolumeTestJSON-2058634498 tempest-AttachSCSIVolumeTestJSON-2058634498-project-admin] Format inspector for vmdk does not match, excluding from consideration (Signature KDMV not found: b'QFI\xfb') {{(pid=74370) _process_chunk /opt/stack/data/venv/lib/python3.10/site-packages/oslo_utils/imageutils/format_inspector.py:1537}}
Jan 19 17:35:18 devstack devstack@g-api.service[74370]: DEBUG oslo_utils.imageutils.format_inspector [None req-dd4a21ff-799b-4ddf-8cf5-587ad4833abc tempest-AttachSCSIVolumeTestJSON-2058634498 tempest-AttachSCSIVolumeTestJSON-2058634498-project-admin] Format inspector for vhdx does not match, excluding from consideration (Region signature not found at 30000) {{(pid=74370) _process_chunk /opt/stack/data/venv/lib/python3.10/site-packages/oslo_utils/imageutils/format_inspector.py:1537}}
Jan 19 17:35:18 devstack devstack@g-api.service[74370]: DEBUG glance_store._drivers.filesystem [None req-dd4a21ff-799b-4ddf-8cf5-587ad4833abc tempest-AttachSCSIVolumeTestJSON-2058634498 tempest-AttachSCSIVolumeTestJSON-2058634498-project-admin] Wrote 21692416 bytes to /opt/stack/data/glance/images/abfa0128-2e83-49ba-ac40-bc0cf92bbcf3 with checksum 87617e24a5e30cb3b87fda8c0764838f and multihash 9a9bce0083a00939ec17c11febbfc767aa211aaa54f51e75c5a8b271a9b5637c77205a518b7a2007cb391d23cceb01e0e4e8d64832317151bc85b734b92a7be0 {{(pid=74370) add /opt/stack/data/venv/lib/python3.10/site-packages/glance_store/_drivers/filesystem.py:794}}
Jan 19 17:35:18 devstack devstack@g-api.service[74370]: INFO glance.location [None req-dd4a21ff-799b-4ddf-8cf5-587ad4833abc tempest-AttachSCSIVolumeTestJSON-2058634498 tempest-AttachSCSIVolumeTestJSON-2058634498-project-admin] Image format matched and virtual size computed: 117440512
Jan 19 17:35:18 devstack devstack@g-api.service[74370]: DEBUG glance_store.backend [None req-dd4a21ff-799b-4ddf-8cf5-587ad4833abc tempest-AttachSCSIVolumeTestJSON-2058634498 tempest-AttachSCSIVolumeTestJSON-2058634498-project-admin] Skipping store.set_acls... not implemented. {{(pid=74370) set_acls /opt/stack/data/venv/lib/python3.10/site-packages/glance_store/backend.py:507}}
Jan 19 17:35:18 devstack devstack@g-api.service[74370]: [pid: 74370|app: 0|req: 8/16] 127.0.0.1 () {38 vars in 802 bytes} [Mon Jan 19 17:35:17 2026] PUT /v2/images/abfa0128-2e83-49ba-ac40-bc0cf92bbcf3/file => generated 0 bytes in 1437 msecs (HTTP/1.1 204) 4 headers in 171 bytes (1 switches on core 0)
Jan 19 17:35:27 devstack devstack@g-api.service[74371]: DEBUG dbcounter [-] [74371] Writing DB stats glance:SELECT=5,glance:INSERT=1 {{(pid=74371) stat_writer /opt/stack/data/venv/lib/python3.10/site-packages/dbcounter.py:115}}
Jan 19 17:35:28 devstack devstack@g-api.service[74371]: DEBUG glance.api.middleware.version_negotiation [None req-53f0062b-54de-4ddb-a90f-e3af9829587f tempest-AttachSCSIVolumeTestJSON-2058634498 tempest-AttachSCSIVolumeTestJSON-2058634498-project-admin] Determining version of request: GET / Accept: application/json {{(pid=74371) process_request /opt/stack/glance/glance/api/middleware/version_negotiation.py:44}}
Jan 19 17:35:28 devstack devstack@g-api.service[74371]: DEBUG glance.api.middleware.version_negotiation [None req-53f0062b-54de-4ddb-a90f-e3af9829587f tempest-AttachSCSIVolumeTestJSON-2058634498 tempest-AttachSCSIVolumeTestJSON-2058634498-project-admin] Using url versioning {{(pid=74371) process_request /opt/stack/glance/glance/api/middleware/version_negotiation.py:57}}
Jan 19 17:35:28 devstack devstack@g-api.service[74371]: DEBUG glance.api.middleware.version_negotiation [None req-53f0062b-54de-4ddb-a90f-e3af9829587f tempest-AttachSCSIVolumeTestJSON-2058634498 tempest-AttachSCSIVolumeTestJSON-2058634498-project-admin] Unknown version. Returning version choices. {{(pid=74371) process_request /opt/stack/glance/glance/api/middleware/version_negotiation.py:64}}
Jan 19 17:35:28 devstack devstack@g-api.service[74371]: [pid: 74371|app: 0|req: 9/17] 127.0.0.1 () {34 vars in 502 bytes} [Mon Jan 19 17:35:28 2026] GET / => generated 1459 bytes in 4 msecs (HTTP/1.1 300) 3 headers in 106 bytes (1 switches on core 0)
Jan 19 17:35:28 devstack devstack@g-api.service[74370]: DEBUG glance.api.middleware.version_negotiation [None req-dd4a21ff-799b-4ddf-8cf5-587ad4833abc tempest-AttachSCSIVolumeTestJSON-2058634498 tempest-AttachSCSIVolumeTestJSON-2058634498-project-admin] Determining version of request: GET /v2/images/3b59fa03-d38f-4e32-a124-c97baf36c3fc Accept: */* {{(pid=74370) process_request /opt/stack/glance/glance/api/middleware/version_negotiation.py:44}}
Jan 19 17:35:28 devstack devstack@g-api.service[74370]: DEBUG glance.api.middleware.version_negotiation [None req-dd4a21ff-799b-4ddf-8cf5-587ad4833abc tempest-AttachSCSIVolumeTestJSON-2058634498 tempest-AttachSCSIVolumeTestJSON-2058634498-project-admin] Using url versioning {{(pid=74370) process_request /opt/stack/glance/glance/api/middleware/version_negotiation.py:57}}
Jan 19 17:35:28 devstack devstack@g-api.service[74370]: DEBUG glance.api.middleware.version_negotiation [None req-dd4a21ff-799b-4ddf-8cf5-587ad4833abc tempest-AttachSCSIVolumeTestJSON-2058634498 tempest-AttachSCSIVolumeTestJSON-2058634498-project-admin] Matched version: v2 {{(pid=74370) process_request /opt/stack/glance/glance/api/middleware/version_negotiation.py:69}}
Jan 19 17:35:28 devstack devstack@g-api.service[74370]: DEBUG glance.api.middleware.version_negotiation [None req-dd4a21ff-799b-4ddf-8cf5-587ad4833abc tempest-AttachSCSIVolumeTestJSON-2058634498 tempest-AttachSCSIVolumeTestJSON-2058634498-project-admin] new path /v2/images/3b59fa03-d38f-4e32-a124-c97baf36c3fc {{(pid=74370) process_request /opt/stack/glance/glance/api/middleware/version_negotiation.py:70}}
Jan 19 17:35:28 devstack devstack@g-api.service[74370]: WARNING keystonemiddleware.auth_token [None req-dd4a21ff-799b-4ddf-8cf5-587ad4833abc tempest-AttachSCSIVolumeTestJSON-2058634498 tempest-AttachSCSIVolumeTestJSON-2058634498-project-admin] A valid token was submitted as a service token, but it was not a valid service token. This is incorrect but backwards compatible behaviour. This will be removed in future releases.
Jan 19 17:35:28 devstack devstack@g-api.service[74370]: [pid: 74370|app: 0|req: 9/18] 127.0.0.1 () {42 vars in 1057 bytes} [Mon Jan 19 17:35:28 2026] GET /v2/images/3b59fa03-d38f-4e32-a124-c97baf36c3fc => generated 976 bytes in 72 msecs (HTTP/1.1 200) 4 headers in 157 bytes (1 switches on core 0)
Jan 19 17:35:28 devstack devstack@g-api.service[74371]: DEBUG glance.api.middleware.version_negotiation [None req-53f0062b-54de-4ddb-a90f-e3af9829587f tempest-AttachSCSIVolumeTestJSON-2058634498 tempest-AttachSCSIVolumeTestJSON-2058634498-project-admin] Determining version of request: GET /v2/schemas/image Accept: */* {{(pid=74371) process_request /opt/stack/glance/glance/api/middleware/version_negotiation.py:44}}
Jan 19 17:35:28 devstack devstack@g-api.service[74371]: DEBUG glance.api.middleware.version_negotiation [None req-53f0062b-54de-4ddb-a90f-e3af9829587f tempest-AttachSCSIVolumeTestJSON-2058634498 tempest-AttachSCSIVolumeTestJSON-2058634498-project-admin] Using url versioning {{(pid=74371) process_request /opt/stack/glance/glance/api/middleware/version_negotiation.py:57}}
Jan 19 17:35:28 devstack devstack@g-api.service[74371]: DEBUG glance.api.middleware.version_negotiation [None req-53f0062b-54de-4ddb-a90f-e3af9829587f tempest-AttachSCSIVolumeTestJSON-2058634498 tempest-AttachSCSIVolumeTestJSON-2058634498-project-admin] Matched version: v2 {{(pid=74371) process_request /opt/stack/glance/glance/api/middleware/version_negotiation.py:69}}
Jan 19 17:35:28 devstack devstack@g-api.service[74371]: DEBUG glance.api.middleware.version_negotiation [None req-53f0062b-54de-4ddb-a90f-e3af9829587f tempest-AttachSCSIVolumeTestJSON-2058634498 tempest-AttachSCSIVolumeTestJSON-2058634498-project-admin] new path /v2/schemas/image {{(pid=74371) process_request /opt/stack/glance/glance/api/middleware/version_negotiation.py:70}}
Jan 19 17:35:28 devstack devstack@g-api.service[74371]: WARNING keystonemiddleware.auth_token [None req-53f0062b-54de-4ddb-a90f-e3af9829587f tempest-AttachSCSIVolumeTestJSON-2058634498 tempest-AttachSCSIVolumeTestJSON-2058634498-project-admin] A valid token was submitted as a service token, but it was not a valid service token. This is incorrect but backwards compatible behaviour. This will be removed in future releases.
Jan 19 17:35:28 devstack devstack@g-api.service[74371]: [pid: 74371|app: 0|req: 10/19] 127.0.0.1 () {42 vars in 997 bytes} [Mon Jan 19 17:35:28 2026] GET /v2/schemas/image => generated 6083 bytes in 7 msecs (HTTP/1.1 200) 4 headers in 158 bytes (1 switches on core 0)
Jan 19 17:35:34 devstack devstack@g-api.service[74370]: DEBUG glance.api.middleware.version_negotiation [None req-6a0f1c84-5b18-48b8-bf47-08e8ebc7f915 tempest-VolumesAdminNegativeTest-1363953417 tempest-VolumesAdminNegativeTest-1363953417-project-member] Determining version of request: GET / Accept: application/json {{(pid=74370) process_request /opt/stack/glance/glance/api/middleware/version_negotiation.py:44}}
Jan 19 17:35:34 devstack devstack@g-api.service[74370]: DEBUG glance.api.middleware.version_negotiation [None req-6a0f1c84-5b18-48b8-bf47-08e8ebc7f915 tempest-VolumesAdminNegativeTest-1363953417 tempest-VolumesAdminNegativeTest-1363953417-project-member] Using url versioning {{(pid=74370) process_request /opt/stack/glance/glance/api/middleware/version_negotiation.py:57}}
Jan 19 17:35:34 devstack devstack@g-api.service[74370]: DEBUG glance.api.middleware.version_negotiation [None req-6a0f1c84-5b18-48b8-bf47-08e8ebc7f915 tempest-VolumesAdminNegativeTest-1363953417 tempest-VolumesAdminNegativeTest-1363953417-project-member] Unknown version. Returning version choices. {{(pid=74370) process_request /opt/stack/glance/glance/api/middleware/version_negotiation.py:64}}
Jan 19 17:35:34 devstack devstack@g-api.service[74370]: [pid: 74370|app: 0|req: 10/20] 127.0.0.1 () {34 vars in 502 bytes} [Mon Jan 19 17:35:34 2026] GET / => generated 1459 bytes in 3 msecs (HTTP/1.1 300) 3 headers in 106 bytes (1 switches on core 0)
Jan 19 17:35:34 devstack devstack@g-api.service[74371]: DEBUG glance.api.middleware.version_negotiation [None req-6a0f1c84-5b18-48b8-bf47-08e8ebc7f915 tempest-VolumesAdminNegativeTest-1363953417 tempest-VolumesAdminNegativeTest-1363953417-project-member] Determining version of request: GET /v2/images/abfa0128-2e83-49ba-ac40-bc0cf92bbcf3 Accept: */* {{(pid=74371) process_request /opt/stack/glance/glance/api/middleware/version_negotiation.py:44}}
Jan 19 17:35:34 devstack devstack@g-api.service[74371]: DEBUG glance.api.middleware.version_negotiation [None req-6a0f1c84-5b18-48b8-bf47-08e8ebc7f915 tempest-VolumesAdminNegativeTest-1363953417 tempest-VolumesAdminNegativeTest-1363953417-project-member] Using url versioning {{(pid=74371) process_request /opt/stack/glance/glance/api/middleware/version_negotiation.py:57}}
Jan 19 17:35:34 devstack devstack@g-api.service[74371]: DEBUG glance.api.middleware.version_negotiation [None req-6a0f1c84-5b18-48b8-bf47-08e8ebc7f915 tempest-VolumesAdminNegativeTest-1363953417 tempest-VolumesAdminNegativeTest-1363953417-project-member] Matched version: v2 {{(pid=74371) process_request /opt/stack/glance/glance/api/middleware/version_negotiation.py:69}}
Jan 19 17:35:34 devstack devstack@g-api.service[74371]: DEBUG glance.api.middleware.version_negotiation [None req-6a0f1c84-5b18-48b8-bf47-08e8ebc7f915 tempest-VolumesAdminNegativeTest-1363953417 tempest-VolumesAdminNegativeTest-1363953417-project-member] new path /v2/images/abfa0128-2e83-49ba-ac40-bc0cf92bbcf3 {{(pid=74371) process_request /opt/stack/glance/glance/api/middleware/version_negotiation.py:70}}
Jan 19 17:35:34 devstack devstack@g-api.service[74371]: [pid: 74371|app: 0|req: 11/21] 127.0.0.1 () {42 vars in 1057 bytes} [Mon Jan 19 17:35:34 2026] GET /v2/images/abfa0128-2e83-49ba-ac40-bc0cf92bbcf3 => generated 859 bytes in 172 msecs (HTTP/1.1 200) 4 headers in 157 bytes (1 switches on core 0)
Jan 19 17:35:34 devstack devstack@g-api.service[74370]: DEBUG glance.api.middleware.version_negotiation [None req-6a0f1c84-5b18-48b8-bf47-08e8ebc7f915 tempest-VolumesAdminNegativeTest-1363953417 tempest-VolumesAdminNegativeTest-1363953417-project-member] Determining version of request: GET /v2/schemas/image Accept: */* {{(pid=74370) process_request /opt/stack/glance/glance/api/middleware/version_negotiation.py:44}}
