Jul 29 22:28:44 devstack sudo[95510]: quobyte : PWD=/ ; USER=root ; COMMAND=/opt/stack/data/venv/bin/cinder-rootwrap /etc/cinder/rootwrap.conf env LC_ALL=C qemu-img info -f qcow2 --output=json --force-share /opt/stack/data/cinder/mnt/bd1d3a70ebe28b26537e1a253ad21a2f/volume-049aab3f-5514-4f9f-a5b1-6cf0b8f6e480
Jul 29 22:28:45 devstack sudo[95510]: pam_unix(sudo:session): session opened for user root(uid=0) by (uid=1000)
Jul 29 22:28:45 devstack sudo[95510]: pam_unix(sudo:session): session closed for user root
Jul 29 22:28:45 devstack cinder-volume[87927]: DEBUG oslo_concurrency.processutils [None req-f1a02ca5-53b4-4826-9c2d-ccb2f58df2f7 tempest-GroupSnapshotsTest-1366440066 None] CMD "/opt/stack/data/venv/bin/python3.12 -m oslo_concurrency.prlimit --as=1073741824 --cpu=60 -- sudo cinder-rootwrap /etc/cinder/rootwrap.conf env LC_ALL=C qemu-img info -f qcow2 --output=json --force-share /opt/stack/data/cinder/mnt/bd1d3a70ebe28b26537e1a253ad21a2f/volume-049aab3f-5514-4f9f-a5b1-6cf0b8f6e480" returned: 0 in 0.802s {{(pid=87927) execute /opt/stack/data/venv/lib/python3.12/site-packages/oslo_concurrency/processutils.py:468}}
Jul 29 22:28:45 devstack cinder-volume[87927]: DEBUG oslo_concurrency.processutils [None req-f1a02ca5-53b4-4826-9c2d-ccb2f58df2f7 tempest-GroupSnapshotsTest-1366440066 None] Running cmd (subprocess): sudo cinder-rootwrap /etc/cinder/rootwrap.conf qemu-img create -f qcow2 -o backing_file=/opt/stack/data/cinder/mnt/bd1d3a70ebe28b26537e1a253ad21a2f/volume-049aab3f-5514-4f9f-a5b1-6cf0b8f6e480,backing_fmt=qcow2 /opt/stack/data/cinder/mnt/bd1d3a70ebe28b26537e1a253ad21a2f/volume-049aab3f-5514-4f9f-a5b1-6cf0b8f6e480.a41a9074-05ec-49f6-b192-63402911f8ef 1G {{(pid=87927) execute /opt/stack/data/venv/lib/python3.12/site-packages/oslo_concurrency/processutils.py:440}}
Jul 29 22:28:45 devstack sudo[95517]: quobyte : PWD=/ ; USER=root ; COMMAND=/opt/stack/data/venv/bin/cinder-rootwrap /etc/cinder/rootwrap.conf qemu-img create -f qcow2 -o backing_file=/opt/stack/data/cinder/mnt/bd1d3a70ebe28b26537e1a253ad21a2f/volume-049aab3f-5514-4f9f-a5b1-6cf0b8f6e480,backing_fmt=qcow2 /opt/stack/data/cinder/mnt/bd1d3a70ebe28b26537e1a253ad21a2f/volume-049aab3f-5514-4f9f-a5b1-6cf0b8f6e480.a41a9074-05ec-49f6-b192-63402911f8ef 1G
Jul 29 22:28:45 devstack sudo[95517]: pam_unix(sudo:session): session opened for user root(uid=0) by (uid=1000)
Jul 29 22:28:46 devstack sudo[95517]: pam_unix(sudo:session): session closed for user root
Jul 29 22:28:46 devstack cinder-volume[87927]: DEBUG oslo_concurrency.processutils [None req-f1a02ca5-53b4-4826-9c2d-ccb2f58df2f7 tempest-GroupSnapshotsTest-1366440066 None] CMD "sudo cinder-rootwrap /etc/cinder/rootwrap.conf qemu-img create -f qcow2 -o backing_file=/opt/stack/data/cinder/mnt/bd1d3a70ebe28b26537e1a253ad21a2f/volume-049aab3f-5514-4f9f-a5b1-6cf0b8f6e480,backing_fmt=qcow2 /opt/stack/data/cinder/mnt/bd1d3a70ebe28b26537e1a253ad21a2f/volume-049aab3f-5514-4f9f-a5b1-6cf0b8f6e480.a41a9074-05ec-49f6-b192-63402911f8ef 1G" returned: 0 in 0.937s {{(pid=87927) execute /opt/stack/data/venv/lib/python3.12/site-packages/oslo_concurrency/processutils.py:468}}
Jul 29 22:28:46 devstack cinder-volume[87927]: DEBUG oslo_concurrency.processutils [None req-f1a02ca5-53b4-4826-9c2d-ccb2f58df2f7 tempest-GroupSnapshotsTest-1366440066 None] Running cmd (subprocess): sudo cinder-rootwrap /etc/cinder/rootwrap.conf qemu-img rebase -u -b volume-049aab3f-5514-4f9f-a5b1-6cf0b8f6e480 -F qcow2 /opt/stack/data/cinder/mnt/bd1d3a70ebe28b26537e1a253ad21a2f/volume-049aab3f-5514-4f9f-a5b1-6cf0b8f6e480.a41a9074-05ec-49f6-b192-63402911f8ef {{(pid=87927) execute /opt/stack/data/venv/lib/python3.12/site-packages/oslo_concurrency/processutils.py:440}}
Jul 29 22:28:46 devstack sudo[95523]: quobyte : PWD=/ ; USER=root ; COMMAND=/opt/stack/data/venv/bin/cinder-rootwrap /etc/cinder/rootwrap.conf qemu-img rebase -u -b volume-049aab3f-5514-4f9f-a5b1-6cf0b8f6e480 -F qcow2 /opt/stack/data/cinder/mnt/bd1d3a70ebe28b26537e1a253ad21a2f/volume-049aab3f-5514-4f9f-a5b1-6cf0b8f6e480.a41a9074-05ec-49f6-b192-63402911f8ef
Jul 29 22:28:46 devstack sudo[95523]: pam_unix(sudo:session): session opened for user root(uid=0) by (uid=1000)
Jul 29 22:28:47 devstack sudo[95523]: pam_unix(sudo:session): session closed for user root
Jul 29 22:28:47 devstack cinder-volume[87927]: DEBUG oslo_concurrency.processutils [None req-f1a02ca5-53b4-4826-9c2d-ccb2f58df2f7 tempest-GroupSnapshotsTest-1366440066 None] CMD "sudo cinder-rootwrap /etc/cinder/rootwrap.conf qemu-img rebase -u -b volume-049aab3f-5514-4f9f-a5b1-6cf0b8f6e480 -F qcow2 /opt/stack/data/cinder/mnt/bd1d3a70ebe28b26537e1a253ad21a2f/volume-049aab3f-5514-4f9f-a5b1-6cf0b8f6e480.a41a9074-05ec-49f6-b192-63402911f8ef" returned: 0 in 0.686s {{(pid=87927) execute /opt/stack/data/venv/lib/python3.12/site-packages/oslo_concurrency/processutils.py:468}}
Jul 29 22:28:47 devstack cinder-volume[87927]: WARNING cinder.volume.drivers.remotefs [None req-f1a02ca5-53b4-4826-9c2d-ccb2f58df2f7 tempest-GroupSnapshotsTest-1366440066 None] /opt/stack/data/cinder/mnt/bd1d3a70ebe28b26537e1a253ad21a2f/volume-049aab3f-5514-4f9f-a5b1-6cf0b8f6e480.a41a9074-05ec-49f6-b192-63402911f8ef is being set with open permissions: ugo+rw: NotImplementedError
Jul 29 22:28:47 devstack cinder-volume[87927]: DEBUG oslo_concurrency.processutils [None req-f1a02ca5-53b4-4826-9c2d-ccb2f58df2f7 tempest-GroupSnapshotsTest-1366440066 None] Running cmd (subprocess): sudo cinder-rootwrap /etc/cinder/rootwrap.conf chmod ugo+rw /opt/stack/data/cinder/mnt/bd1d3a70ebe28b26537e1a253ad21a2f/volume-049aab3f-5514-4f9f-a5b1-6cf0b8f6e480.a41a9074-05ec-49f6-b192-63402911f8ef {{(pid=87927) execute /opt/stack/data/venv/lib/python3.12/site-packages/oslo_concurrency/processutils.py:440}}
Jul 29 22:28:47 devstack sudo[95531]: quobyte : PWD=/ ; USER=root ; COMMAND=/opt/stack/data/venv/bin/cinder-rootwrap /etc/cinder/rootwrap.conf chmod ugo+rw /opt/stack/data/cinder/mnt/bd1d3a70ebe28b26537e1a253ad21a2f/volume-049aab3f-5514-4f9f-a5b1-6cf0b8f6e480.a41a9074-05ec-49f6-b192-63402911f8ef
Jul 29 22:28:47 devstack sudo[95531]: pam_unix(sudo:session): session opened for user root(uid=0) by (uid=1000)
Jul 29 22:28:47 devstack sudo[95531]: pam_unix(sudo:session): session closed for user root
Jul 29 22:28:48 devstack cinder-volume[87927]: DEBUG oslo_concurrency.processutils [None req-f1a02ca5-53b4-4826-9c2d-ccb2f58df2f7 tempest-GroupSnapshotsTest-1366440066 None] CMD "sudo cinder-rootwrap /etc/cinder/rootwrap.conf chmod ugo+rw /opt/stack/data/cinder/mnt/bd1d3a70ebe28b26537e1a253ad21a2f/volume-049aab3f-5514-4f9f-a5b1-6cf0b8f6e480.a41a9074-05ec-49f6-b192-63402911f8ef" returned: 0 in 0.772s {{(pid=87927) execute /opt/stack/data/venv/lib/python3.12/site-packages/oslo_concurrency/processutils.py:468}}
Jul 29 22:28:48 devstack cinder-volume[87927]: DEBUG oslo_concurrency.processutils [None req-f1a02ca5-53b4-4826-9c2d-ccb2f58df2f7 tempest-GroupSnapshotsTest-1366440066 None] Running cmd (subprocess): sudo cinder-rootwrap /etc/cinder/rootwrap.conf truncate -s0 /opt/stack/data/cinder/mnt/bd1d3a70ebe28b26537e1a253ad21a2f/volume-049aab3f-5514-4f9f-a5b1-6cf0b8f6e480.info {{(pid=87927) execute /opt/stack/data/venv/lib/python3.12/site-packages/oslo_concurrency/processutils.py:440}}
Jul 29 22:28:48 devstack sudo[95539]: quobyte : PWD=/ ; USER=root ; COMMAND=/opt/stack/data/venv/bin/cinder-rootwrap /etc/cinder/rootwrap.conf truncate -s0 /opt/stack/data/cinder/mnt/bd1d3a70ebe28b26537e1a253ad21a2f/volume-049aab3f-5514-4f9f-a5b1-6cf0b8f6e480.info
Jul 29 22:28:48 devstack sudo[95539]: pam_unix(sudo:session): session opened for user root(uid=0) by (uid=1000)
Jul 29 22:28:48 devstack sudo[95539]: pam_unix(sudo:session): session closed for user root
Jul 29 22:28:48 devstack cinder-volume[87927]: DEBUG oslo_concurrency.processutils [None req-f1a02ca5-53b4-4826-9c2d-ccb2f58df2f7 tempest-GroupSnapshotsTest-1366440066 None] CMD "sudo cinder-rootwrap /etc/cinder/rootwrap.conf truncate -s0 /opt/stack/data/cinder/mnt/bd1d3a70ebe28b26537e1a253ad21a2f/volume-049aab3f-5514-4f9f-a5b1-6cf0b8f6e480.info" returned: 0 in 0.739s {{(pid=87927) execute /opt/stack/data/venv/lib/python3.12/site-packages/oslo_concurrency/processutils.py:468}}
Jul 29 22:28:48 devstack cinder-volume[87927]: WARNING cinder.volume.drivers.remotefs [None req-f1a02ca5-53b4-4826-9c2d-ccb2f58df2f7 tempest-GroupSnapshotsTest-1366440066 None] /opt/stack/data/cinder/mnt/bd1d3a70ebe28b26537e1a253ad21a2f/volume-049aab3f-5514-4f9f-a5b1-6cf0b8f6e480.info is being set with open permissions: ugo+rw: NotImplementedError
Jul 29 22:28:48 devstack cinder-volume[87927]: DEBUG oslo_concurrency.processutils [None req-f1a02ca5-53b4-4826-9c2d-ccb2f58df2f7 tempest-GroupSnapshotsTest-1366440066 None] Running cmd (subprocess): sudo cinder-rootwrap /etc/cinder/rootwrap.conf chmod ugo+rw /opt/stack/data/cinder/mnt/bd1d3a70ebe28b26537e1a253ad21a2f/volume-049aab3f-5514-4f9f-a5b1-6cf0b8f6e480.info {{(pid=87927) execute /opt/stack/data/venv/lib/python3.12/site-packages/oslo_concurrency/processutils.py:440}}
Jul 29 22:28:48 devstack sudo[95547]: quobyte : PWD=/ ; USER=root ; COMMAND=/opt/stack/data/venv/bin/cinder-rootwrap /etc/cinder/rootwrap.conf chmod ugo+rw /opt/stack/data/cinder/mnt/bd1d3a70ebe28b26537e1a253ad21a2f/volume-049aab3f-5514-4f9f-a5b1-6cf0b8f6e480.info
Jul 29 22:28:48 devstack sudo[95547]: pam_unix(sudo:session): session opened for user root(uid=0) by (uid=1000)
Jul 29 22:28:49 devstack sudo[95547]: pam_unix(sudo:session): session closed for user root
Jul 29 22:28:49 devstack cinder-volume[87927]: DEBUG oslo_concurrency.processutils [None req-f1a02ca5-53b4-4826-9c2d-ccb2f58df2f7 tempest-GroupSnapshotsTest-1366440066 None] CMD "sudo cinder-rootwrap /etc/cinder/rootwrap.conf chmod ugo+rw /opt/stack/data/cinder/mnt/bd1d3a70ebe28b26537e1a253ad21a2f/volume-049aab3f-5514-4f9f-a5b1-6cf0b8f6e480.info" returned: 0 in 0.824s {{(pid=87927) execute /opt/stack/data/venv/lib/python3.12/site-packages/oslo_concurrency/processutils.py:468}}
Jul 29 22:28:49 devstack cinder-volume[87927]: DEBUG oslo_concurrency.lockutils [None req-f1a02ca5-53b4-4826-9c2d-ccb2f58df2f7 tempest-GroupSnapshotsTest-1366440066 None] Lock "quobyte" "released" by "cinder.volume.drivers.quobyte.QuobyteDriver.create_snapshot" :: held 4.993s {{(pid=87927) inner /opt/stack/data/venv/lib/python3.12/site-packages/oslo_concurrency/lockutils.py:544}}
Jul 29 22:28:49 devstack cinder-volume[87927]: DEBUG oslo_concurrency.lockutils [None req-f1a02ca5-53b4-4826-9c2d-ccb2f58df2f7 tempest-GroupSnapshotsTest-1366440066 None] Acquiring lock "quobyte" by "cinder.volume.drivers.quobyte.QuobyteDriver.create_snapshot" {{(pid=87927) inner /opt/stack/data/venv/lib/python3.12/site-packages/oslo_concurrency/lockutils.py:512}}
Jul 29 22:28:49 devstack cinder-volume[87927]: DEBUG oslo_concurrency.lockutils [None req-f1a02ca5-53b4-4826-9c2d-ccb2f58df2f7 tempest-GroupSnapshotsTest-1366440066 None] Lock "quobyte" acquired by "cinder.volume.drivers.quobyte.QuobyteDriver.create_snapshot" :: waited 0.004s {{(pid=87927) inner /opt/stack/data/venv/lib/python3.12/site-packages/oslo_concurrency/lockutils.py:525}}
Jul 29 22:28:49 devstack cinder-volume[87927]: DEBUG dbcounter [-] [87927] Writing DB stats cinder:SELECT=110,cinder:INSERT=27,cinder:UPDATE=127,cinder:DELETE=5 {{(pid=87927) stat_writer /opt/stack/data/venv/lib/python3.12/site-packages/dbcounter.py:115}}
Jul 29 22:28:49 devstack cinder-volume[87927]: DEBUG cinder.volume.drivers.remotefs [None req-f1a02ca5-53b4-4826-9c2d-ccb2f58df2f7 tempest-GroupSnapshotsTest-1366440066 None] Creating offline snapshot c66f825c-61f3-4884-afa4-1663d8429523 of volume 9c343a90-c40e-4715-af55-6861d7fa3f39 {{(pid=87927) _create_snapshot /opt/stack/cinder/cinder/volume/drivers/remotefs.py:1816}}
Jul 29 22:28:49 devstack cinder-volume[87927]: DEBUG oslo.privsep.daemon [-] privsep: reply[b6986b42-c0e9-4820-b670-393bd86dfc61]: (4, 'qcow2') {{(pid=89082) _call_back /opt/stack/data/venv/lib/python3.12/site-packages/oslo_privsep/daemon.py:580}}
Jul 29 22:28:49 devstack cinder-volume[87927]: DEBUG oslo_concurrency.processutils [None req-f1a02ca5-53b4-4826-9c2d-ccb2f58df2f7 tempest-GroupSnapshotsTest-1366440066 None] Running cmd (subprocess): /opt/stack/data/venv/bin/python3.12 -m oslo_concurrency.prlimit --as=1073741824 --cpu=60 -- sudo cinder-rootwrap /etc/cinder/rootwrap.conf env LC_ALL=C qemu-img info -f qcow2 --output=json --force-share /opt/stack/data/cinder/mnt/bd1d3a70ebe28b26537e1a253ad21a2f/volume-9c343a90-c40e-4715-af55-6861d7fa3f39 {{(pid=87927) execute /opt/stack/data/venv/lib/python3.12/site-packages/oslo_concurrency/processutils.py:440}}
Jul 29 22:28:49 devstack sudo[95558]: quobyte : PWD=/ ; USER=root ; COMMAND=/opt/stack/data/venv/bin/cinder-rootwrap /etc/cinder/rootwrap.conf env LC_ALL=C qemu-img info -f qcow2 --output=json --force-share /opt/stack/data/cinder/mnt/bd1d3a70ebe28b26537e1a253ad21a2f/volume-9c343a90-c40e-4715-af55-6861d7fa3f39
Jul 29 22:28:49 devstack sudo[95558]: pam_unix(sudo:session): session opened for user root(uid=0) by (uid=1000)
Jul 29 22:28:50 devstack sudo[95558]: pam_unix(sudo:session): session closed for user root
Jul 29 22:28:50 devstack cinder-volume[87927]: DEBUG oslo_concurrency.processutils [None req-f1a02ca5-53b4-4826-9c2d-ccb2f58df2f7 tempest-GroupSnapshotsTest-1366440066 None] CMD "/opt/stack/data/venv/bin/python3.12 -m oslo_concurrency.prlimit --as=1073741824 --cpu=60 -- sudo cinder-rootwrap /etc/cinder/rootwrap.conf env LC_ALL=C qemu-img info -f qcow2 --output=json --force-share /opt/stack/data/cinder/mnt/bd1d3a70ebe28b26537e1a253ad21a2f/volume-9c343a90-c40e-4715-af55-6861d7fa3f39" returned: 0 in 0.537s {{(pid=87927) execute /opt/stack/data/venv/lib/python3.12/site-packages/oslo_concurrency/processutils.py:468}}
Jul 29 22:28:50 devstack cinder-volume[87927]: DEBUG oslo_concurrency.processutils [None req-f1a02ca5-53b4-4826-9c2d-ccb2f58df2f7 tempest-GroupSnapshotsTest-1366440066 None] Running cmd (subprocess): sudo cinder-rootwrap /etc/cinder/rootwrap.conf qemu-img create -f qcow2 -o backing_file=/opt/stack/data/cinder/mnt/bd1d3a70ebe28b26537e1a253ad21a2f/volume-9c343a90-c40e-4715-af55-6861d7fa3f39,backing_fmt=qcow2 /opt/stack/data/cinder/mnt/bd1d3a70ebe28b26537e1a253ad21a2f/volume-9c343a90-c40e-4715-af55-6861d7fa3f39.c66f825c-61f3-4884-afa4-1663d8429523 1G {{(pid=87927) execute /opt/stack/data/venv/lib/python3.12/site-packages/oslo_concurrency/processutils.py:440}}
Jul 29 22:28:50 devstack sudo[95571]: quobyte : PWD=/ ; USER=root ; COMMAND=/opt/stack/data/venv/bin/cinder-rootwrap /etc/cinder/rootwrap.conf qemu-img create -f qcow2 -o backing_file=/opt/stack/data/cinder/mnt/bd1d3a70ebe28b26537e1a253ad21a2f/volume-9c343a90-c40e-4715-af55-6861d7fa3f39,backing_fmt=qcow2 /opt/stack/data/cinder/mnt/bd1d3a70ebe28b26537e1a253ad21a2f/volume-9c343a90-c40e-4715-af55-6861d7fa3f39.c66f825c-61f3-4884-afa4-1663d8429523 1G
Jul 29 22:28:50 devstack sudo[95571]: pam_unix(sudo:session): session opened for user root(uid=0) by (uid=1000)
Jul 29 22:28:51 devstack sudo[95571]: pam_unix(sudo:session): session closed for user root
Jul 29 22:28:51 devstack cinder-volume[87927]: DEBUG oslo_concurrency.processutils [None req-f1a02ca5-53b4-4826-9c2d-ccb2f58df2f7 tempest-GroupSnapshotsTest-1366440066 None] CMD "sudo cinder-rootwrap /etc/cinder/rootwrap.conf qemu-img create -f qcow2 -o backing_file=/opt/stack/data/cinder/mnt/bd1d3a70ebe28b26537e1a253ad21a2f/volume-9c343a90-c40e-4715-af55-6861d7fa3f39,backing_fmt=qcow2 /opt/stack/data/cinder/mnt/bd1d3a70ebe28b26537e1a253ad21a2f/volume-9c343a90-c40e-4715-af55-6861d7fa3f39.c66f825c-61f3-4884-afa4-1663d8429523 1G" returned: 0 in 1.160s {{(pid=87927) execute /opt/stack/data/venv/lib/python3.12/site-packages/oslo_concurrency/processutils.py:468}}
Jul 29 22:28:51 devstack cinder-volume[87927]: DEBUG oslo_concurrency.processutils [None req-f1a02ca5-53b4-4826-9c2d-ccb2f58df2f7 tempest-GroupSnapshotsTest-1366440066 None] Running cmd (subprocess): sudo cinder-rootwrap /etc/cinder/rootwrap.conf qemu-img rebase -u -b volume-9c343a90-c40e-4715-af55-6861d7fa3f39 -F qcow2 /opt/stack/data/cinder/mnt/bd1d3a70ebe28b26537e1a253ad21a2f/volume-9c343a90-c40e-4715-af55-6861d7fa3f39.c66f825c-61f3-4884-afa4-1663d8429523 {{(pid=87927) execute /opt/stack/data/venv/lib/python3.12/site-packages/oslo_concurrency/processutils.py:440}}
Jul 29 22:28:51 devstack sudo[95597]: quobyte : PWD=/ ; USER=root ; COMMAND=/opt/stack/data/venv/bin/cinder-rootwrap /etc/cinder/rootwrap.conf qemu-img rebase -u -b volume-9c343a90-c40e-4715-af55-6861d7fa3f39 -F qcow2 /opt/stack/data/cinder/mnt/bd1d3a70ebe28b26537e1a253ad21a2f/volume-9c343a90-c40e-4715-af55-6861d7fa3f39.c66f825c-61f3-4884-afa4-1663d8429523
Jul 29 22:28:51 devstack sudo[95597]: pam_unix(sudo:session): session opened for user root(uid=0) by (uid=1000)
Jul 29 22:28:52 devstack sudo[95597]: pam_unix(sudo:session): session closed for user root
Jul 29 22:28:52 devstack cinder-volume[87927]: DEBUG oslo_concurrency.processutils [None req-f1a02ca5-53b4-4826-9c2d-ccb2f58df2f7 tempest-GroupSnapshotsTest-1366440066 None] CMD "sudo cinder-rootwrap /etc/cinder/rootwrap.conf qemu-img rebase -u -b volume-9c343a90-c40e-4715-af55-6861d7fa3f39 -F qcow2 /opt/stack/data/cinder/mnt/bd1d3a70ebe28b26537e1a253ad21a2f/volume-9c343a90-c40e-4715-af55-6861d7fa3f39.c66f825c-61f3-4884-afa4-1663d8429523" returned: 0 in 0.609s {{(pid=87927) execute /opt/stack/data/venv/lib/python3.12/site-packages/oslo_concurrency/processutils.py:468}}
Jul 29 22:28:52 devstack cinder-volume[87927]: WARNING cinder.volume.drivers.remotefs [None req-f1a02ca5-53b4-4826-9c2d-ccb2f58df2f7 tempest-GroupSnapshotsTest-1366440066 None] /opt/stack/data/cinder/mnt/bd1d3a70ebe28b26537e1a253ad21a2f/volume-9c343a90-c40e-4715-af55-6861d7fa3f39.c66f825c-61f3-4884-afa4-1663d8429523 is being set with open permissions: ugo+rw: NotImplementedError
Jul 29 22:28:52 devstack cinder-volume[87927]: DEBUG oslo_concurrency.processutils [None req-f1a02ca5-53b4-4826-9c2d-ccb2f58df2f7 tempest-GroupSnapshotsTest-1366440066 None] Running cmd (subprocess): sudo cinder-rootwrap /etc/cinder/rootwrap.conf chmod ugo+rw /opt/stack/data/cinder/mnt/bd1d3a70ebe28b26537e1a253ad21a2f/volume-9c343a90-c40e-4715-af55-6861d7fa3f39.c66f825c-61f3-4884-afa4-1663d8429523 {{(pid=87927) execute /opt/stack/data/venv/lib/python3.12/site-packages/oslo_concurrency/processutils.py:440}}
Jul 29 22:28:52 devstack sudo[95614]: quobyte : PWD=/ ; USER=root ; COMMAND=/opt/stack/data/venv/bin/cinder-rootwrap /etc/cinder/rootwrap.conf chmod ugo+rw /opt/stack/data/cinder/mnt/bd1d3a70ebe28b26537e1a253ad21a2f/volume-9c343a90-c40e-4715-af55-6861d7fa3f39.c66f825c-61f3-4884-afa4-1663d8429523
Jul 29 22:28:52 devstack sudo[95614]: pam_unix(sudo:session): session opened for user root(uid=0) by (uid=1000)
Jul 29 22:28:52 devstack sudo[95614]: pam_unix(sudo:session): session closed for user root
Jul 29 22:28:52 devstack cinder-volume[87927]: DEBUG oslo_concurrency.processutils [None req-f1a02ca5-53b4-4826-9c2d-ccb2f58df2f7 tempest-GroupSnapshotsTest-1366440066 None] CMD "sudo cinder-rootwrap /etc/cinder/rootwrap.conf chmod ugo+rw /opt/stack/data/cinder/mnt/bd1d3a70ebe28b26537e1a253ad21a2f/volume-9c343a90-c40e-4715-af55-6861d7fa3f39.c66f825c-61f3-4884-afa4-1663d8429523" returned: 0 in 0.450s {{(pid=87927) execute /opt/stack/data/venv/lib/python3.12/site-packages/oslo_concurrency/processutils.py:468}}
Jul 29 22:28:52 devstack cinder-volume[87927]: DEBUG oslo_concurrency.processutils [None req-f1a02ca5-53b4-4826-9c2d-ccb2f58df2f7 tempest-GroupSnapshotsTest-1366440066 None] Running cmd (subprocess): sudo cinder-rootwrap /etc/cinder/rootwrap.conf truncate -s0 /opt/stack/data/cinder/mnt/bd1d3a70ebe28b26537e1a253ad21a2f/volume-9c343a90-c40e-4715-af55-6861d7fa3f39.info {{(pid=87927) execute /opt/stack/data/venv/lib/python3.12/site-packages/oslo_concurrency/processutils.py:440}}
Jul 29 22:28:52 devstack sudo[95617]: quobyte : PWD=/ ; USER=root ; COMMAND=/opt/stack/data/venv/bin/cinder-rootwrap /etc/cinder/rootwrap.conf truncate -s0 /opt/stack/data/cinder/mnt/bd1d3a70ebe28b26537e1a253ad21a2f/volume-9c343a90-c40e-4715-af55-6861d7fa3f39.info
Jul 29 22:28:52 devstack sudo[95617]: pam_unix(sudo:session): session opened for user root(uid=0) by (uid=1000)
Jul 29 22:28:52 devstack sudo[95617]: pam_unix(sudo:session): session closed for user root
Jul 29 22:28:53 devstack cinder-volume[87927]: DEBUG oslo_concurrency.processutils [None req-f1a02ca5-53b4-4826-9c2d-ccb2f58df2f7 tempest-GroupSnapshotsTest-1366440066 None] CMD "sudo cinder-rootwrap /etc/cinder/rootwrap.conf truncate -s0 /opt/stack/data/cinder/mnt/bd1d3a70ebe28b26537e1a253ad21a2f/volume-9c343a90-c40e-4715-af55-6861d7fa3f39.info" returned: 0 in 0.409s {{(pid=87927) execute /opt/stack/data/venv/lib/python3.12/site-packages/oslo_concurrency/processutils.py:468}}
Jul 29 22:28:53 devstack cinder-volume[87927]: WARNING cinder.volume.drivers.remotefs [None req-f1a02ca5-53b4-4826-9c2d-ccb2f58df2f7 tempest-GroupSnapshotsTest-1366440066 None] /opt/stack/data/cinder/mnt/bd1d3a70ebe28b26537e1a253ad21a2f/volume-9c343a90-c40e-4715-af55-6861d7fa3f39.info is being set with open permissions: ugo+rw: NotImplementedError
Jul 29 22:28:53 devstack cinder-volume[87927]: DEBUG oslo_concurrency.processutils [None req-f1a02ca5-53b4-4826-9c2d-ccb2f58df2f7 tempest-GroupSnapshotsTest-1366440066 None] Running cmd (subprocess): sudo cinder-rootwrap /etc/cinder/rootwrap.conf chmod ugo+rw /opt/stack/data/cinder/mnt/bd1d3a70ebe28b26537e1a253ad21a2f/volume-9c343a90-c40e-4715-af55-6861d7fa3f39.info {{(pid=87927) execute /opt/stack/data/venv/lib/python3.12/site-packages/oslo_concurrency/processutils.py:440}}
Jul 29 22:28:53 devstack sudo[95621]: quobyte : PWD=/ ; USER=root ; COMMAND=/opt/stack/data/venv/bin/cinder-rootwrap /etc/cinder/rootwrap.conf chmod ugo+rw /opt/stack/data/cinder/mnt/bd1d3a70ebe28b26537e1a253ad21a2f/volume-9c343a90-c40e-4715-af55-6861d7fa3f39.info
Jul 29 22:28:53 devstack sudo[95621]: pam_unix(sudo:session): session opened for user root(uid=0) by (uid=1000)
Jul 29 22:28:53 devstack sudo[95621]: pam_unix(sudo:session): session closed for user root
Jul 29 22:28:53 devstack cinder-volume[87927]: DEBUG oslo_concurrency.processutils [None req-f1a02ca5-53b4-4826-9c2d-ccb2f58df2f7 tempest-GroupSnapshotsTest-1366440066 None] CMD "sudo cinder-rootwrap /etc/cinder/rootwrap.conf chmod ugo+rw /opt/stack/data/cinder/mnt/bd1d3a70ebe28b26537e1a253ad21a2f/volume-9c343a90-c40e-4715-af55-6861d7fa3f39.info" returned: 0 in 0.352s {{(pid=87927) execute /opt/stack/data/venv/lib/python3.12/site-packages/oslo_concurrency/processutils.py:468}}
Jul 29 22:28:53 devstack cinder-volume[87927]: DEBUG oslo_concurrency.lockutils [None req-f1a02ca5-53b4-4826-9c2d-ccb2f58df2f7 tempest-GroupSnapshotsTest-1366440066 None] Lock "quobyte" "released" by "cinder.volume.drivers.quobyte.QuobyteDriver.create_snapshot" :: held 3.693s {{(pid=87927) inner /opt/stack/data/venv/lib/python3.12/site-packages/oslo_concurrency/lockutils.py:544}}
Jul 29 22:28:53 devstack cinder-volume[87927]: INFO cinder.volume.manager [None req-f1a02ca5-53b4-4826-9c2d-ccb2f58df2f7 tempest-GroupSnapshotsTest-1366440066 None] group_snapshot 12cd12b5-8b1b-47dd-9cc0-01b1e3dce9c6: created successfully
Jul 29 22:28:54 devstack cinder-volume[87927]: INFO cinder.volume.manager [None req-5dedf394-b3d6-4172-8a2a-c14f84c0f969 tempest-GroupSnapshotsTest-1366440066 None] group_snapshot 12cd12b5-8b1b-47dd-9cc0-01b1e3dce9c6: deleting
Jul 29 22:28:55 devstack cinder-volume[87927]: DEBUG cinder.volume.manager [None req-5dedf394-b3d6-4172-8a2a-c14f84c0f969 tempest-GroupSnapshotsTest-1366440066 None] group_snapshot 12cd12b5-8b1b-47dd-9cc0-01b1e3dce9c6: deleting {{(pid=87927) delete_group_snapshot /opt/stack/cinder/cinder/volume/manager.py:4350}}
Jul 29 22:28:55 devstack cinder-volume[87927]: DEBUG cinder.coordination [None req-5dedf394-b3d6-4172-8a2a-c14f84c0f969 tempest-GroupSnapshotsTest-1366440066 None] Acquiring lock "cinder-quobyte-049aab3f-5514-4f9f-a5b1-6cf0b8f6e480" by "delete_snapshot" {{(pid=87927) __acquire /opt/stack/cinder/cinder/coordination.py:138}}
Jul 29 22:28:55 devstack cinder-volume[87927]: DEBUG cinder.coordination [None req-5dedf394-b3d6-4172-8a2a-c14f84c0f969 tempest-GroupSnapshotsTest-1366440066 None] Lock "cinder-quobyte-049aab3f-5514-4f9f-a5b1-6cf0b8f6e480" acquired by "delete_snapshot" :: waited 0.021s {{(pid=87927) __acquire /opt/stack/cinder/cinder/coordination.py:141}}
Jul 29 22:28:55 devstack cinder-volume[87927]: DEBUG cinder.coordination [None req-5dedf394-b3d6-4172-8a2a-c14f84c0f969 tempest-GroupSnapshotsTest-1366440066 None] Acquiring lock "cinder-quobyte-a41a9074-05ec-49f6-b192-63402911f8ef" by "_delete_snapshot" {{(pid=87927) __acquire /opt/stack/cinder/cinder/coordination.py:138}}
Jul 29 22:28:55 devstack cinder-volume[87927]: DEBUG cinder.coordination [None req-5dedf394-b3d6-4172-8a2a-c14f84c0f969 tempest-GroupSnapshotsTest-1366440066 None] Lock "cinder-quobyte-a41a9074-05ec-49f6-b192-63402911f8ef" acquired by "_delete_snapshot" :: waited 0.019s {{(pid=87927) __acquire /opt/stack/cinder/cinder/coordination.py:141}}
Jul 29 22:28:55 devstack cinder-volume[87927]: DEBUG cinder.volume.drivers.remotefs [None req-5dedf394-b3d6-4172-8a2a-c14f84c0f969 tempest-GroupSnapshotsTest-1366440066 None] Deleting offline snapshot a41a9074-05ec-49f6-b192-63402911f8ef of volume 049aab3f-5514-4f9f-a5b1-6cf0b8f6e480 {{(pid=87927) _delete_snapshot /opt/stack/cinder/cinder/volume/drivers/remotefs.py:1288}}
Jul 29 22:28:55 devstack cinder-volume[87927]: DEBUG cinder.volume.drivers.remotefs [None req-5dedf394-b3d6-4172-8a2a-c14f84c0f969 tempest-GroupSnapshotsTest-1366440066 None] snapshot_file for this snap is: volume-049aab3f-5514-4f9f-a5b1-6cf0b8f6e480.a41a9074-05ec-49f6-b192-63402911f8ef {{(pid=87927) _delete_snapshot /opt/stack/cinder/cinder/volume/drivers/remotefs.py:1317}}
Jul 29 22:28:55 devstack cinder-volume[87927]: DEBUG oslo.privsep.daemon [-] privsep: reply[bd9fb7d1-f481-4e62-a870-96a72b1a3abf]: (4, 'qcow2') {{(pid=89082) _call_back /opt/stack/data/venv/lib/python3.12/site-packages/oslo_privsep/daemon.py:580}}
Jul 29 22:28:55 devstack cinder-volume[87927]: DEBUG oslo_concurrency.processutils [None req-5dedf394-b3d6-4172-8a2a-c14f84c0f969 tempest-GroupSnapshotsTest-1366440066 None] Running cmd (subprocess): /opt/stack/data/venv/bin/python3.12 -m oslo_concurrency.prlimit --as=1073741824 --cpu=60 -- sudo cinder-rootwrap /etc/cinder/rootwrap.conf env LC_ALL=C qemu-img info -f qcow2 --output=json --force-share /opt/stack/data/cinder/mnt/bd1d3a70ebe28b26537e1a253ad21a2f/volume-049aab3f-5514-4f9f-a5b1-6cf0b8f6e480.a41a9074-05ec-49f6-b192-63402911f8ef {{(pid=87927) execute /opt/stack/data/venv/lib/python3.12/site-packages/oslo_concurrency/processutils.py:440}}
Jul 29 22:28:55 devstack sudo[95647]: quobyte : PWD=/ ; USER=root ; COMMAND=/opt/stack/data/venv/bin/cinder-rootwrap /etc/cinder/rootwrap.conf env LC_ALL=C qemu-img info -f qcow2 --output=json --force-share /opt/stack/data/cinder/mnt/bd1d3a70ebe28b26537e1a253ad21a2f/volume-049aab3f-5514-4f9f-a5b1-6cf0b8f6e480.a41a9074-05ec-49f6-b192-63402911f8ef
Jul 29 22:28:55 devstack sudo[95647]: pam_unix(sudo:session): session opened for user root(uid=0) by (uid=1000)
Jul 29 22:28:55 devstack sudo[95647]: pam_unix(sudo:session): session closed for user root
Jul 29 22:28:55 devstack cinder-volume[87927]: DEBUG oslo_concurrency.processutils [None req-5dedf394-b3d6-4172-8a2a-c14f84c0f969 tempest-GroupSnapshotsTest-1366440066 None] CMD "/opt/stack/data/venv/bin/python3.12 -m oslo_concurrency.prlimit --as=1073741824 --cpu=60 -- sudo cinder-rootwrap /etc/cinder/rootwrap.conf env LC_ALL=C qemu-img info -f qcow2 --output=json --force-share /opt/stack/data/cinder/mnt/bd1d3a70ebe28b26537e1a253ad21a2f/volume-049aab3f-5514-4f9f-a5b1-6cf0b8f6e480.a41a9074-05ec-49f6-b192-63402911f8ef" returned: 0 in 0.610s {{(pid=87927) execute /opt/stack/data/venv/lib/python3.12/site-packages/oslo_concurrency/processutils.py:468}}
Jul 29 22:28:55 devstack cinder-volume[87927]: DEBUG cinder.volume.drivers.remotefs [None req-5dedf394-b3d6-4172-8a2a-c14f84c0f969 tempest-GroupSnapshotsTest-1366440066 None] Fetching qemu-img info with special backing_file_template: (/opt/stack/data/cinder/mnt/[0-9a-f]+/)?(volume-049aab3f-5514-4f9f-a5b1-6cf0b8f6e480(.(tmp-snap-)?[0-9a-f-]+)?|volume_from_snapshot_cache/(tmp-snap-)?[0-9a-f-]+(.(child-|parent-)[0-9a-f-]+)?)$ {{(pid=87927) _qemu_img_info_base /opt/stack/cinder/cinder/volume/drivers/remotefs.py:896}}
Jul 29 22:28:55 devstack cinder-volume[87927]: DEBUG oslo.privsep.daemon [-] privsep: reply[b3a208bc-6aa4-4375-b4a7-bb436c0063fa]: (4, 'qcow2') {{(pid=89082) _call_back /opt/stack/data/venv/lib/python3.12/site-packages/oslo_privsep/daemon.py:580}}
Jul 29 22:28:55 devstack cinder-volume[87927]: DEBUG oslo_concurrency.processutils [None req-5dedf394-b3d6-4172-8a2a-c14f84c0f969 tempest-GroupSnapshotsTest-1366440066 None] Running cmd (subprocess): /opt/stack/data/venv/bin/python3.12 -m oslo_concurrency.prlimit --as=1073741824 --cpu=60 -- sudo cinder-rootwrap /etc/cinder/rootwrap.conf env LC_ALL=C qemu-img info -f qcow2 --output=json --force-share /opt/stack/data/cinder/mnt/bd1d3a70ebe28b26537e1a253ad21a2f/volume-049aab3f-5514-4f9f-a5b1-6cf0b8f6e480 {{(pid=87927) execute /opt/stack/data/venv/lib/python3.12/site-packages/oslo_concurrency/processutils.py:440}}
Jul 29 22:28:56 devstack sudo[95652]: quobyte : PWD=/ ; USER=root ; COMMAND=/opt/stack/data/venv/bin/cinder-rootwrap /etc/cinder/rootwrap.conf env LC_ALL=C qemu-img info -f qcow2 --output=json --force-share /opt/stack/data/cinder/mnt/bd1d3a70ebe28b26537e1a253ad21a2f/volume-049aab3f-5514-4f9f-a5b1-6cf0b8f6e480
Jul 29 22:28:56 devstack sudo[95652]: pam_unix(sudo:session): session opened for user root(uid=0) by (uid=1000)
Jul 29 22:28:56 devstack sudo[95652]: pam_unix(sudo:session): session closed for user root
Jul 29 22:28:56 devstack cinder-volume[87927]: DEBUG oslo_concurrency.processutils [None req-5dedf394-b3d6-4172-8a2a-c14f84c0f969 tempest-GroupSnapshotsTest-1366440066 None] CMD "/opt/stack/data/venv/bin/python3.12 -m oslo_concurrency.prlimit --as=1073741824 --cpu=60 -- sudo cinder-rootwrap /etc/cinder/rootwrap.conf env LC_ALL=C qemu-img info -f qcow2 --output=json --force-share /opt/stack/data/cinder/mnt/bd1d3a70ebe28b26537e1a253ad21a2f/volume-049aab3f-5514-4f9f-a5b1-6cf0b8f6e480" returned: 0 in 0.616s {{(pid=87927) execute /opt/stack/data/venv/lib/python3.12/site-packages/oslo_concurrency/processutils.py:468}}
Jul 29 22:28:56 devstack cinder-volume[87927]: DEBUG oslo_concurrency.processutils [None req-5dedf394-b3d6-4172-8a2a-c14f84c0f969 tempest-GroupSnapshotsTest-1366440066 None] Running cmd (subprocess): sudo cinder-rootwrap /etc/cinder/rootwrap.conf qemu-img commit -d /opt/stack/data/cinder/mnt/bd1d3a70ebe28b26537e1a253ad21a2f/volume-049aab3f-5514-4f9f-a5b1-6cf0b8f6e480.a41a9074-05ec-49f6-b192-63402911f8ef {{(pid=87927) execute /opt/stack/data/venv/lib/python3.12/site-packages/oslo_concurrency/processutils.py:440}}
Jul 29 22:28:56 devstack sudo[95657]: quobyte : PWD=/ ; USER=root ; COMMAND=/opt/stack/data/venv/bin/cinder-rootwrap /etc/cinder/rootwrap.conf qemu-img commit -d /opt/stack/data/cinder/mnt/bd1d3a70ebe28b26537e1a253ad21a2f/volume-049aab3f-5514-4f9f-a5b1-6cf0b8f6e480.a41a9074-05ec-49f6-b192-63402911f8ef
Jul 29 22:28:56 devstack sudo[95657]: pam_unix(sudo:session): session opened for user root(uid=0) by (uid=1000)
Jul 29 22:28:57 devstack sudo[95657]: pam_unix(sudo:session): session closed for user root
Jul 29 22:28:57 devstack cinder-volume[87927]: DEBUG oslo_concurrency.processutils [None req-5dedf394-b3d6-4172-8a2a-c14f84c0f969 tempest-GroupSnapshotsTest-1366440066 None] CMD "sudo cinder-rootwrap /etc/cinder/rootwrap.conf qemu-img commit -d /opt/stack/data/cinder/mnt/bd1d3a70ebe28b26537e1a253ad21a2f/volume-049aab3f-5514-4f9f-a5b1-6cf0b8f6e480.a41a9074-05ec-49f6-b192-63402911f8ef" returned: 0 in 0.679s {{(pid=87927) execute /opt/stack/data/venv/lib/python3.12/site-packages/oslo_concurrency/processutils.py:468}}
Jul 29 22:28:57 devstack cinder-volume[87927]: DEBUG oslo_concurrency.processutils [None req-5dedf394-b3d6-4172-8a2a-c14f84c0f969 tempest-GroupSnapshotsTest-1366440066 None] Running cmd (subprocess): sudo cinder-rootwrap /etc/cinder/rootwrap.conf rm -f /opt/stack/data/cinder/mnt/bd1d3a70ebe28b26537e1a253ad21a2f/volume-049aab3f-5514-4f9f-a5b1-6cf0b8f6e480.a41a9074-05ec-49f6-b192-63402911f8ef {{(pid=87927) execute /opt/stack/data/venv/lib/python3.12/site-packages/oslo_concurrency/processutils.py:440}}
Jul 29 22:28:57 devstack sudo[95663]: quobyte : PWD=/ ; USER=root ; COMMAND=/opt/stack/data/venv/bin/cinder-rootwrap /etc/cinder/rootwrap.conf rm -f /opt/stack/data/cinder/mnt/bd1d3a70ebe28b26537e1a253ad21a2f/volume-049aab3f-5514-4f9f-a5b1-6cf0b8f6e480.a41a9074-05ec-49f6-b192-63402911f8ef
Jul 29 22:28:57 devstack sudo[95663]: pam_unix(sudo:session): session opened for user root(uid=0) by (uid=1000)
Jul 29 22:28:57 devstack sudo[95663]: pam_unix(sudo:session): session closed for user root
Jul 29 22:28:57 devstack cinder-volume[87927]: DEBUG oslo_concurrency.processutils [None req-5dedf394-b3d6-4172-8a2a-c14f84c0f969 tempest-GroupSnapshotsTest-1366440066 None] CMD "sudo cinder-rootwrap /etc/cinder/rootwrap.conf rm -f /opt/stack/data/cinder/mnt/bd1d3a70ebe28b26537e1a253ad21a2f/volume-049aab3f-5514-4f9f-a5b1-6cf0b8f6e480.a41a9074-05ec-49f6-b192-63402911f8ef" returned: 0 in 0.632s {{(pid=87927) execute /opt/stack/data/venv/lib/python3.12/site-packages/oslo_concurrency/processutils.py:468}}
Jul 29 22:28:57 devstack cinder-volume[87927]: DEBUG cinder.coordination [None req-5dedf394-b3d6-4172-8a2a-c14f84c0f969 tempest-GroupSnapshotsTest-1366440066 None] Lock "cinder-quobyte-a41a9074-05ec-49f6-b192-63402911f8ef" released by "_delete_snapshot" :: held 2.706s {{(pid=87927) __release /opt/stack/cinder/cinder/coordination.py:152}}
Jul 29 22:28:57 devstack cinder-volume[87927]: DEBUG cinder.coordination [None req-5dedf394-b3d6-4172-8a2a-c14f84c0f969 tempest-GroupSnapshotsTest-1366440066 None] Lock "cinder-quobyte-049aab3f-5514-4f9f-a5b1-6cf0b8f6e480" released by "delete_snapshot" :: held 2.743s {{(pid=87927) __release /opt/stack/cinder/cinder/coordination.py:152}}
Jul 29 22:28:57 devstack cinder-volume[87927]: DEBUG cinder.coordination [None req-5dedf394-b3d6-4172-8a2a-c14f84c0f969 tempest-GroupSnapshotsTest-1366440066 None] Acquiring lock "cinder-quobyte-9c343a90-c40e-4715-af55-6861d7fa3f39" by "delete_snapshot" {{(pid=87927) __acquire /opt/stack/cinder/cinder/coordination.py:138}}
Jul 29 22:28:57 devstack cinder-volume[87927]: DEBUG cinder.coordination [None req-5dedf394-b3d6-4172-8a2a-c14f84c0f969 tempest-GroupSnapshotsTest-1366440066 None] Lock "cinder-quobyte-9c343a90-c40e-4715-af55-6861d7fa3f39" acquired by "delete_snapshot" :: waited 0.027s {{(pid=87927) __acquire /opt/stack/cinder/cinder/coordination.py:141}}
Jul 29 22:28:57 devstack cinder-volume[87927]: DEBUG cinder.coordination [None req-5dedf394-b3d6-4172-8a2a-c14f84c0f969 tempest-GroupSnapshotsTest-1366440066 None] Acquiring lock "cinder-quobyte-c66f825c-61f3-4884-afa4-1663d8429523" by "_delete_snapshot" {{(pid=87927) __acquire /opt/stack/cinder/cinder/coordination.py:138}}
Jul 29 22:28:57 devstack cinder-volume[87927]: DEBUG cinder.coordination [None req-5dedf394-b3d6-4172-8a2a-c14f84c0f969 tempest-GroupSnapshotsTest-1366440066 None] Lock "cinder-quobyte-c66f825c-61f3-4884-afa4-1663d8429523" acquired by "_delete_snapshot" :: waited 0.018s {{(pid=87927) __acquire /opt/stack/cinder/cinder/coordination.py:141}}
Jul 29 22:28:57 devstack cinder-volume[87927]: DEBUG cinder.volume.drivers.remotefs [None req-5dedf394-b3d6-4172-8a2a-c14f84c0f969 tempest-GroupSnapshotsTest-1366440066 None] Deleting offline snapshot c66f825c-61f3-4884-afa4-1663d8429523 of volume 9c343a90-c40e-4715-af55-6861d7fa3f39 {{(pid=87927) _delete_snapshot /opt/stack/cinder/cinder/volume/drivers/remotefs.py:1288}}
Jul 29 22:28:57 devstack cinder-volume[87927]: DEBUG cinder.volume.drivers.remotefs [None req-5dedf394-b3d6-4172-8a2a-c14f84c0f969 tempest-GroupSnapshotsTest-1366440066 None] snapshot_file for this snap is: volume-9c343a90-c40e-4715-af55-6861d7fa3f39.c66f825c-61f3-4884-afa4-1663d8429523 {{(pid=87927) _delete_snapshot /opt/stack/cinder/cinder/volume/drivers/remotefs.py:1317}}
Jul 29 22:28:57 devstack cinder-volume[87927]: DEBUG oslo.privsep.daemon [-] privsep: reply[1dd96cb3-fa54-475a-8341-04e121a192e5]: (4, 'qcow2') {{(pid=89082) _call_back /opt/stack/data/venv/lib/python3.12/site-packages/oslo_privsep/daemon.py:580}}
Jul 29 22:28:57 devstack cinder-volume[87927]: DEBUG oslo_concurrency.processutils [None req-5dedf394-b3d6-4172-8a2a-c14f84c0f969 tempest-GroupSnapshotsTest-1366440066 None] Running cmd (subprocess): /opt/stack/data/venv/bin/python3.12 -m oslo_concurrency.prlimit --as=1073741824 --cpu=60 -- sudo cinder-rootwrap /etc/cinder/rootwrap.conf env LC_ALL=C qemu-img info -f qcow2 --output=json --force-share /opt/stack/data/cinder/mnt/bd1d3a70ebe28b26537e1a253ad21a2f/volume-9c343a90-c40e-4715-af55-6861d7fa3f39.c66f825c-61f3-4884-afa4-1663d8429523 {{(pid=87927) execute /opt/stack/data/venv/lib/python3.12/site-packages/oslo_concurrency/processutils.py:440}}
Jul 29 22:28:58 devstack sudo[95667]: quobyte : PWD=/ ; USER=root ; COMMAND=/opt/stack/data/venv/bin/cinder-rootwrap /etc/cinder/rootwrap.conf env LC_ALL=C qemu-img info -f qcow2 --output=json --force-share /opt/stack/data/cinder/mnt/bd1d3a70ebe28b26537e1a253ad21a2f/volume-9c343a90-c40e-4715-af55-6861d7fa3f39.c66f825c-61f3-4884-afa4-1663d8429523
Jul 29 22:28:58 devstack sudo[95667]: pam_unix(sudo:session): session opened for user root(uid=0) by (uid=1000)
Jul 29 22:28:58 devstack sudo[95667]: pam_unix(sudo:session): session closed for user root
Jul 29 22:28:58 devstack cinder-volume[87927]: DEBUG oslo_concurrency.processutils [None req-5dedf394-b3d6-4172-8a2a-c14f84c0f969 tempest-GroupSnapshotsTest-1366440066 None] CMD "/opt/stack/data/venv/bin/python3.12 -m oslo_concurrency.prlimit --as=1073741824 --cpu=60 -- sudo cinder-rootwrap /etc/cinder/rootwrap.conf env LC_ALL=C qemu-img info -f qcow2 --output=json --force-share /opt/stack/data/cinder/mnt/bd1d3a70ebe28b26537e1a253ad21a2f/volume-9c343a90-c40e-4715-af55-6861d7fa3f39.c66f825c-61f3-4884-afa4-1663d8429523" returned: 0 in 0.393s {{(pid=87927) execute /opt/stack/data/venv/lib/python3.12/site-packages/oslo_concurrency/processutils.py:468}}
Jul 29 22:28:58 devstack cinder-volume[87927]: DEBUG cinder.volume.drivers.remotefs [None req-5dedf394-b3d6-4172-8a2a-c14f84c0f969 tempest-GroupSnapshotsTest-1366440066 None] Fetching qemu-img info with special backing_file_template: (/opt/stack/data/cinder/mnt/[0-9a-f]+/)?(volume-9c343a90-c40e-4715-af55-6861d7fa3f39(.(tmp-snap-)?[0-9a-f-]+)?|volume_from_snapshot_cache/(tmp-snap-)?[0-9a-f-]+(.(child-|parent-)[0-9a-f-]+)?)$ {{(pid=87927) _qemu_img_info_base /opt/stack/cinder/cinder/volume/drivers/remotefs.py:896}}
Jul 29 22:28:58 devstack cinder-volume[87927]: DEBUG oslo.privsep.daemon [-] privsep: reply[9da7e3c9-ab23-4f6b-8dad-5a13649823e7]: (4, 'qcow2') {{(pid=89082) _call_back /opt/stack/data/venv/lib/python3.12/site-packages/oslo_privsep/daemon.py:580}}
Jul 29 22:28:58 devstack cinder-volume[87927]: DEBUG oslo_concurrency.processutils [None req-5dedf394-b3d6-4172-8a2a-c14f84c0f969 tempest-GroupSnapshotsTest-1366440066 None] Running cmd (subprocess): /opt/stack/data/venv/bin/python3.12 -m oslo_concurrency.prlimit --as=1073741824 --cpu=60 -- sudo cinder-rootwrap /etc/cinder/rootwrap.conf env LC_ALL=C qemu-img info -f qcow2 --output=json --force-share /opt/stack/data/cinder/mnt/bd1d3a70ebe28b26537e1a253ad21a2f/volume-9c343a90-c40e-4715-af55-6861d7fa3f39 {{(pid=87927) execute /opt/stack/data/venv/lib/python3.12/site-packages/oslo_concurrency/processutils.py:440}}
Jul 29 22:28:58 devstack sudo[95681]: quobyte : PWD=/ ; USER=root ; COMMAND=/opt/stack/data/venv/bin/cinder-rootwrap /etc/cinder/rootwrap.conf env LC_ALL=C qemu-img info -f qcow2 --output=json --force-share /opt/stack/data/cinder/mnt/bd1d3a70ebe28b26537e1a253ad21a2f/volume-9c343a90-c40e-4715-af55-6861d7fa3f39
Jul 29 22:28:58 devstack sudo[95681]: pam_unix(sudo:session): session opened for user root(uid=0) by (uid=1000)
Jul 29 22:28:58 devstack cinder-volume[87927]: DEBUG oslo_service.periodic_task [None req-bd677921-659f-4639-8f7e-f432935760c6 None None] Running periodic task VolumeManager.publish_service_capabilities {{(pid=87927) run_periodic_tasks /opt/stack/data/venv/lib/python3.12/site-packages/oslo_service/periodic_task.py:254}}
Jul 29 22:28:58 devstack cinder-volume[87927]: DEBUG oslo_concurrency.lockutils [None req-bd677921-659f-4639-8f7e-f432935760c6 None None] Acquiring lock "quobyte_ensure" by "cinder.volume.drivers.quobyte.QuobyteDriver._ensure_shares_mounted" {{(pid=87927) inner /opt/stack/data/venv/lib/python3.12/site-packages/oslo_concurrency/lockutils.py:512}}
Jul 29 22:28:58 devstack cinder-volume[87927]: DEBUG oslo_concurrency.lockutils [None req-bd677921-659f-4639-8f7e-f432935760c6 None None] Lock "quobyte_ensure" acquired by "cinder.volume.drivers.quobyte.QuobyteDriver._ensure_shares_mounted" :: waited 0.000s {{(pid=87927) inner /opt/stack/data/venv/lib/python3.12/site-packages/oslo_concurrency/lockutils.py:525}}
Jul 29 22:28:58 devstack cinder-volume[87927]: DEBUG cinder.volume.drivers.quobyte [None req-bd677921-659f-4639-8f7e-f432935760c6 None None] Quobyte Volume URL set to: {'osci02.corp.quobyte.com/cinder-vol-9aa5f57a-9938-4c81-bf4d-23ba438965b4': None} {{(pid=87927) _load_shares_config /opt/stack/cinder/cinder/volume/drivers/quobyte.py:617}}
Jul 29 22:28:58 devstack cinder-volume[87927]: DEBUG cinder.volume.drivers.quobyte [None req-bd677921-659f-4639-8f7e-f432935760c6 None None] Available shares ['osci02.corp.quobyte.com/cinder-vol-9aa5f57a-9938-4c81-bf4d-23ba438965b4'] {{(pid=87927) _ensure_shares_mounted /opt/stack/cinder/cinder/volume/drivers/quobyte.py:647}}
Jul 29 22:28:58 devstack cinder-volume[87927]: DEBUG oslo_concurrency.lockutils [None req-bd677921-659f-4639-8f7e-f432935760c6 None None] Lock "quobyte_ensure" "released" by "cinder.volume.drivers.quobyte.QuobyteDriver._ensure_shares_mounted" :: held 0.017s {{(pid=87927) inner /opt/stack/data/venv/lib/python3.12/site-packages/oslo_concurrency/lockutils.py:544}}
Jul 29 22:28:58 devstack cinder-volume[87927]: DEBUG oslo_concurrency.processutils [None req-bd677921-659f-4639-8f7e-f432935760c6 None None] Running cmd (subprocess): sudo cinder-rootwrap /etc/cinder/rootwrap.conf df --portability --block-size 1 /opt/stack/data/cinder/mnt/bd1d3a70ebe28b26537e1a253ad21a2f {{(pid=87927) execute /opt/stack/data/venv/lib/python3.12/site-packages/oslo_concurrency/processutils.py:440}}
Jul 29 22:28:58 devstack sudo[95692]: quobyte : PWD=/ ; USER=root ; COMMAND=/opt/stack/data/venv/bin/cinder-rootwrap /etc/cinder/rootwrap.conf df --portability --block-size 1 /opt/stack/data/cinder/mnt/bd1d3a70ebe28b26537e1a253ad21a2f
Jul 29 22:28:58 devstack sudo[95692]: pam_unix(sudo:session): session opened for user root(uid=0) by (uid=1000)
Jul 29 22:28:58 devstack sudo[95681]: pam_unix(sudo:session): session closed for user root
Jul 29 22:28:58 devstack cinder-volume[87927]: DEBUG oslo_concurrency.processutils [None req-5dedf394-b3d6-4172-8a2a-c14f84c0f969 tempest-GroupSnapshotsTest-1366440066 None] CMD "/opt/stack/data/venv/bin/python3.12 -m oslo_concurrency.prlimit --as=1073741824 --cpu=60 -- sudo cinder-rootwrap /etc/cinder/rootwrap.conf env LC_ALL=C qemu-img info -f qcow2 --output=json --force-share /opt/stack/data/cinder/mnt/bd1d3a70ebe28b26537e1a253ad21a2f/volume-9c343a90-c40e-4715-af55-6861d7fa3f39" returned: 0 in 0.583s {{(pid=87927) execute /opt/stack/data/venv/lib/python3.12/site-packages/oslo_concurrency/processutils.py:468}}
Jul 29 22:28:58 devstack cinder-volume[87927]: DEBUG oslo_concurrency.processutils [None req-5dedf394-b3d6-4172-8a2a-c14f84c0f969 tempest-GroupSnapshotsTest-1366440066 None] Running cmd (subprocess): sudo cinder-rootwrap /etc/cinder/rootwrap.conf qemu-img commit -d /opt/stack/data/cinder/mnt/bd1d3a70ebe28b26537e1a253ad21a2f/volume-9c343a90-c40e-4715-af55-6861d7fa3f39.c66f825c-61f3-4884-afa4-1663d8429523 {{(pid=87927) execute /opt/stack/data/venv/lib/python3.12/site-packages/oslo_concurrency/processutils.py:440}}
Jul 29 22:28:59 devstack sudo[95697]: quobyte : PWD=/ ; USER=root ; COMMAND=/opt/stack/data/venv/bin/cinder-rootwrap /etc/cinder/rootwrap.conf qemu-img commit -d /opt/stack/data/cinder/mnt/bd1d3a70ebe28b26537e1a253ad21a2f/volume-9c343a90-c40e-4715-af55-6861d7fa3f39.c66f825c-61f3-4884-afa4-1663d8429523
Jul 29 22:28:59 devstack sudo[95697]: pam_unix(sudo:session): session opened for user root(uid=0) by (uid=1000)
Jul 29 22:28:59 devstack sudo[95692]: pam_unix(sudo:session): session closed for user root
Jul 29 22:28:59 devstack cinder-volume[87927]: DEBUG oslo_concurrency.processutils [None req-bd677921-659f-4639-8f7e-f432935760c6 None None] CMD "sudo cinder-rootwrap /etc/cinder/rootwrap.conf df --portability --block-size 1 /opt/stack/data/cinder/mnt/bd1d3a70ebe28b26537e1a253ad21a2f" returned: 0 in 0.353s {{(pid=87927) execute /opt/stack/data/venv/lib/python3.12/site-packages/oslo_concurrency/processutils.py:468}}
Jul 29 22:28:59 devstack cinder-volume[87927]: DEBUG cinder.manager [None req-bd677921-659f-4639-8f7e-f432935760c6 None None] Notifying Schedulers of capabilities ... {{(pid=87927) _publish_service_capabilities /opt/stack/cinder/cinder/manager.py:202}}
Jul 29 22:28:59 devstack sudo[95697]: pam_unix(sudo:session): session closed for user root
Jul 29 22:28:59 devstack cinder-volume[87927]: DEBUG oslo_concurrency.processutils [None req-5dedf394-b3d6-4172-8a2a-c14f84c0f969 tempest-GroupSnapshotsTest-1366440066 None] CMD "sudo cinder-rootwrap /etc/cinder/rootwrap.conf qemu-img commit -d /opt/stack/data/cinder/mnt/bd1d3a70ebe28b26537e1a253ad21a2f/volume-9c343a90-c40e-4715-af55-6861d7fa3f39.c66f825c-61f3-4884-afa4-1663d8429523" returned: 0 in 0.595s {{(pid=87927) execute /opt/stack/data/venv/lib/python3.12/site-packages/oslo_concurrency/processutils.py:468}}
Jul 29 22:28:59 devstack cinder-volume[87927]: DEBUG oslo_concurrency.processutils [None req-5dedf394-b3d6-4172-8a2a-c14f84c0f969 tempest-GroupSnapshotsTest-1366440066 None] Running cmd (subprocess): sudo cinder-rootwrap /etc/cinder/rootwrap.conf rm -f /opt/stack/data/cinder/mnt/bd1d3a70ebe28b26537e1a253ad21a2f/volume-9c343a90-c40e-4715-af55-6861d7fa3f39.c66f825c-61f3-4884-afa4-1663d8429523 {{(pid=87927) execute /opt/stack/data/venv/lib/python3.12/site-packages/oslo_concurrency/processutils.py:440}}
Jul 29 22:28:59 devstack sudo[95716]: quobyte : PWD=/ ; USER=root ; COMMAND=/opt/stack/data/venv/bin/cinder-rootwrap /etc/cinder/rootwrap.conf rm -f /opt/stack/data/cinder/mnt/bd1d3a70ebe28b26537e1a253ad21a2f/volume-9c343a90-c40e-4715-af55-6861d7fa3f39.c66f825c-61f3-4884-afa4-1663d8429523
Jul 29 22:28:59 devstack sudo[95716]: pam_unix(sudo:session): session opened for user root(uid=0) by (uid=1000)
Jul 29 22:29:00 devstack sudo[95716]: pam_unix(sudo:session): session closed for user root
Jul 29 22:29:00 devstack cinder-volume[87927]: DEBUG oslo_concurrency.processutils [None req-5dedf394-b3d6-4172-8a2a-c14f84c0f969 tempest-GroupSnapshotsTest-1366440066 None] CMD "sudo cinder-rootwrap /etc/cinder/rootwrap.conf rm -f /opt/stack/data/cinder/mnt/bd1d3a70ebe28b26537e1a253ad21a2f/volume-9c343a90-c40e-4715-af55-6861d7fa3f39.c66f825c-61f3-4884-afa4-1663d8429523" returned: 0 in 0.453s {{(pid=87927) execute /opt/stack/data/venv/lib/python3.12/site-packages/oslo_concurrency/processutils.py:468}}
Jul 29 22:29:00 devstack cinder-volume[87927]: DEBUG cinder.coordination [None req-5dedf394-b3d6-4172-8a2a-c14f84c0f969 tempest-GroupSnapshotsTest-1366440066 None] Lock "cinder-quobyte-c66f825c-61f3-4884-afa4-1663d8429523" released by "_delete_snapshot" :: held 2.202s {{(pid=87927) __release /opt/stack/cinder/cinder/coordination.py:152}}
Jul 29 22:29:00 devstack cinder-volume[87927]: INFO cinder.volume.manager [None req-bb49e803-9847-447f-9d27-926121f1ae51 tempest-GroupsV314Test-940534723 None] Group tempest-GroupsV314Test-Group-1971552884: creating
Jul 29 22:29:00 devstack cinder-volume[87927]: DEBUG cinder.coordination [None req-5dedf394-b3d6-4172-8a2a-c14f84c0f969 tempest-GroupSnapshotsTest-1366440066 None] Lock "cinder-quobyte-9c343a90-c40e-4715-af55-6861d7fa3f39" released by "delete_snapshot" :: held 2.237s {{(pid=87927) __release /opt/stack/cinder/cinder/coordination.py:152}}
Jul 29 22:29:00 devstack cinder-volume[87927]: INFO cinder.volume.manager [None req-bb49e803-9847-447f-9d27-926121f1ae51 tempest-GroupsV314Test-940534723 None] Group tempest-GroupsV314Test-Group-1971552884: created successfully
Jul 29 22:29:00 devstack cinder-volume[87927]: INFO cinder.volume.manager [None req-bb49e803-9847-447f-9d27-926121f1ae51 tempest-GroupsV314Test-940534723 None] Create group completed successfully.
Jul 29 22:29:00 devstack cinder-volume[87927]: WARNING cinder.quota [None req-5dedf394-b3d6-4172-8a2a-c14f84c0f969 tempest-GroupSnapshotsTest-1366440066 None] Deprecated: Default quota for resource: gigabytes_tempest-GroupSnapshotsTest-volume-type-717804546 is set by the default quota flag: quota_gigabytes_tempest-GroupSnapshotsTest-volume-type-717804546, it is now deprecated. Please use the default quota class for default quota.
Jul 29 22:29:00 devstack cinder-volume[87927]: WARNING cinder.quota [None req-5dedf394-b3d6-4172-8a2a-c14f84c0f969 tempest-GroupSnapshotsTest-1366440066 None] Deprecated: Default quota for resource: snapshots_tempest-GroupSnapshotsTest-volume-type-717804546 is set by the default quota flag: quota_snapshots_tempest-GroupSnapshotsTest-volume-type-717804546, it is now deprecated. Please use the default quota class for default quota.
