Feb 27 22:31:15 devstack cinder-volume[82720]: DEBUG oslo_concurrency.processutils [None req-100fcdf0-174e-4fcc-9a6e-a341cb674f82 tempest-GroupSnapshotsV319Test-282099532 None] Running cmd (subprocess): /opt/stack/data/venv/bin/python3.10 -m oslo_concurrency.prlimit --as=1073741824 --cpu=60 -- sudo cinder-rootwrap /etc/cinder/rootwrap.conf env LC_ALL=C qemu-img info -f qcow2 --output=json --force-share /opt/stack/data/cinder/mnt/d7491eb56809c321b0719a45d83df3d4/volume-c6a8e96e-0c41-4e4e-bf57-a43e39a49178 {{(pid=82720) execute /opt/stack/data/venv/lib/python3.10/site-packages/oslo_concurrency/processutils.py:440}}
Feb 27 22:31:15 devstack sudo[84493]: quobyte : PWD=/ ; USER=root ; COMMAND=/opt/stack/data/venv/bin/cinder-rootwrap /etc/cinder/rootwrap.conf env LC_ALL=C qemu-img info -f qcow2 --output=json --force-share /opt/stack/data/cinder/mnt/d7491eb56809c321b0719a45d83df3d4/volume-c6a8e96e-0c41-4e4e-bf57-a43e39a49178
Feb 27 22:31:15 devstack sudo[84493]: pam_unix(sudo:session): session opened for user root(uid=0) by (uid=1000)
Feb 27 22:31:16 devstack sudo[84493]: pam_unix(sudo:session): session closed for user root
Feb 27 22:31:16 devstack cinder-volume[82720]: DEBUG oslo_concurrency.processutils [None req-100fcdf0-174e-4fcc-9a6e-a341cb674f82 tempest-GroupSnapshotsV319Test-282099532 None] CMD "/opt/stack/data/venv/bin/python3.10 -m oslo_concurrency.prlimit --as=1073741824 --cpu=60 -- sudo cinder-rootwrap /etc/cinder/rootwrap.conf env LC_ALL=C qemu-img info -f qcow2 --output=json --force-share /opt/stack/data/cinder/mnt/d7491eb56809c321b0719a45d83df3d4/volume-c6a8e96e-0c41-4e4e-bf57-a43e39a49178" returned: 0 in 0.658s {{(pid=82720) execute /opt/stack/data/venv/lib/python3.10/site-packages/oslo_concurrency/processutils.py:468}}
Feb 27 22:31:16 devstack cinder-volume[82720]: DEBUG oslo_concurrency.processutils [None req-100fcdf0-174e-4fcc-9a6e-a341cb674f82 tempest-GroupSnapshotsV319Test-282099532 None] Running cmd (subprocess): sudo cinder-rootwrap /etc/cinder/rootwrap.conf qemu-img create -f qcow2 -o backing_file=/opt/stack/data/cinder/mnt/d7491eb56809c321b0719a45d83df3d4/volume-c6a8e96e-0c41-4e4e-bf57-a43e39a49178,backing_fmt=qcow2 /opt/stack/data/cinder/mnt/d7491eb56809c321b0719a45d83df3d4/volume-c6a8e96e-0c41-4e4e-bf57-a43e39a49178.07cfc95d-af6e-47a1-92bd-fe96927e2ff9 1G {{(pid=82720) execute /opt/stack/data/venv/lib/python3.10/site-packages/oslo_concurrency/processutils.py:440}}
Feb 27 22:31:16 devstack sudo[84500]: quobyte : PWD=/ ; USER=root ; COMMAND=/opt/stack/data/venv/bin/cinder-rootwrap /etc/cinder/rootwrap.conf qemu-img create -f qcow2 -o backing_file=/opt/stack/data/cinder/mnt/d7491eb56809c321b0719a45d83df3d4/volume-c6a8e96e-0c41-4e4e-bf57-a43e39a49178,backing_fmt=qcow2 /opt/stack/data/cinder/mnt/d7491eb56809c321b0719a45d83df3d4/volume-c6a8e96e-0c41-4e4e-bf57-a43e39a49178.07cfc95d-af6e-47a1-92bd-fe96927e2ff9 1G
Feb 27 22:31:16 devstack sudo[84500]: pam_unix(sudo:session): session opened for user root(uid=0) by (uid=1000)
Feb 27 22:31:16 devstack sudo[84500]: pam_unix(sudo:session): session closed for user root
Feb 27 22:31:16 devstack cinder-volume[82720]: DEBUG oslo_concurrency.processutils [None req-100fcdf0-174e-4fcc-9a6e-a341cb674f82 tempest-GroupSnapshotsV319Test-282099532 None] CMD "sudo cinder-rootwrap /etc/cinder/rootwrap.conf qemu-img create -f qcow2 -o backing_file=/opt/stack/data/cinder/mnt/d7491eb56809c321b0719a45d83df3d4/volume-c6a8e96e-0c41-4e4e-bf57-a43e39a49178,backing_fmt=qcow2 /opt/stack/data/cinder/mnt/d7491eb56809c321b0719a45d83df3d4/volume-c6a8e96e-0c41-4e4e-bf57-a43e39a49178.07cfc95d-af6e-47a1-92bd-fe96927e2ff9 1G" returned: 0 in 0.620s {{(pid=82720) execute /opt/stack/data/venv/lib/python3.10/site-packages/oslo_concurrency/processutils.py:468}}
Feb 27 22:31:16 devstack cinder-volume[82720]: DEBUG oslo_concurrency.processutils [None req-100fcdf0-174e-4fcc-9a6e-a341cb674f82 tempest-GroupSnapshotsV319Test-282099532 None] Running cmd (subprocess): sudo cinder-rootwrap /etc/cinder/rootwrap.conf qemu-img rebase -u -b volume-c6a8e96e-0c41-4e4e-bf57-a43e39a49178 -F qcow2 /opt/stack/data/cinder/mnt/d7491eb56809c321b0719a45d83df3d4/volume-c6a8e96e-0c41-4e4e-bf57-a43e39a49178.07cfc95d-af6e-47a1-92bd-fe96927e2ff9 {{(pid=82720) execute /opt/stack/data/venv/lib/python3.10/site-packages/oslo_concurrency/processutils.py:440}}
Feb 27 22:31:16 devstack sudo[84508]: quobyte : PWD=/ ; USER=root ; COMMAND=/opt/stack/data/venv/bin/cinder-rootwrap /etc/cinder/rootwrap.conf qemu-img rebase -u -b volume-c6a8e96e-0c41-4e4e-bf57-a43e39a49178 -F qcow2 /opt/stack/data/cinder/mnt/d7491eb56809c321b0719a45d83df3d4/volume-c6a8e96e-0c41-4e4e-bf57-a43e39a49178.07cfc95d-af6e-47a1-92bd-fe96927e2ff9
Feb 27 22:31:16 devstack sudo[84508]: pam_unix(sudo:session): session opened for user root(uid=0) by (uid=1000)
Feb 27 22:31:17 devstack cinder-volume[82720]: INFO cinder.volume.manager [req-d25c9a5b-6e7a-4498-8679-329dc5a238a8 req-ad6d096f-40a6-4540-ba59-b8a38c897f52 tempest-DeleteServersTestJSON-1533059622 None] Terminate volume connection completed successfully.
Feb 27 22:31:17 devstack cinder-volume[82720]: DEBUG cinder.volume.manager [req-d25c9a5b-6e7a-4498-8679-329dc5a238a8 req-ad6d096f-40a6-4540-ba59-b8a38c897f52 tempest-DeleteServersTestJSON-1533059622 None] Deleting attachment 046f6e07-3bc0-4fad-95a9-2a331be71ba0. {{(pid=82720) attachment_delete /opt/stack/cinder/cinder/volume/manager.py:5058}}
Feb 27 22:31:17 devstack sudo[84508]: pam_unix(sudo:session): session closed for user root
Feb 27 22:31:17 devstack cinder-volume[82720]: DEBUG oslo_concurrency.processutils [None req-100fcdf0-174e-4fcc-9a6e-a341cb674f82 tempest-GroupSnapshotsV319Test-282099532 None] CMD "sudo cinder-rootwrap /etc/cinder/rootwrap.conf qemu-img rebase -u -b volume-c6a8e96e-0c41-4e4e-bf57-a43e39a49178 -F qcow2 /opt/stack/data/cinder/mnt/d7491eb56809c321b0719a45d83df3d4/volume-c6a8e96e-0c41-4e4e-bf57-a43e39a49178.07cfc95d-af6e-47a1-92bd-fe96927e2ff9" returned: 0 in 0.554s {{(pid=82720) execute /opt/stack/data/venv/lib/python3.10/site-packages/oslo_concurrency/processutils.py:468}}
Feb 27 22:31:17 devstack cinder-volume[82720]: WARNING cinder.volume.drivers.remotefs [None req-100fcdf0-174e-4fcc-9a6e-a341cb674f82 tempest-GroupSnapshotsV319Test-282099532 None] /opt/stack/data/cinder/mnt/d7491eb56809c321b0719a45d83df3d4/volume-c6a8e96e-0c41-4e4e-bf57-a43e39a49178.07cfc95d-af6e-47a1-92bd-fe96927e2ff9 is being set with open permissions: ugo+rw: NotImplementedError
Feb 27 22:31:17 devstack cinder-volume[82720]: DEBUG oslo_concurrency.processutils [None req-100fcdf0-174e-4fcc-9a6e-a341cb674f82 tempest-GroupSnapshotsV319Test-282099532 None] Running cmd (subprocess): sudo cinder-rootwrap /etc/cinder/rootwrap.conf chmod ugo+rw /opt/stack/data/cinder/mnt/d7491eb56809c321b0719a45d83df3d4/volume-c6a8e96e-0c41-4e4e-bf57-a43e39a49178.07cfc95d-af6e-47a1-92bd-fe96927e2ff9 {{(pid=82720) execute /opt/stack/data/venv/lib/python3.10/site-packages/oslo_concurrency/processutils.py:440}}
Feb 27 22:31:17 devstack sudo[84513]: quobyte : PWD=/ ; USER=root ; COMMAND=/opt/stack/data/venv/bin/cinder-rootwrap /etc/cinder/rootwrap.conf chmod ugo+rw /opt/stack/data/cinder/mnt/d7491eb56809c321b0719a45d83df3d4/volume-c6a8e96e-0c41-4e4e-bf57-a43e39a49178.07cfc95d-af6e-47a1-92bd-fe96927e2ff9
Feb 27 22:31:17 devstack sudo[84513]: pam_unix(sudo:session): session opened for user root(uid=0) by (uid=1000)
Feb 27 22:31:18 devstack sudo[84513]: pam_unix(sudo:session): session closed for user root
Feb 27 22:31:18 devstack cinder-volume[82720]: DEBUG oslo_concurrency.processutils [None req-100fcdf0-174e-4fcc-9a6e-a341cb674f82 tempest-GroupSnapshotsV319Test-282099532 None] CMD "sudo cinder-rootwrap /etc/cinder/rootwrap.conf chmod ugo+rw /opt/stack/data/cinder/mnt/d7491eb56809c321b0719a45d83df3d4/volume-c6a8e96e-0c41-4e4e-bf57-a43e39a49178.07cfc95d-af6e-47a1-92bd-fe96927e2ff9" returned: 0 in 0.515s {{(pid=82720) execute /opt/stack/data/venv/lib/python3.10/site-packages/oslo_concurrency/processutils.py:468}}
Feb 27 22:31:18 devstack cinder-volume[82720]: DEBUG oslo_concurrency.processutils [None req-100fcdf0-174e-4fcc-9a6e-a341cb674f82 tempest-GroupSnapshotsV319Test-282099532 None] Running cmd (subprocess): sudo cinder-rootwrap /etc/cinder/rootwrap.conf truncate -s0 /opt/stack/data/cinder/mnt/d7491eb56809c321b0719a45d83df3d4/volume-c6a8e96e-0c41-4e4e-bf57-a43e39a49178.info {{(pid=82720) execute /opt/stack/data/venv/lib/python3.10/site-packages/oslo_concurrency/processutils.py:440}}
Feb 27 22:31:18 devstack sudo[84518]: quobyte : PWD=/ ; USER=root ; COMMAND=/opt/stack/data/venv/bin/cinder-rootwrap /etc/cinder/rootwrap.conf truncate -s0 /opt/stack/data/cinder/mnt/d7491eb56809c321b0719a45d83df3d4/volume-c6a8e96e-0c41-4e4e-bf57-a43e39a49178.info
Feb 27 22:31:18 devstack sudo[84518]: pam_unix(sudo:session): session opened for user root(uid=0) by (uid=1000)
Feb 27 22:31:18 devstack sudo[84518]: pam_unix(sudo:session): session closed for user root
Feb 27 22:31:18 devstack cinder-volume[82720]: DEBUG oslo_concurrency.processutils [None req-100fcdf0-174e-4fcc-9a6e-a341cb674f82 tempest-GroupSnapshotsV319Test-282099532 None] CMD "sudo cinder-rootwrap /etc/cinder/rootwrap.conf truncate -s0 /opt/stack/data/cinder/mnt/d7491eb56809c321b0719a45d83df3d4/volume-c6a8e96e-0c41-4e4e-bf57-a43e39a49178.info" returned: 0 in 0.434s {{(pid=82720) execute /opt/stack/data/venv/lib/python3.10/site-packages/oslo_concurrency/processutils.py:468}}
Feb 27 22:31:18 devstack cinder-volume[82720]: WARNING cinder.volume.drivers.remotefs [None req-100fcdf0-174e-4fcc-9a6e-a341cb674f82 tempest-GroupSnapshotsV319Test-282099532 None] /opt/stack/data/cinder/mnt/d7491eb56809c321b0719a45d83df3d4/volume-c6a8e96e-0c41-4e4e-bf57-a43e39a49178.info is being set with open permissions: ugo+rw: NotImplementedError
Feb 27 22:31:18 devstack cinder-volume[82720]: DEBUG oslo_concurrency.processutils [None req-100fcdf0-174e-4fcc-9a6e-a341cb674f82 tempest-GroupSnapshotsV319Test-282099532 None] Running cmd (subprocess): sudo cinder-rootwrap /etc/cinder/rootwrap.conf chmod ugo+rw /opt/stack/data/cinder/mnt/d7491eb56809c321b0719a45d83df3d4/volume-c6a8e96e-0c41-4e4e-bf57-a43e39a49178.info {{(pid=82720) execute /opt/stack/data/venv/lib/python3.10/site-packages/oslo_concurrency/processutils.py:440}}
Feb 27 22:31:18 devstack sudo[84522]: quobyte : PWD=/ ; USER=root ; COMMAND=/opt/stack/data/venv/bin/cinder-rootwrap /etc/cinder/rootwrap.conf chmod ugo+rw /opt/stack/data/cinder/mnt/d7491eb56809c321b0719a45d83df3d4/volume-c6a8e96e-0c41-4e4e-bf57-a43e39a49178.info
Feb 27 22:31:18 devstack sudo[84522]: pam_unix(sudo:session): session opened for user root(uid=0) by (uid=1000)
Feb 27 22:31:18 devstack sudo[84522]: pam_unix(sudo:session): session closed for user root
Feb 27 22:31:18 devstack cinder-volume[82720]: DEBUG oslo_concurrency.processutils [None req-100fcdf0-174e-4fcc-9a6e-a341cb674f82 tempest-GroupSnapshotsV319Test-282099532 None] CMD "sudo cinder-rootwrap /etc/cinder/rootwrap.conf chmod ugo+rw /opt/stack/data/cinder/mnt/d7491eb56809c321b0719a45d83df3d4/volume-c6a8e96e-0c41-4e4e-bf57-a43e39a49178.info" returned: 0 in 0.431s {{(pid=82720) execute /opt/stack/data/venv/lib/python3.10/site-packages/oslo_concurrency/processutils.py:468}}
Feb 27 22:31:18 devstack cinder-volume[82720]: DEBUG oslo_concurrency.lockutils [None req-100fcdf0-174e-4fcc-9a6e-a341cb674f82 tempest-GroupSnapshotsV319Test-282099532 None] Lock "quobyte" "released" by "cinder.volume.drivers.quobyte.QuobyteDriver.create_snapshot" :: held 3.273s {{(pid=82720) inner /opt/stack/data/venv/lib/python3.10/site-packages/oslo_concurrency/lockutils.py:538}}
Feb 27 22:31:19 devstack cinder-volume[82720]: INFO cinder.volume.manager [None req-100fcdf0-174e-4fcc-9a6e-a341cb674f82 tempest-GroupSnapshotsV319Test-282099532 None] group_snapshot 9f3d5349-42d2-4575-81ea-f1097f76bb17: created successfully
Feb 27 22:31:20 devstack cinder-volume[82720]: INFO cinder.volume.manager [None req-143438a7-c9cd-47a4-bc21-0e394826c350 tempest-GroupSnapshotsV319Test-282099532 None] group_snapshot 9f3d5349-42d2-4575-81ea-f1097f76bb17: deleting
Feb 27 22:31:20 devstack cinder-volume[82720]: DEBUG cinder.volume.manager [None req-143438a7-c9cd-47a4-bc21-0e394826c350 tempest-GroupSnapshotsV319Test-282099532 None] group_snapshot 9f3d5349-42d2-4575-81ea-f1097f76bb17: deleting {{(pid=82720) delete_group_snapshot /opt/stack/cinder/cinder/volume/manager.py:4353}}
Feb 27 22:31:20 devstack cinder-volume[82720]: DEBUG cinder.coordination [None req-143438a7-c9cd-47a4-bc21-0e394826c350 tempest-GroupSnapshotsV319Test-282099532 None] Acquiring lock "cinder-quobyte-c6a8e96e-0c41-4e4e-bf57-a43e39a49178" by "delete_snapshot" {{(pid=82720) __acquire /opt/stack/cinder/cinder/coordination.py:138}}
Feb 27 22:31:20 devstack cinder-volume[82720]: DEBUG cinder.coordination [None req-143438a7-c9cd-47a4-bc21-0e394826c350 tempest-GroupSnapshotsV319Test-282099532 None] Lock "cinder-quobyte-c6a8e96e-0c41-4e4e-bf57-a43e39a49178" acquired by "delete_snapshot" :: waited 0.010s {{(pid=82720) __acquire /opt/stack/cinder/cinder/coordination.py:141}}
Feb 27 22:31:20 devstack cinder-volume[82720]: DEBUG cinder.coordination [None req-143438a7-c9cd-47a4-bc21-0e394826c350 tempest-GroupSnapshotsV319Test-282099532 None] Acquiring lock "cinder-quobyte-07cfc95d-af6e-47a1-92bd-fe96927e2ff9" by "_delete_snapshot" {{(pid=82720) __acquire /opt/stack/cinder/cinder/coordination.py:138}}
Feb 27 22:31:20 devstack cinder-volume[82720]: DEBUG cinder.coordination [None req-143438a7-c9cd-47a4-bc21-0e394826c350 tempest-GroupSnapshotsV319Test-282099532 None] Lock "cinder-quobyte-07cfc95d-af6e-47a1-92bd-fe96927e2ff9" acquired by "_delete_snapshot" :: waited 0.011s {{(pid=82720) __acquire /opt/stack/cinder/cinder/coordination.py:141}}
Feb 27 22:31:20 devstack cinder-volume[82720]: DEBUG cinder.volume.drivers.remotefs [None req-143438a7-c9cd-47a4-bc21-0e394826c350 tempest-GroupSnapshotsV319Test-282099532 None] Deleting offline snapshot 07cfc95d-af6e-47a1-92bd-fe96927e2ff9 of volume c6a8e96e-0c41-4e4e-bf57-a43e39a49178 {{(pid=82720) _delete_snapshot /opt/stack/cinder/cinder/volume/drivers/remotefs.py:1288}}
Feb 27 22:31:20 devstack cinder-volume[82720]: DEBUG cinder.volume.drivers.remotefs [None req-143438a7-c9cd-47a4-bc21-0e394826c350 tempest-GroupSnapshotsV319Test-282099532 None] snapshot_file for this snap is: volume-c6a8e96e-0c41-4e4e-bf57-a43e39a49178.07cfc95d-af6e-47a1-92bd-fe96927e2ff9 {{(pid=82720) _delete_snapshot /opt/stack/cinder/cinder/volume/drivers/remotefs.py:1317}}
Feb 27 22:31:20 devstack cinder-volume[82720]: DEBUG oslo.privsep.daemon [-] privsep: reply[bda09a1b-5657-4444-b4f2-91843b6a5349]: (4, 'qcow2') {{(pid=83489) _call_back /opt/stack/data/venv/lib/python3.10/site-packages/oslo_privsep/daemon.py:573}}
Feb 27 22:31:20 devstack cinder-volume[82720]: DEBUG oslo_concurrency.processutils [None req-143438a7-c9cd-47a4-bc21-0e394826c350 tempest-GroupSnapshotsV319Test-282099532 None] Running cmd (subprocess): /opt/stack/data/venv/bin/python3.10 -m oslo_concurrency.prlimit --as=1073741824 --cpu=60 -- sudo cinder-rootwrap /etc/cinder/rootwrap.conf env LC_ALL=C qemu-img info -f qcow2 --output=json --force-share /opt/stack/data/cinder/mnt/d7491eb56809c321b0719a45d83df3d4/volume-c6a8e96e-0c41-4e4e-bf57-a43e39a49178.07cfc95d-af6e-47a1-92bd-fe96927e2ff9 {{(pid=82720) execute /opt/stack/data/venv/lib/python3.10/site-packages/oslo_concurrency/processutils.py:440}}
Feb 27 22:31:20 devstack sudo[84525]: quobyte : PWD=/ ; USER=root ; COMMAND=/opt/stack/data/venv/bin/cinder-rootwrap /etc/cinder/rootwrap.conf env LC_ALL=C qemu-img info -f qcow2 --output=json --force-share /opt/stack/data/cinder/mnt/d7491eb56809c321b0719a45d83df3d4/volume-c6a8e96e-0c41-4e4e-bf57-a43e39a49178.07cfc95d-af6e-47a1-92bd-fe96927e2ff9
Feb 27 22:31:20 devstack sudo[84525]: pam_unix(sudo:session): session opened for user root(uid=0) by (uid=1000)
Feb 27 22:31:20 devstack sudo[84525]: pam_unix(sudo:session): session closed for user root
Feb 27 22:31:20 devstack cinder-volume[82720]: DEBUG oslo_concurrency.processutils [None req-143438a7-c9cd-47a4-bc21-0e394826c350 tempest-GroupSnapshotsV319Test-282099532 None] CMD "/opt/stack/data/venv/bin/python3.10 -m oslo_concurrency.prlimit --as=1073741824 --cpu=60 -- sudo cinder-rootwrap /etc/cinder/rootwrap.conf env LC_ALL=C qemu-img info -f qcow2 --output=json --force-share /opt/stack/data/cinder/mnt/d7491eb56809c321b0719a45d83df3d4/volume-c6a8e96e-0c41-4e4e-bf57-a43e39a49178.07cfc95d-af6e-47a1-92bd-fe96927e2ff9" returned: 0 in 0.529s {{(pid=82720) execute /opt/stack/data/venv/lib/python3.10/site-packages/oslo_concurrency/processutils.py:468}}
Feb 27 22:31:20 devstack cinder-volume[82720]: DEBUG cinder.volume.drivers.remotefs [None req-143438a7-c9cd-47a4-bc21-0e394826c350 tempest-GroupSnapshotsV319Test-282099532 None] Fetching qemu-img info with special backing_file_template: (/opt/stack/data/cinder/mnt/[0-9a-f]+/)?(volume-c6a8e96e-0c41-4e4e-bf57-a43e39a49178(.(tmp-snap-)?[0-9a-f-]+)?|volume_from_snapshot_cache/(tmp-snap-)?[0-9a-f-]+(.(child-|parent-)[0-9a-f-]+)?)$ {{(pid=82720) _qemu_img_info_base /opt/stack/cinder/cinder/volume/drivers/remotefs.py:896}}
Feb 27 22:31:20 devstack cinder-volume[82720]: DEBUG oslo.privsep.daemon [-] privsep: reply[bd6f0fbb-0ede-4605-80ed-e1beb137ae22]: (4, 'qcow2') {{(pid=83489) _call_back /opt/stack/data/venv/lib/python3.10/site-packages/oslo_privsep/daemon.py:573}}
Feb 27 22:31:20 devstack cinder-volume[82720]: DEBUG oslo_concurrency.processutils [None req-143438a7-c9cd-47a4-bc21-0e394826c350 tempest-GroupSnapshotsV319Test-282099532 None] Running cmd (subprocess): /opt/stack/data/venv/bin/python3.10 -m oslo_concurrency.prlimit --as=1073741824 --cpu=60 -- sudo cinder-rootwrap /etc/cinder/rootwrap.conf env LC_ALL=C qemu-img info -f qcow2 --output=json --force-share /opt/stack/data/cinder/mnt/d7491eb56809c321b0719a45d83df3d4/volume-c6a8e96e-0c41-4e4e-bf57-a43e39a49178 {{(pid=82720) execute /opt/stack/data/venv/lib/python3.10/site-packages/oslo_concurrency/processutils.py:440}}
Feb 27 22:31:20 devstack sudo[84530]: quobyte : PWD=/ ; USER=root ; COMMAND=/opt/stack/data/venv/bin/cinder-rootwrap /etc/cinder/rootwrap.conf env LC_ALL=C qemu-img info -f qcow2 --output=json --force-share /opt/stack/data/cinder/mnt/d7491eb56809c321b0719a45d83df3d4/volume-c6a8e96e-0c41-4e4e-bf57-a43e39a49178
Feb 27 22:31:20 devstack sudo[84530]: pam_unix(sudo:session): session opened for user root(uid=0) by (uid=1000)
Feb 27 22:31:21 devstack sudo[84530]: pam_unix(sudo:session): session closed for user root
Feb 27 22:31:21 devstack cinder-volume[82720]: DEBUG oslo_concurrency.processutils [None req-143438a7-c9cd-47a4-bc21-0e394826c350 tempest-GroupSnapshotsV319Test-282099532 None] CMD "/opt/stack/data/venv/bin/python3.10 -m oslo_concurrency.prlimit --as=1073741824 --cpu=60 -- sudo cinder-rootwrap /etc/cinder/rootwrap.conf env LC_ALL=C qemu-img info -f qcow2 --output=json --force-share /opt/stack/data/cinder/mnt/d7491eb56809c321b0719a45d83df3d4/volume-c6a8e96e-0c41-4e4e-bf57-a43e39a49178" returned: 0 in 0.505s {{(pid=82720) execute /opt/stack/data/venv/lib/python3.10/site-packages/oslo_concurrency/processutils.py:468}}
Feb 27 22:31:21 devstack cinder-volume[82720]: DEBUG oslo_concurrency.processutils [None req-143438a7-c9cd-47a4-bc21-0e394826c350 tempest-GroupSnapshotsV319Test-282099532 None] Running cmd (subprocess): sudo cinder-rootwrap /etc/cinder/rootwrap.conf qemu-img commit -d /opt/stack/data/cinder/mnt/d7491eb56809c321b0719a45d83df3d4/volume-c6a8e96e-0c41-4e4e-bf57-a43e39a49178.07cfc95d-af6e-47a1-92bd-fe96927e2ff9 {{(pid=82720) execute /opt/stack/data/venv/lib/python3.10/site-packages/oslo_concurrency/processutils.py:440}}
Feb 27 22:31:21 devstack sudo[84536]: quobyte : PWD=/ ; USER=root ; COMMAND=/opt/stack/data/venv/bin/cinder-rootwrap /etc/cinder/rootwrap.conf qemu-img commit -d /opt/stack/data/cinder/mnt/d7491eb56809c321b0719a45d83df3d4/volume-c6a8e96e-0c41-4e4e-bf57-a43e39a49178.07cfc95d-af6e-47a1-92bd-fe96927e2ff9
Feb 27 22:31:21 devstack sudo[84536]: pam_unix(sudo:session): session opened for user root(uid=0) by (uid=1000)
Feb 27 22:31:21 devstack sudo[84536]: pam_unix(sudo:session): session closed for user root
Feb 27 22:31:21 devstack cinder-volume[82720]: DEBUG oslo_concurrency.processutils [None req-143438a7-c9cd-47a4-bc21-0e394826c350 tempest-GroupSnapshotsV319Test-282099532 None] CMD "sudo cinder-rootwrap /etc/cinder/rootwrap.conf qemu-img commit -d /opt/stack/data/cinder/mnt/d7491eb56809c321b0719a45d83df3d4/volume-c6a8e96e-0c41-4e4e-bf57-a43e39a49178.07cfc95d-af6e-47a1-92bd-fe96927e2ff9" returned: 0 in 0.459s {{(pid=82720) execute /opt/stack/data/venv/lib/python3.10/site-packages/oslo_concurrency/processutils.py:468}}
Feb 27 22:31:21 devstack cinder-volume[82720]: DEBUG oslo_concurrency.processutils [None req-143438a7-c9cd-47a4-bc21-0e394826c350 tempest-GroupSnapshotsV319Test-282099532 None] Running cmd (subprocess): sudo cinder-rootwrap /etc/cinder/rootwrap.conf rm -f /opt/stack/data/cinder/mnt/d7491eb56809c321b0719a45d83df3d4/volume-c6a8e96e-0c41-4e4e-bf57-a43e39a49178.07cfc95d-af6e-47a1-92bd-fe96927e2ff9 {{(pid=82720) execute /opt/stack/data/venv/lib/python3.10/site-packages/oslo_concurrency/processutils.py:440}}
Feb 27 22:31:21 devstack sudo[84541]: quobyte : PWD=/ ; USER=root ; COMMAND=/opt/stack/data/venv/bin/cinder-rootwrap /etc/cinder/rootwrap.conf rm -f /opt/stack/data/cinder/mnt/d7491eb56809c321b0719a45d83df3d4/volume-c6a8e96e-0c41-4e4e-bf57-a43e39a49178.07cfc95d-af6e-47a1-92bd-fe96927e2ff9
Feb 27 22:31:21 devstack sudo[84541]: pam_unix(sudo:session): session opened for user root(uid=0) by (uid=1000)
Feb 27 22:31:22 devstack cinder-volume[82720]: DEBUG cinder.coordination [None req-9276ea4d-0d73-4876-ac56-24d661b312fb tempest-DeleteServersTestJSON-1533059622 None] Acquiring lock "cinder-e85b156b-a388-4e1f-b102-063af3ef8360-delete_volume" by "delete_volume" {{(pid=82720) __acquire /opt/stack/cinder/cinder/coordination.py:138}}
Feb 27 22:31:22 devstack cinder-volume[82720]: DEBUG cinder.coordination [None req-9276ea4d-0d73-4876-ac56-24d661b312fb tempest-DeleteServersTestJSON-1533059622 None] Lock "cinder-e85b156b-a388-4e1f-b102-063af3ef8360-delete_volume" acquired by "delete_volume" :: waited 0.022s {{(pid=82720) __acquire /opt/stack/cinder/cinder/coordination.py:141}}
Feb 27 22:31:22 devstack cinder-volume[82720]: DEBUG cinder.coordination [None req-9276ea4d-0d73-4876-ac56-24d661b312fb tempest-DeleteServersTestJSON-1533059622 None] Acquiring lock "cinder-quobyte-e85b156b-a388-4e1f-b102-063af3ef8360" by "delete_volume" {{(pid=82720) __acquire /opt/stack/cinder/cinder/coordination.py:138}}
Feb 27 22:31:22 devstack cinder-volume[82720]: DEBUG cinder.coordination [None req-9276ea4d-0d73-4876-ac56-24d661b312fb tempest-DeleteServersTestJSON-1533059622 None] Lock "cinder-quobyte-e85b156b-a388-4e1f-b102-063af3ef8360" acquired by "delete_volume" :: waited 0.011s {{(pid=82720) __acquire /opt/stack/cinder/cinder/coordination.py:141}}
Feb 27 22:31:22 devstack cinder-volume[82720]: DEBUG oslo.privsep.daemon [-] privsep: reply[ae0e7241-ee28-4c91-8ad8-938084fe8391]: (4, 'qcow2') {{(pid=83489) _call_back /opt/stack/data/venv/lib/python3.10/site-packages/oslo_privsep/daemon.py:573}}
Feb 27 22:31:22 devstack cinder-volume[82720]: DEBUG oslo_concurrency.processutils [None req-9276ea4d-0d73-4876-ac56-24d661b312fb tempest-DeleteServersTestJSON-1533059622 None] Running cmd (subprocess): /opt/stack/data/venv/bin/python3.10 -m oslo_concurrency.prlimit --as=1073741824 --cpu=60 -- sudo cinder-rootwrap /etc/cinder/rootwrap.conf env LC_ALL=C qemu-img info -f qcow2 --output=json --force-share /opt/stack/data/cinder/mnt/d7491eb56809c321b0719a45d83df3d4/volume-e85b156b-a388-4e1f-b102-063af3ef8360 {{(pid=82720) execute /opt/stack/data/venv/lib/python3.10/site-packages/oslo_concurrency/processutils.py:440}}
Feb 27 22:31:22 devstack sudo[84541]: pam_unix(sudo:session): session closed for user root
Feb 27 22:31:22 devstack cinder-volume[82720]: DEBUG oslo_concurrency.processutils [None req-143438a7-c9cd-47a4-bc21-0e394826c350 tempest-GroupSnapshotsV319Test-282099532 None] CMD "sudo cinder-rootwrap /etc/cinder/rootwrap.conf rm -f /opt/stack/data/cinder/mnt/d7491eb56809c321b0719a45d83df3d4/volume-c6a8e96e-0c41-4e4e-bf57-a43e39a49178.07cfc95d-af6e-47a1-92bd-fe96927e2ff9" returned: 0 in 0.478s {{(pid=82720) execute /opt/stack/data/venv/lib/python3.10/site-packages/oslo_concurrency/processutils.py:468}}
Feb 27 22:31:22 devstack cinder-volume[82720]: DEBUG cinder.coordination [None req-143438a7-c9cd-47a4-bc21-0e394826c350 tempest-GroupSnapshotsV319Test-282099532 None] Lock "cinder-quobyte-07cfc95d-af6e-47a1-92bd-fe96927e2ff9" released by "_delete_snapshot" :: held 2.032s {{(pid=82720) __release /opt/stack/cinder/cinder/coordination.py:152}}
Feb 27 22:31:22 devstack cinder-volume[82720]: DEBUG cinder.coordination [None req-143438a7-c9cd-47a4-bc21-0e394826c350 tempest-GroupSnapshotsV319Test-282099532 None] Lock "cinder-quobyte-c6a8e96e-0c41-4e4e-bf57-a43e39a49178" released by "delete_snapshot" :: held 2.046s {{(pid=82720) __release /opt/stack/cinder/cinder/coordination.py:152}}
Feb 27 22:31:22 devstack sudo[84544]: quobyte : PWD=/ ; USER=root ; COMMAND=/opt/stack/data/venv/bin/cinder-rootwrap /etc/cinder/rootwrap.conf env LC_ALL=C qemu-img info -f qcow2 --output=json --force-share /opt/stack/data/cinder/mnt/d7491eb56809c321b0719a45d83df3d4/volume-e85b156b-a388-4e1f-b102-063af3ef8360
Feb 27 22:31:22 devstack sudo[84544]: pam_unix(sudo:session): session opened for user root(uid=0) by (uid=1000)
Feb 27 22:31:22 devstack cinder-volume[82720]: WARNING cinder.quota [None req-143438a7-c9cd-47a4-bc21-0e394826c350 tempest-GroupSnapshotsV319Test-282099532 None] Deprecated: Default quota for resource: gigabytes_tempest-GroupSnapshotsV319Test-volume-type-1339970792 is set by the default quota flag: quota_gigabytes_tempest-GroupSnapshotsV319Test-volume-type-1339970792, it is now deprecated. Please use the default quota class for default quota.
Feb 27 22:31:22 devstack cinder-volume[82720]: WARNING cinder.quota [None req-143438a7-c9cd-47a4-bc21-0e394826c350 tempest-GroupSnapshotsV319Test-282099532 None] Deprecated: Default quota for resource: snapshots_tempest-GroupSnapshotsV319Test-volume-type-1339970792 is set by the default quota flag: quota_snapshots_tempest-GroupSnapshotsV319Test-volume-type-1339970792, it is now deprecated. Please use the default quota class for default quota.
Feb 27 22:31:22 devstack cinder-volume[82720]: DEBUG cinder.quota [None req-143438a7-c9cd-47a4-bc21-0e394826c350 tempest-GroupSnapshotsV319Test-282099532 None] Created reservations ['fff10920-b247-440b-9813-290d10285e4d', '18a9e086-7a4b-4dbe-93ae-0f16e9853e9f', 'b4d3864e-cd15-4e49-9173-cb50847f7ee0', 'bfcf4cc9-1749-49f9-9f0e-69de7bd2665f'] {{(pid=82720) reserve /opt/stack/cinder/cinder/quota.py:752}}
Feb 27 22:31:22 devstack cinder-volume[82720]: INFO cinder.volume.manager [None req-143438a7-c9cd-47a4-bc21-0e394826c350 tempest-GroupSnapshotsV319Test-282099532 None] group_snapshot 9f3d5349-42d2-4575-81ea-f1097f76bb17: deleted successfully
Feb 27 22:31:22 devstack sudo[84544]: pam_unix(sudo:session): session closed for user root
Feb 27 22:31:22 devstack cinder-volume[82720]: DEBUG oslo_concurrency.processutils [None req-9276ea4d-0d73-4876-ac56-24d661b312fb tempest-DeleteServersTestJSON-1533059622 None] CMD "/opt/stack/data/venv/bin/python3.10 -m oslo_concurrency.prlimit --as=1073741824 --cpu=60 -- sudo cinder-rootwrap /etc/cinder/rootwrap.conf env LC_ALL=C qemu-img info -f qcow2 --output=json --force-share /opt/stack/data/cinder/mnt/d7491eb56809c321b0719a45d83df3d4/volume-e85b156b-a388-4e1f-b102-063af3ef8360" returned: 0 in 0.603s {{(pid=82720) execute /opt/stack/data/venv/lib/python3.10/site-packages/oslo_concurrency/processutils.py:468}}
Feb 27 22:31:22 devstack cinder-volume[82720]: DEBUG oslo_concurrency.processutils [None req-9276ea4d-0d73-4876-ac56-24d661b312fb tempest-DeleteServersTestJSON-1533059622 None] Running cmd (subprocess): sudo cinder-rootwrap /etc/cinder/rootwrap.conf rm -f /opt/stack/data/cinder/mnt/d7491eb56809c321b0719a45d83df3d4/volume-e85b156b-a388-4e1f-b102-063af3ef8360 {{(pid=82720) execute /opt/stack/data/venv/lib/python3.10/site-packages/oslo_concurrency/processutils.py:440}}
Feb 27 22:31:22 devstack sudo[84550]: quobyte : PWD=/ ; USER=root ; COMMAND=/opt/stack/data/venv/bin/cinder-rootwrap /etc/cinder/rootwrap.conf rm -f /opt/stack/data/cinder/mnt/d7491eb56809c321b0719a45d83df3d4/volume-e85b156b-a388-4e1f-b102-063af3ef8360
Feb 27 22:31:22 devstack sudo[84550]: pam_unix(sudo:session): session opened for user root(uid=0) by (uid=1000)
Feb 27 22:31:23 devstack sudo[84550]: pam_unix(sudo:session): session closed for user root
Feb 27 22:31:23 devstack cinder-volume[82720]: DEBUG oslo_concurrency.processutils [None req-9276ea4d-0d73-4876-ac56-24d661b312fb tempest-DeleteServersTestJSON-1533059622 None] CMD "sudo cinder-rootwrap /etc/cinder/rootwrap.conf rm -f /opt/stack/data/cinder/mnt/d7491eb56809c321b0719a45d83df3d4/volume-e85b156b-a388-4e1f-b102-063af3ef8360" returned: 0 in 0.513s {{(pid=82720) execute /opt/stack/data/venv/lib/python3.10/site-packages/oslo_concurrency/processutils.py:468}}
Feb 27 22:31:23 devstack cinder-volume[82720]: DEBUG cinder.coordination [None req-9276ea4d-0d73-4876-ac56-24d661b312fb tempest-DeleteServersTestJSON-1533059622 None] Lock "cinder-quobyte-e85b156b-a388-4e1f-b102-063af3ef8360" released by "delete_volume" :: held 1.140s {{(pid=82720) __release /opt/stack/cinder/cinder/coordination.py:152}}
Feb 27 22:31:23 devstack cinder-volume[82720]: DEBUG cinder.quota [None req-9276ea4d-0d73-4876-ac56-24d661b312fb tempest-DeleteServersTestJSON-1533059622 None] Created reservations ['493de584-a63d-4a90-b67f-2f0f901e322f', '42da8ba3-abff-483b-ac2c-d9c78c1b6b3f', '8fd86883-5adb-4487-ad89-a1e8a362674c', 'dba4e582-b200-4c34-8575-f95fbb376b1b'] {{(pid=82720) reserve /opt/stack/cinder/cinder/quota.py:752}}
Feb 27 22:31:23 devstack cinder-volume[82720]: DEBUG oslo_concurrency.lockutils [None req-9276ea4d-0d73-4876-ac56-24d661b312fb tempest-DeleteServersTestJSON-1533059622 None] Acquiring lock "quobyte_ensure" by "cinder.volume.drivers.quobyte.QuobyteDriver._ensure_shares_mounted" {{(pid=82720) inner /opt/stack/data/venv/lib/python3.10/site-packages/oslo_concurrency/lockutils.py:506}}
Feb 27 22:31:23 devstack cinder-volume[82720]: DEBUG oslo_concurrency.lockutils [None req-9276ea4d-0d73-4876-ac56-24d661b312fb tempest-DeleteServersTestJSON-1533059622 None] Lock "quobyte_ensure" acquired by "cinder.volume.drivers.quobyte.QuobyteDriver._ensure_shares_mounted" :: waited 0.001s {{(pid=82720) inner /opt/stack/data/venv/lib/python3.10/site-packages/oslo_concurrency/lockutils.py:519}}
Feb 27 22:31:23 devstack cinder-volume[82720]: DEBUG cinder.volume.drivers.quobyte [None req-9276ea4d-0d73-4876-ac56-24d661b312fb tempest-DeleteServersTestJSON-1533059622 None] Quobyte Volume URL set to: {'osci02.corp.quobyte.com/cinder-vol-a925f8af-d288-4daa-80bc-97f61dc90842': None} {{(pid=82720) _load_shares_config /opt/stack/cinder/cinder/volume/drivers/quobyte.py:617}}
Feb 27 22:31:23 devstack cinder-volume[82720]: DEBUG cinder.volume.drivers.quobyte [None req-9276ea4d-0d73-4876-ac56-24d661b312fb tempest-DeleteServersTestJSON-1533059622 None] Available shares ['osci02.corp.quobyte.com/cinder-vol-a925f8af-d288-4daa-80bc-97f61dc90842'] {{(pid=82720) _ensure_shares_mounted /opt/stack/cinder/cinder/volume/drivers/quobyte.py:647}}
Feb 27 22:31:23 devstack cinder-volume[82720]: DEBUG oslo_concurrency.lockutils [None req-9276ea4d-0d73-4876-ac56-24d661b312fb tempest-DeleteServersTestJSON-1533059622 None] Lock "quobyte_ensure" "released" by "cinder.volume.drivers.quobyte.QuobyteDriver._ensure_shares_mounted" :: held 0.012s {{(pid=82720) inner /opt/stack/data/venv/lib/python3.10/site-packages/oslo_concurrency/lockutils.py:538}}
Feb 27 22:31:23 devstack cinder-volume[82720]: DEBUG oslo_concurrency.processutils [None req-9276ea4d-0d73-4876-ac56-24d661b312fb tempest-DeleteServersTestJSON-1533059622 None] Running cmd (subprocess): sudo cinder-rootwrap /etc/cinder/rootwrap.conf df --portability --block-size 1 /opt/stack/data/cinder/mnt/d7491eb56809c321b0719a45d83df3d4 {{(pid=82720) execute /opt/stack/data/venv/lib/python3.10/site-packages/oslo_concurrency/processutils.py:440}}
Feb 27 22:31:23 devstack sudo[84553]: quobyte : PWD=/ ; USER=root ; COMMAND=/opt/stack/data/venv/bin/cinder-rootwrap /etc/cinder/rootwrap.conf df --portability --block-size 1 /opt/stack/data/cinder/mnt/d7491eb56809c321b0719a45d83df3d4
Feb 27 22:31:23 devstack sudo[84553]: pam_unix(sudo:session): session opened for user root(uid=0) by (uid=1000)
Feb 27 22:31:23 devstack cinder-volume[82720]: DEBUG cinder.coordination [None req-e41261e7-1fe0-44ff-8936-480abac6e714 tempest-GroupSnapshotsV319Test-282099532 None] Acquiring lock "cinder-quobyte-c6a8e96e-0c41-4e4e-bf57-a43e39a49178" by "delete_volume" {{(pid=82720) __acquire /opt/stack/cinder/cinder/coordination.py:138}}
Feb 27 22:31:23 devstack cinder-volume[82720]: DEBUG cinder.coordination [None req-e41261e7-1fe0-44ff-8936-480abac6e714 tempest-GroupSnapshotsV319Test-282099532 None] Lock "cinder-quobyte-c6a8e96e-0c41-4e4e-bf57-a43e39a49178" acquired by "delete_volume" :: waited 0.010s {{(pid=82720) __acquire /opt/stack/cinder/cinder/coordination.py:141}}
Feb 27 22:31:23 devstack cinder-volume[82720]: DEBUG oslo.privsep.daemon [-] privsep: reply[9f3c645c-9278-4c99-a2e8-e816cbd944f5]: (4, 'qcow2') {{(pid=83489) _call_back /opt/stack/data/venv/lib/python3.10/site-packages/oslo_privsep/daemon.py:573}}
Feb 27 22:31:23 devstack cinder-volume[82720]: DEBUG oslo_concurrency.processutils [None req-e41261e7-1fe0-44ff-8936-480abac6e714 tempest-GroupSnapshotsV319Test-282099532 None] Running cmd (subprocess): /opt/stack/data/venv/bin/python3.10 -m oslo_concurrency.prlimit --as=1073741824 --cpu=60 -- sudo cinder-rootwrap /etc/cinder/rootwrap.conf env LC_ALL=C qemu-img info -f qcow2 --output=json --force-share /opt/stack/data/cinder/mnt/d7491eb56809c321b0719a45d83df3d4/volume-c6a8e96e-0c41-4e4e-bf57-a43e39a49178 {{(pid=82720) execute /opt/stack/data/venv/lib/python3.10/site-packages/oslo_concurrency/processutils.py:440}}
Feb 27 22:31:23 devstack sudo[84555]: quobyte : PWD=/ ; USER=root ; COMMAND=/opt/stack/data/venv/bin/cinder-rootwrap /etc/cinder/rootwrap.conf env LC_ALL=C qemu-img info -f qcow2 --output=json --force-share /opt/stack/data/cinder/mnt/d7491eb56809c321b0719a45d83df3d4/volume-c6a8e96e-0c41-4e4e-bf57-a43e39a49178
Feb 27 22:31:23 devstack sudo[84555]: pam_unix(sudo:session): session opened for user root(uid=0) by (uid=1000)
Feb 27 22:31:24 devstack sudo[84553]: pam_unix(sudo:session): session closed for user root
Feb 27 22:31:24 devstack cinder-volume[82720]: DEBUG oslo_concurrency.processutils [None req-9276ea4d-0d73-4876-ac56-24d661b312fb tempest-DeleteServersTestJSON-1533059622 None] CMD "sudo cinder-rootwrap /etc/cinder/rootwrap.conf df --portability --block-size 1 /opt/stack/data/cinder/mnt/d7491eb56809c321b0719a45d83df3d4" returned: 0 in 0.663s {{(pid=82720) execute /opt/stack/data/venv/lib/python3.10/site-packages/oslo_concurrency/processutils.py:468}}
Feb 27 22:31:24 devstack cinder-volume[82720]: DEBUG cinder.manager [None req-9276ea4d-0d73-4876-ac56-24d661b312fb tempest-DeleteServersTestJSON-1533059622 None] Notifying Schedulers of capabilities ... {{(pid=82720) _publish_service_capabilities /opt/stack/cinder/cinder/manager.py:201}}
Feb 27 22:31:24 devstack cinder-volume[82720]: INFO cinder.volume.manager [None req-9276ea4d-0d73-4876-ac56-24d661b312fb tempest-DeleteServersTestJSON-1533059622 None] Deleted volume successfully.
Feb 27 22:31:24 devstack cinder-volume[82720]: DEBUG cinder.coordination [None req-9276ea4d-0d73-4876-ac56-24d661b312fb tempest-DeleteServersTestJSON-1533059622 None] Lock "cinder-e85b156b-a388-4e1f-b102-063af3ef8360-delete_volume" released by "delete_volume" :: held 1.974s {{(pid=82720) __release /opt/stack/cinder/cinder/coordination.py:152}}
Feb 27 22:31:24 devstack sudo[84555]: pam_unix(sudo:session): session closed for user root
Feb 27 22:31:24 devstack cinder-volume[82720]: DEBUG oslo_concurrency.processutils [None req-e41261e7-1fe0-44ff-8936-480abac6e714 tempest-GroupSnapshotsV319Test-282099532 None] CMD "/opt/stack/data/venv/bin/python3.10 -m oslo_concurrency.prlimit --as=1073741824 --cpu=60 -- sudo cinder-rootwrap /etc/cinder/rootwrap.conf env LC_ALL=C qemu-img info -f qcow2 --output=json --force-share /opt/stack/data/cinder/mnt/d7491eb56809c321b0719a45d83df3d4/volume-c6a8e96e-0c41-4e4e-bf57-a43e39a49178" returned: 0 in 0.834s {{(pid=82720) execute /opt/stack/data/venv/lib/python3.10/site-packages/oslo_concurrency/processutils.py:468}}
Feb 27 22:31:24 devstack cinder-volume[82720]: DEBUG oslo_concurrency.processutils [None req-e41261e7-1fe0-44ff-8936-480abac6e714 tempest-GroupSnapshotsV319Test-282099532 None] Running cmd (subprocess): sudo cinder-rootwrap /etc/cinder/rootwrap.conf rm -f /opt/stack/data/cinder/mnt/d7491eb56809c321b0719a45d83df3d4/volume-c6a8e96e-0c41-4e4e-bf57-a43e39a49178 {{(pid=82720) execute /opt/stack/data/venv/lib/python3.10/site-packages/oslo_concurrency/processutils.py:440}}
Feb 27 22:31:24 devstack sudo[84561]: quobyte : PWD=/ ; USER=root ; COMMAND=/opt/stack/data/venv/bin/cinder-rootwrap /etc/cinder/rootwrap.conf rm -f /opt/stack/data/cinder/mnt/d7491eb56809c321b0719a45d83df3d4/volume-c6a8e96e-0c41-4e4e-bf57-a43e39a49178
Feb 27 22:31:24 devstack sudo[84561]: pam_unix(sudo:session): session opened for user root(uid=0) by (uid=1000)
Feb 27 22:31:25 devstack sudo[84561]: pam_unix(sudo:session): session closed for user root
Feb 27 22:31:25 devstack cinder-volume[82720]: DEBUG oslo_concurrency.processutils [None req-e41261e7-1fe0-44ff-8936-480abac6e714 tempest-GroupSnapshotsV319Test-282099532 None] CMD "sudo cinder-rootwrap /etc/cinder/rootwrap.conf rm -f /opt/stack/data/cinder/mnt/d7491eb56809c321b0719a45d83df3d4/volume-c6a8e96e-0c41-4e4e-bf57-a43e39a49178" returned: 0 in 0.494s {{(pid=82720) execute /opt/stack/data/venv/lib/python3.10/site-packages/oslo_concurrency/processutils.py:468}}
Feb 27 22:31:25 devstack cinder-volume[82720]: DEBUG cinder.coordination [None req-e41261e7-1fe0-44ff-8936-480abac6e714 tempest-GroupSnapshotsV319Test-282099532 None] Lock "cinder-quobyte-c6a8e96e-0c41-4e4e-bf57-a43e39a49178" released by "delete_volume" :: held 1.374s {{(pid=82720) __release /opt/stack/cinder/cinder/coordination.py:152}}
Feb 27 22:31:25 devstack cinder-volume[82720]: DEBUG cinder.quota [None req-e41261e7-1fe0-44ff-8936-480abac6e714 tempest-GroupSnapshotsV319Test-282099532 None] Created reservations ['a81f5d45-f3cb-46eb-8db5-628504b0fc0d'] {{(pid=82720) reserve /opt/stack/cinder/cinder/quota.py:752}}
Feb 27 22:31:25 devstack cinder-volume[82720]: WARNING cinder.quota [None req-e41261e7-1fe0-44ff-8936-480abac6e714 tempest-GroupSnapshotsV319Test-282099532 None] Deprecated: Default quota for resource: volumes_tempest-GroupSnapshotsV319Test-volume-type-1339970792 is set by the default quota flag: quota_volumes_tempest-GroupSnapshotsV319Test-volume-type-1339970792, it is now deprecated. Please use the default quota class for default quota.
Feb 27 22:31:25 devstack cinder-volume[82720]: DEBUG cinder.quota [None req-e41261e7-1fe0-44ff-8936-480abac6e714 tempest-GroupSnapshotsV319Test-282099532 None] Created reservations ['5a9be551-d127-40d6-851f-983d82ca5d2f', '46e4d254-d5a8-400e-908f-ac9b54a4db74', 'abb3ab6e-500b-4c97-978d-f7f2580cc5fc', '46b76f3d-9de8-4867-b3b2-207c49335c2f'] {{(pid=82720) reserve /opt/stack/cinder/cinder/quota.py:752}}
Feb 27 22:31:25 devstack cinder-volume[82720]: DEBUG oslo_service.periodic_task [None req-e5500b62-ade1-4a06-b5ee-9dc0b250083f None None] Running periodic task VolumeManager.publish_service_capabilities {{(pid=82720) run_periodic_tasks /opt/stack/data/venv/lib/python3.10/site-packages/oslo_service/periodic_task.py:210}}
Feb 27 22:31:25 devstack cinder-volume[82720]: DEBUG oslo_concurrency.lockutils [None req-e5500b62-ade1-4a06-b5ee-9dc0b250083f None None] Acquiring lock "quobyte_ensure" by "cinder.volume.drivers.quobyte.QuobyteDriver._ensure_shares_mounted" {{(pid=82720) inner /opt/stack/data/venv/lib/python3.10/site-packages/oslo_concurrency/lockutils.py:506}}
Feb 27 22:31:25 devstack cinder-volume[82720]: DEBUG oslo_concurrency.lockutils [None req-e5500b62-ade1-4a06-b5ee-9dc0b250083f None None] Lock "quobyte_ensure" acquired by "cinder.volume.drivers.quobyte.QuobyteDriver._ensure_shares_mounted" :: waited 0.001s {{(pid=82720) inner /opt/stack/data/venv/lib/python3.10/site-packages/oslo_concurrency/lockutils.py:519}}
Feb 27 22:31:25 devstack cinder-volume[82720]: DEBUG cinder.volume.drivers.quobyte [None req-e5500b62-ade1-4a06-b5ee-9dc0b250083f None None] Quobyte Volume URL set to: {'osci02.corp.quobyte.com/cinder-vol-a925f8af-d288-4daa-80bc-97f61dc90842': None} {{(pid=82720) _load_shares_config /opt/stack/cinder/cinder/volume/drivers/quobyte.py:617}}
Feb 27 22:31:25 devstack cinder-volume[82720]: DEBUG cinder.volume.drivers.quobyte [None req-e5500b62-ade1-4a06-b5ee-9dc0b250083f None None] Available shares ['osci02.corp.quobyte.com/cinder-vol-a925f8af-d288-4daa-80bc-97f61dc90842'] {{(pid=82720) _ensure_shares_mounted /opt/stack/cinder/cinder/volume/drivers/quobyte.py:647}}
Feb 27 22:31:25 devstack cinder-volume[82720]: DEBUG oslo_concurrency.lockutils [None req-e5500b62-ade1-4a06-b5ee-9dc0b250083f None None] Lock "quobyte_ensure" "released" by "cinder.volume.drivers.quobyte.QuobyteDriver._ensure_shares_mounted" :: held 0.005s {{(pid=82720) inner /opt/stack/data/venv/lib/python3.10/site-packages/oslo_concurrency/lockutils.py:538}}
Feb 27 22:31:25 devstack cinder-volume[82720]: DEBUG oslo_concurrency.processutils [None req-e5500b62-ade1-4a06-b5ee-9dc0b250083f None None] Running cmd (subprocess): sudo cinder-rootwrap /etc/cinder/rootwrap.conf df --portability --block-size 1 /opt/stack/data/cinder/mnt/d7491eb56809c321b0719a45d83df3d4 {{(pid=82720) execute /opt/stack/data/venv/lib/python3.10/site-packages/oslo_concurrency/processutils.py:440}}
Feb 27 22:31:25 devstack cinder-volume[82720]: DEBUG oslo_concurrency.lockutils [None req-e41261e7-1fe0-44ff-8936-480abac6e714 tempest-GroupSnapshotsV319Test-282099532 None] Acquiring lock "quobyte_ensure" by "cinder.volume.drivers.quobyte.QuobyteDriver._ensure_shares_mounted" {{(pid=82720) inner /opt/stack/data/venv/lib/python3.10/site-packages/oslo_concurrency/lockutils.py:506}}
Feb 27 22:31:25 devstack cinder-volume[82720]: DEBUG oslo_concurrency.lockutils [None req-e41261e7-1fe0-44ff-8936-480abac6e714 tempest-GroupSnapshotsV319Test-282099532 None] Lock "quobyte_ensure" acquired by "cinder.volume.drivers.quobyte.QuobyteDriver._ensure_shares_mounted" :: waited 0.001s {{(pid=82720) inner /opt/stack/data/venv/lib/python3.10/site-packages/oslo_concurrency/lockutils.py:519}}
Feb 27 22:31:25 devstack cinder-volume[82720]: DEBUG cinder.volume.drivers.quobyte [None req-e41261e7-1fe0-44ff-8936-480abac6e714 tempest-GroupSnapshotsV319Test-282099532 None] Quobyte Volume URL set to: {'osci02.corp.quobyte.com/cinder-vol-a925f8af-d288-4daa-80bc-97f61dc90842': None} {{(pid=82720) _load_shares_config /opt/stack/cinder/cinder/volume/drivers/quobyte.py:617}}
Feb 27 22:31:25 devstack sudo[84571]: quobyte : PWD=/ ; USER=root ; COMMAND=/opt/stack/data/venv/bin/cinder-rootwrap /etc/cinder/rootwrap.conf df --portability --block-size 1 /opt/stack/data/cinder/mnt/d7491eb56809c321b0719a45d83df3d4
Feb 27 22:31:25 devstack sudo[84571]: pam_unix(sudo:session): session opened for user root(uid=0) by (uid=1000)
Feb 27 22:31:25 devstack cinder-volume[82720]: DEBUG cinder.volume.drivers.quobyte [None req-e41261e7-1fe0-44ff-8936-480abac6e714 tempest-GroupSnapshotsV319Test-282099532 None] Available shares ['osci02.corp.quobyte.com/cinder-vol-a925f8af-d288-4daa-80bc-97f61dc90842'] {{(pid=82720) _ensure_shares_mounted /opt/stack/cinder/cinder/volume/drivers/quobyte.py:647}}
Feb 27 22:31:25 devstack cinder-volume[82720]: DEBUG oslo_concurrency.lockutils [None req-e41261e7-1fe0-44ff-8936-480abac6e714 tempest-GroupSnapshotsV319Test-282099532 None] Lock "quobyte_ensure" "released" by "cinder.volume.drivers.quobyte.QuobyteDriver._ensure_shares_mounted" :: held 0.009s {{(pid=82720) inner /opt/stack/data/venv/lib/python3.10/site-packages/oslo_concurrency/lockutils.py:538}}
Feb 27 22:31:25 devstack cinder-volume[82720]: DEBUG oslo_concurrency.processutils [None req-e41261e7-1fe0-44ff-8936-480abac6e714 tempest-GroupSnapshotsV319Test-282099532 None] Running cmd (subprocess): sudo cinder-rootwrap /etc/cinder/rootwrap.conf df --portability --block-size 1 /opt/stack/data/cinder/mnt/d7491eb56809c321b0719a45d83df3d4 {{(pid=82720) execute /opt/stack/data/venv/lib/python3.10/site-packages/oslo_concurrency/processutils.py:440}}
Feb 27 22:31:25 devstack sudo[84578]: quobyte : PWD=/ ; USER=root ; COMMAND=/opt/stack/data/venv/bin/cinder-rootwrap /etc/cinder/rootwrap.conf df --portability --block-size 1 /opt/stack/data/cinder/mnt/d7491eb56809c321b0719a45d83df3d4
Feb 27 22:31:25 devstack sudo[84578]: pam_unix(sudo:session): session opened for user root(uid=0) by (uid=1000)
Feb 27 22:31:25 devstack sudo[84571]: pam_unix(sudo:session): session closed for user root
Feb 27 22:31:25 devstack cinder-volume[82720]: DEBUG oslo_concurrency.processutils [None req-e5500b62-ade1-4a06-b5ee-9dc0b250083f None None] CMD "sudo cinder-rootwrap /etc/cinder/rootwrap.conf df --portability --block-size 1 /opt/stack/data/cinder/mnt/d7491eb56809c321b0719a45d83df3d4" returned: 0 in 0.678s {{(pid=82720) execute /opt/stack/data/venv/lib/python3.10/site-packages/oslo_concurrency/processutils.py:468}}
Feb 27 22:31:25 devstack cinder-volume[82720]: DEBUG cinder.manager [None req-e5500b62-ade1-4a06-b5ee-9dc0b250083f None None] Notifying Schedulers of capabilities ... {{(pid=82720) _publish_service_capabilities /opt/stack/cinder/cinder/manager.py:201}}
Feb 27 22:31:25 devstack cinder-volume[82720]: DEBUG oslo_service.periodic_task [None req-e5500b62-ade1-4a06-b5ee-9dc0b250083f None None] Running periodic task VolumeManager._thread_info {{(pid=82720) run_periodic_tasks /opt/stack/data/venv/lib/python3.10/site-packages/oslo_service/periodic_task.py:210}}
Feb 27 22:31:25 devstack cinder-volume[82720]: ERROR oslo_service.periodic_task [None req-e5500b62-ade1-4a06-b5ee-9dc0b250083f None None] Error during VolumeManager._thread_info: TypeError: VolumeManager._thread_info() takes 1 positional argument but 2 were given
Feb 27 22:31:25 devstack cinder-volume[82720]: ERROR oslo_service.periodic_task
Traceback (most recent call last):
Feb 27 22:31:25 devstack cinder-volume[82720]: ERROR oslo_service.periodic_task
File "/opt/stack/data/venv/lib/python3.10/site-packages/oslo_service/periodic_task.py", line 216, in run_periodic_tasks
Feb 27 22:31:25 devstack cinder-volume[82720]: ERROR oslo_service.periodic_task task(self, context)
Feb 27 22:31:25 devstack cinder-volume[82720]: ERROR oslo_service.periodic_task TypeError: VolumeManager._thread_info() takes 1 positional argument but 2 were given
Feb 27 22:31:25 devstack cinder-volume[82720]: ERROR oslo_service.periodic_task
Feb 27 22:31:26 devstack sudo[84578]: pam_unix(sudo:session): session closed for user root
Feb 27 22:31:26 devstack cinder-volume[82720]: DEBUG oslo_concurrency.processutils [None req-e41261e7-1fe0-44ff-8936-480abac6e714 tempest-GroupSnapshotsV319Test-282099532 None] CMD "sudo cinder-rootwrap /etc/cinder/rootwrap.conf df --portability --block-size 1 /opt/stack/data/cinder/mnt/d7491eb56809c321b0719a45d83df3d4" returned: 0 in 0.673s {{(pid=82720) execute /opt/stack/data/venv/lib/python3.10/site-packages/oslo_concurrency/processutils.py:468}}
Feb 27 22:31:26 devstack cinder-volume[82720]: DEBUG cinder.manager [None req-e41261e7-1fe0-44ff-8936-480abac6e714 tempest-GroupSnapshotsV319Test-282099532 None] Notifying Schedulers of capabilities ... {{(pid=82720) _publish_service_capabilities /opt/stack/cinder/cinder/manager.py:201}}
Feb 27 22:31:26 devstack cinder-volume[82720]: INFO cinder.volume.manager [None req-e41261e7-1fe0-44ff-8936-480abac6e714 tempest-GroupSnapshotsV319Test-282099532 None] Delete group completed successfully.
Feb 27 22:31:35 devstack cinder-volume[82720]: DEBUG dbcounter [-] [82720] Writing DB stats cinder:SELECT=30,cinder:UPDATE=26,cinder:INSERT=7,cinder:DELETE=1 {{(pid=82720) stat_writer /opt/stack/data/venv/lib/python3.10/site-packages/dbcounter.py:115}}
Feb 27 22:31:35 devstack cinder-volume[82720]: DEBUG dbcounter [-] [82720] Writing DB stats cinder:SELECT=25,cinder:UPDATE=29,cinder:INSERT=7 {{(pid=82720) stat_writer /opt/stack/data/venv/lib/python3.10/site-packages/dbcounter.py:115}}
Feb 27 22:31:39 devstack cinder-volume[82720]: DEBUG cinder.volume.flows.manager.create_volume [None req-7250e38e-59a2-45e3-99ac-77b5159af2e6 tempest-VolumeRetypeWithoutMigrationTest-1554893765 None] Volume reschedule parameters: True retry: {'num_attempts': 1, 'backends': ['devstack@QuobyteHD#QuobyteHD'], 'hosts': ['devstack@QuobyteHD#QuobyteHD']} {{(pid=82720) get_flow /opt/stack/cinder/cinder/volume/flows/manager/create_volume.py:1388}}
Feb 27 22:31:39 devstack cinder-volume[82720]: DEBUG cinder.volume.manager [None req-7250e38e-59a2-45e3-99ac-77b5159af2e6 tempest-VolumeRetypeWithoutMigrationTest-1554893765 None] Flow 'volume_create_manager' (b5126aff-d680-4633-a211-4c5f5dd1e448) transitioned into state 'RUNNING' from state 'PENDING' {{(pid=82720) _flow_receiver /opt/stack/data/venv/lib/python3.10/site-packages/taskflow/listeners/logging.py:145}}
Feb 27 22:31:39 devstack cinder-volume[82720]: DEBUG cinder.volume.manager [None req-7250e38e-59a2-45e3-99ac-77b5159af2e6 tempest-VolumeRetypeWithoutMigrationTest-1554893765 None] Task 'cinder.volume.flows.manager.create_volume.ExtractVolumeRefTask;volume:create' (5e775df7-6f2c-48d9-9998-0d435ccf3530) transitioned into state 'RUNNING' from state 'PENDING' {{(pid=82720) _task_receiver /opt/stack/data/venv/lib/python3.10/site-packages/taskflow/listeners/logging.py:194}}
