Jun 25 11:08:40 devstack devstack@c-api.service[93147]: INFO cinder.volume.api [req-15056915-be83-48b1-a830-83fdd5e8c363 req-4c93c91b-6d44-452d-be9d-8c09054c49c0 tempest-AttachVolumeNegativeTest-1218442082 tempest-AttachVolumeNegativeTest-1218442082-project-member] Volume info retrieved successfully.
Jun 25 11:08:40 devstack devstack@c-api.service[93147]: INFO cinder.api.openstack.wsgi [req-15056915-be83-48b1-a830-83fdd5e8c363 req-4c93c91b-6d44-452d-be9d-8c09054c49c0 tempest-AttachVolumeNegativeTest-1218442082 tempest-AttachVolumeNegativeTest-1218442082-project-member] http://192.168.122.179/volume/v3/volumes/36134a35-da57-4096-8a4b-48db4d9987fa returned with HTTP 200
Jun 25 11:08:40 devstack devstack@c-api.service[93147]: [pid: 93147|app: 0|req: 53/109] 192.168.122.179 () {60 vars in 1487 bytes} [Thu Jun 25 11:08:40 2026] GET /volume/v3/volumes/36134a35-da57-4096-8a4b-48db4d9987fa => generated 856 bytes in 61 msecs (HTTP/1.1 200) 7 headers in 285 bytes (1 switches on core 0)
Jun 25 11:08:42 devstack devstack@c-api.service[93148]: DEBUG cinder.api.middleware.request_id [None req-fe4ad834-0cf5-4a15-bbac-46e2fbe44691 None None] RequestId filter calling following filter/app {{(pid=93148) _context_setter /opt/stack/cinder/cinder/api/middleware/request_id.py:62}}
Jun 25 11:08:42 devstack devstack@c-api.service[93148]: INFO cinder.api.openstack.wsgi [None req-fe4ad834-0cf5-4a15-bbac-46e2fbe44691 None None] GET http://192.168.122.179/volume//
Jun 25 11:08:42 devstack devstack@c-api.service[93148]: DEBUG cinder.api.openstack.wsgi [None req-fe4ad834-0cf5-4a15-bbac-46e2fbe44691 None None] Empty body provided in request {{(pid=93148) get_body /opt/stack/cinder/cinder/api/openstack/wsgi.py:725}}
Jun 25 11:08:42 devstack devstack@c-api.service[93148]: DEBUG cinder.api.openstack.wsgi [None req-fe4ad834-0cf5-4a15-bbac-46e2fbe44691 None None] Calling method 'all' {{(pid=93148) _process_stack /opt/stack/cinder/cinder/api/openstack/wsgi.py:878}}
Jun 25 11:08:42 devstack devstack@c-api.service[93148]: INFO cinder.api.openstack.wsgi [None req-fe4ad834-0cf5-4a15-bbac-46e2fbe44691 None None] http://192.168.122.179/volume// returned with HTTP 300
Jun 25 11:08:42 devstack devstack@c-api.service[93148]: [pid: 93148|app: 0|req: 57/110] 192.168.122.179 () {58 vars in 1317 bytes} [Thu Jun 25 11:08:42 2026] GET /volume/ => generated 390 bytes in 8 msecs (HTTP/1.1 300) 7 headers in 299 bytes (1 switches on core 0)
Jun 25 11:08:42 devstack devstack@c-api.service[93147]: DEBUG cinder.api.middleware.request_id [req-15056915-be83-48b1-a830-83fdd5e8c363 req-4b3d5903-c464-4503-a53e-21154e53161f None None] RequestId filter calling following filter/app {{(pid=93147) _context_setter /opt/stack/cinder/cinder/api/middleware/request_id.py:62}}
Jun 25 11:08:42 devstack devstack@c-api.service[93148]: DEBUG cinder.api.middleware.request_id [None req-07e325da-a77d-431b-bd18-9c40e86c3557 None None] RequestId filter calling following filter/app {{(pid=93148) _context_setter /opt/stack/cinder/cinder/api/middleware/request_id.py:62}}
Jun 25 11:08:42 devstack devstack@c-api.service[93148]: INFO cinder.api.openstack.wsgi [None req-07e325da-a77d-431b-bd18-9c40e86c3557 tempest-ServerRescueNegativeTestJSON-1989369633 tempest-ServerRescueNegativeTestJSON-1989369633-project-member] POST http://192.168.122.179/volume/v3/volumes
Jun 25 11:08:42 devstack devstack@c-api.service[93147]: INFO cinder.api.openstack.wsgi [req-15056915-be83-48b1-a830-83fdd5e8c363 req-4b3d5903-c464-4503-a53e-21154e53161f tempest-AttachVolumeNegativeTest-1218442082 tempest-AttachVolumeNegativeTest-1218442082-project-member] POST http://192.168.122.179/volume/v3/attachments
Jun 25 11:08:42 devstack devstack@c-api.service[93147]: DEBUG cinder.api.openstack.wsgi [req-15056915-be83-48b1-a830-83fdd5e8c363 req-4b3d5903-c464-4503-a53e-21154e53161f tempest-AttachVolumeNegativeTest-1218442082 tempest-AttachVolumeNegativeTest-1218442082-project-member] Action: 'create', calling method: version_select, body: {"attachment": {"volume_uuid": "36134a35-da57-4096-8a4b-48db4d9987fa", "connector": null, "instance_uuid": "88e7a3a6-a401-482e-8a10-194a03a569d5"}} {{(pid=93147) _process_stack /opt/stack/cinder/cinder/api/openstack/wsgi.py:876}}
Jun 25 11:08:42 devstack devstack@c-api.service[93148]: DEBUG cinder.api.openstack.wsgi [None req-07e325da-a77d-431b-bd18-9c40e86c3557 tempest-ServerRescueNegativeTestJSON-1989369633 tempest-ServerRescueNegativeTestJSON-1989369633-project-member] Action: 'create', calling method: create, body: {"volume": {"size": 1, "display_name": "tempest-ServerRescueNegativeTestJSON-volume-2041861804"}} {{(pid=93148) _process_stack /opt/stack/cinder/cinder/api/openstack/wsgi.py:876}}
Jun 25 11:08:42 devstack devstack@c-api.service[93148]: DEBUG cinder.api.v3.volumes [None req-07e325da-a77d-431b-bd18-9c40e86c3557 tempest-ServerRescueNegativeTestJSON-1989369633 tempest-ServerRescueNegativeTestJSON-1989369633-project-member] Create volume request body: {'volume': {'size': 1, 'display_name': 'tempest-ServerRescueNegativeTestJSON-volume-2041861804'}} {{(pid=93148) create /opt/stack/cinder/cinder/api/v3/volumes.py:368}}
Jun 25 11:08:42 devstack devstack@c-api.service[93148]: INFO cinder.api.v3.volumes [None req-07e325da-a77d-431b-bd18-9c40e86c3557 tempest-ServerRescueNegativeTestJSON-1989369633 tempest-ServerRescueNegativeTestJSON-1989369633-project-member] Create volume of 1 GB
Jun 25 11:08:42 devstack devstack@c-api.service[93147]: /opt/stack/data/venv/lib/python3.12/site-packages/oslo_context/context.py:102: DeprecationWarning: Policy enforcement is depending on the value of is_admin. This key is deprecated. Please update your policy file to use the standard policy values.
Jun 25 11:08:42 devstack devstack@c-api.service[93147]: warnings.warn(
Jun 25 11:08:42 devstack devstack@c-api.service[93148]: INFO cinder.volume.api [None req-07e325da-a77d-431b-bd18-9c40e86c3557 tempest-ServerRescueNegativeTestJSON-1989369633 tempest-ServerRescueNegativeTestJSON-1989369633-project-member] Availability Zones retrieved successfully.
Jun 25 11:08:42 devstack devstack@c-api.service[93148]: DEBUG cinder.volume.api [None req-07e325da-a77d-431b-bd18-9c40e86c3557 tempest-ServerRescueNegativeTestJSON-1989369633 tempest-ServerRescueNegativeTestJSON-1989369633-project-member] Flow 'volume_create_api' (3277739a-582b-4b61-9d2b-0b8eef7030c3) transitioned into state 'RUNNING' from state 'PENDING' {{(pid=93148) _flow_receiver /opt/stack/data/venv/lib/python3.12/site-packages/taskflow/listeners/logging.py:160}}
Jun 25 11:08:42 devstack devstack@c-api.service[93148]: DEBUG cinder.volume.api [None req-07e325da-a77d-431b-bd18-9c40e86c3557 tempest-ServerRescueNegativeTestJSON-1989369633 tempest-ServerRescueNegativeTestJSON-1989369633-project-member] Task 'cinder.volume.flows.api.create_volume.ExtractVolumeRequestTask;volume:create' (a07ce254-70a8-45b2-aa15-84b0fdf30baa) transitioned into state 'RUNNING' from state 'PENDING' {{(pid=93148) _task_receiver /opt/stack/data/venv/lib/python3.12/site-packages/taskflow/listeners/logging.py:242}}
Jun 25 11:08:42 devstack devstack@c-api.service[93148]: DEBUG cinder.volume.flows.api.create_volume [None req-07e325da-a77d-431b-bd18-9c40e86c3557 tempest-ServerRescueNegativeTestJSON-1989369633 tempest-ServerRescueNegativeTestJSON-1989369633-project-member] Validating volume size '1' using validate_int {{(pid=93148) _extract_size /opt/stack/cinder/cinder/volume/flows/api/create_volume.py:226}}
Jun 25 11:08:42 devstack devstack@c-api.service[93147]: INFO cinder.api.openstack.wsgi [req-15056915-be83-48b1-a830-83fdd5e8c363 req-4b3d5903-c464-4503-a53e-21154e53161f tempest-AttachVolumeNegativeTest-1218442082 tempest-AttachVolumeNegativeTest-1218442082-project-member] http://192.168.122.179/volume/v3/attachments returned with HTTP 200
Jun 25 11:08:42 devstack devstack@c-api.service[93147]: [pid: 93147|app: 0|req: 54/111] 192.168.122.179 () {66 vars in 1483 bytes} [Thu Jun 25 11:08:42 2026] POST /volume/v3/attachments => generated 273 bytes in 261 msecs (HTTP/1.1 200) 7 headers in 286 bytes (1 switches on core 0)
Jun 25 11:08:43 devstack devstack@c-api.service[93148]: DEBUG cinder.volume.api [None req-07e325da-a77d-431b-bd18-9c40e86c3557 tempest-ServerRescueNegativeTestJSON-1989369633 tempest-ServerRescueNegativeTestJSON-1989369633-project-member] Task 'cinder.volume.flows.api.create_volume.ExtractVolumeRequestTask;volume:create' (a07ce254-70a8-45b2-aa15-84b0fdf30baa) transitioned into state 'SUCCESS' from state 'RUNNING' with result '{'size': 1, 'snapshot_id': None, 'source_volid': None, 'volume_type': VolumeType(created_at=2026-06-25T09:03:03Z,deleted=False,deleted_at=None,description=None,extra_specs={},id=ef1a52f1-a79c-40e8-a5dd-d7b9defc82fa,is_public=True,name='QuobyteHD',projects=[],qos_specs=,qos_specs_id=None,updated_at=None), 'volume_type_id': 'ef1a52f1-a79c-40e8-a5dd-d7b9defc82fa', 'encryption_key_id': None, 'qos_specs': None, 'consistencygroup_id': None, 'cgsnapshot_id': None, 'group_id': None, 'replication_status': 'disabled', 'refresh_az': False, 'backup_id': None, 'multiattach': False, 'availability_zones': ['nova']}' {{(pid=93148) _task_receiver /opt/stack/data/venv/lib/python3.12/site-packages/taskflow/listeners/logging.py:218}}
Jun 25 11:08:43 devstack devstack@c-api.service[93148]: DEBUG cinder.volume.api [None req-07e325da-a77d-431b-bd18-9c40e86c3557 tempest-ServerRescueNegativeTestJSON-1989369633 tempest-ServerRescueNegativeTestJSON-1989369633-project-member] Task 'cinder.volume.flows.api.create_volume.QuotaReserveTask;volume:create' (d3152a46-a19a-4e56-9577-3d12e1d23e81) transitioned into state 'RUNNING' from state 'PENDING' {{(pid=93148) _task_receiver /opt/stack/data/venv/lib/python3.12/site-packages/taskflow/listeners/logging.py:242}}
Jun 25 11:08:43 devstack devstack@c-api.service[93148]: DEBUG cinder.quota [None req-07e325da-a77d-431b-bd18-9c40e86c3557 tempest-ServerRescueNegativeTestJSON-1989369633 tempest-ServerRescueNegativeTestJSON-1989369633-project-member] Created reservations ['28be13b6-5c5b-44f0-b234-89ccf8e5ee2e', 'ed74ae55-6855-42b7-8334-845dd85d9fe9', '7f88fe98-4931-42c8-92c9-1a9cc7d6ff83', '8bb2bc4c-13b9-4acc-b344-6e1beeca3d54'] {{(pid=93148) reserve /opt/stack/cinder/cinder/quota.py:752}}
Jun 25 11:08:43 devstack devstack@c-api.service[93148]: DEBUG cinder.volume.api [None req-07e325da-a77d-431b-bd18-9c40e86c3557 tempest-ServerRescueNegativeTestJSON-1989369633 tempest-ServerRescueNegativeTestJSON-1989369633-project-member] Task 'cinder.volume.flows.api.create_volume.QuotaReserveTask;volume:create' (d3152a46-a19a-4e56-9577-3d12e1d23e81) transitioned into state 'SUCCESS' from state 'RUNNING' with result '{'reservations': ['28be13b6-5c5b-44f0-b234-89ccf8e5ee2e', 'ed74ae55-6855-42b7-8334-845dd85d9fe9', '7f88fe98-4931-42c8-92c9-1a9cc7d6ff83', '8bb2bc4c-13b9-4acc-b344-6e1beeca3d54']}' {{(pid=93148) _task_receiver /opt/stack/data/venv/lib/python3.12/site-packages/taskflow/listeners/logging.py:218}}
Jun 25 11:08:43 devstack devstack@c-api.service[93148]: DEBUG cinder.volume.api [None req-07e325da-a77d-431b-bd18-9c40e86c3557 tempest-ServerRescueNegativeTestJSON-1989369633 tempest-ServerRescueNegativeTestJSON-1989369633-project-member] Task 'cinder.volume.flows.api.create_volume.EntryCreateTask;volume:create' (29fcad19-7bd5-4dd3-922b-5103a10c6b9d) transitioned into state 'RUNNING' from state 'PENDING' {{(pid=93148) _task_receiver /opt/stack/data/venv/lib/python3.12/site-packages/taskflow/listeners/logging.py:242}}
Jun 25 11:08:43 devstack devstack@c-api.service[93147]: DEBUG cinder.api.middleware.request_id [None req-3bfe68c1-94f2-4656-b2d8-052c774d6901 None None] RequestId filter calling following filter/app {{(pid=93147) _context_setter /opt/stack/cinder/cinder/api/middleware/request_id.py:62}}
Jun 25 11:08:43 devstack devstack@c-api.service[93147]: INFO cinder.api.openstack.wsgi [None req-3bfe68c1-94f2-4656-b2d8-052c774d6901 tempest-AttachVolumeNegativeTest-1218442082 tempest-AttachVolumeNegativeTest-1218442082-project-member] GET http://192.168.122.179/volume/v3/volumes/36134a35-da57-4096-8a4b-48db4d9987fa
Jun 25 11:08:43 devstack devstack@c-api.service[93147]: DEBUG cinder.api.openstack.wsgi [None req-3bfe68c1-94f2-4656-b2d8-052c774d6901 tempest-AttachVolumeNegativeTest-1218442082 tempest-AttachVolumeNegativeTest-1218442082-project-member] Empty body provided in request {{(pid=93147) get_body /opt/stack/cinder/cinder/api/openstack/wsgi.py:725}}
Jun 25 11:08:43 devstack devstack@c-api.service[93147]: DEBUG cinder.api.openstack.wsgi [None req-3bfe68c1-94f2-4656-b2d8-052c774d6901 tempest-AttachVolumeNegativeTest-1218442082 tempest-AttachVolumeNegativeTest-1218442082-project-member] Calling method 'show' {{(pid=93147) _process_stack /opt/stack/cinder/cinder/api/openstack/wsgi.py:878}}
Jun 25 11:08:43 devstack devstack@c-api.service[93147]: /opt/stack/data/venv/lib/python3.12/site-packages/oslo_context/context.py:102: DeprecationWarning: Policy enforcement is depending on the value of is_admin. This key is deprecated. Please update your policy file to use the standard policy values.
Jun 25 11:08:43 devstack devstack@c-api.service[93147]: warnings.warn(
Jun 25 11:08:43 devstack devstack@c-api.service[93147]: INFO cinder.volume.api [None req-3bfe68c1-94f2-4656-b2d8-052c774d6901 tempest-AttachVolumeNegativeTest-1218442082 tempest-AttachVolumeNegativeTest-1218442082-project-member] Volume info retrieved successfully.
Jun 25 11:08:43 devstack devstack@c-api.service[93148]: DEBUG cinder.volume.api [None req-07e325da-a77d-431b-bd18-9c40e86c3557 tempest-ServerRescueNegativeTestJSON-1989369633 tempest-ServerRescueNegativeTestJSON-1989369633-project-member] Task 'cinder.volume.flows.api.create_volume.EntryCreateTask;volume:create' (29fcad19-7bd5-4dd3-922b-5103a10c6b9d) transitioned into state 'SUCCESS' from state 'RUNNING' with result '{'volume_id': '1a61904a-926c-440e-96c1-d184ce5d50df', 'volume_properties': VolumeProperties(attach_status='detached',availability_zone='nova',cgsnapshot_id=None,consistencygroup_id=None,display_description=None,display_name='tempest-ServerRescueNegativeTestJSON-volume-2041861804',encryption_key_id=None,group_id=None,group_type_id=,metadata={},multiattach=False,project_id='57c52806d72f44e8a85f17ab9fcfe0d1',qos_specs=None,replication_status=,reservations=['28be13b6-5c5b-44f0-b234-89ccf8e5ee2e','ed74ae55-6855-42b7-8334-845dd85d9fe9','7f88fe98-4931-42c8-92c9-1a9cc7d6ff83','8bb2bc4c-13b9-4acc-b344-6e1beeca3d54'],size=1,snapshot_id=None,source_replicaid=,source_volid=None,status='creating',user_id='e46a0647953648689b7bdf5bc02aff09',volume_type_id=ef1a52f1-a79c-40e8-a5dd-d7b9defc82fa), 'volume': Volume(_name_id=None,admin_metadata=,attach_status='detached',availability_zone='nova',bootable=False,cluster=,cluster_name=None,consistencygroup=,consistencygroup_id=None,created_at=2026-06-25T09:08:43Z,deleted=False,deleted_at=None,display_description=None,display_name='tempest-ServerRescueNegativeTestJSON-volume-2041861804',ec2_id=None,encryption_key_id=None,glance_metadata=,group=,group_id=None,host=None,id=1a61904a-926c-440e-96c1-d184ce5d50df,launched_at=None,metadata={},migration_status=None,multiattach=False,previous_status=None,project_id='57c52806d72f44e8a85f17ab9fcfe0d1',provider_auth=None,provider_geometry=None,provider_id=None,provider_location=None,replication_driver_data=None,replication_extended_status=None,replication_status=None,scheduled_at=None,service_uuid=None,shared_targets=True,size=1,snapshot_id=None,snapshots=,source_volid=None,status='creating',terminated_at=None,updated_at=None,use_quota=True,user_id='e46a0647953648689b7bdf5bc02aff09',volume_attachment=VolumeAttachmentList,volume_type=VolumeType(ef1a52f1-a79c-40e8-a5dd-d7b9defc82fa),volume_type_id=ef1a52f1-a79c-40e8-a5dd-d7b9defc82fa)}' {{(pid=93148) _task_receiver /opt/stack/data/venv/lib/python3.12/site-packages/taskflow/listeners/logging.py:218}}
Jun 25 11:08:43 devstack devstack@c-api.service[93148]: DEBUG cinder.volume.api [None req-07e325da-a77d-431b-bd18-9c40e86c3557 tempest-ServerRescueNegativeTestJSON-1989369633 tempest-ServerRescueNegativeTestJSON-1989369633-project-member] Task 'cinder.volume.flows.api.create_volume.QuotaCommitTask;volume:create' (2f0d41f1-6cd7-4c69-be15-6dd7a36d8c9a) transitioned into state 'RUNNING' from state 'PENDING' {{(pid=93148) _task_receiver /opt/stack/data/venv/lib/python3.12/site-packages/taskflow/listeners/logging.py:242}}
Jun 25 11:08:43 devstack devstack@c-api.service[93147]: INFO cinder.api.openstack.wsgi [None req-3bfe68c1-94f2-4656-b2d8-052c774d6901 tempest-AttachVolumeNegativeTest-1218442082 tempest-AttachVolumeNegativeTest-1218442082-project-member] http://192.168.122.179/volume/v3/volumes/36134a35-da57-4096-8a4b-48db4d9987fa returned with HTTP 200
Jun 25 11:08:43 devstack devstack@c-api.service[93147]: [pid: 93147|app: 0|req: 55/112] 192.168.122.179 () {58 vars in 1232 bytes} [Thu Jun 25 11:08:43 2026] GET /volume/v3/volumes/36134a35-da57-4096-8a4b-48db4d9987fa => generated 855 bytes in 92 msecs (HTTP/1.1 200) 7 headers in 285 bytes (1 switches on core 0)
Jun 25 11:08:43 devstack devstack@c-api.service[93147]: DEBUG cinder.api.middleware.request_id [None req-f47301bf-e5d2-422a-8c37-d1f8007faeb5 None None] RequestId filter calling following filter/app {{(pid=93147) _context_setter /opt/stack/cinder/cinder/api/middleware/request_id.py:62}}
Jun 25 11:08:43 devstack devstack@c-api.service[93147]: INFO cinder.api.openstack.wsgi [None req-f47301bf-e5d2-422a-8c37-d1f8007faeb5 None None] GET http://192.168.122.179/volume//
Jun 25 11:08:43 devstack devstack@c-api.service[93147]: DEBUG cinder.api.openstack.wsgi [None req-f47301bf-e5d2-422a-8c37-d1f8007faeb5 None None] Empty body provided in request {{(pid=93147) get_body /opt/stack/cinder/cinder/api/openstack/wsgi.py:725}}
Jun 25 11:08:43 devstack devstack@c-api.service[93147]: DEBUG cinder.api.openstack.wsgi [None req-f47301bf-e5d2-422a-8c37-d1f8007faeb5 None None] Calling method 'all' {{(pid=93147) _process_stack /opt/stack/cinder/cinder/api/openstack/wsgi.py:878}}
Jun 25 11:08:43 devstack devstack@c-api.service[93147]: INFO cinder.api.openstack.wsgi [None req-f47301bf-e5d2-422a-8c37-d1f8007faeb5 None None] http://192.168.122.179/volume// returned with HTTP 300
Jun 25 11:08:43 devstack devstack@c-api.service[93147]: [pid: 93147|app: 0|req: 56/113] 192.168.122.179 () {58 vars in 1315 bytes} [Thu Jun 25 11:08:43 2026] GET /volume/ => generated 390 bytes in 22 msecs (HTTP/1.1 300) 7 headers in 299 bytes (1 switches on core 0)
Jun 25 11:08:43 devstack devstack@c-api.service[93147]: DEBUG cinder.api.middleware.request_id [req-15056915-be83-48b1-a830-83fdd5e8c363 req-74b0b3d8-1356-458a-bf39-48b60b72d597 None None] RequestId filter calling following filter/app {{(pid=93147) _context_setter /opt/stack/cinder/cinder/api/middleware/request_id.py:62}}
Jun 25 11:08:43 devstack devstack@c-api.service[93147]: INFO cinder.api.openstack.wsgi [req-15056915-be83-48b1-a830-83fdd5e8c363 req-74b0b3d8-1356-458a-bf39-48b60b72d597 tempest-AttachVolumeNegativeTest-1218442082 tempest-AttachVolumeNegativeTest-1218442082-project-member] GET http://192.168.122.179/volume/v3/volumes/36134a35-da57-4096-8a4b-48db4d9987fa
Jun 25 11:08:43 devstack devstack@c-api.service[93147]: DEBUG cinder.api.openstack.wsgi [req-15056915-be83-48b1-a830-83fdd5e8c363 req-74b0b3d8-1356-458a-bf39-48b60b72d597 tempest-AttachVolumeNegativeTest-1218442082 tempest-AttachVolumeNegativeTest-1218442082-project-member] Empty body provided in request {{(pid=93147) get_body /opt/stack/cinder/cinder/api/openstack/wsgi.py:725}}
Jun 25 11:08:43 devstack devstack@c-api.service[93147]: DEBUG cinder.api.openstack.wsgi [req-15056915-be83-48b1-a830-83fdd5e8c363 req-74b0b3d8-1356-458a-bf39-48b60b72d597 tempest-AttachVolumeNegativeTest-1218442082 tempest-AttachVolumeNegativeTest-1218442082-project-member] Calling method 'show' {{(pid=93147) _process_stack /opt/stack/cinder/cinder/api/openstack/wsgi.py:878}}
Jun 25 11:08:43 devstack devstack@c-api.service[93147]: /opt/stack/data/venv/lib/python3.12/site-packages/oslo_context/context.py:102: DeprecationWarning: Policy enforcement is depending on the value of is_admin. This key is deprecated. Please update your policy file to use the standard policy values.
Jun 25 11:08:43 devstack devstack@c-api.service[93147]: warnings.warn(
Jun 25 11:08:43 devstack devstack@c-api.service[93147]: INFO cinder.volume.api [req-15056915-be83-48b1-a830-83fdd5e8c363 req-74b0b3d8-1356-458a-bf39-48b60b72d597 tempest-AttachVolumeNegativeTest-1218442082 tempest-AttachVolumeNegativeTest-1218442082-project-member] Volume info retrieved successfully.
Jun 25 11:08:43 devstack devstack@c-api.service[93148]: DEBUG cinder.volume.api [None req-07e325da-a77d-431b-bd18-9c40e86c3557 tempest-ServerRescueNegativeTestJSON-1989369633 tempest-ServerRescueNegativeTestJSON-1989369633-project-member] Task 'cinder.volume.flows.api.create_volume.QuotaCommitTask;volume:create' (2f0d41f1-6cd7-4c69-be15-6dd7a36d8c9a) transitioned into state 'SUCCESS' from state 'RUNNING' with result '{'volume_properties': VolumeProperties(attach_status='detached',availability_zone='nova',cgsnapshot_id=None,consistencygroup_id=None,display_description=None,display_name='tempest-ServerRescueNegativeTestJSON-volume-2041861804',encryption_key_id=None,group_id=None,group_type_id=,metadata={},multiattach=False,project_id='57c52806d72f44e8a85f17ab9fcfe0d1',qos_specs=None,replication_status=,reservations=['28be13b6-5c5b-44f0-b234-89ccf8e5ee2e','ed74ae55-6855-42b7-8334-845dd85d9fe9','7f88fe98-4931-42c8-92c9-1a9cc7d6ff83','8bb2bc4c-13b9-4acc-b344-6e1beeca3d54'],size=1,snapshot_id=None,source_replicaid=,source_volid=None,status='creating',user_id='e46a0647953648689b7bdf5bc02aff09',volume_type_id=ef1a52f1-a79c-40e8-a5dd-d7b9defc82fa)}' {{(pid=93148) _task_receiver /opt/stack/data/venv/lib/python3.12/site-packages/taskflow/listeners/logging.py:218}}
Jun 25 11:08:43 devstack devstack@c-api.service[93147]: INFO cinder.api.openstack.wsgi [req-15056915-be83-48b1-a830-83fdd5e8c363 req-74b0b3d8-1356-458a-bf39-48b60b72d597 tempest-AttachVolumeNegativeTest-1218442082 tempest-AttachVolumeNegativeTest-1218442082-project-member] http://192.168.122.179/volume/v3/volumes/36134a35-da57-4096-8a4b-48db4d9987fa returned with HTTP 200
Jun 25 11:08:43 devstack devstack@c-api.service[93147]: [pid: 93147|app: 0|req: 57/114] 192.168.122.179 () {62 vars in 1528 bytes} [Thu Jun 25 11:08:43 2026] GET /volume/v3/volumes/36134a35-da57-4096-8a4b-48db4d9987fa => generated 1036 bytes in 88 msecs (HTTP/1.1 200) 7 headers in 287 bytes (1 switches on core 0)
Jun 25 11:08:43 devstack devstack@c-api.service[93148]: DEBUG cinder.volume.api [None req-07e325da-a77d-431b-bd18-9c40e86c3557 tempest-ServerRescueNegativeTestJSON-1989369633 tempest-ServerRescueNegativeTestJSON-1989369633-project-member] Task 'cinder.volume.flows.api.create_volume.VolumeCastTask;volume:create' (ccd89484-8ca6-406e-9e6d-e0f675bd59ac) transitioned into state 'RUNNING' from state 'PENDING' {{(pid=93148) _task_receiver /opt/stack/data/venv/lib/python3.12/site-packages/taskflow/listeners/logging.py:242}}
Jun 25 11:08:43 devstack devstack@c-api.service[93148]: DEBUG cinder.volume.api [None req-07e325da-a77d-431b-bd18-9c40e86c3557 tempest-ServerRescueNegativeTestJSON-1989369633 tempest-ServerRescueNegativeTestJSON-1989369633-project-member] Task 'cinder.volume.flows.api.create_volume.VolumeCastTask;volume:create' (ccd89484-8ca6-406e-9e6d-e0f675bd59ac) transitioned into state 'SUCCESS' from state 'RUNNING' with result 'None' {{(pid=93148) _task_receiver /opt/stack/data/venv/lib/python3.12/site-packages/taskflow/listeners/logging.py:218}}
Jun 25 11:08:43 devstack devstack@c-api.service[93148]: DEBUG cinder.volume.api [None req-07e325da-a77d-431b-bd18-9c40e86c3557 tempest-ServerRescueNegativeTestJSON-1989369633 tempest-ServerRescueNegativeTestJSON-1989369633-project-member] Flow 'volume_create_api' (3277739a-582b-4b61-9d2b-0b8eef7030c3) transitioned into state 'SUCCESS' from state 'RUNNING' {{(pid=93148) _flow_receiver /opt/stack/data/venv/lib/python3.12/site-packages/taskflow/listeners/logging.py:160}}
Jun 25 11:08:43 devstack devstack@c-api.service[93148]: INFO cinder.volume.api [None req-07e325da-a77d-431b-bd18-9c40e86c3557 tempest-ServerRescueNegativeTestJSON-1989369633 tempest-ServerRescueNegativeTestJSON-1989369633-project-member] Create volume request issued successfully.
Jun 25 11:08:43 devstack devstack@c-api.service[93148]: INFO cinder.api.openstack.wsgi [None req-07e325da-a77d-431b-bd18-9c40e86c3557 tempest-ServerRescueNegativeTestJSON-1989369633 tempest-ServerRescueNegativeTestJSON-1989369633-project-member] http://192.168.122.179/volume/v3/volumes returned with HTTP 202
Jun 25 11:08:43 devstack devstack@c-api.service[93148]: [pid: 93148|app: 0|req: 58/115] 192.168.122.179 () {60 vars in 1142 bytes} [Thu Jun 25 11:08:42 2026] POST /volume/v3/volumes => generated 768 bytes in 1184 msecs (HTTP/1.1 202) 7 headers in 291 bytes (2 switches on core 0)
Jun 25 11:08:43 devstack devstack@c-api.service[93147]: DEBUG cinder.api.middleware.request_id [None req-61a49564-02ae-4a17-90e1-04832b238326 None None] RequestId filter calling following filter/app {{(pid=93147) _context_setter /opt/stack/cinder/cinder/api/middleware/request_id.py:62}}
Jun 25 11:08:43 devstack devstack@c-api.service[93147]: INFO cinder.api.openstack.wsgi [None req-61a49564-02ae-4a17-90e1-04832b238326 tempest-ServerRescueNegativeTestJSON-1989369633 tempest-ServerRescueNegativeTestJSON-1989369633-project-member] GET http://192.168.122.179/volume/v3/volumes/1a61904a-926c-440e-96c1-d184ce5d50df
Jun 25 11:08:43 devstack devstack@c-api.service[93147]: DEBUG cinder.api.openstack.wsgi [None req-61a49564-02ae-4a17-90e1-04832b238326 tempest-ServerRescueNegativeTestJSON-1989369633 tempest-ServerRescueNegativeTestJSON-1989369633-project-member] Empty body provided in request {{(pid=93147) get_body /opt/stack/cinder/cinder/api/openstack/wsgi.py:725}}
Jun 25 11:08:43 devstack devstack@c-api.service[93147]: DEBUG cinder.api.openstack.wsgi [None req-61a49564-02ae-4a17-90e1-04832b238326 tempest-ServerRescueNegativeTestJSON-1989369633 tempest-ServerRescueNegativeTestJSON-1989369633-project-member] Calling method 'show' {{(pid=93147) _process_stack /opt/stack/cinder/cinder/api/openstack/wsgi.py:878}}
Jun 25 11:08:44 devstack devstack@c-api.service[93147]: /opt/stack/data/venv/lib/python3.12/site-packages/oslo_context/context.py:102: DeprecationWarning: Policy enforcement is depending on the value of is_admin. This key is deprecated. Please update your policy file to use the standard policy values.
Jun 25 11:08:44 devstack devstack@c-api.service[93147]: warnings.warn(
Jun 25 11:08:44 devstack devstack@c-api.service[93147]: INFO cinder.volume.api [None req-61a49564-02ae-4a17-90e1-04832b238326 tempest-ServerRescueNegativeTestJSON-1989369633 tempest-ServerRescueNegativeTestJSON-1989369633-project-member] Volume info retrieved successfully.
Jun 25 11:08:44 devstack devstack@c-api.service[93147]: INFO cinder.api.openstack.wsgi [None req-61a49564-02ae-4a17-90e1-04832b238326 tempest-ServerRescueNegativeTestJSON-1989369633 tempest-ServerRescueNegativeTestJSON-1989369633-project-member] http://192.168.122.179/volume/v3/volumes/1a61904a-926c-440e-96c1-d184ce5d50df returned with HTTP 200
Jun 25 11:08:44 devstack devstack@c-api.service[93147]: [pid: 93147|app: 0|req: 58/116] 192.168.122.179 () {58 vars in 1232 bytes} [Thu Jun 25 11:08:43 2026] GET /volume/v3/volumes/1a61904a-926c-440e-96c1-d184ce5d50df => generated 836 bytes in 152 msecs (HTTP/1.1 200) 7 headers in 285 bytes (1 switches on core 0)
Jun 25 11:08:44 devstack devstack@c-api.service[93148]: DEBUG cinder.api.middleware.request_id [req-15056915-be83-48b1-a830-83fdd5e8c363 req-29f1dc1d-4deb-4502-89e4-242702d63fc7 None None] RequestId filter calling following filter/app {{(pid=93148) _context_setter /opt/stack/cinder/cinder/api/middleware/request_id.py:62}}
Jun 25 11:08:44 devstack devstack@c-api.service[93148]: INFO cinder.api.openstack.wsgi [req-15056915-be83-48b1-a830-83fdd5e8c363 req-29f1dc1d-4deb-4502-89e4-242702d63fc7 tempest-AttachVolumeNegativeTest-1218442082 tempest-AttachVolumeNegativeTest-1218442082-project-member] PUT http://192.168.122.179/volume/v3/attachments/c8380084-36b7-4260-88d4-abc51661a446
Jun 25 11:08:44 devstack devstack@c-api.service[93148]: DEBUG cinder.api.openstack.wsgi [req-15056915-be83-48b1-a830-83fdd5e8c363 req-29f1dc1d-4deb-4502-89e4-242702d63fc7 tempest-AttachVolumeNegativeTest-1218442082 tempest-AttachVolumeNegativeTest-1218442082-project-member] Action: 'update', calling method: version_select, body: {"attachment": {"connector": {"platform": "x86_64", "os_type": "linux", "ip": "192.168.122.179", "host": "devstack", "multipath": false, "enforce_multipath": true, "initiator": "iqn.2016-04.com.open-iscsi:d9ebcc5d688", "do_local_attach": false, "uuid": "e51d0ed5-0776-4376-a81f-1e084ffcb1c6", "system uuid": "a264b468-2135-4c7c-8521-d06a0dc5a00c", "nvme_native_multipath": false, "mountpoint": "/dev/vdb"}}} {{(pid=93148) _process_stack /opt/stack/cinder/cinder/api/openstack/wsgi.py:876}}
Jun 25 11:08:44 devstack devstack@c-api.service[93148]: DEBUG cinder.coordination [req-15056915-be83-48b1-a830-83fdd5e8c363 req-29f1dc1d-4deb-4502-89e4-242702d63fc7 tempest-AttachVolumeNegativeTest-1218442082 tempest-AttachVolumeNegativeTest-1218442082-project-member] Acquiring lock "cinder-attachment_update-36134a35-da57-4096-8a4b-48db4d9987fa-devstack" by "attachment_update" {{(pid=93148) __acquire /opt/stack/cinder/cinder/coordination.py:138}}
Jun 25 11:08:44 devstack devstack@c-api.service[93148]: DEBUG cinder.coordination [req-15056915-be83-48b1-a830-83fdd5e8c363 req-29f1dc1d-4deb-4502-89e4-242702d63fc7 tempest-AttachVolumeNegativeTest-1218442082 tempest-AttachVolumeNegativeTest-1218442082-project-member] Lock "cinder-attachment_update-36134a35-da57-4096-8a4b-48db4d9987fa-devstack" acquired by "attachment_update" :: waited 0.082s {{(pid=93148) __acquire /opt/stack/cinder/cinder/coordination.py:141}}
Jun 25 11:08:44 devstack devstack@c-api.service[93148]: /opt/stack/data/venv/lib/python3.12/site-packages/oslo_context/context.py:102: DeprecationWarning: Policy enforcement is depending on the value of is_admin. This key is deprecated. Please update your policy file to use the standard policy values.
Jun 25 11:08:44 devstack devstack@c-api.service[93148]: warnings.warn(
Jun 25 11:08:44 devstack devstack@c-api.service[93147]: DEBUG cinder.api.middleware.request_id [None req-f574f2fa-7795-46ca-b721-3f0293c19a3a None None] RequestId filter calling following filter/app {{(pid=93147) _context_setter /opt/stack/cinder/cinder/api/middleware/request_id.py:62}}
Jun 25 11:08:44 devstack devstack@c-api.service[93147]: INFO cinder.api.openstack.wsgi [None req-f574f2fa-7795-46ca-b721-3f0293c19a3a tempest-AttachVolumeNegativeTest-1218442082 tempest-AttachVolumeNegativeTest-1218442082-project-member] GET http://192.168.122.179/volume/v3/volumes/36134a35-da57-4096-8a4b-48db4d9987fa
Jun 25 11:08:44 devstack devstack@c-api.service[93147]: DEBUG cinder.api.openstack.wsgi [None req-f574f2fa-7795-46ca-b721-3f0293c19a3a tempest-AttachVolumeNegativeTest-1218442082 tempest-AttachVolumeNegativeTest-1218442082-project-member] Empty body provided in request {{(pid=93147) get_body /opt/stack/cinder/cinder/api/openstack/wsgi.py:725}}
Jun 25 11:08:44 devstack devstack@c-api.service[93147]: DEBUG cinder.api.openstack.wsgi [None req-f574f2fa-7795-46ca-b721-3f0293c19a3a tempest-AttachVolumeNegativeTest-1218442082 tempest-AttachVolumeNegativeTest-1218442082-project-member] Calling method 'show' {{(pid=93147) _process_stack /opt/stack/cinder/cinder/api/openstack/wsgi.py:878}}
Jun 25 11:08:44 devstack devstack@c-api.service[93147]: /opt/stack/data/venv/lib/python3.12/site-packages/oslo_context/context.py:102: DeprecationWarning: Policy enforcement is depending on the value of is_admin. This key is deprecated. Please update your policy file to use the standard policy values.
Jun 25 11:08:44 devstack devstack@c-api.service[93147]: warnings.warn(
Jun 25 11:08:44 devstack devstack@c-api.service[93147]: INFO cinder.volume.api [None req-f574f2fa-7795-46ca-b721-3f0293c19a3a tempest-AttachVolumeNegativeTest-1218442082 tempest-AttachVolumeNegativeTest-1218442082-project-member] Volume info retrieved successfully.
Jun 25 11:08:44 devstack devstack@c-api.service[93147]: INFO cinder.api.openstack.wsgi [None req-f574f2fa-7795-46ca-b721-3f0293c19a3a tempest-AttachVolumeNegativeTest-1218442082 tempest-AttachVolumeNegativeTest-1218442082-project-member] http://192.168.122.179/volume/v3/volumes/36134a35-da57-4096-8a4b-48db4d9987fa returned with HTTP 200
Jun 25 11:08:44 devstack devstack@c-api.service[93147]: [pid: 93147|app: 0|req: 59/117] 192.168.122.179 () {58 vars in 1232 bytes} [Thu Jun 25 11:08:44 2026] GET /volume/v3/volumes/36134a35-da57-4096-8a4b-48db4d9987fa => generated 855 bytes in 176 msecs (HTTP/1.1 200) 7 headers in 285 bytes (1 switches on core 0)
Jun 25 11:08:45 devstack devstack@c-api.service[93147]: DEBUG cinder.api.middleware.request_id [None req-cb860446-76b7-4b4d-8579-27a34ba08392 None None] RequestId filter calling following filter/app {{(pid=93147) _context_setter /opt/stack/cinder/cinder/api/middleware/request_id.py:62}}
Jun 25 11:08:45 devstack devstack@c-api.service[93147]: INFO cinder.api.openstack.wsgi [None req-cb860446-76b7-4b4d-8579-27a34ba08392 tempest-ServerRescueNegativeTestJSON-1989369633 tempest-ServerRescueNegativeTestJSON-1989369633-project-member] GET http://192.168.122.179/volume/v3/volumes/1a61904a-926c-440e-96c1-d184ce5d50df
Jun 25 11:08:45 devstack devstack@c-api.service[93147]: DEBUG cinder.api.openstack.wsgi [None req-cb860446-76b7-4b4d-8579-27a34ba08392 tempest-ServerRescueNegativeTestJSON-1989369633 tempest-ServerRescueNegativeTestJSON-1989369633-project-member] Empty body provided in request {{(pid=93147) get_body /opt/stack/cinder/cinder/api/openstack/wsgi.py:725}}
Jun 25 11:08:45 devstack devstack@c-api.service[93147]: DEBUG cinder.api.openstack.wsgi [None req-cb860446-76b7-4b4d-8579-27a34ba08392 tempest-ServerRescueNegativeTestJSON-1989369633 tempest-ServerRescueNegativeTestJSON-1989369633-project-member] Calling method 'show' {{(pid=93147) _process_stack /opt/stack/cinder/cinder/api/openstack/wsgi.py:878}}
Jun 25 11:08:45 devstack devstack@c-api.service[93147]: /opt/stack/data/venv/lib/python3.12/site-packages/oslo_context/context.py:102: DeprecationWarning: Policy enforcement is depending on the value of is_admin. This key is deprecated. Please update your policy file to use the standard policy values.
Jun 25 11:08:45 devstack devstack@c-api.service[93147]: warnings.warn(
Jun 25 11:08:45 devstack devstack@c-api.service[93147]: INFO cinder.volume.api [None req-cb860446-76b7-4b4d-8579-27a34ba08392 tempest-ServerRescueNegativeTestJSON-1989369633 tempest-ServerRescueNegativeTestJSON-1989369633-project-member] Volume info retrieved successfully.
Jun 25 11:08:45 devstack devstack@c-api.service[93147]: INFO cinder.api.openstack.wsgi [None req-cb860446-76b7-4b4d-8579-27a34ba08392 tempest-ServerRescueNegativeTestJSON-1989369633 tempest-ServerRescueNegativeTestJSON-1989369633-project-member] http://192.168.122.179/volume/v3/volumes/1a61904a-926c-440e-96c1-d184ce5d50df returned with HTTP 200
Jun 25 11:08:45 devstack devstack@c-api.service[93147]: [pid: 93147|app: 0|req: 60/118] 192.168.122.179 () {58 vars in 1232 bytes} [Thu Jun 25 11:08:45 2026] GET /volume/v3/volumes/1a61904a-926c-440e-96c1-d184ce5d50df => generated 860 bytes in 263 msecs (HTTP/1.1 200) 7 headers in 285 bytes (1 switches on core 0)
Jun 25 11:08:45 devstack devstack@c-api.service[93147]: DEBUG cinder.api.middleware.request_id [None req-3998ff17-c091-4518-8b62-ea9a878f1cf2 None None] RequestId filter calling following filter/app {{(pid=93147) _context_setter /opt/stack/cinder/cinder/api/middleware/request_id.py:62}}
Jun 25 11:08:45 devstack devstack@c-api.service[93147]: INFO cinder.api.openstack.wsgi [None req-3998ff17-c091-4518-8b62-ea9a878f1cf2 tempest-AttachVolumeNegativeTest-1218442082 tempest-AttachVolumeNegativeTest-1218442082-project-member] GET http://192.168.122.179/volume/v3/volumes/36134a35-da57-4096-8a4b-48db4d9987fa
Jun 25 11:08:45 devstack devstack@c-api.service[93147]: DEBUG cinder.api.openstack.wsgi [None req-3998ff17-c091-4518-8b62-ea9a878f1cf2 tempest-AttachVolumeNegativeTest-1218442082 tempest-AttachVolumeNegativeTest-1218442082-project-member] Empty body provided in request {{(pid=93147) get_body /opt/stack/cinder/cinder/api/openstack/wsgi.py:725}}
Jun 25 11:08:45 devstack devstack@c-api.service[93147]: DEBUG cinder.api.openstack.wsgi [None req-3998ff17-c091-4518-8b62-ea9a878f1cf2 tempest-AttachVolumeNegativeTest-1218442082 tempest-AttachVolumeNegativeTest-1218442082-project-member] Calling method 'show' {{(pid=93147) _process_stack /opt/stack/cinder/cinder/api/openstack/wsgi.py:878}}
Jun 25 11:08:45 devstack devstack@c-api.service[93147]: /opt/stack/data/venv/lib/python3.12/site-packages/oslo_context/context.py:102: DeprecationWarning: Policy enforcement is depending on the value of is_admin. This key is deprecated. Please update your policy file to use the standard policy values.
Jun 25 11:08:45 devstack devstack@c-api.service[93147]: warnings.warn(
Jun 25 11:08:45 devstack devstack@c-api.service[93147]: INFO cinder.volume.api [None req-3998ff17-c091-4518-8b62-ea9a878f1cf2 tempest-AttachVolumeNegativeTest-1218442082 tempest-AttachVolumeNegativeTest-1218442082-project-member] Volume info retrieved successfully.
Jun 25 11:08:45 devstack devstack@c-api.service[93147]: INFO cinder.api.openstack.wsgi [None req-3998ff17-c091-4518-8b62-ea9a878f1cf2 tempest-AttachVolumeNegativeTest-1218442082 tempest-AttachVolumeNegativeTest-1218442082-project-member] http://192.168.122.179/volume/v3/volumes/36134a35-da57-4096-8a4b-48db4d9987fa returned with HTTP 200
Jun 25 11:08:45 devstack devstack@c-api.service[93147]: [pid: 93147|app: 0|req: 61/119] 192.168.122.179 () {58 vars in 1232 bytes} [Thu Jun 25 11:08:45 2026] GET /volume/v3/volumes/36134a35-da57-4096-8a4b-48db4d9987fa => generated 855 bytes in 83 msecs (HTTP/1.1 200) 7 headers in 285 bytes (1 switches on core 0)
Jun 25 11:08:46 devstack devstack@c-api.service[93147]: DEBUG cinder.api.middleware.request_id [None req-8d149625-f9d7-41e8-8e35-3044e9ddd3ee None None] RequestId filter calling following filter/app {{(pid=93147) _context_setter /opt/stack/cinder/cinder/api/middleware/request_id.py:62}}
Jun 25 11:08:46 devstack devstack@c-api.service[93147]: INFO cinder.api.openstack.wsgi [None req-8d149625-f9d7-41e8-8e35-3044e9ddd3ee tempest-ServerRescueNegativeTestJSON-1989369633 tempest-ServerRescueNegativeTestJSON-1989369633-project-member] GET http://192.168.122.179/volume/v3/volumes/1a61904a-926c-440e-96c1-d184ce5d50df
Jun 25 11:08:46 devstack devstack@c-api.service[93147]: DEBUG cinder.api.openstack.wsgi [None req-8d149625-f9d7-41e8-8e35-3044e9ddd3ee tempest-ServerRescueNegativeTestJSON-1989369633 tempest-ServerRescueNegativeTestJSON-1989369633-project-member] Empty body provided in request {{(pid=93147) get_body /opt/stack/cinder/cinder/api/openstack/wsgi.py:725}}
Jun 25 11:08:46 devstack devstack@c-api.service[93148]: DEBUG cinder.coordination [req-15056915-be83-48b1-a830-83fdd5e8c363 req-29f1dc1d-4deb-4502-89e4-242702d63fc7 tempest-AttachVolumeNegativeTest-1218442082 tempest-AttachVolumeNegativeTest-1218442082-project-member] Lock "cinder-attachment_update-36134a35-da57-4096-8a4b-48db4d9987fa-devstack" released by "attachment_update" :: held 2.172s {{(pid=93148) __release /opt/stack/cinder/cinder/coordination.py:152}}
Jun 25 11:08:46 devstack devstack@c-api.service[93148]: INFO cinder.api.openstack.wsgi [req-15056915-be83-48b1-a830-83fdd5e8c363 req-29f1dc1d-4deb-4502-89e4-242702d63fc7 tempest-AttachVolumeNegativeTest-1218442082 tempest-AttachVolumeNegativeTest-1218442082-project-member] http://192.168.122.179/volume/v3/attachments/c8380084-36b7-4260-88d4-abc51661a446 returned with HTTP 200
Jun 25 11:08:46 devstack devstack@c-api.service[93147]: DEBUG cinder.api.openstack.wsgi [None req-8d149625-f9d7-41e8-8e35-3044e9ddd3ee tempest-ServerRescueNegativeTestJSON-1989369633 tempest-ServerRescueNegativeTestJSON-1989369633-project-member] Calling method 'show' {{(pid=93147) _process_stack /opt/stack/cinder/cinder/api/openstack/wsgi.py:878}}
Jun 25 11:08:46 devstack devstack@c-api.service[93148]: [pid: 93148|app: 0|req: 59/120] 192.168.122.179 () {66 vars in 1593 bytes} [Thu Jun 25 11:08:44 2026] PUT /volume/v3/attachments/c8380084-36b7-4260-88d4-abc51661a446 => generated 694 bytes in 2337 msecs (HTTP/1.1 200) 7 headers in 286 bytes (1 switches on core 0)
Jun 25 11:08:46 devstack devstack@c-api.service[93147]: /opt/stack/data/venv/lib/python3.12/site-packages/oslo_context/context.py:102: DeprecationWarning: Policy enforcement is depending on the value of is_admin. This key is deprecated. Please update your policy file to use the standard policy values.
Jun 25 11:08:46 devstack devstack@c-api.service[93147]: warnings.warn(
Jun 25 11:08:46 devstack devstack@c-api.service[93147]: INFO cinder.volume.api [None req-8d149625-f9d7-41e8-8e35-3044e9ddd3ee tempest-ServerRescueNegativeTestJSON-1989369633 tempest-ServerRescueNegativeTestJSON-1989369633-project-member] Volume info retrieved successfully.
Jun 25 11:08:46 devstack devstack@c-api.service[93147]: INFO cinder.api.openstack.wsgi [None req-8d149625-f9d7-41e8-8e35-3044e9ddd3ee tempest-ServerRescueNegativeTestJSON-1989369633 tempest-ServerRescueNegativeTestJSON-1989369633-project-member] http://192.168.122.179/volume/v3/volumes/1a61904a-926c-440e-96c1-d184ce5d50df returned with HTTP 200
Jun 25 11:08:46 devstack devstack@c-api.service[93147]: [pid: 93147|app: 0|req: 62/121] 192.168.122.179 () {58 vars in 1232 bytes} [Thu Jun 25 11:08:46 2026] GET /volume/v3/volumes/1a61904a-926c-440e-96c1-d184ce5d50df => generated 860 bytes in 88 msecs (HTTP/1.1 200) 7 headers in 285 bytes (1 switches on core 0)
Jun 25 11:08:46 devstack devstack@c-api.service[93148]: DEBUG cinder.api.middleware.request_id [None req-af8561f2-f235-4eab-9272-4b4ebd767adb None None] RequestId filter calling following filter/app {{(pid=93148) _context_setter /opt/stack/cinder/cinder/api/middleware/request_id.py:62}}
Jun 25 11:08:46 devstack devstack@c-api.service[93148]: INFO cinder.api.openstack.wsgi [None req-af8561f2-f235-4eab-9272-4b4ebd767adb tempest-AttachVolumeNegativeTest-1218442082 tempest-AttachVolumeNegativeTest-1218442082-project-member] GET http://192.168.122.179/volume/v3/volumes/36134a35-da57-4096-8a4b-48db4d9987fa
Jun 25 11:08:47 devstack devstack@c-api.service[93148]: DEBUG cinder.api.openstack.wsgi [None req-af8561f2-f235-4eab-9272-4b4ebd767adb tempest-AttachVolumeNegativeTest-1218442082 tempest-AttachVolumeNegativeTest-1218442082-project-member] Empty body provided in request {{(pid=93148) get_body /opt/stack/cinder/cinder/api/openstack/wsgi.py:725}}
Jun 25 11:08:47 devstack devstack@c-api.service[93148]: DEBUG cinder.api.openstack.wsgi [None req-af8561f2-f235-4eab-9272-4b4ebd767adb tempest-AttachVolumeNegativeTest-1218442082 tempest-AttachVolumeNegativeTest-1218442082-project-member] Calling method 'show' {{(pid=93148) _process_stack /opt/stack/cinder/cinder/api/openstack/wsgi.py:878}}
Jun 25 11:08:47 devstack devstack@c-api.service[93148]: /opt/stack/data/venv/lib/python3.12/site-packages/oslo_context/context.py:102: DeprecationWarning: Policy enforcement is depending on the value of is_admin. This key is deprecated. Please update your policy file to use the standard policy values.
Jun 25 11:08:47 devstack devstack@c-api.service[93148]: warnings.warn(
Jun 25 11:08:47 devstack devstack@c-api.service[93148]: INFO cinder.volume.api [None req-af8561f2-f235-4eab-9272-4b4ebd767adb tempest-AttachVolumeNegativeTest-1218442082 tempest-AttachVolumeNegativeTest-1218442082-project-member] Volume info retrieved successfully.
Jun 25 11:08:47 devstack devstack@c-api.service[93148]: INFO cinder.api.openstack.wsgi [None req-af8561f2-f235-4eab-9272-4b4ebd767adb tempest-AttachVolumeNegativeTest-1218442082 tempest-AttachVolumeNegativeTest-1218442082-project-member] http://192.168.122.179/volume/v3/volumes/36134a35-da57-4096-8a4b-48db4d9987fa returned with HTTP 200
Jun 25 11:08:47 devstack devstack@c-api.service[93148]: [pid: 93148|app: 0|req: 60/122] 192.168.122.179 () {58 vars in 1232 bytes} [Thu Jun 25 11:08:46 2026] GET /volume/v3/volumes/36134a35-da57-4096-8a4b-48db4d9987fa => generated 856 bytes in 161 msecs (HTTP/1.1 200) 7 headers in 285 bytes (1 switches on core 0)
Jun 25 11:08:47 devstack devstack@c-api.service[93147]: DEBUG cinder.api.middleware.request_id [None req-6eed07a5-97a3-469e-93b9-ef7a202e0bf2 None None] RequestId filter calling following filter/app {{(pid=93147) _context_setter /opt/stack/cinder/cinder/api/middleware/request_id.py:62}}
Jun 25 11:08:47 devstack devstack@c-api.service[93147]: INFO cinder.api.openstack.wsgi [None req-6eed07a5-97a3-469e-93b9-ef7a202e0bf2 tempest-ServerRescueNegativeTestJSON-1989369633 tempest-ServerRescueNegativeTestJSON-1989369633-project-member] GET http://192.168.122.179/volume/v3/volumes/1a61904a-926c-440e-96c1-d184ce5d50df
Jun 25 11:08:47 devstack devstack@c-api.service[93147]: DEBUG cinder.api.openstack.wsgi [None req-6eed07a5-97a3-469e-93b9-ef7a202e0bf2 tempest-ServerRescueNegativeTestJSON-1989369633 tempest-ServerRescueNegativeTestJSON-1989369633-project-member] Empty body provided in request {{(pid=93147) get_body /opt/stack/cinder/cinder/api/openstack/wsgi.py:725}}
Jun 25 11:08:47 devstack devstack@c-api.service[93147]: DEBUG cinder.api.openstack.wsgi [None req-6eed07a5-97a3-469e-93b9-ef7a202e0bf2 tempest-ServerRescueNegativeTestJSON-1989369633 tempest-ServerRescueNegativeTestJSON-1989369633-project-member] Calling method 'show' {{(pid=93147) _process_stack /opt/stack/cinder/cinder/api/openstack/wsgi.py:878}}
Jun 25 11:08:47 devstack devstack@c-api.service[93147]: /opt/stack/data/venv/lib/python3.12/site-packages/oslo_context/context.py:102: DeprecationWarning: Policy enforcement is depending on the value of is_admin. This key is deprecated. Please update your policy file to use the standard policy values.
Jun 25 11:08:47 devstack devstack@c-api.service[93147]: warnings.warn(
Jun 25 11:08:47 devstack devstack@c-api.service[93147]: INFO cinder.volume.api [None req-6eed07a5-97a3-469e-93b9-ef7a202e0bf2 tempest-ServerRescueNegativeTestJSON-1989369633 tempest-ServerRescueNegativeTestJSON-1989369633-project-member] Volume info retrieved successfully.
Jun 25 11:08:47 devstack devstack@c-api.service[93147]: INFO cinder.api.openstack.wsgi [None req-6eed07a5-97a3-469e-93b9-ef7a202e0bf2 tempest-ServerRescueNegativeTestJSON-1989369633 tempest-ServerRescueNegativeTestJSON-1989369633-project-member] http://192.168.122.179/volume/v3/volumes/1a61904a-926c-440e-96c1-d184ce5d50df returned with HTTP 200
Jun 25 11:08:47 devstack devstack@c-api.service[93147]: [pid: 93147|app: 0|req: 63/123] 192.168.122.179 () {58 vars in 1232 bytes} [Thu Jun 25 11:08:47 2026] GET /volume/v3/volumes/1a61904a-926c-440e-96c1-d184ce5d50df => generated 860 bytes in 233 msecs (HTTP/1.1 200) 7 headers in 285 bytes (1 switches on core 0)
Jun 25 11:08:48 devstack devstack@c-api.service[93148]: DEBUG cinder.api.middleware.request_id [None req-f22a8273-7a82-4839-b0a0-6abcfcdb329a None None] RequestId filter calling following filter/app {{(pid=93148) _context_setter /opt/stack/cinder/cinder/api/middleware/request_id.py:62}}
Jun 25 11:08:48 devstack devstack@c-api.service[93148]: INFO cinder.api.openstack.wsgi [None req-f22a8273-7a82-4839-b0a0-6abcfcdb329a tempest-AttachVolumeNegativeTest-1218442082 tempest-AttachVolumeNegativeTest-1218442082-project-member] GET http://192.168.122.179/volume/v3/volumes/36134a35-da57-4096-8a4b-48db4d9987fa
Jun 25 11:08:48 devstack devstack@c-api.service[93148]: DEBUG cinder.api.openstack.wsgi [None req-f22a8273-7a82-4839-b0a0-6abcfcdb329a tempest-AttachVolumeNegativeTest-1218442082 tempest-AttachVolumeNegativeTest-1218442082-project-member] Empty body provided in request {{(pid=93148) get_body /opt/stack/cinder/cinder/api/openstack/wsgi.py:725}}
Jun 25 11:08:48 devstack devstack@c-api.service[93148]: DEBUG cinder.api.openstack.wsgi [None req-f22a8273-7a82-4839-b0a0-6abcfcdb329a tempest-AttachVolumeNegativeTest-1218442082 tempest-AttachVolumeNegativeTest-1218442082-project-member] Calling method 'show' {{(pid=93148) _process_stack /opt/stack/cinder/cinder/api/openstack/wsgi.py:878}}
Jun 25 11:08:48 devstack devstack@c-api.service[93148]: /opt/stack/data/venv/lib/python3.12/site-packages/oslo_context/context.py:102: DeprecationWarning: Policy enforcement is depending on the value of is_admin. This key is deprecated. Please update your policy file to use the standard policy values.
Jun 25 11:08:48 devstack devstack@c-api.service[93148]: warnings.warn(
Jun 25 11:08:48 devstack devstack@c-api.service[93148]: INFO cinder.volume.api [None req-f22a8273-7a82-4839-b0a0-6abcfcdb329a tempest-AttachVolumeNegativeTest-1218442082 tempest-AttachVolumeNegativeTest-1218442082-project-member] Volume info retrieved successfully.
Jun 25 11:08:48 devstack devstack@c-api.service[93148]: INFO cinder.api.openstack.wsgi [None req-f22a8273-7a82-4839-b0a0-6abcfcdb329a tempest-AttachVolumeNegativeTest-1218442082 tempest-AttachVolumeNegativeTest-1218442082-project-member] http://192.168.122.179/volume/v3/volumes/36134a35-da57-4096-8a4b-48db4d9987fa returned with HTTP 200
Jun 25 11:08:48 devstack devstack@c-api.service[93148]: [pid: 93148|app: 0|req: 61/124] 192.168.122.179 () {58 vars in 1232 bytes} [Thu Jun 25 11:08:48 2026] GET /volume/v3/volumes/36134a35-da57-4096-8a4b-48db4d9987fa => generated 856 bytes in 95 msecs (HTTP/1.1 200) 7 headers in 285 bytes (1 switches on core 0)
