Feb 13 11:29:24 devstack cinder-volume[78894]: DEBUG cinder.volume.manager [None req-9800fbce-1119-45e8-831f-e4477a3f5a01 tempest-VolumeSnapshotQuotasNegativeTestJSON-913053786 None] Task 'cinder.volume.flows.manager.create_volume.ExtractVolumeSpecTask;volume:create' (54a20bd8-481f-4dd8-878b-f7fe8b196cbf) transitioned into state 'SUCCESS' from state 'RUNNING' with result '{'status': 'creating', 'type': 'raw', 'volume_id': '9bf257c3-69dc-4e68-b3ef-6e05e2d62feb', 'volume_name': 'volume-9bf257c3-69dc-4e68-b3ef-6e05e2d62feb', 'volume_size': 1}' {{(pid=78894) _task_receiver /opt/stack/data/venv/lib/python3.10/site-packages/taskflow/listeners/logging.py:182}}
Feb 13 11:29:24 devstack cinder-volume[78894]: DEBUG cinder.volume.manager [None req-9800fbce-1119-45e8-831f-e4477a3f5a01 tempest-VolumeSnapshotQuotasNegativeTestJSON-913053786 None] Task 'cinder.volume.flows.manager.create_volume.NotifyVolumeActionTask;volume:create, create.start' (ebc4f08f-4766-4c17-9cc1-884a6387fe3d) transitioned into state 'RUNNING' from state 'PENDING' {{(pid=78894) _task_receiver /opt/stack/data/venv/lib/python3.10/site-packages/taskflow/listeners/logging.py:194}}
Feb 13 11:29:24 devstack cinder-volume[78894]: DEBUG cinder.volume.manager [None req-9800fbce-1119-45e8-831f-e4477a3f5a01 tempest-VolumeSnapshotQuotasNegativeTestJSON-913053786 None] Task 'cinder.volume.flows.manager.create_volume.NotifyVolumeActionTask;volume:create, create.start' (ebc4f08f-4766-4c17-9cc1-884a6387fe3d) transitioned into state 'SUCCESS' from state 'RUNNING' with result 'None' {{(pid=78894) _task_receiver /opt/stack/data/venv/lib/python3.10/site-packages/taskflow/listeners/logging.py:182}}
Feb 13 11:29:24 devstack cinder-volume[78894]: DEBUG cinder.volume.manager [None req-9800fbce-1119-45e8-831f-e4477a3f5a01 tempest-VolumeSnapshotQuotasNegativeTestJSON-913053786 None] Task 'cinder.volume.flows.manager.create_volume.CreateVolumeFromSpecTask;volume:create' (a44568b5-59de-4cb8-8044-d8b7d274ae4a) transitioned into state 'RUNNING' from state 'PENDING' {{(pid=78894) _task_receiver /opt/stack/data/venv/lib/python3.10/site-packages/taskflow/listeners/logging.py:194}}
Feb 13 11:29:24 devstack cinder-volume[78894]: INFO cinder.volume.flows.manager.create_volume [None req-9800fbce-1119-45e8-831f-e4477a3f5a01 tempest-VolumeSnapshotQuotasNegativeTestJSON-913053786 None] Volume 9bf257c3-69dc-4e68-b3ef-6e05e2d62feb: being created as raw with specification: {'status': 'creating', 'volume_name': 'volume-9bf257c3-69dc-4e68-b3ef-6e05e2d62feb', 'volume_size': 1}
Feb 13 11:29:24 devstack cinder-volume[78894]: DEBUG oslo_concurrency.lockutils [None req-9800fbce-1119-45e8-831f-e4477a3f5a01 tempest-VolumeSnapshotQuotasNegativeTestJSON-913053786 None] Acquiring lock "quobyte" by "cinder.volume.drivers.quobyte.QuobyteDriver.create_volume" {{(pid=78894) inner /opt/stack/data/venv/lib/python3.10/site-packages/oslo_concurrency/lockutils.py:506}}
Feb 13 11:29:24 devstack cinder-volume[78894]: DEBUG oslo_concurrency.processutils [None req-a562e13c-a6cd-4b21-afbf-e3575b45c141 tempest-GroupSnapshotsTest-1122684530 None] CMD "/opt/stack/data/venv/bin/python3.10 -m oslo_concurrency.prlimit --as=1073741824 --cpu=60 -- sudo cinder-rootwrap /etc/cinder/rootwrap.conf env LC_ALL=C qemu-img info -f qcow2 --output=json --force-share /opt/stack/data/cinder/mnt/eb469988620c3e1881e746852235a8ea/volume-03285044-f407-49e4-8726-651482a57a60" returned: 0 in 0.742s {{(pid=78894) execute /opt/stack/data/venv/lib/python3.10/site-packages/oslo_concurrency/processutils.py:396}}
Feb 13 11:29:24 devstack cinder-volume[78894]: DEBUG oslo_concurrency.processutils [None req-a562e13c-a6cd-4b21-afbf-e3575b45c141 tempest-GroupSnapshotsTest-1122684530 None] Running cmd (subprocess): sudo cinder-rootwrap /etc/cinder/rootwrap.conf qemu-img create -f qcow2 -o backing_file=/opt/stack/data/cinder/mnt/eb469988620c3e1881e746852235a8ea/volume-03285044-f407-49e4-8726-651482a57a60,backing_fmt=qcow2 /opt/stack/data/cinder/mnt/eb469988620c3e1881e746852235a8ea/volume-03285044-f407-49e4-8726-651482a57a60.baa557ec-72b4-4325-a257-fcc2244d4e0a 1G {{(pid=78894) execute /opt/stack/data/venv/lib/python3.10/site-packages/oslo_concurrency/processutils.py:368}}
Feb 13 11:29:24 devstack sudo[80431]: quobyte : PWD=/ ; USER=root ; COMMAND=/opt/stack/data/venv/bin/cinder-rootwrap /etc/cinder/rootwrap.conf qemu-img create -f qcow2 -o backing_file=/opt/stack/data/cinder/mnt/eb469988620c3e1881e746852235a8ea/volume-03285044-f407-49e4-8726-651482a57a60,backing_fmt=qcow2 /opt/stack/data/cinder/mnt/eb469988620c3e1881e746852235a8ea/volume-03285044-f407-49e4-8726-651482a57a60.baa557ec-72b4-4325-a257-fcc2244d4e0a 1G
Feb 13 11:29:24 devstack sudo[80431]: pam_unix(sudo:session): session opened for user root(uid=0) by (uid=1000)
Feb 13 11:29:25 devstack sudo[80431]: pam_unix(sudo:session): session closed for user root
Feb 13 11:29:25 devstack cinder-volume[78894]: DEBUG oslo_concurrency.processutils [None req-a562e13c-a6cd-4b21-afbf-e3575b45c141 tempest-GroupSnapshotsTest-1122684530 None] CMD "sudo cinder-rootwrap /etc/cinder/rootwrap.conf qemu-img create -f qcow2 -o backing_file=/opt/stack/data/cinder/mnt/eb469988620c3e1881e746852235a8ea/volume-03285044-f407-49e4-8726-651482a57a60,backing_fmt=qcow2 /opt/stack/data/cinder/mnt/eb469988620c3e1881e746852235a8ea/volume-03285044-f407-49e4-8726-651482a57a60.baa557ec-72b4-4325-a257-fcc2244d4e0a 1G" returned: 0 in 0.600s {{(pid=78894) execute /opt/stack/data/venv/lib/python3.10/site-packages/oslo_concurrency/processutils.py:396}}
Feb 13 11:29:25 devstack cinder-volume[78894]: DEBUG oslo_concurrency.processutils [None req-a562e13c-a6cd-4b21-afbf-e3575b45c141 tempest-GroupSnapshotsTest-1122684530 None] Running cmd (subprocess): sudo cinder-rootwrap /etc/cinder/rootwrap.conf qemu-img rebase -u -b volume-03285044-f407-49e4-8726-651482a57a60 -F qcow2 /opt/stack/data/cinder/mnt/eb469988620c3e1881e746852235a8ea/volume-03285044-f407-49e4-8726-651482a57a60.baa557ec-72b4-4325-a257-fcc2244d4e0a {{(pid=78894) execute /opt/stack/data/venv/lib/python3.10/site-packages/oslo_concurrency/processutils.py:368}}
Feb 13 11:29:25 devstack sudo[80436]: quobyte : PWD=/ ; USER=root ; COMMAND=/opt/stack/data/venv/bin/cinder-rootwrap /etc/cinder/rootwrap.conf qemu-img rebase -u -b volume-03285044-f407-49e4-8726-651482a57a60 -F qcow2 /opt/stack/data/cinder/mnt/eb469988620c3e1881e746852235a8ea/volume-03285044-f407-49e4-8726-651482a57a60.baa557ec-72b4-4325-a257-fcc2244d4e0a
Feb 13 11:29:25 devstack sudo[80436]: pam_unix(sudo:session): session opened for user root(uid=0) by (uid=1000)
Feb 13 11:29:26 devstack sudo[80436]: pam_unix(sudo:session): session closed for user root
Feb 13 11:29:26 devstack cinder-volume[78894]: DEBUG oslo_concurrency.processutils [None req-a562e13c-a6cd-4b21-afbf-e3575b45c141 tempest-GroupSnapshotsTest-1122684530 None] CMD "sudo cinder-rootwrap /etc/cinder/rootwrap.conf qemu-img rebase -u -b volume-03285044-f407-49e4-8726-651482a57a60 -F qcow2 /opt/stack/data/cinder/mnt/eb469988620c3e1881e746852235a8ea/volume-03285044-f407-49e4-8726-651482a57a60.baa557ec-72b4-4325-a257-fcc2244d4e0a" returned: 0 in 0.544s {{(pid=78894) execute /opt/stack/data/venv/lib/python3.10/site-packages/oslo_concurrency/processutils.py:396}}
Feb 13 11:29:26 devstack cinder-volume[78894]: WARNING cinder.volume.drivers.remotefs [None req-a562e13c-a6cd-4b21-afbf-e3575b45c141 tempest-GroupSnapshotsTest-1122684530 None] /opt/stack/data/cinder/mnt/eb469988620c3e1881e746852235a8ea/volume-03285044-f407-49e4-8726-651482a57a60.baa557ec-72b4-4325-a257-fcc2244d4e0a is being set with open permissions: ugo+rw: NotImplementedError
Feb 13 11:29:26 devstack cinder-volume[78894]: DEBUG oslo_concurrency.processutils [None req-a562e13c-a6cd-4b21-afbf-e3575b45c141 tempest-GroupSnapshotsTest-1122684530 None] Running cmd (subprocess): sudo cinder-rootwrap /etc/cinder/rootwrap.conf chmod ugo+rw /opt/stack/data/cinder/mnt/eb469988620c3e1881e746852235a8ea/volume-03285044-f407-49e4-8726-651482a57a60.baa557ec-72b4-4325-a257-fcc2244d4e0a {{(pid=78894) execute /opt/stack/data/venv/lib/python3.10/site-packages/oslo_concurrency/processutils.py:368}}
Feb 13 11:29:26 devstack sudo[80441]: quobyte : PWD=/ ; USER=root ; COMMAND=/opt/stack/data/venv/bin/cinder-rootwrap /etc/cinder/rootwrap.conf chmod ugo+rw /opt/stack/data/cinder/mnt/eb469988620c3e1881e746852235a8ea/volume-03285044-f407-49e4-8726-651482a57a60.baa557ec-72b4-4325-a257-fcc2244d4e0a
Feb 13 11:29:26 devstack sudo[80441]: pam_unix(sudo:session): session opened for user root(uid=0) by (uid=1000)
Feb 13 11:29:26 devstack sudo[80441]: pam_unix(sudo:session): session closed for user root
Feb 13 11:29:26 devstack cinder-volume[78894]: DEBUG oslo_concurrency.processutils [None req-a562e13c-a6cd-4b21-afbf-e3575b45c141 tempest-GroupSnapshotsTest-1122684530 None] CMD "sudo cinder-rootwrap /etc/cinder/rootwrap.conf chmod ugo+rw /opt/stack/data/cinder/mnt/eb469988620c3e1881e746852235a8ea/volume-03285044-f407-49e4-8726-651482a57a60.baa557ec-72b4-4325-a257-fcc2244d4e0a" returned: 0 in 0.557s {{(pid=78894) execute /opt/stack/data/venv/lib/python3.10/site-packages/oslo_concurrency/processutils.py:396}}
Feb 13 11:29:26 devstack cinder-volume[78894]: DEBUG oslo_concurrency.processutils [None req-a562e13c-a6cd-4b21-afbf-e3575b45c141 tempest-GroupSnapshotsTest-1122684530 None] Running cmd (subprocess): sudo cinder-rootwrap /etc/cinder/rootwrap.conf truncate -s0 /opt/stack/data/cinder/mnt/eb469988620c3e1881e746852235a8ea/volume-03285044-f407-49e4-8726-651482a57a60.info {{(pid=78894) execute /opt/stack/data/venv/lib/python3.10/site-packages/oslo_concurrency/processutils.py:368}}
Feb 13 11:29:26 devstack sudo[80446]: quobyte : PWD=/ ; USER=root ; COMMAND=/opt/stack/data/venv/bin/cinder-rootwrap /etc/cinder/rootwrap.conf truncate -s0 /opt/stack/data/cinder/mnt/eb469988620c3e1881e746852235a8ea/volume-03285044-f407-49e4-8726-651482a57a60.info
Feb 13 11:29:26 devstack sudo[80446]: pam_unix(sudo:session): session opened for user root(uid=0) by (uid=1000)
Feb 13 11:29:27 devstack sudo[80446]: pam_unix(sudo:session): session closed for user root
Feb 13 11:29:27 devstack cinder-volume[78894]: DEBUG oslo_concurrency.processutils [None req-a562e13c-a6cd-4b21-afbf-e3575b45c141 tempest-GroupSnapshotsTest-1122684530 None] CMD "sudo cinder-rootwrap /etc/cinder/rootwrap.conf truncate -s0 /opt/stack/data/cinder/mnt/eb469988620c3e1881e746852235a8ea/volume-03285044-f407-49e4-8726-651482a57a60.info" returned: 0 in 0.520s {{(pid=78894) execute /opt/stack/data/venv/lib/python3.10/site-packages/oslo_concurrency/processutils.py:396}}
Feb 13 11:29:27 devstack cinder-volume[78894]: WARNING cinder.volume.drivers.remotefs [None req-a562e13c-a6cd-4b21-afbf-e3575b45c141 tempest-GroupSnapshotsTest-1122684530 None] /opt/stack/data/cinder/mnt/eb469988620c3e1881e746852235a8ea/volume-03285044-f407-49e4-8726-651482a57a60.info is being set with open permissions: ugo+rw: NotImplementedError
Feb 13 11:29:27 devstack cinder-volume[78894]: DEBUG oslo_concurrency.processutils [None req-a562e13c-a6cd-4b21-afbf-e3575b45c141 tempest-GroupSnapshotsTest-1122684530 None] Running cmd (subprocess): sudo cinder-rootwrap /etc/cinder/rootwrap.conf chmod ugo+rw /opt/stack/data/cinder/mnt/eb469988620c3e1881e746852235a8ea/volume-03285044-f407-49e4-8726-651482a57a60.info {{(pid=78894) execute /opt/stack/data/venv/lib/python3.10/site-packages/oslo_concurrency/processutils.py:368}}
Feb 13 11:29:27 devstack sudo[80451]: quobyte : PWD=/ ; USER=root ; COMMAND=/opt/stack/data/venv/bin/cinder-rootwrap /etc/cinder/rootwrap.conf chmod ugo+rw /opt/stack/data/cinder/mnt/eb469988620c3e1881e746852235a8ea/volume-03285044-f407-49e4-8726-651482a57a60.info
Feb 13 11:29:27 devstack sudo[80451]: pam_unix(sudo:session): session opened for user root(uid=0) by (uid=1000)
Feb 13 11:29:27 devstack sudo[80451]: pam_unix(sudo:session): session closed for user root
Feb 13 11:29:27 devstack cinder-volume[78894]: DEBUG oslo_concurrency.processutils [None req-a562e13c-a6cd-4b21-afbf-e3575b45c141 tempest-GroupSnapshotsTest-1122684530 None] CMD "sudo cinder-rootwrap /etc/cinder/rootwrap.conf chmod ugo+rw /opt/stack/data/cinder/mnt/eb469988620c3e1881e746852235a8ea/volume-03285044-f407-49e4-8726-651482a57a60.info" returned: 0 in 0.543s {{(pid=78894) execute /opt/stack/data/venv/lib/python3.10/site-packages/oslo_concurrency/processutils.py:396}}
Feb 13 11:29:27 devstack cinder-volume[78894]: DEBUG oslo_concurrency.lockutils [None req-a562e13c-a6cd-4b21-afbf-e3575b45c141 tempest-GroupSnapshotsTest-1122684530 None] Lock "quobyte" "released" by "cinder.volume.drivers.quobyte.QuobyteDriver.create_snapshot" :: held 3.605s {{(pid=78894) inner /opt/stack/data/venv/lib/python3.10/site-packages/oslo_concurrency/lockutils.py:538}}
Feb 13 11:29:27 devstack cinder-volume[78894]: DEBUG oslo_concurrency.lockutils [None req-a562e13c-a6cd-4b21-afbf-e3575b45c141 tempest-GroupSnapshotsTest-1122684530 None] Acquiring lock "quobyte" by "cinder.volume.drivers.quobyte.QuobyteDriver.create_snapshot" {{(pid=78894) inner /opt/stack/data/venv/lib/python3.10/site-packages/oslo_concurrency/lockutils.py:506}}
Feb 13 11:29:27 devstack cinder-volume[78894]: DEBUG oslo_concurrency.lockutils [None req-a562e13c-a6cd-4b21-afbf-e3575b45c141 tempest-GroupSnapshotsTest-1122684530 None] Lock "quobyte" acquired by "cinder.volume.drivers.quobyte.QuobyteDriver.create_snapshot" :: waited 0.000s {{(pid=78894) inner /opt/stack/data/venv/lib/python3.10/site-packages/oslo_concurrency/lockutils.py:519}}
Feb 13 11:29:27 devstack cinder-volume[78894]: DEBUG cinder.volume.drivers.remotefs [None req-a562e13c-a6cd-4b21-afbf-e3575b45c141 tempest-GroupSnapshotsTest-1122684530 None] Creating offline snapshot d9084cac-b12b-4f3e-8452-00b1a26b2c4c of volume 0e659b96-73d3-4ef2-9042-8bdad25df89a {{(pid=78894) _create_snapshot /opt/stack/cinder/cinder/volume/drivers/remotefs.py:1817}}
Feb 13 11:29:27 devstack cinder-volume[78894]: DEBUG oslo.privsep.daemon [-] privsep: reply[369eebb0-652f-456f-9091-a5c44fc3a3fc]: (4, 'qcow2') {{(pid=79583) _call_back /opt/stack/data/venv/lib/python3.10/site-packages/oslo_privsep/daemon.py:515}}
Feb 13 11:29:27 devstack cinder-volume[78894]: DEBUG oslo_concurrency.processutils [None req-a562e13c-a6cd-4b21-afbf-e3575b45c141 tempest-GroupSnapshotsTest-1122684530 None] Running cmd (subprocess): /opt/stack/data/venv/bin/python3.10 -m oslo_concurrency.prlimit --as=1073741824 --cpu=60 -- sudo cinder-rootwrap /etc/cinder/rootwrap.conf env LC_ALL=C qemu-img info -f qcow2 --output=json --force-share /opt/stack/data/cinder/mnt/eb469988620c3e1881e746852235a8ea/volume-0e659b96-73d3-4ef2-9042-8bdad25df89a {{(pid=78894) execute /opt/stack/data/venv/lib/python3.10/site-packages/oslo_concurrency/processutils.py:368}}
Feb 13 11:29:27 devstack sudo[80454]: quobyte : PWD=/ ; USER=root ; COMMAND=/opt/stack/data/venv/bin/cinder-rootwrap /etc/cinder/rootwrap.conf env LC_ALL=C qemu-img info -f qcow2 --output=json --force-share /opt/stack/data/cinder/mnt/eb469988620c3e1881e746852235a8ea/volume-0e659b96-73d3-4ef2-9042-8bdad25df89a
Feb 13 11:29:27 devstack sudo[80454]: pam_unix(sudo:session): session opened for user root(uid=0) by (uid=1000)
Feb 13 11:29:28 devstack sudo[80454]: pam_unix(sudo:session): session closed for user root
Feb 13 11:29:28 devstack cinder-volume[78894]: DEBUG oslo_concurrency.processutils [None req-a562e13c-a6cd-4b21-afbf-e3575b45c141 tempest-GroupSnapshotsTest-1122684530 None] CMD "/opt/stack/data/venv/bin/python3.10 -m oslo_concurrency.prlimit --as=1073741824 --cpu=60 -- sudo cinder-rootwrap /etc/cinder/rootwrap.conf env LC_ALL=C qemu-img info -f qcow2 --output=json --force-share /opt/stack/data/cinder/mnt/eb469988620c3e1881e746852235a8ea/volume-0e659b96-73d3-4ef2-9042-8bdad25df89a" returned: 0 in 0.677s {{(pid=78894) execute /opt/stack/data/venv/lib/python3.10/site-packages/oslo_concurrency/processutils.py:396}}
Feb 13 11:29:28 devstack cinder-volume[78894]: DEBUG oslo_concurrency.processutils [None req-a562e13c-a6cd-4b21-afbf-e3575b45c141 tempest-GroupSnapshotsTest-1122684530 None] Running cmd (subprocess): sudo cinder-rootwrap /etc/cinder/rootwrap.conf qemu-img create -f qcow2 -o backing_file=/opt/stack/data/cinder/mnt/eb469988620c3e1881e746852235a8ea/volume-0e659b96-73d3-4ef2-9042-8bdad25df89a,backing_fmt=qcow2 /opt/stack/data/cinder/mnt/eb469988620c3e1881e746852235a8ea/volume-0e659b96-73d3-4ef2-9042-8bdad25df89a.d9084cac-b12b-4f3e-8452-00b1a26b2c4c 1G {{(pid=78894) execute /opt/stack/data/venv/lib/python3.10/site-packages/oslo_concurrency/processutils.py:368}}
Feb 13 11:29:28 devstack sudo[80463]: quobyte : PWD=/ ; USER=root ; COMMAND=/opt/stack/data/venv/bin/cinder-rootwrap /etc/cinder/rootwrap.conf qemu-img create -f qcow2 -o backing_file=/opt/stack/data/cinder/mnt/eb469988620c3e1881e746852235a8ea/volume-0e659b96-73d3-4ef2-9042-8bdad25df89a,backing_fmt=qcow2 /opt/stack/data/cinder/mnt/eb469988620c3e1881e746852235a8ea/volume-0e659b96-73d3-4ef2-9042-8bdad25df89a.d9084cac-b12b-4f3e-8452-00b1a26b2c4c 1G
Feb 13 11:29:28 devstack sudo[80463]: pam_unix(sudo:session): session opened for user root(uid=0) by (uid=1000)
Feb 13 11:29:29 devstack sudo[80463]: pam_unix(sudo:session): session closed for user root
Feb 13 11:29:29 devstack cinder-volume[78894]: DEBUG oslo_concurrency.processutils [None req-a562e13c-a6cd-4b21-afbf-e3575b45c141 tempest-GroupSnapshotsTest-1122684530 None] CMD "sudo cinder-rootwrap /etc/cinder/rootwrap.conf qemu-img create -f qcow2 -o backing_file=/opt/stack/data/cinder/mnt/eb469988620c3e1881e746852235a8ea/volume-0e659b96-73d3-4ef2-9042-8bdad25df89a,backing_fmt=qcow2 /opt/stack/data/cinder/mnt/eb469988620c3e1881e746852235a8ea/volume-0e659b96-73d3-4ef2-9042-8bdad25df89a.d9084cac-b12b-4f3e-8452-00b1a26b2c4c 1G" returned: 0 in 0.689s {{(pid=78894) execute /opt/stack/data/venv/lib/python3.10/site-packages/oslo_concurrency/processutils.py:396}}
Feb 13 11:29:29 devstack cinder-volume[78894]: DEBUG oslo_concurrency.processutils [None req-a562e13c-a6cd-4b21-afbf-e3575b45c141 tempest-GroupSnapshotsTest-1122684530 None] Running cmd (subprocess): sudo cinder-rootwrap /etc/cinder/rootwrap.conf qemu-img rebase -u -b volume-0e659b96-73d3-4ef2-9042-8bdad25df89a -F qcow2 /opt/stack/data/cinder/mnt/eb469988620c3e1881e746852235a8ea/volume-0e659b96-73d3-4ef2-9042-8bdad25df89a.d9084cac-b12b-4f3e-8452-00b1a26b2c4c {{(pid=78894) execute /opt/stack/data/venv/lib/python3.10/site-packages/oslo_concurrency/processutils.py:368}}
Feb 13 11:29:29 devstack sudo[80470]: quobyte : PWD=/ ; USER=root ; COMMAND=/opt/stack/data/venv/bin/cinder-rootwrap /etc/cinder/rootwrap.conf qemu-img rebase -u -b volume-0e659b96-73d3-4ef2-9042-8bdad25df89a -F qcow2 /opt/stack/data/cinder/mnt/eb469988620c3e1881e746852235a8ea/volume-0e659b96-73d3-4ef2-9042-8bdad25df89a.d9084cac-b12b-4f3e-8452-00b1a26b2c4c
Feb 13 11:29:29 devstack sudo[80470]: pam_unix(sudo:session): session opened for user root(uid=0) by (uid=1000)
Feb 13 11:29:29 devstack sudo[80470]: pam_unix(sudo:session): session closed for user root
Feb 13 11:29:29 devstack cinder-volume[78894]: DEBUG oslo_concurrency.processutils [None req-a562e13c-a6cd-4b21-afbf-e3575b45c141 tempest-GroupSnapshotsTest-1122684530 None] CMD "sudo cinder-rootwrap /etc/cinder/rootwrap.conf qemu-img rebase -u -b volume-0e659b96-73d3-4ef2-9042-8bdad25df89a -F qcow2 /opt/stack/data/cinder/mnt/eb469988620c3e1881e746852235a8ea/volume-0e659b96-73d3-4ef2-9042-8bdad25df89a.d9084cac-b12b-4f3e-8452-00b1a26b2c4c" returned: 0 in 0.591s {{(pid=78894) execute /opt/stack/data/venv/lib/python3.10/site-packages/oslo_concurrency/processutils.py:396}}
Feb 13 11:29:29 devstack cinder-volume[78894]: WARNING cinder.volume.drivers.remotefs [None req-a562e13c-a6cd-4b21-afbf-e3575b45c141 tempest-GroupSnapshotsTest-1122684530 None] /opt/stack/data/cinder/mnt/eb469988620c3e1881e746852235a8ea/volume-0e659b96-73d3-4ef2-9042-8bdad25df89a.d9084cac-b12b-4f3e-8452-00b1a26b2c4c is being set with open permissions: ugo+rw: NotImplementedError
Feb 13 11:29:29 devstack cinder-volume[78894]: DEBUG oslo_concurrency.processutils [None req-a562e13c-a6cd-4b21-afbf-e3575b45c141 tempest-GroupSnapshotsTest-1122684530 None] Running cmd (subprocess): sudo cinder-rootwrap /etc/cinder/rootwrap.conf chmod ugo+rw /opt/stack/data/cinder/mnt/eb469988620c3e1881e746852235a8ea/volume-0e659b96-73d3-4ef2-9042-8bdad25df89a.d9084cac-b12b-4f3e-8452-00b1a26b2c4c {{(pid=78894) execute /opt/stack/data/venv/lib/python3.10/site-packages/oslo_concurrency/processutils.py:368}}
Feb 13 11:29:29 devstack sudo[80477]: quobyte : PWD=/ ; USER=root ; COMMAND=/opt/stack/data/venv/bin/cinder-rootwrap /etc/cinder/rootwrap.conf chmod ugo+rw /opt/stack/data/cinder/mnt/eb469988620c3e1881e746852235a8ea/volume-0e659b96-73d3-4ef2-9042-8bdad25df89a.d9084cac-b12b-4f3e-8452-00b1a26b2c4c
Feb 13 11:29:29 devstack sudo[80477]: pam_unix(sudo:session): session opened for user root(uid=0) by (uid=1000)
Feb 13 11:29:30 devstack sudo[80477]: pam_unix(sudo:session): session closed for user root
Feb 13 11:29:30 devstack cinder-volume[78894]: DEBUG oslo_concurrency.processutils [None req-a562e13c-a6cd-4b21-afbf-e3575b45c141 tempest-GroupSnapshotsTest-1122684530 None] CMD "sudo cinder-rootwrap /etc/cinder/rootwrap.conf chmod ugo+rw /opt/stack/data/cinder/mnt/eb469988620c3e1881e746852235a8ea/volume-0e659b96-73d3-4ef2-9042-8bdad25df89a.d9084cac-b12b-4f3e-8452-00b1a26b2c4c" returned: 0 in 0.508s {{(pid=78894) execute /opt/stack/data/venv/lib/python3.10/site-packages/oslo_concurrency/processutils.py:396}}
Feb 13 11:29:30 devstack cinder-volume[78894]: DEBUG oslo_concurrency.processutils [None req-a562e13c-a6cd-4b21-afbf-e3575b45c141 tempest-GroupSnapshotsTest-1122684530 None] Running cmd (subprocess): sudo cinder-rootwrap /etc/cinder/rootwrap.conf truncate -s0 /opt/stack/data/cinder/mnt/eb469988620c3e1881e746852235a8ea/volume-0e659b96-73d3-4ef2-9042-8bdad25df89a.info {{(pid=78894) execute /opt/stack/data/venv/lib/python3.10/site-packages/oslo_concurrency/processutils.py:368}}
Feb 13 11:29:30 devstack sudo[80480]: quobyte : PWD=/ ; USER=root ; COMMAND=/opt/stack/data/venv/bin/cinder-rootwrap /etc/cinder/rootwrap.conf truncate -s0 /opt/stack/data/cinder/mnt/eb469988620c3e1881e746852235a8ea/volume-0e659b96-73d3-4ef2-9042-8bdad25df89a.info
Feb 13 11:29:30 devstack sudo[80480]: pam_unix(sudo:session): session opened for user root(uid=0) by (uid=1000)
Feb 13 11:29:30 devstack sudo[80480]: pam_unix(sudo:session): session closed for user root
Feb 13 11:29:30 devstack cinder-volume[78894]: DEBUG oslo_concurrency.processutils [None req-a562e13c-a6cd-4b21-afbf-e3575b45c141 tempest-GroupSnapshotsTest-1122684530 None] CMD "sudo cinder-rootwrap /etc/cinder/rootwrap.conf truncate -s0 /opt/stack/data/cinder/mnt/eb469988620c3e1881e746852235a8ea/volume-0e659b96-73d3-4ef2-9042-8bdad25df89a.info" returned: 0 in 0.499s {{(pid=78894) execute /opt/stack/data/venv/lib/python3.10/site-packages/oslo_concurrency/processutils.py:396}}
Feb 13 11:29:30 devstack cinder-volume[78894]: WARNING cinder.volume.drivers.remotefs [None req-a562e13c-a6cd-4b21-afbf-e3575b45c141 tempest-GroupSnapshotsTest-1122684530 None] /opt/stack/data/cinder/mnt/eb469988620c3e1881e746852235a8ea/volume-0e659b96-73d3-4ef2-9042-8bdad25df89a.info is being set with open permissions: ugo+rw: NotImplementedError
Feb 13 11:29:30 devstack cinder-volume[78894]: DEBUG oslo_concurrency.processutils [None req-a562e13c-a6cd-4b21-afbf-e3575b45c141 tempest-GroupSnapshotsTest-1122684530 None] Running cmd (subprocess): sudo cinder-rootwrap /etc/cinder/rootwrap.conf chmod ugo+rw /opt/stack/data/cinder/mnt/eb469988620c3e1881e746852235a8ea/volume-0e659b96-73d3-4ef2-9042-8bdad25df89a.info {{(pid=78894) execute /opt/stack/data/venv/lib/python3.10/site-packages/oslo_concurrency/processutils.py:368}}
Feb 13 11:29:30 devstack sudo[80484]: quobyte : PWD=/ ; USER=root ; COMMAND=/opt/stack/data/venv/bin/cinder-rootwrap /etc/cinder/rootwrap.conf chmod ugo+rw /opt/stack/data/cinder/mnt/eb469988620c3e1881e746852235a8ea/volume-0e659b96-73d3-4ef2-9042-8bdad25df89a.info
Feb 13 11:29:30 devstack sudo[80484]: pam_unix(sudo:session): session opened for user root(uid=0) by (uid=1000)
Feb 13 11:29:31 devstack sudo[80484]: pam_unix(sudo:session): session closed for user root
Feb 13 11:29:31 devstack cinder-volume[78894]: DEBUG oslo_concurrency.processutils [None req-a562e13c-a6cd-4b21-afbf-e3575b45c141 tempest-GroupSnapshotsTest-1122684530 None] CMD "sudo cinder-rootwrap /etc/cinder/rootwrap.conf chmod ugo+rw /opt/stack/data/cinder/mnt/eb469988620c3e1881e746852235a8ea/volume-0e659b96-73d3-4ef2-9042-8bdad25df89a.info" returned: 0 in 0.538s {{(pid=78894) execute /opt/stack/data/venv/lib/python3.10/site-packages/oslo_concurrency/processutils.py:396}}
Feb 13 11:29:31 devstack cinder-volume[78894]: DEBUG oslo_concurrency.lockutils [None req-a562e13c-a6cd-4b21-afbf-e3575b45c141 tempest-GroupSnapshotsTest-1122684530 None] Lock "quobyte" "released" by "cinder.volume.drivers.quobyte.QuobyteDriver.create_snapshot" :: held 3.589s {{(pid=78894) inner /opt/stack/data/venv/lib/python3.10/site-packages/oslo_concurrency/lockutils.py:538}}
Feb 13 11:29:31 devstack cinder-volume[78894]: DEBUG oslo_concurrency.lockutils [None req-9800fbce-1119-45e8-831f-e4477a3f5a01 tempest-VolumeSnapshotQuotasNegativeTestJSON-913053786 None] Lock "quobyte" acquired by "cinder.volume.drivers.quobyte.QuobyteDriver.create_volume" :: waited 6.413s {{(pid=78894) inner /opt/stack/data/venv/lib/python3.10/site-packages/oslo_concurrency/lockutils.py:519}}
Feb 13 11:29:31 devstack cinder-volume[78894]: DEBUG cinder.volume.drivers.quobyte [None req-9800fbce-1119-45e8-831f-e4477a3f5a01 tempest-VolumeSnapshotQuotasNegativeTestJSON-913053786 None] ==> create_volume: call "{'self': , 'volume': Volume(_name_id=None,admin_metadata=,attach_status='detached',availability_zone='nova',bootable=False,cluster=,cluster_name=None,consistencygroup=,consistencygroup_id=None,created_at=2026-02-13T10:29:25Z,deleted=False,deleted_at=None,display_description=None,display_name='tempest-VolumeSnapshotQuotasNegativeTestJSON-Volume-1187053593',ec2_id=None,encryption_key_id=None,glance_metadata=,group=,group_id=None,host='devstack@QuobyteHD#QuobyteHD',id=9bf257c3-69dc-4e68-b3ef-6e05e2d62feb,launched_at=None,metadata={},migration_status=None,multiattach=False,previous_status=None,project_id='e920bc269527476f855050e8eebd56e8',provider_auth=None,provider_geometry=None,provider_id=None,provider_location=None,replication_driver_data=None,replication_extended_status=None,replication_status=None,scheduled_at=2026-02-13T10:29:25Z,service_uuid=None,shared_targets=True,size=1,snapshot_id=None,snapshots=,source_volid=None,status='creating',terminated_at=None,updated_at=2026-02-13T10:29:25Z,use_quota=True,user_id='364f598608c64dada46baa624df23290',volume_attachment=VolumeAttachmentList,volume_type=VolumeType(7714b451-aa2d-4708-b3fe-eaeafb0bbcec),volume_type_id=7714b451-aa2d-4708-b3fe-eaeafb0bbcec)}" {{(pid=78894) trace_logging_wrapper /opt/stack/cinder/cinder/volume/volume_utils.py:1498}}
Feb 13 11:29:31 devstack cinder-volume[78894]: DEBUG cinder.volume.drivers.remotefs [None req-9800fbce-1119-45e8-831f-e4477a3f5a01 tempest-VolumeSnapshotQuotasNegativeTestJSON-913053786 None] Creating volume 9bf257c3-69dc-4e68-b3ef-6e05e2d62feb {{(pid=78894) create_volume /opt/stack/cinder/cinder/volume/drivers/remotefs.py:292}}
Feb 13 11:29:31 devstack cinder-volume[78894]: DEBUG oslo_concurrency.lockutils [None req-9800fbce-1119-45e8-831f-e4477a3f5a01 tempest-VolumeSnapshotQuotasNegativeTestJSON-913053786 None] Acquiring lock "quobyte_ensure" by "cinder.volume.drivers.quobyte.QuobyteDriver._ensure_shares_mounted" {{(pid=78894) inner /opt/stack/data/venv/lib/python3.10/site-packages/oslo_concurrency/lockutils.py:506}}
Feb 13 11:29:31 devstack cinder-volume[78894]: DEBUG oslo_concurrency.lockutils [None req-9800fbce-1119-45e8-831f-e4477a3f5a01 tempest-VolumeSnapshotQuotasNegativeTestJSON-913053786 None] Lock "quobyte_ensure" acquired by "cinder.volume.drivers.quobyte.QuobyteDriver._ensure_shares_mounted" :: waited 0.000s {{(pid=78894) inner /opt/stack/data/venv/lib/python3.10/site-packages/oslo_concurrency/lockutils.py:519}}
Feb 13 11:29:31 devstack cinder-volume[78894]: DEBUG cinder.volume.drivers.quobyte [None req-9800fbce-1119-45e8-831f-e4477a3f5a01 tempest-VolumeSnapshotQuotasNegativeTestJSON-913053786 None] Quobyte Volume URL set to: {'osci02.corp.quobyte.com/cinder-vol-f8ff09c9-c2c7-4856-98e3-3d4939280ee3': None} {{(pid=78894) _load_shares_config /opt/stack/cinder/cinder/volume/drivers/quobyte.py:620}}
Feb 13 11:29:31 devstack cinder-volume[78894]: DEBUG cinder.volume.drivers.quobyte [None req-9800fbce-1119-45e8-831f-e4477a3f5a01 tempest-VolumeSnapshotQuotasNegativeTestJSON-913053786 None] Available shares ['osci02.corp.quobyte.com/cinder-vol-f8ff09c9-c2c7-4856-98e3-3d4939280ee3'] {{(pid=78894) _ensure_shares_mounted /opt/stack/cinder/cinder/volume/drivers/quobyte.py:650}}
Feb 13 11:29:31 devstack cinder-volume[78894]: DEBUG oslo_concurrency.lockutils [None req-9800fbce-1119-45e8-831f-e4477a3f5a01 tempest-VolumeSnapshotQuotasNegativeTestJSON-913053786 None] Lock "quobyte_ensure" "released" by "cinder.volume.drivers.quobyte.QuobyteDriver._ensure_shares_mounted" :: held 0.004s {{(pid=78894) inner /opt/stack/data/venv/lib/python3.10/site-packages/oslo_concurrency/lockutils.py:538}}
Feb 13 11:29:31 devstack cinder-volume[78894]: DEBUG cinder.volume.drivers.quobyte [None req-9800fbce-1119-45e8-831f-e4477a3f5a01 tempest-VolumeSnapshotQuotasNegativeTestJSON-913053786 None] Selected osci02.corp.quobyte.com/cinder-vol-f8ff09c9-c2c7-4856-98e3-3d4939280ee3 as target Quobyte volume. {{(pid=78894) _find_share /opt/stack/cinder/cinder/volume/drivers/quobyte.py:671}}
Feb 13 11:29:31 devstack cinder-volume[78894]: INFO cinder.volume.drivers.remotefs [None req-9800fbce-1119-45e8-831f-e4477a3f5a01 tempest-VolumeSnapshotQuotasNegativeTestJSON-913053786 None] casted to osci02.corp.quobyte.com/cinder-vol-f8ff09c9-c2c7-4856-98e3-3d4939280ee3
Feb 13 11:29:31 devstack cinder-volume[78894]: DEBUG oslo_concurrency.processutils [None req-9800fbce-1119-45e8-831f-e4477a3f5a01 tempest-VolumeSnapshotQuotasNegativeTestJSON-913053786 None] Running cmd (subprocess): sudo cinder-rootwrap /etc/cinder/rootwrap.conf qemu-img create -f qcow2 -o preallocation=metadata /opt/stack/data/cinder/mnt/eb469988620c3e1881e746852235a8ea/volume-9bf257c3-69dc-4e68-b3ef-6e05e2d62feb 1073741824 {{(pid=78894) execute /opt/stack/data/venv/lib/python3.10/site-packages/oslo_concurrency/processutils.py:368}}
Feb 13 11:29:31 devstack sudo[80487]: quobyte : PWD=/ ; USER=root ; COMMAND=/opt/stack/data/venv/bin/cinder-rootwrap /etc/cinder/rootwrap.conf qemu-img create -f qcow2 -o preallocation=metadata /opt/stack/data/cinder/mnt/eb469988620c3e1881e746852235a8ea/volume-9bf257c3-69dc-4e68-b3ef-6e05e2d62feb 1073741824
Feb 13 11:29:31 devstack sudo[80487]: pam_unix(sudo:session): session opened for user root(uid=0) by (uid=1000)
Feb 13 11:29:31 devstack cinder-volume[78894]: INFO cinder.volume.manager [None req-a562e13c-a6cd-4b21-afbf-e3575b45c141 tempest-GroupSnapshotsTest-1122684530 None] group_snapshot cd6ff609-fd60-4d80-b8f5-0aa275c56000: created successfully
Feb 13 11:29:31 devstack cinder-volume[78894]: INFO cinder.volume.manager [None req-61da835b-1551-4ced-8620-3919b67196e4 tempest-GroupSnapshotsTest-1122684530 None] group_snapshot cd6ff609-fd60-4d80-b8f5-0aa275c56000: deleting
Feb 13 11:29:31 devstack cinder-volume[78894]: WARNING cinder.volume.volume_utils [None req-61da835b-1551-4ced-8620-3919b67196e4 tempest-GroupSnapshotsTest-1122684530 None] Volume driver (QuobyteDriver 1.1.14) is currently unsupported and may be removed in the next release of OpenStack. Use at your own risk.
Feb 13 11:29:31 devstack cinder-volume[78894]: DEBUG cinder.volume.manager [None req-61da835b-1551-4ced-8620-3919b67196e4 tempest-GroupSnapshotsTest-1122684530 None] group_snapshot cd6ff609-fd60-4d80-b8f5-0aa275c56000: deleting {{(pid=78894) delete_group_snapshot /opt/stack/cinder/cinder/volume/manager.py:4350}}
Feb 13 11:29:31 devstack cinder-volume[78894]: DEBUG cinder.coordination [None req-61da835b-1551-4ced-8620-3919b67196e4 tempest-GroupSnapshotsTest-1122684530 None] Acquiring lock "cinder-quobyte-03285044-f407-49e4-8726-651482a57a60" by "delete_snapshot" {{(pid=78894) __acquire /opt/stack/cinder/cinder/coordination.py:143}}
Feb 13 11:29:31 devstack cinder-volume[78894]: DEBUG cinder.coordination [None req-61da835b-1551-4ced-8620-3919b67196e4 tempest-GroupSnapshotsTest-1122684530 None] Lock "cinder-quobyte-03285044-f407-49e4-8726-651482a57a60" acquired by "delete_snapshot" :: waited 0.029s {{(pid=78894) __acquire /opt/stack/cinder/cinder/coordination.py:146}}
Feb 13 11:29:31 devstack cinder-volume[78894]: DEBUG cinder.coordination [None req-61da835b-1551-4ced-8620-3919b67196e4 tempest-GroupSnapshotsTest-1122684530 None] Acquiring lock "cinder-quobyte-baa557ec-72b4-4325-a257-fcc2244d4e0a" by "_delete_snapshot" {{(pid=78894) __acquire /opt/stack/cinder/cinder/coordination.py:143}}
Feb 13 11:29:31 devstack cinder-volume[78894]: DEBUG cinder.coordination [None req-61da835b-1551-4ced-8620-3919b67196e4 tempest-GroupSnapshotsTest-1122684530 None] Lock "cinder-quobyte-baa557ec-72b4-4325-a257-fcc2244d4e0a" acquired by "_delete_snapshot" :: waited 0.016s {{(pid=78894) __acquire /opt/stack/cinder/cinder/coordination.py:146}}
Feb 13 11:29:31 devstack cinder-volume[78894]: DEBUG cinder.volume.drivers.remotefs [None req-61da835b-1551-4ced-8620-3919b67196e4 tempest-GroupSnapshotsTest-1122684530 None] Deleting offline snapshot baa557ec-72b4-4325-a257-fcc2244d4e0a of volume 03285044-f407-49e4-8726-651482a57a60 {{(pid=78894) _delete_snapshot /opt/stack/cinder/cinder/volume/drivers/remotefs.py:1290}}
Feb 13 11:29:31 devstack cinder-volume[78894]: DEBUG cinder.volume.drivers.remotefs [None req-61da835b-1551-4ced-8620-3919b67196e4 tempest-GroupSnapshotsTest-1122684530 None] snapshot_file for this snap is: volume-03285044-f407-49e4-8726-651482a57a60.baa557ec-72b4-4325-a257-fcc2244d4e0a {{(pid=78894) _delete_snapshot /opt/stack/cinder/cinder/volume/drivers/remotefs.py:1319}}
Feb 13 11:29:31 devstack cinder-volume[78894]: DEBUG oslo.privsep.daemon [-] privsep: reply[a2166608-6964-471b-8d75-4ced015d4236]: (4, 'qcow2') {{(pid=79583) _call_back /opt/stack/data/venv/lib/python3.10/site-packages/oslo_privsep/daemon.py:515}}
Feb 13 11:29:31 devstack cinder-volume[78894]: DEBUG oslo_concurrency.processutils [None req-61da835b-1551-4ced-8620-3919b67196e4 tempest-GroupSnapshotsTest-1122684530 None] Running cmd (subprocess): /opt/stack/data/venv/bin/python3.10 -m oslo_concurrency.prlimit --as=1073741824 --cpu=60 -- sudo cinder-rootwrap /etc/cinder/rootwrap.conf env LC_ALL=C qemu-img info -f qcow2 --output=json --force-share /opt/stack/data/cinder/mnt/eb469988620c3e1881e746852235a8ea/volume-03285044-f407-49e4-8726-651482a57a60.baa557ec-72b4-4325-a257-fcc2244d4e0a {{(pid=78894) execute /opt/stack/data/venv/lib/python3.10/site-packages/oslo_concurrency/processutils.py:368}}
Feb 13 11:29:31 devstack sudo[80490]: quobyte : PWD=/ ; USER=root ; COMMAND=/opt/stack/data/venv/bin/cinder-rootwrap /etc/cinder/rootwrap.conf env LC_ALL=C qemu-img info -f qcow2 --output=json --force-share /opt/stack/data/cinder/mnt/eb469988620c3e1881e746852235a8ea/volume-03285044-f407-49e4-8726-651482a57a60.baa557ec-72b4-4325-a257-fcc2244d4e0a
Feb 13 11:29:31 devstack sudo[80490]: pam_unix(sudo:session): session opened for user root(uid=0) by (uid=1000)
Feb 13 11:29:32 devstack sudo[80487]: pam_unix(sudo:session): session closed for user root
Feb 13 11:29:32 devstack cinder-volume[78894]: DEBUG oslo_concurrency.processutils [None req-9800fbce-1119-45e8-831f-e4477a3f5a01 tempest-VolumeSnapshotQuotasNegativeTestJSON-913053786 None] CMD "sudo cinder-rootwrap /etc/cinder/rootwrap.conf qemu-img create -f qcow2 -o preallocation=metadata /opt/stack/data/cinder/mnt/eb469988620c3e1881e746852235a8ea/volume-9bf257c3-69dc-4e68-b3ef-6e05e2d62feb 1073741824" returned: 0 in 0.688s {{(pid=78894) execute /opt/stack/data/venv/lib/python3.10/site-packages/oslo_concurrency/processutils.py:396}}
Feb 13 11:29:32 devstack cinder-volume[78894]: DEBUG oslo_concurrency.processutils [None req-9800fbce-1119-45e8-831f-e4477a3f5a01 tempest-VolumeSnapshotQuotasNegativeTestJSON-913053786 None] Running cmd (subprocess): sudo cinder-rootwrap /etc/cinder/rootwrap.conf chmod ugo+rw /opt/stack/data/cinder/mnt/eb469988620c3e1881e746852235a8ea/volume-9bf257c3-69dc-4e68-b3ef-6e05e2d62feb {{(pid=78894) execute /opt/stack/data/venv/lib/python3.10/site-packages/oslo_concurrency/processutils.py:368}}
Feb 13 11:29:32 devstack sudo[80495]: quobyte : PWD=/ ; USER=root ; COMMAND=/opt/stack/data/venv/bin/cinder-rootwrap /etc/cinder/rootwrap.conf chmod ugo+rw /opt/stack/data/cinder/mnt/eb469988620c3e1881e746852235a8ea/volume-9bf257c3-69dc-4e68-b3ef-6e05e2d62feb
Feb 13 11:29:32 devstack sudo[80495]: pam_unix(sudo:session): session opened for user root(uid=0) by (uid=1000)
Feb 13 11:29:32 devstack sudo[80490]: pam_unix(sudo:session): session closed for user root
Feb 13 11:29:32 devstack cinder-volume[78894]: DEBUG oslo_concurrency.processutils [None req-61da835b-1551-4ced-8620-3919b67196e4 tempest-GroupSnapshotsTest-1122684530 None] CMD "/opt/stack/data/venv/bin/python3.10 -m oslo_concurrency.prlimit --as=1073741824 --cpu=60 -- sudo cinder-rootwrap /etc/cinder/rootwrap.conf env LC_ALL=C qemu-img info -f qcow2 --output=json --force-share /opt/stack/data/cinder/mnt/eb469988620c3e1881e746852235a8ea/volume-03285044-f407-49e4-8726-651482a57a60.baa557ec-72b4-4325-a257-fcc2244d4e0a" returned: 0 in 0.578s {{(pid=78894) execute /opt/stack/data/venv/lib/python3.10/site-packages/oslo_concurrency/processutils.py:396}}
Feb 13 11:29:32 devstack cinder-volume[78894]: DEBUG cinder.volume.drivers.remotefs [None req-61da835b-1551-4ced-8620-3919b67196e4 tempest-GroupSnapshotsTest-1122684530 None] Fetching qemu-img info with special backing_file_template: (/opt/stack/data/cinder/mnt/[0-9a-f]+/)?(volume-03285044-f407-49e4-8726-651482a57a60(.(tmp-snap-)?[0-9a-f-]+)?|volume_from_snapshot_cache/(tmp-snap-)?[0-9a-f-]+(.(child-|parent-)[0-9a-f-]+)?)$ {{(pid=78894) _qemu_img_info_base /opt/stack/cinder/cinder/volume/drivers/remotefs.py:898}}
Feb 13 11:29:32 devstack cinder-volume[78894]: DEBUG oslo.privsep.daemon [-] privsep: reply[929f55a4-f583-4033-985e-533c0bbbf82a]: (4, 'qcow2') {{(pid=79583) _call_back /opt/stack/data/venv/lib/python3.10/site-packages/oslo_privsep/daemon.py:515}}
Feb 13 11:29:32 devstack cinder-volume[78894]: DEBUG oslo_concurrency.processutils [None req-61da835b-1551-4ced-8620-3919b67196e4 tempest-GroupSnapshotsTest-1122684530 None] Running cmd (subprocess): /opt/stack/data/venv/bin/python3.10 -m oslo_concurrency.prlimit --as=1073741824 --cpu=60 -- sudo cinder-rootwrap /etc/cinder/rootwrap.conf env LC_ALL=C qemu-img info -f qcow2 --output=json --force-share /opt/stack/data/cinder/mnt/eb469988620c3e1881e746852235a8ea/volume-03285044-f407-49e4-8726-651482a57a60 {{(pid=78894) execute /opt/stack/data/venv/lib/python3.10/site-packages/oslo_concurrency/processutils.py:368}}
Feb 13 11:29:32 devstack sudo[80500]: quobyte : PWD=/ ; USER=root ; COMMAND=/opt/stack/data/venv/bin/cinder-rootwrap /etc/cinder/rootwrap.conf env LC_ALL=C qemu-img info -f qcow2 --output=json --force-share /opt/stack/data/cinder/mnt/eb469988620c3e1881e746852235a8ea/volume-03285044-f407-49e4-8726-651482a57a60
Feb 13 11:29:32 devstack sudo[80500]: pam_unix(sudo:session): session opened for user root(uid=0) by (uid=1000)
Feb 13 11:29:32 devstack sudo[80495]: pam_unix(sudo:session): session closed for user root
Feb 13 11:29:32 devstack cinder-volume[78894]: DEBUG oslo_concurrency.processutils [None req-9800fbce-1119-45e8-831f-e4477a3f5a01 tempest-VolumeSnapshotQuotasNegativeTestJSON-913053786 None] CMD "sudo cinder-rootwrap /etc/cinder/rootwrap.conf chmod ugo+rw /opt/stack/data/cinder/mnt/eb469988620c3e1881e746852235a8ea/volume-9bf257c3-69dc-4e68-b3ef-6e05e2d62feb" returned: 0 in 0.551s {{(pid=78894) execute /opt/stack/data/venv/lib/python3.10/site-packages/oslo_concurrency/processutils.py:396}}
Feb 13 11:29:32 devstack cinder-volume[78894]: DEBUG cinder.volume.drivers.quobyte [None req-9800fbce-1119-45e8-831f-e4477a3f5a01 tempest-VolumeSnapshotQuotasNegativeTestJSON-913053786 None] <== create_volume: return (1266ms) {'provider_location': 'osci02.corp.quobyte.com/cinder-vol-f8ff09c9-c2c7-4856-98e3-3d4939280ee3'} {{(pid=78894) trace_logging_wrapper /opt/stack/cinder/cinder/volume/volume_utils.py:1523}}
Feb 13 11:29:32 devstack cinder-volume[78894]: DEBUG oslo_concurrency.lockutils [None req-9800fbce-1119-45e8-831f-e4477a3f5a01 tempest-VolumeSnapshotQuotasNegativeTestJSON-913053786 None] Lock "quobyte" "released" by "cinder.volume.drivers.quobyte.QuobyteDriver.create_volume" :: held 1.269s {{(pid=78894) inner /opt/stack/data/venv/lib/python3.10/site-packages/oslo_concurrency/lockutils.py:538}}
Feb 13 11:29:32 devstack cinder-volume[78894]: DEBUG cinder.volume.manager [None req-9800fbce-1119-45e8-831f-e4477a3f5a01 tempest-VolumeSnapshotQuotasNegativeTestJSON-913053786 None] Task 'cinder.volume.flows.manager.create_volume.CreateVolumeFromSpecTask;volume:create' (a44568b5-59de-4cb8-8044-d8b7d274ae4a) transitioned into state 'SUCCESS' from state 'RUNNING' with result '{'status': 'creating', 'volume_name': 'volume-9bf257c3-69dc-4e68-b3ef-6e05e2d62feb', 'volume_size': 1}' {{(pid=78894) _task_receiver /opt/stack/data/venv/lib/python3.10/site-packages/taskflow/listeners/logging.py:182}}
Feb 13 11:29:32 devstack cinder-volume[78894]: DEBUG cinder.volume.manager [None req-9800fbce-1119-45e8-831f-e4477a3f5a01 tempest-VolumeSnapshotQuotasNegativeTestJSON-913053786 None] Task 'cinder.volume.flows.manager.create_volume.CreateVolumeOnFinishTask;volume:create, create.end' (ee0c3f02-b718-4235-bbb5-6892c91254b2) transitioned into state 'RUNNING' from state 'PENDING' {{(pid=78894) _task_receiver /opt/stack/data/venv/lib/python3.10/site-packages/taskflow/listeners/logging.py:194}}
Feb 13 11:29:32 devstack cinder-volume[78894]: INFO cinder.volume.flows.manager.create_volume [None req-9800fbce-1119-45e8-831f-e4477a3f5a01 tempest-VolumeSnapshotQuotasNegativeTestJSON-913053786 None] Volume volume-9bf257c3-69dc-4e68-b3ef-6e05e2d62feb (9bf257c3-69dc-4e68-b3ef-6e05e2d62feb): created successfully
Feb 13 11:29:32 devstack cinder-volume[78894]: DEBUG cinder.volume.manager [None req-9800fbce-1119-45e8-831f-e4477a3f5a01 tempest-VolumeSnapshotQuotasNegativeTestJSON-913053786 None] Task 'cinder.volume.flows.manager.create_volume.CreateVolumeOnFinishTask;volume:create, create.end' (ee0c3f02-b718-4235-bbb5-6892c91254b2) transitioned into state 'SUCCESS' from state 'RUNNING' with result 'None' {{(pid=78894) _task_receiver /opt/stack/data/venv/lib/python3.10/site-packages/taskflow/listeners/logging.py:182}}
Feb 13 11:29:32 devstack cinder-volume[78894]: DEBUG cinder.volume.manager [None req-9800fbce-1119-45e8-831f-e4477a3f5a01 tempest-VolumeSnapshotQuotasNegativeTestJSON-913053786 None] Flow 'volume_create_manager' (cd480737-30ac-4bde-afea-51943d33908f) transitioned into state 'SUCCESS' from state 'RUNNING' {{(pid=78894) _flow_receiver /opt/stack/data/venv/lib/python3.10/site-packages/taskflow/listeners/logging.py:145}}
Feb 13 11:29:32 devstack cinder-volume[78894]: INFO cinder.volume.manager [None req-9800fbce-1119-45e8-831f-e4477a3f5a01 tempest-VolumeSnapshotQuotasNegativeTestJSON-913053786 None] Created volume successfully.
Feb 13 11:29:32 devstack sudo[80500]: pam_unix(sudo:session): session closed for user root
Feb 13 11:29:32 devstack cinder-volume[78894]: DEBUG oslo_concurrency.processutils [None req-61da835b-1551-4ced-8620-3919b67196e4 tempest-GroupSnapshotsTest-1122684530 None] CMD "/opt/stack/data/venv/bin/python3.10 -m oslo_concurrency.prlimit --as=1073741824 --cpu=60 -- sudo cinder-rootwrap /etc/cinder/rootwrap.conf env LC_ALL=C qemu-img info -f qcow2 --output=json --force-share /opt/stack/data/cinder/mnt/eb469988620c3e1881e746852235a8ea/volume-03285044-f407-49e4-8726-651482a57a60" returned: 0 in 0.602s {{(pid=78894) execute /opt/stack/data/venv/lib/python3.10/site-packages/oslo_concurrency/processutils.py:396}}
Feb 13 11:29:32 devstack cinder-volume[78894]: DEBUG oslo_concurrency.processutils [None req-61da835b-1551-4ced-8620-3919b67196e4 tempest-GroupSnapshotsTest-1122684530 None] Running cmd (subprocess): sudo cinder-rootwrap /etc/cinder/rootwrap.conf qemu-img commit -d /opt/stack/data/cinder/mnt/eb469988620c3e1881e746852235a8ea/volume-03285044-f407-49e4-8726-651482a57a60.baa557ec-72b4-4325-a257-fcc2244d4e0a {{(pid=78894) execute /opt/stack/data/venv/lib/python3.10/site-packages/oslo_concurrency/processutils.py:368}}
Feb 13 11:29:33 devstack sudo[80506]: quobyte : PWD=/ ; USER=root ; COMMAND=/opt/stack/data/venv/bin/cinder-rootwrap /etc/cinder/rootwrap.conf qemu-img commit -d /opt/stack/data/cinder/mnt/eb469988620c3e1881e746852235a8ea/volume-03285044-f407-49e4-8726-651482a57a60.baa557ec-72b4-4325-a257-fcc2244d4e0a
Feb 13 11:29:33 devstack sudo[80506]: pam_unix(sudo:session): session opened for user root(uid=0) by (uid=1000)
Feb 13 11:29:33 devstack cinder-volume[78894]: DEBUG oslo_service.periodic_task [None req-294f1c63-177c-4bbb-8212-612e35f772c8 None None] Running periodic task VolumeManager.publish_service_capabilities {{(pid=78894) run_periodic_tasks /opt/stack/data/venv/lib/python3.10/site-packages/oslo_service/periodic_task.py:210}}
Feb 13 11:29:33 devstack cinder-volume[78894]: DEBUG oslo_concurrency.lockutils [None req-294f1c63-177c-4bbb-8212-612e35f772c8 None None] Acquiring lock "quobyte_ensure" by "cinder.volume.drivers.quobyte.QuobyteDriver._ensure_shares_mounted" {{(pid=78894) inner /opt/stack/data/venv/lib/python3.10/site-packages/oslo_concurrency/lockutils.py:506}}
Feb 13 11:29:33 devstack cinder-volume[78894]: DEBUG oslo_concurrency.lockutils [None req-294f1c63-177c-4bbb-8212-612e35f772c8 None None] Lock "quobyte_ensure" acquired by "cinder.volume.drivers.quobyte.QuobyteDriver._ensure_shares_mounted" :: waited 0.001s {{(pid=78894) inner /opt/stack/data/venv/lib/python3.10/site-packages/oslo_concurrency/lockutils.py:519}}
Feb 13 11:29:33 devstack cinder-volume[78894]: DEBUG cinder.volume.drivers.quobyte [None req-294f1c63-177c-4bbb-8212-612e35f772c8 None None] Quobyte Volume URL set to: {'osci02.corp.quobyte.com/cinder-vol-f8ff09c9-c2c7-4856-98e3-3d4939280ee3': None} {{(pid=78894) _load_shares_config /opt/stack/cinder/cinder/volume/drivers/quobyte.py:620}}
Feb 13 11:29:33 devstack cinder-volume[78894]: DEBUG cinder.volume.drivers.quobyte [None req-294f1c63-177c-4bbb-8212-612e35f772c8 None None] Available shares ['osci02.corp.quobyte.com/cinder-vol-f8ff09c9-c2c7-4856-98e3-3d4939280ee3'] {{(pid=78894) _ensure_shares_mounted /opt/stack/cinder/cinder/volume/drivers/quobyte.py:650}}
Feb 13 11:29:33 devstack cinder-volume[78894]: DEBUG oslo_concurrency.lockutils [None req-294f1c63-177c-4bbb-8212-612e35f772c8 None None] Lock "quobyte_ensure" "released" by "cinder.volume.drivers.quobyte.QuobyteDriver._ensure_shares_mounted" :: held 0.007s {{(pid=78894) inner /opt/stack/data/venv/lib/python3.10/site-packages/oslo_concurrency/lockutils.py:538}}
Feb 13 11:29:33 devstack cinder-volume[78894]: DEBUG oslo_concurrency.processutils [None req-294f1c63-177c-4bbb-8212-612e35f772c8 None None] Running cmd (subprocess): sudo cinder-rootwrap /etc/cinder/rootwrap.conf df --portability --block-size 1 /opt/stack/data/cinder/mnt/eb469988620c3e1881e746852235a8ea {{(pid=78894) execute /opt/stack/data/venv/lib/python3.10/site-packages/oslo_concurrency/processutils.py:368}}
Feb 13 11:29:33 devstack sudo[80509]: quobyte : PWD=/ ; USER=root ; COMMAND=/opt/stack/data/venv/bin/cinder-rootwrap /etc/cinder/rootwrap.conf df --portability --block-size 1 /opt/stack/data/cinder/mnt/eb469988620c3e1881e746852235a8ea
Feb 13 11:29:33 devstack sudo[80509]: pam_unix(sudo:session): session opened for user root(uid=0) by (uid=1000)
Feb 13 11:29:33 devstack sudo[80506]: pam_unix(sudo:session): session closed for user root
Feb 13 11:29:33 devstack cinder-volume[78894]: DEBUG oslo_concurrency.processutils [None req-61da835b-1551-4ced-8620-3919b67196e4 tempest-GroupSnapshotsTest-1122684530 None] CMD "sudo cinder-rootwrap /etc/cinder/rootwrap.conf qemu-img commit -d /opt/stack/data/cinder/mnt/eb469988620c3e1881e746852235a8ea/volume-03285044-f407-49e4-8726-651482a57a60.baa557ec-72b4-4325-a257-fcc2244d4e0a" returned: 0 in 0.636s {{(pid=78894) execute /opt/stack/data/venv/lib/python3.10/site-packages/oslo_concurrency/processutils.py:396}}
Feb 13 11:29:33 devstack cinder-volume[78894]: DEBUG oslo_concurrency.processutils [None req-61da835b-1551-4ced-8620-3919b67196e4 tempest-GroupSnapshotsTest-1122684530 None] Running cmd (subprocess): sudo cinder-rootwrap /etc/cinder/rootwrap.conf rm -f /opt/stack/data/cinder/mnt/eb469988620c3e1881e746852235a8ea/volume-03285044-f407-49e4-8726-651482a57a60.baa557ec-72b4-4325-a257-fcc2244d4e0a {{(pid=78894) execute /opt/stack/data/venv/lib/python3.10/site-packages/oslo_concurrency/processutils.py:368}}
Feb 13 11:29:33 devstack sudo[80513]: quobyte : PWD=/ ; USER=root ; COMMAND=/opt/stack/data/venv/bin/cinder-rootwrap /etc/cinder/rootwrap.conf rm -f /opt/stack/data/cinder/mnt/eb469988620c3e1881e746852235a8ea/volume-03285044-f407-49e4-8726-651482a57a60.baa557ec-72b4-4325-a257-fcc2244d4e0a
Feb 13 11:29:33 devstack sudo[80513]: pam_unix(sudo:session): session opened for user root(uid=0) by (uid=1000)
Feb 13 11:29:33 devstack cinder-volume[78894]: DEBUG dbcounter [-] [78894] Writing DB stats cinder:UPDATE=102,cinder:SELECT=116,cinder:INSERT=28,cinder:DELETE=9 {{(pid=78894) stat_writer /opt/stack/data/venv/lib/python3.10/site-packages/dbcounter.py:115}}
