Aug 19 23:34:44 devstack cinder-volume[94477]: DEBUG oslo_concurrency.processutils [None req-1df688d3-23f9-4846-b75c-0ff3df67af38 tempest-GroupSnapshotsTest-1646066934 None] CMD "sudo cinder-rootwrap /etc/cinder/rootwrap.conf qemu-img rebase -u -b volume-d3126a60-d01d-40d7-aa90-4750a18f0ce5 -F qcow2 /opt/stack/data/cinder/mnt/e5c37c559915c35e1a3601dc4b932031/volume-d3126a60-d01d-40d7-aa90-4750a18f0ce5.230738d6-ed64-47f6-a373-ba54b0bb26a9" returned: 0 in 0.482s {{(pid=94477) execute /opt/stack/data/venv/lib/python3.12/site-packages/oslo_concurrency/processutils.py:468}}
Aug 19 23:34:44 devstack cinder-volume[94477]: WARNING cinder.volume.drivers.remotefs [None req-1df688d3-23f9-4846-b75c-0ff3df67af38 tempest-GroupSnapshotsTest-1646066934 None] /opt/stack/data/cinder/mnt/e5c37c559915c35e1a3601dc4b932031/volume-d3126a60-d01d-40d7-aa90-4750a18f0ce5.230738d6-ed64-47f6-a373-ba54b0bb26a9 is being set with open permissions: ugo+rw: NotImplementedError
Aug 19 23:34:44 devstack cinder-volume[94477]: DEBUG oslo_concurrency.processutils [None req-1df688d3-23f9-4846-b75c-0ff3df67af38 tempest-GroupSnapshotsTest-1646066934 None] Running cmd (subprocess): sudo cinder-rootwrap /etc/cinder/rootwrap.conf chmod ugo+rw /opt/stack/data/cinder/mnt/e5c37c559915c35e1a3601dc4b932031/volume-d3126a60-d01d-40d7-aa90-4750a18f0ce5.230738d6-ed64-47f6-a373-ba54b0bb26a9 {{(pid=94477) execute /opt/stack/data/venv/lib/python3.12/site-packages/oslo_concurrency/processutils.py:440}}
Aug 19 23:34:44 devstack sudo[102485]: quobyte : PWD=/ ; USER=root ; COMMAND=/opt/stack/data/venv/bin/cinder-rootwrap /etc/cinder/rootwrap.conf chmod ugo+rw /opt/stack/data/cinder/mnt/e5c37c559915c35e1a3601dc4b932031/volume-d3126a60-d01d-40d7-aa90-4750a18f0ce5.230738d6-ed64-47f6-a373-ba54b0bb26a9
Aug 19 23:34:44 devstack sudo[102485]: pam_unix(sudo:session): session opened for user root(uid=0) by (uid=1000)
Aug 19 23:34:44 devstack sudo[102485]: pam_unix(sudo:session): session closed for user root
Aug 19 23:34:44 devstack cinder-volume[94477]: DEBUG oslo_concurrency.processutils [None req-1df688d3-23f9-4846-b75c-0ff3df67af38 tempest-GroupSnapshotsTest-1646066934 None] CMD "sudo cinder-rootwrap /etc/cinder/rootwrap.conf chmod ugo+rw /opt/stack/data/cinder/mnt/e5c37c559915c35e1a3601dc4b932031/volume-d3126a60-d01d-40d7-aa90-4750a18f0ce5.230738d6-ed64-47f6-a373-ba54b0bb26a9" returned: 0 in 0.325s {{(pid=94477) execute /opt/stack/data/venv/lib/python3.12/site-packages/oslo_concurrency/processutils.py:468}}
Aug 19 23:34:44 devstack cinder-volume[94477]: DEBUG oslo_concurrency.processutils [None req-1df688d3-23f9-4846-b75c-0ff3df67af38 tempest-GroupSnapshotsTest-1646066934 None] Running cmd (subprocess): sudo cinder-rootwrap /etc/cinder/rootwrap.conf truncate -s0 /opt/stack/data/cinder/mnt/e5c37c559915c35e1a3601dc4b932031/volume-d3126a60-d01d-40d7-aa90-4750a18f0ce5.info {{(pid=94477) execute /opt/stack/data/venv/lib/python3.12/site-packages/oslo_concurrency/processutils.py:440}}
Aug 19 23:34:44 devstack sudo[102489]: quobyte : PWD=/ ; USER=root ; COMMAND=/opt/stack/data/venv/bin/cinder-rootwrap /etc/cinder/rootwrap.conf truncate -s0 /opt/stack/data/cinder/mnt/e5c37c559915c35e1a3601dc4b932031/volume-d3126a60-d01d-40d7-aa90-4750a18f0ce5.info
Aug 19 23:34:44 devstack sudo[102489]: pam_unix(sudo:session): session opened for user root(uid=0) by (uid=1000)
Aug 19 23:34:44 devstack sudo[102489]: pam_unix(sudo:session): session closed for user root
Aug 19 23:34:44 devstack cinder-volume[94477]: DEBUG oslo_concurrency.processutils [None req-1df688d3-23f9-4846-b75c-0ff3df67af38 tempest-GroupSnapshotsTest-1646066934 None] CMD "sudo cinder-rootwrap /etc/cinder/rootwrap.conf truncate -s0 /opt/stack/data/cinder/mnt/e5c37c559915c35e1a3601dc4b932031/volume-d3126a60-d01d-40d7-aa90-4750a18f0ce5.info" returned: 0 in 0.354s {{(pid=94477) execute /opt/stack/data/venv/lib/python3.12/site-packages/oslo_concurrency/processutils.py:468}}
Aug 19 23:34:44 devstack cinder-volume[94477]: WARNING cinder.volume.drivers.remotefs [None req-1df688d3-23f9-4846-b75c-0ff3df67af38 tempest-GroupSnapshotsTest-1646066934 None] /opt/stack/data/cinder/mnt/e5c37c559915c35e1a3601dc4b932031/volume-d3126a60-d01d-40d7-aa90-4750a18f0ce5.info is being set with open permissions: ugo+rw: NotImplementedError
Aug 19 23:34:44 devstack cinder-volume[94477]: DEBUG oslo_concurrency.processutils [None req-1df688d3-23f9-4846-b75c-0ff3df67af38 tempest-GroupSnapshotsTest-1646066934 None] Running cmd (subprocess): sudo cinder-rootwrap /etc/cinder/rootwrap.conf chmod ugo+rw /opt/stack/data/cinder/mnt/e5c37c559915c35e1a3601dc4b932031/volume-d3126a60-d01d-40d7-aa90-4750a18f0ce5.info {{(pid=94477) execute /opt/stack/data/venv/lib/python3.12/site-packages/oslo_concurrency/processutils.py:440}}
Aug 19 23:34:44 devstack sudo[102492]: quobyte : PWD=/ ; USER=root ; COMMAND=/opt/stack/data/venv/bin/cinder-rootwrap /etc/cinder/rootwrap.conf chmod ugo+rw /opt/stack/data/cinder/mnt/e5c37c559915c35e1a3601dc4b932031/volume-d3126a60-d01d-40d7-aa90-4750a18f0ce5.info
Aug 19 23:34:44 devstack sudo[102492]: pam_unix(sudo:session): session opened for user root(uid=0) by (uid=1000)
Aug 19 23:34:45 devstack cinder-volume[94477]: DEBUG cinder.volume.flows.manager.create_volume [None req-c7e61e53-ca8e-4d9a-994a-19ae4806291f tempest-SnapshotMetadataTestJSON-600479762 None] Volume reschedule parameters: True retry: {'num_attempts': 1, 'backends': ['devstack@QuobyteHD#QuobyteHD'], 'hosts': ['devstack@QuobyteHD#QuobyteHD']} {{(pid=94477) get_flow /opt/stack/cinder/cinder/volume/flows/manager/create_volume.py:1397}}
Aug 19 23:34:45 devstack cinder-volume[94477]: DEBUG cinder.volume.manager [None req-c7e61e53-ca8e-4d9a-994a-19ae4806291f tempest-SnapshotMetadataTestJSON-600479762 None] Flow 'volume_create_manager' (fe26fc86-7418-4afd-97eb-201cea7d4e7f) transitioned into state 'RUNNING' from state 'PENDING' {{(pid=94477) _flow_receiver /opt/stack/data/venv/lib/python3.12/site-packages/taskflow/listeners/logging.py:160}}
Aug 19 23:34:45 devstack cinder-volume[94477]: DEBUG cinder.volume.manager [None req-c7e61e53-ca8e-4d9a-994a-19ae4806291f tempest-SnapshotMetadataTestJSON-600479762 None] Task 'cinder.volume.flows.manager.create_volume.ExtractVolumeRefTask;volume:create' (f16cb9e3-9426-48bd-a96a-481d1fd7101a) transitioned into state 'RUNNING' from state 'PENDING' {{(pid=94477) _task_receiver /opt/stack/data/venv/lib/python3.12/site-packages/taskflow/listeners/logging.py:242}}
Aug 19 23:34:45 devstack cinder-volume[94477]: DEBUG cinder.volume.manager [None req-c7e61e53-ca8e-4d9a-994a-19ae4806291f tempest-SnapshotMetadataTestJSON-600479762 None] Task 'cinder.volume.flows.manager.create_volume.ExtractVolumeRefTask;volume:create' (f16cb9e3-9426-48bd-a96a-481d1fd7101a) transitioned into state 'SUCCESS' from state 'RUNNING' with result 'Volume(_name_id=None,admin_metadata=,attach_status='detached',availability_zone='nova',bootable=False,cluster=,cluster_name=None,consistencygroup=,consistencygroup_id=None,created_at=2026-08-19T21:34:45Z,deleted=False,deleted_at=None,display_description=None,display_name='tempest-SnapshotMetadataTestJSON-Volume-1557994205',ec2_id=None,encryption_key_id=None,glance_metadata=,group=,group_id=None,host='devstack@QuobyteHD#QuobyteHD',id=d2851a93-b5ac-46b2-8a34-c254c7edfbe7,launched_at=None,metadata={},migration_status=None,multiattach=False,previous_status=None,project_id='f42f089eec8b4dcd8100ef4bd0dd786e',provider_auth=None,provider_geometry=None,provider_id=None,provider_location=None,replication_driver_data=None,replication_extended_status=None,replication_status=None,scheduled_at=2026-08-19T21:34:45Z,service_uuid=None,shared_targets=True,size=1,snapshot_id=None,snapshots=,source_volid=None,status='creating',terminated_at=None,updated_at=2026-08-19T21:34:45Z,use_quota=True,user_id='d480e78456f84d2e9813bbca594d215d',volume_attachment=VolumeAttachmentList,volume_type=VolumeType(f407f747-f8f0-4803-88d8-a83af60ad989),volume_type_id=f407f747-f8f0-4803-88d8-a83af60ad989)' {{(pid=94477) _task_receiver /opt/stack/data/venv/lib/python3.12/site-packages/taskflow/listeners/logging.py:218}}
Aug 19 23:34:45 devstack cinder-volume[94477]: DEBUG cinder.volume.manager [None req-c7e61e53-ca8e-4d9a-994a-19ae4806291f tempest-SnapshotMetadataTestJSON-600479762 None] Task 'cinder.volume.flows.manager.create_volume.OnFailureRescheduleTask;volume:create' (99d2d66b-7157-4644-9fe2-720a2f86dd6f) transitioned into state 'RUNNING' from state 'PENDING' {{(pid=94477) _task_receiver /opt/stack/data/venv/lib/python3.12/site-packages/taskflow/listeners/logging.py:242}}
Aug 19 23:34:45 devstack cinder-volume[94477]: DEBUG cinder.volume.manager [None req-c7e61e53-ca8e-4d9a-994a-19ae4806291f tempest-SnapshotMetadataTestJSON-600479762 None] Task 'cinder.volume.flows.manager.create_volume.OnFailureRescheduleTask;volume:create' (99d2d66b-7157-4644-9fe2-720a2f86dd6f) transitioned into state 'SUCCESS' from state 'RUNNING' with result 'None' {{(pid=94477) _task_receiver /opt/stack/data/venv/lib/python3.12/site-packages/taskflow/listeners/logging.py:218}}
Aug 19 23:34:45 devstack cinder-volume[94477]: DEBUG cinder.volume.manager [None req-c7e61e53-ca8e-4d9a-994a-19ae4806291f tempest-SnapshotMetadataTestJSON-600479762 None] Task 'cinder.volume.flows.manager.create_volume.ExtractVolumeSpecTask;volume:create' (0372c161-9692-438b-a524-0ea73b64db3b) transitioned into state 'RUNNING' from state 'PENDING' {{(pid=94477) _task_receiver /opt/stack/data/venv/lib/python3.12/site-packages/taskflow/listeners/logging.py:242}}
Aug 19 23:34:45 devstack cinder-volume[94477]: DEBUG cinder.volume.manager [None req-c7e61e53-ca8e-4d9a-994a-19ae4806291f tempest-SnapshotMetadataTestJSON-600479762 None] Task 'cinder.volume.flows.manager.create_volume.ExtractVolumeSpecTask;volume:create' (0372c161-9692-438b-a524-0ea73b64db3b) transitioned into state 'SUCCESS' from state 'RUNNING' with result '{'status': 'creating', 'type': 'raw', 'volume_id': 'd2851a93-b5ac-46b2-8a34-c254c7edfbe7', 'volume_name': 'volume-d2851a93-b5ac-46b2-8a34-c254c7edfbe7', 'volume_size': 1}' {{(pid=94477) _task_receiver /opt/stack/data/venv/lib/python3.12/site-packages/taskflow/listeners/logging.py:218}}
Aug 19 23:34:45 devstack cinder-volume[94477]: DEBUG cinder.volume.manager [None req-c7e61e53-ca8e-4d9a-994a-19ae4806291f tempest-SnapshotMetadataTestJSON-600479762 None] Task 'cinder.volume.flows.manager.create_volume.NotifyVolumeActionTask;volume:create, create.start' (1a6a7ba0-9702-4a1d-aae9-1fbfddd58855) transitioned into state 'RUNNING' from state 'PENDING' {{(pid=94477) _task_receiver /opt/stack/data/venv/lib/python3.12/site-packages/taskflow/listeners/logging.py:242}}
Aug 19 23:34:45 devstack cinder-volume[94477]: DEBUG cinder.volume.manager [None req-c7e61e53-ca8e-4d9a-994a-19ae4806291f tempest-SnapshotMetadataTestJSON-600479762 None] Task 'cinder.volume.flows.manager.create_volume.NotifyVolumeActionTask;volume:create, create.start' (1a6a7ba0-9702-4a1d-aae9-1fbfddd58855) transitioned into state 'SUCCESS' from state 'RUNNING' with result 'None' {{(pid=94477) _task_receiver /opt/stack/data/venv/lib/python3.12/site-packages/taskflow/listeners/logging.py:218}}
Aug 19 23:34:45 devstack cinder-volume[94477]: DEBUG cinder.volume.manager [None req-c7e61e53-ca8e-4d9a-994a-19ae4806291f tempest-SnapshotMetadataTestJSON-600479762 None] Task 'cinder.volume.flows.manager.create_volume.CreateVolumeFromSpecTask;volume:create' (a1ea7f8f-9591-4a6a-9074-4903885809bf) transitioned into state 'RUNNING' from state 'PENDING' {{(pid=94477) _task_receiver /opt/stack/data/venv/lib/python3.12/site-packages/taskflow/listeners/logging.py:242}}
Aug 19 23:34:45 devstack cinder-volume[94477]: INFO cinder.volume.flows.manager.create_volume [None req-c7e61e53-ca8e-4d9a-994a-19ae4806291f tempest-SnapshotMetadataTestJSON-600479762 None] Volume d2851a93-b5ac-46b2-8a34-c254c7edfbe7: being created as raw with specification: {'status': 'creating', 'volume_name': 'volume-d2851a93-b5ac-46b2-8a34-c254c7edfbe7', 'volume_size': 1}
Aug 19 23:34:45 devstack cinder-volume[94477]: DEBUG oslo_concurrency.lockutils [None req-c7e61e53-ca8e-4d9a-994a-19ae4806291f tempest-SnapshotMetadataTestJSON-600479762 None] Acquiring lock "quobyte" by "cinder.volume.drivers.quobyte.QuobyteDriver.create_volume" {{(pid=94477) inner /opt/stack/data/venv/lib/python3.12/site-packages/oslo_concurrency/lockutils.py:512}}
Aug 19 23:34:45 devstack sudo[102492]: pam_unix(sudo:session): session closed for user root
Aug 19 23:34:45 devstack cinder-volume[94477]: DEBUG oslo_concurrency.processutils [None req-1df688d3-23f9-4846-b75c-0ff3df67af38 tempest-GroupSnapshotsTest-1646066934 None] CMD "sudo cinder-rootwrap /etc/cinder/rootwrap.conf chmod ugo+rw /opt/stack/data/cinder/mnt/e5c37c559915c35e1a3601dc4b932031/volume-d3126a60-d01d-40d7-aa90-4750a18f0ce5.info" returned: 0 in 0.390s {{(pid=94477) execute /opt/stack/data/venv/lib/python3.12/site-packages/oslo_concurrency/processutils.py:468}}
Aug 19 23:34:45 devstack cinder-volume[94477]: DEBUG oslo_concurrency.lockutils [None req-1df688d3-23f9-4846-b75c-0ff3df67af38 tempest-GroupSnapshotsTest-1646066934 None] Lock "quobyte" "released" by "cinder.volume.drivers.quobyte.QuobyteDriver.create_snapshot" :: held 2.842s {{(pid=94477) inner /opt/stack/data/venv/lib/python3.12/site-packages/oslo_concurrency/lockutils.py:544}}
Aug 19 23:34:45 devstack cinder-volume[94477]: DEBUG oslo_concurrency.lockutils [None req-1df688d3-23f9-4846-b75c-0ff3df67af38 tempest-GroupSnapshotsTest-1646066934 None] Acquiring lock "quobyte" by "cinder.volume.drivers.quobyte.QuobyteDriver.create_snapshot" {{(pid=94477) inner /opt/stack/data/venv/lib/python3.12/site-packages/oslo_concurrency/lockutils.py:512}}
Aug 19 23:34:45 devstack cinder-volume[94477]: DEBUG oslo_concurrency.lockutils [None req-1df688d3-23f9-4846-b75c-0ff3df67af38 tempest-GroupSnapshotsTest-1646066934 None] Lock "quobyte" acquired by "cinder.volume.drivers.quobyte.QuobyteDriver.create_snapshot" :: waited 0.000s {{(pid=94477) inner /opt/stack/data/venv/lib/python3.12/site-packages/oslo_concurrency/lockutils.py:525}}
Aug 19 23:34:45 devstack cinder-volume[94477]: DEBUG cinder.volume.drivers.remotefs [None req-1df688d3-23f9-4846-b75c-0ff3df67af38 tempest-GroupSnapshotsTest-1646066934 None] Creating offline snapshot be980a54-617d-42d8-ad20-9a4e1e8f8aed of volume 0fb1462a-3b32-44d1-80a3-ece62fe21d9d {{(pid=94477) _create_snapshot /opt/stack/cinder/cinder/volume/drivers/remotefs.py:1816}}
Aug 19 23:34:45 devstack cinder-volume[94477]: DEBUG oslo.privsep.daemon [-] privsep: reply[1d2632d0-482e-4f98-a16d-553e1b74d1ae]: (4, 'qcow2') {{(pid=96222) _call_back /opt/stack/data/venv/lib/python3.12/site-packages/oslo_privsep/daemon.py:580}}
Aug 19 23:34:45 devstack cinder-volume[94477]: DEBUG oslo_concurrency.processutils [None req-1df688d3-23f9-4846-b75c-0ff3df67af38 tempest-GroupSnapshotsTest-1646066934 None] Running cmd (subprocess): /opt/stack/data/venv/bin/python3.12 -m oslo_concurrency.prlimit --as=1073741824 --cpu=60 -- sudo cinder-rootwrap /etc/cinder/rootwrap.conf env LC_ALL=C qemu-img info -f qcow2 --output=json --force-share /opt/stack/data/cinder/mnt/e5c37c559915c35e1a3601dc4b932031/volume-0fb1462a-3b32-44d1-80a3-ece62fe21d9d {{(pid=94477) execute /opt/stack/data/venv/lib/python3.12/site-packages/oslo_concurrency/processutils.py:440}}
Aug 19 23:34:45 devstack sudo[102495]: quobyte : PWD=/ ; USER=root ; COMMAND=/opt/stack/data/venv/bin/cinder-rootwrap /etc/cinder/rootwrap.conf env LC_ALL=C qemu-img info -f qcow2 --output=json --force-share /opt/stack/data/cinder/mnt/e5c37c559915c35e1a3601dc4b932031/volume-0fb1462a-3b32-44d1-80a3-ece62fe21d9d
Aug 19 23:34:45 devstack sudo[102495]: pam_unix(sudo:session): session opened for user root(uid=0) by (uid=1000)
Aug 19 23:34:45 devstack sudo[102495]: pam_unix(sudo:session): session closed for user root
Aug 19 23:34:45 devstack cinder-volume[94477]: DEBUG oslo_concurrency.processutils [None req-1df688d3-23f9-4846-b75c-0ff3df67af38 tempest-GroupSnapshotsTest-1646066934 None] CMD "/opt/stack/data/venv/bin/python3.12 -m oslo_concurrency.prlimit --as=1073741824 --cpu=60 -- sudo cinder-rootwrap /etc/cinder/rootwrap.conf env LC_ALL=C qemu-img info -f qcow2 --output=json --force-share /opt/stack/data/cinder/mnt/e5c37c559915c35e1a3601dc4b932031/volume-0fb1462a-3b32-44d1-80a3-ece62fe21d9d" returned: 0 in 0.409s {{(pid=94477) execute /opt/stack/data/venv/lib/python3.12/site-packages/oslo_concurrency/processutils.py:468}}
Aug 19 23:34:45 devstack cinder-volume[94477]: DEBUG oslo_concurrency.processutils [None req-1df688d3-23f9-4846-b75c-0ff3df67af38 tempest-GroupSnapshotsTest-1646066934 None] Running cmd (subprocess): sudo cinder-rootwrap /etc/cinder/rootwrap.conf qemu-img create -f qcow2 -o backing_file=/opt/stack/data/cinder/mnt/e5c37c559915c35e1a3601dc4b932031/volume-0fb1462a-3b32-44d1-80a3-ece62fe21d9d,backing_fmt=qcow2 /opt/stack/data/cinder/mnt/e5c37c559915c35e1a3601dc4b932031/volume-0fb1462a-3b32-44d1-80a3-ece62fe21d9d.be980a54-617d-42d8-ad20-9a4e1e8f8aed 1G {{(pid=94477) execute /opt/stack/data/venv/lib/python3.12/site-packages/oslo_concurrency/processutils.py:440}}
Aug 19 23:34:45 devstack sudo[102500]: quobyte : PWD=/ ; USER=root ; COMMAND=/opt/stack/data/venv/bin/cinder-rootwrap /etc/cinder/rootwrap.conf qemu-img create -f qcow2 -o backing_file=/opt/stack/data/cinder/mnt/e5c37c559915c35e1a3601dc4b932031/volume-0fb1462a-3b32-44d1-80a3-ece62fe21d9d,backing_fmt=qcow2 /opt/stack/data/cinder/mnt/e5c37c559915c35e1a3601dc4b932031/volume-0fb1462a-3b32-44d1-80a3-ece62fe21d9d.be980a54-617d-42d8-ad20-9a4e1e8f8aed 1G
Aug 19 23:34:45 devstack sudo[102500]: pam_unix(sudo:session): session opened for user root(uid=0) by (uid=1000)
Aug 19 23:34:46 devstack sudo[102500]: pam_unix(sudo:session): session closed for user root
Aug 19 23:34:46 devstack cinder-volume[94477]: DEBUG oslo_concurrency.processutils [None req-1df688d3-23f9-4846-b75c-0ff3df67af38 tempest-GroupSnapshotsTest-1646066934 None] CMD "sudo cinder-rootwrap /etc/cinder/rootwrap.conf qemu-img create -f qcow2 -o backing_file=/opt/stack/data/cinder/mnt/e5c37c559915c35e1a3601dc4b932031/volume-0fb1462a-3b32-44d1-80a3-ece62fe21d9d,backing_fmt=qcow2 /opt/stack/data/cinder/mnt/e5c37c559915c35e1a3601dc4b932031/volume-0fb1462a-3b32-44d1-80a3-ece62fe21d9d.be980a54-617d-42d8-ad20-9a4e1e8f8aed 1G" returned: 0 in 0.494s {{(pid=94477) execute /opt/stack/data/venv/lib/python3.12/site-packages/oslo_concurrency/processutils.py:468}}
Aug 19 23:34:46 devstack cinder-volume[94477]: DEBUG oslo_concurrency.processutils [None req-1df688d3-23f9-4846-b75c-0ff3df67af38 tempest-GroupSnapshotsTest-1646066934 None] Running cmd (subprocess): sudo cinder-rootwrap /etc/cinder/rootwrap.conf qemu-img rebase -u -b volume-0fb1462a-3b32-44d1-80a3-ece62fe21d9d -F qcow2 /opt/stack/data/cinder/mnt/e5c37c559915c35e1a3601dc4b932031/volume-0fb1462a-3b32-44d1-80a3-ece62fe21d9d.be980a54-617d-42d8-ad20-9a4e1e8f8aed {{(pid=94477) execute /opt/stack/data/venv/lib/python3.12/site-packages/oslo_concurrency/processutils.py:440}}
Aug 19 23:34:46 devstack sudo[102507]: quobyte : PWD=/ ; USER=root ; COMMAND=/opt/stack/data/venv/bin/cinder-rootwrap /etc/cinder/rootwrap.conf qemu-img rebase -u -b volume-0fb1462a-3b32-44d1-80a3-ece62fe21d9d -F qcow2 /opt/stack/data/cinder/mnt/e5c37c559915c35e1a3601dc4b932031/volume-0fb1462a-3b32-44d1-80a3-ece62fe21d9d.be980a54-617d-42d8-ad20-9a4e1e8f8aed
Aug 19 23:34:46 devstack sudo[102507]: pam_unix(sudo:session): session opened for user root(uid=0) by (uid=1000)
Aug 19 23:34:46 devstack sudo[102507]: pam_unix(sudo:session): session closed for user root
Aug 19 23:34:46 devstack cinder-volume[94477]: DEBUG oslo_concurrency.processutils [None req-1df688d3-23f9-4846-b75c-0ff3df67af38 tempest-GroupSnapshotsTest-1646066934 None] CMD "sudo cinder-rootwrap /etc/cinder/rootwrap.conf qemu-img rebase -u -b volume-0fb1462a-3b32-44d1-80a3-ece62fe21d9d -F qcow2 /opt/stack/data/cinder/mnt/e5c37c559915c35e1a3601dc4b932031/volume-0fb1462a-3b32-44d1-80a3-ece62fe21d9d.be980a54-617d-42d8-ad20-9a4e1e8f8aed" returned: 0 in 0.501s {{(pid=94477) execute /opt/stack/data/venv/lib/python3.12/site-packages/oslo_concurrency/processutils.py:468}}
Aug 19 23:34:46 devstack cinder-volume[94477]: WARNING cinder.volume.drivers.remotefs [None req-1df688d3-23f9-4846-b75c-0ff3df67af38 tempest-GroupSnapshotsTest-1646066934 None] /opt/stack/data/cinder/mnt/e5c37c559915c35e1a3601dc4b932031/volume-0fb1462a-3b32-44d1-80a3-ece62fe21d9d.be980a54-617d-42d8-ad20-9a4e1e8f8aed is being set with open permissions: ugo+rw: NotImplementedError
Aug 19 23:34:46 devstack cinder-volume[94477]: DEBUG oslo_concurrency.processutils [None req-1df688d3-23f9-4846-b75c-0ff3df67af38 tempest-GroupSnapshotsTest-1646066934 None] Running cmd (subprocess): sudo cinder-rootwrap /etc/cinder/rootwrap.conf chmod ugo+rw /opt/stack/data/cinder/mnt/e5c37c559915c35e1a3601dc4b932031/volume-0fb1462a-3b32-44d1-80a3-ece62fe21d9d.be980a54-617d-42d8-ad20-9a4e1e8f8aed {{(pid=94477) execute /opt/stack/data/venv/lib/python3.12/site-packages/oslo_concurrency/processutils.py:440}}
Aug 19 23:34:46 devstack sudo[102512]: quobyte : PWD=/ ; USER=root ; COMMAND=/opt/stack/data/venv/bin/cinder-rootwrap /etc/cinder/rootwrap.conf chmod ugo+rw /opt/stack/data/cinder/mnt/e5c37c559915c35e1a3601dc4b932031/volume-0fb1462a-3b32-44d1-80a3-ece62fe21d9d.be980a54-617d-42d8-ad20-9a4e1e8f8aed
Aug 19 23:34:46 devstack sudo[102512]: pam_unix(sudo:session): session opened for user root(uid=0) by (uid=1000)
Aug 19 23:34:47 devstack sudo[102512]: pam_unix(sudo:session): session closed for user root
Aug 19 23:34:47 devstack cinder-volume[94477]: DEBUG oslo_concurrency.processutils [None req-1df688d3-23f9-4846-b75c-0ff3df67af38 tempest-GroupSnapshotsTest-1646066934 None] CMD "sudo cinder-rootwrap /etc/cinder/rootwrap.conf chmod ugo+rw /opt/stack/data/cinder/mnt/e5c37c559915c35e1a3601dc4b932031/volume-0fb1462a-3b32-44d1-80a3-ece62fe21d9d.be980a54-617d-42d8-ad20-9a4e1e8f8aed" returned: 0 in 0.334s {{(pid=94477) execute /opt/stack/data/venv/lib/python3.12/site-packages/oslo_concurrency/processutils.py:468}}
Aug 19 23:34:47 devstack cinder-volume[94477]: DEBUG oslo_concurrency.processutils [None req-1df688d3-23f9-4846-b75c-0ff3df67af38 tempest-GroupSnapshotsTest-1646066934 None] Running cmd (subprocess): sudo cinder-rootwrap /etc/cinder/rootwrap.conf truncate -s0 /opt/stack/data/cinder/mnt/e5c37c559915c35e1a3601dc4b932031/volume-0fb1462a-3b32-44d1-80a3-ece62fe21d9d.info {{(pid=94477) execute /opt/stack/data/venv/lib/python3.12/site-packages/oslo_concurrency/processutils.py:440}}
Aug 19 23:34:47 devstack sudo[102515]: quobyte : PWD=/ ; USER=root ; COMMAND=/opt/stack/data/venv/bin/cinder-rootwrap /etc/cinder/rootwrap.conf truncate -s0 /opt/stack/data/cinder/mnt/e5c37c559915c35e1a3601dc4b932031/volume-0fb1462a-3b32-44d1-80a3-ece62fe21d9d.info
Aug 19 23:34:47 devstack sudo[102515]: pam_unix(sudo:session): session opened for user root(uid=0) by (uid=1000)
Aug 19 23:34:47 devstack sudo[102515]: pam_unix(sudo:session): session closed for user root
Aug 19 23:34:47 devstack cinder-volume[94477]: DEBUG oslo_concurrency.processutils [None req-1df688d3-23f9-4846-b75c-0ff3df67af38 tempest-GroupSnapshotsTest-1646066934 None] CMD "sudo cinder-rootwrap /etc/cinder/rootwrap.conf truncate -s0 /opt/stack/data/cinder/mnt/e5c37c559915c35e1a3601dc4b932031/volume-0fb1462a-3b32-44d1-80a3-ece62fe21d9d.info" returned: 0 in 0.731s {{(pid=94477) execute /opt/stack/data/venv/lib/python3.12/site-packages/oslo_concurrency/processutils.py:468}}
Aug 19 23:34:47 devstack cinder-volume[94477]: WARNING cinder.volume.drivers.remotefs [None req-1df688d3-23f9-4846-b75c-0ff3df67af38 tempest-GroupSnapshotsTest-1646066934 None] /opt/stack/data/cinder/mnt/e5c37c559915c35e1a3601dc4b932031/volume-0fb1462a-3b32-44d1-80a3-ece62fe21d9d.info is being set with open permissions: ugo+rw: NotImplementedError
Aug 19 23:34:47 devstack cinder-volume[94477]: DEBUG oslo_concurrency.processutils [None req-1df688d3-23f9-4846-b75c-0ff3df67af38 tempest-GroupSnapshotsTest-1646066934 None] Running cmd (subprocess): sudo cinder-rootwrap /etc/cinder/rootwrap.conf chmod ugo+rw /opt/stack/data/cinder/mnt/e5c37c559915c35e1a3601dc4b932031/volume-0fb1462a-3b32-44d1-80a3-ece62fe21d9d.info {{(pid=94477) execute /opt/stack/data/venv/lib/python3.12/site-packages/oslo_concurrency/processutils.py:440}}
Aug 19 23:34:47 devstack sudo[102559]: quobyte : PWD=/ ; USER=root ; COMMAND=/opt/stack/data/venv/bin/cinder-rootwrap /etc/cinder/rootwrap.conf chmod ugo+rw /opt/stack/data/cinder/mnt/e5c37c559915c35e1a3601dc4b932031/volume-0fb1462a-3b32-44d1-80a3-ece62fe21d9d.info
Aug 19 23:34:47 devstack sudo[102559]: pam_unix(sudo:session): session opened for user root(uid=0) by (uid=1000)
Aug 19 23:34:48 devstack sudo[102559]: pam_unix(sudo:session): session closed for user root
Aug 19 23:34:48 devstack cinder-volume[94477]: DEBUG oslo_concurrency.processutils [None req-1df688d3-23f9-4846-b75c-0ff3df67af38 tempest-GroupSnapshotsTest-1646066934 None] CMD "sudo cinder-rootwrap /etc/cinder/rootwrap.conf chmod ugo+rw /opt/stack/data/cinder/mnt/e5c37c559915c35e1a3601dc4b932031/volume-0fb1462a-3b32-44d1-80a3-ece62fe21d9d.info" returned: 0 in 0.597s {{(pid=94477) execute /opt/stack/data/venv/lib/python3.12/site-packages/oslo_concurrency/processutils.py:468}}
Aug 19 23:34:48 devstack cinder-volume[94477]: DEBUG oslo_concurrency.lockutils [None req-1df688d3-23f9-4846-b75c-0ff3df67af38 tempest-GroupSnapshotsTest-1646066934 None] Lock "quobyte" "released" by "cinder.volume.drivers.quobyte.QuobyteDriver.create_snapshot" :: held 3.197s {{(pid=94477) inner /opt/stack/data/venv/lib/python3.12/site-packages/oslo_concurrency/lockutils.py:544}}
Aug 19 23:34:48 devstack cinder-volume[94477]: DEBUG oslo_concurrency.lockutils [None req-c7e61e53-ca8e-4d9a-994a-19ae4806291f tempest-SnapshotMetadataTestJSON-600479762 None] Lock "quobyte" acquired by "cinder.volume.drivers.quobyte.QuobyteDriver.create_volume" :: waited 3.253s {{(pid=94477) inner /opt/stack/data/venv/lib/python3.12/site-packages/oslo_concurrency/lockutils.py:525}}
Aug 19 23:34:48 devstack cinder-volume[94477]: DEBUG cinder.volume.drivers.quobyte [None req-c7e61e53-ca8e-4d9a-994a-19ae4806291f tempest-SnapshotMetadataTestJSON-600479762 None] ==> create_volume: call "{'self': , 'volume': Volume(_name_id=None,admin_metadata=,attach_status='detached',availability_zone='nova',bootable=False,cluster=,cluster_name=None,consistencygroup=,consistencygroup_id=None,created_at=2026-08-19T21:34:45Z,deleted=False,deleted_at=None,display_description=None,display_name='tempest-SnapshotMetadataTestJSON-Volume-1557994205',ec2_id=None,encryption_key_id=None,glance_metadata=,group=,group_id=None,host='devstack@QuobyteHD#QuobyteHD',id=d2851a93-b5ac-46b2-8a34-c254c7edfbe7,launched_at=None,metadata={},migration_status=None,multiattach=False,previous_status=None,project_id='f42f089eec8b4dcd8100ef4bd0dd786e',provider_auth=None,provider_geometry=None,provider_id=None,provider_location=None,replication_driver_data=None,replication_extended_status=None,replication_status=None,scheduled_at=2026-08-19T21:34:45Z,service_uuid=None,shared_targets=True,size=1,snapshot_id=None,snapshots=,source_volid=None,status='creating',terminated_at=None,updated_at=2026-08-19T21:34:45Z,use_quota=True,user_id='d480e78456f84d2e9813bbca594d215d',volume_attachment=VolumeAttachmentList,volume_type=VolumeType(f407f747-f8f0-4803-88d8-a83af60ad989),volume_type_id=f407f747-f8f0-4803-88d8-a83af60ad989)}" {{(pid=94477) trace_logging_wrapper /opt/stack/cinder/cinder/volume/volume_utils.py:1497}}
Aug 19 23:34:48 devstack cinder-volume[94477]: DEBUG cinder.volume.drivers.remotefs [None req-c7e61e53-ca8e-4d9a-994a-19ae4806291f tempest-SnapshotMetadataTestJSON-600479762 None] Creating volume d2851a93-b5ac-46b2-8a34-c254c7edfbe7 {{(pid=94477) create_volume /opt/stack/cinder/cinder/volume/drivers/remotefs.py:292}}
Aug 19 23:34:48 devstack cinder-volume[94477]: DEBUG oslo_concurrency.lockutils [None req-c7e61e53-ca8e-4d9a-994a-19ae4806291f tempest-SnapshotMetadataTestJSON-600479762 None] Acquiring lock "quobyte_ensure" by "cinder.volume.drivers.quobyte.QuobyteDriver._ensure_shares_mounted" {{(pid=94477) inner /opt/stack/data/venv/lib/python3.12/site-packages/oslo_concurrency/lockutils.py:512}}
Aug 19 23:34:48 devstack cinder-volume[94477]: DEBUG oslo_concurrency.lockutils [None req-c7e61e53-ca8e-4d9a-994a-19ae4806291f tempest-SnapshotMetadataTestJSON-600479762 None] Lock "quobyte_ensure" acquired by "cinder.volume.drivers.quobyte.QuobyteDriver._ensure_shares_mounted" :: waited 0.001s {{(pid=94477) inner /opt/stack/data/venv/lib/python3.12/site-packages/oslo_concurrency/lockutils.py:525}}
Aug 19 23:34:48 devstack cinder-volume[94477]: DEBUG cinder.volume.drivers.quobyte [None req-c7e61e53-ca8e-4d9a-994a-19ae4806291f tempest-SnapshotMetadataTestJSON-600479762 None] Quobyte Volume URL set to: {'osci02.corp.quobyte.com/cinder-vol-130de0a1-f360-46c9-9a4c-9f0d072552b0': None} {{(pid=94477) _load_shares_config /opt/stack/cinder/cinder/volume/drivers/quobyte.py:665}}
Aug 19 23:34:48 devstack cinder-volume[94477]: DEBUG cinder.volume.drivers.quobyte [None req-c7e61e53-ca8e-4d9a-994a-19ae4806291f tempest-SnapshotMetadataTestJSON-600479762 None] Available shares ['osci02.corp.quobyte.com/cinder-vol-130de0a1-f360-46c9-9a4c-9f0d072552b0'] {{(pid=94477) _ensure_shares_mounted /opt/stack/cinder/cinder/volume/drivers/quobyte.py:695}}
Aug 19 23:34:48 devstack cinder-volume[94477]: DEBUG oslo_concurrency.lockutils [None req-c7e61e53-ca8e-4d9a-994a-19ae4806291f tempest-SnapshotMetadataTestJSON-600479762 None] Lock "quobyte_ensure" "released" by "cinder.volume.drivers.quobyte.QuobyteDriver._ensure_shares_mounted" :: held 0.010s {{(pid=94477) inner /opt/stack/data/venv/lib/python3.12/site-packages/oslo_concurrency/lockutils.py:544}}
Aug 19 23:34:48 devstack cinder-volume[94477]: DEBUG cinder.volume.drivers.quobyte [None req-c7e61e53-ca8e-4d9a-994a-19ae4806291f tempest-SnapshotMetadataTestJSON-600479762 None] Selected osci02.corp.quobyte.com/cinder-vol-130de0a1-f360-46c9-9a4c-9f0d072552b0 as target Quobyte volume. {{(pid=94477) _find_share /opt/stack/cinder/cinder/volume/drivers/quobyte.py:716}}
Aug 19 23:34:48 devstack cinder-volume[94477]: INFO cinder.volume.drivers.remotefs [None req-c7e61e53-ca8e-4d9a-994a-19ae4806291f tempest-SnapshotMetadataTestJSON-600479762 None] casted to osci02.corp.quobyte.com/cinder-vol-130de0a1-f360-46c9-9a4c-9f0d072552b0
Aug 19 23:34:48 devstack cinder-volume[94477]: DEBUG oslo_concurrency.processutils [None req-c7e61e53-ca8e-4d9a-994a-19ae4806291f tempest-SnapshotMetadataTestJSON-600479762 None] Running cmd (subprocess): sudo cinder-rootwrap /etc/cinder/rootwrap.conf qemu-img create -f qcow2 -o preallocation=metadata /opt/stack/data/cinder/mnt/e5c37c559915c35e1a3601dc4b932031/volume-d2851a93-b5ac-46b2-8a34-c254c7edfbe7 1073741824 {{(pid=94477) execute /opt/stack/data/venv/lib/python3.12/site-packages/oslo_concurrency/processutils.py:440}}
Aug 19 23:34:48 devstack sudo[102582]: quobyte : PWD=/ ; USER=root ; COMMAND=/opt/stack/data/venv/bin/cinder-rootwrap /etc/cinder/rootwrap.conf qemu-img create -f qcow2 -o preallocation=metadata /opt/stack/data/cinder/mnt/e5c37c559915c35e1a3601dc4b932031/volume-d2851a93-b5ac-46b2-8a34-c254c7edfbe7 1073741824
Aug 19 23:34:48 devstack sudo[102582]: pam_unix(sudo:session): session opened for user root(uid=0) by (uid=1000)
Aug 19 23:34:48 devstack cinder-volume[94477]: INFO cinder.volume.manager [None req-1df688d3-23f9-4846-b75c-0ff3df67af38 tempest-GroupSnapshotsTest-1646066934 None] group_snapshot 23ebcbd1-4071-46c0-8b4b-cf9d71e88fd5: created successfully
Aug 19 23:34:49 devstack cinder-volume[94477]: INFO cinder.volume.manager [None req-1f692069-2e63-4264-836d-a5d8c4554f23 tempest-GroupSnapshotsTest-1646066934 None] group_snapshot 23ebcbd1-4071-46c0-8b4b-cf9d71e88fd5: deleting
Aug 19 23:34:49 devstack cinder-volume[94477]: DEBUG cinder.volume.manager [None req-1f692069-2e63-4264-836d-a5d8c4554f23 tempest-GroupSnapshotsTest-1646066934 None] group_snapshot 23ebcbd1-4071-46c0-8b4b-cf9d71e88fd5: deleting {{(pid=94477) delete_group_snapshot /opt/stack/cinder/cinder/volume/manager.py:4350}}
Aug 19 23:34:49 devstack cinder-volume[94477]: DEBUG cinder.coordination [None req-1f692069-2e63-4264-836d-a5d8c4554f23 tempest-GroupSnapshotsTest-1646066934 None] Acquiring lock "cinder-quobyte-d3126a60-d01d-40d7-aa90-4750a18f0ce5" by "delete_snapshot" {{(pid=94477) __acquire /opt/stack/cinder/cinder/coordination.py:138}}
Aug 19 23:34:49 devstack cinder-volume[94477]: DEBUG cinder.coordination [None req-1f692069-2e63-4264-836d-a5d8c4554f23 tempest-GroupSnapshotsTest-1646066934 None] Lock "cinder-quobyte-d3126a60-d01d-40d7-aa90-4750a18f0ce5" acquired by "delete_snapshot" :: waited 0.027s {{(pid=94477) __acquire /opt/stack/cinder/cinder/coordination.py:141}}
Aug 19 23:34:49 devstack cinder-volume[94477]: DEBUG cinder.coordination [None req-1f692069-2e63-4264-836d-a5d8c4554f23 tempest-GroupSnapshotsTest-1646066934 None] Acquiring lock "cinder-quobyte-230738d6-ed64-47f6-a373-ba54b0bb26a9" by "_delete_snapshot" {{(pid=94477) __acquire /opt/stack/cinder/cinder/coordination.py:138}}
Aug 19 23:34:49 devstack cinder-volume[94477]: DEBUG cinder.coordination [None req-1f692069-2e63-4264-836d-a5d8c4554f23 tempest-GroupSnapshotsTest-1646066934 None] Lock "cinder-quobyte-230738d6-ed64-47f6-a373-ba54b0bb26a9" acquired by "_delete_snapshot" :: waited 0.024s {{(pid=94477) __acquire /opt/stack/cinder/cinder/coordination.py:141}}
Aug 19 23:34:49 devstack cinder-volume[94477]: DEBUG cinder.volume.drivers.remotefs [None req-1f692069-2e63-4264-836d-a5d8c4554f23 tempest-GroupSnapshotsTest-1646066934 None] Deleting offline snapshot 230738d6-ed64-47f6-a373-ba54b0bb26a9 of volume d3126a60-d01d-40d7-aa90-4750a18f0ce5 {{(pid=94477) _delete_snapshot /opt/stack/cinder/cinder/volume/drivers/remotefs.py:1288}}
Aug 19 23:34:49 devstack cinder-volume[94477]: DEBUG cinder.volume.drivers.remotefs [None req-1f692069-2e63-4264-836d-a5d8c4554f23 tempest-GroupSnapshotsTest-1646066934 None] snapshot_file for this snap is: volume-d3126a60-d01d-40d7-aa90-4750a18f0ce5.230738d6-ed64-47f6-a373-ba54b0bb26a9 {{(pid=94477) _delete_snapshot /opt/stack/cinder/cinder/volume/drivers/remotefs.py:1317}}
Aug 19 23:34:49 devstack cinder-volume[94477]: DEBUG oslo.privsep.daemon [-] privsep: reply[f239d917-3115-4ff5-8667-4a63aac6dcb5]: (4, 'qcow2') {{(pid=96222) _call_back /opt/stack/data/venv/lib/python3.12/site-packages/oslo_privsep/daemon.py:580}}
Aug 19 23:34:49 devstack cinder-volume[94477]: DEBUG oslo_concurrency.processutils [None req-1f692069-2e63-4264-836d-a5d8c4554f23 tempest-GroupSnapshotsTest-1646066934 None] Running cmd (subprocess): /opt/stack/data/venv/bin/python3.12 -m oslo_concurrency.prlimit --as=1073741824 --cpu=60 -- sudo cinder-rootwrap /etc/cinder/rootwrap.conf env LC_ALL=C qemu-img info -f qcow2 --output=json --force-share /opt/stack/data/cinder/mnt/e5c37c559915c35e1a3601dc4b932031/volume-d3126a60-d01d-40d7-aa90-4750a18f0ce5.230738d6-ed64-47f6-a373-ba54b0bb26a9 {{(pid=94477) execute /opt/stack/data/venv/lib/python3.12/site-packages/oslo_concurrency/processutils.py:440}}
Aug 19 23:34:49 devstack sudo[102582]: pam_unix(sudo:session): session closed for user root
Aug 19 23:34:49 devstack cinder-volume[94477]: DEBUG oslo_concurrency.processutils [None req-c7e61e53-ca8e-4d9a-994a-19ae4806291f tempest-SnapshotMetadataTestJSON-600479762 None] CMD "sudo cinder-rootwrap /etc/cinder/rootwrap.conf qemu-img create -f qcow2 -o preallocation=metadata /opt/stack/data/cinder/mnt/e5c37c559915c35e1a3601dc4b932031/volume-d2851a93-b5ac-46b2-8a34-c254c7edfbe7 1073741824" returned: 0 in 0.772s {{(pid=94477) execute /opt/stack/data/venv/lib/python3.12/site-packages/oslo_concurrency/processutils.py:468}}
Aug 19 23:34:49 devstack cinder-volume[94477]: DEBUG oslo_concurrency.processutils [None req-c7e61e53-ca8e-4d9a-994a-19ae4806291f tempest-SnapshotMetadataTestJSON-600479762 None] Running cmd (subprocess): sudo cinder-rootwrap /etc/cinder/rootwrap.conf chmod ugo+rw /opt/stack/data/cinder/mnt/e5c37c559915c35e1a3601dc4b932031/volume-d2851a93-b5ac-46b2-8a34-c254c7edfbe7 {{(pid=94477) execute /opt/stack/data/venv/lib/python3.12/site-packages/oslo_concurrency/processutils.py:440}}
Aug 19 23:34:49 devstack sudo[102610]: quobyte : PWD=/ ; USER=root ; COMMAND=/opt/stack/data/venv/bin/cinder-rootwrap /etc/cinder/rootwrap.conf chmod ugo+rw /opt/stack/data/cinder/mnt/e5c37c559915c35e1a3601dc4b932031/volume-d2851a93-b5ac-46b2-8a34-c254c7edfbe7
Aug 19 23:34:49 devstack sudo[102610]: pam_unix(sudo:session): session opened for user root(uid=0) by (uid=1000)
Aug 19 23:34:49 devstack sudo[102609]: quobyte : PWD=/ ; USER=root ; COMMAND=/opt/stack/data/venv/bin/cinder-rootwrap /etc/cinder/rootwrap.conf env LC_ALL=C qemu-img info -f qcow2 --output=json --force-share /opt/stack/data/cinder/mnt/e5c37c559915c35e1a3601dc4b932031/volume-d3126a60-d01d-40d7-aa90-4750a18f0ce5.230738d6-ed64-47f6-a373-ba54b0bb26a9
Aug 19 23:34:49 devstack sudo[102609]: pam_unix(sudo:session): session opened for user root(uid=0) by (uid=1000)
Aug 19 23:34:49 devstack sudo[102610]: pam_unix(sudo:session): session closed for user root
Aug 19 23:34:49 devstack cinder-volume[94477]: DEBUG oslo_concurrency.processutils [None req-c7e61e53-ca8e-4d9a-994a-19ae4806291f tempest-SnapshotMetadataTestJSON-600479762 None] CMD "sudo cinder-rootwrap /etc/cinder/rootwrap.conf chmod ugo+rw /opt/stack/data/cinder/mnt/e5c37c559915c35e1a3601dc4b932031/volume-d2851a93-b5ac-46b2-8a34-c254c7edfbe7" returned: 0 in 0.337s {{(pid=94477) execute /opt/stack/data/venv/lib/python3.12/site-packages/oslo_concurrency/processutils.py:468}}
Aug 19 23:34:49 devstack cinder-volume[94477]: DEBUG cinder.volume.drivers.quobyte [None req-c7e61e53-ca8e-4d9a-994a-19ae4806291f tempest-SnapshotMetadataTestJSON-600479762 None] <== create_volume: return (1174ms) {'provider_location': 'osci02.corp.quobyte.com/cinder-vol-130de0a1-f360-46c9-9a4c-9f0d072552b0'} {{(pid=94477) trace_logging_wrapper /opt/stack/cinder/cinder/volume/volume_utils.py:1522}}
Aug 19 23:34:49 devstack cinder-volume[94477]: DEBUG oslo_concurrency.lockutils [None req-c7e61e53-ca8e-4d9a-994a-19ae4806291f tempest-SnapshotMetadataTestJSON-600479762 None] Lock "quobyte" "released" by "cinder.volume.drivers.quobyte.QuobyteDriver.create_volume" :: held 1.179s {{(pid=94477) inner /opt/stack/data/venv/lib/python3.12/site-packages/oslo_concurrency/lockutils.py:544}}
Aug 19 23:34:49 devstack cinder-volume[94477]: DEBUG cinder.volume.manager [None req-c7e61e53-ca8e-4d9a-994a-19ae4806291f tempest-SnapshotMetadataTestJSON-600479762 None] Task 'cinder.volume.flows.manager.create_volume.CreateVolumeFromSpecTask;volume:create' (a1ea7f8f-9591-4a6a-9074-4903885809bf) transitioned into state 'SUCCESS' from state 'RUNNING' with result '{'status': 'creating', 'volume_name': 'volume-d2851a93-b5ac-46b2-8a34-c254c7edfbe7', 'volume_size': 1}' {{(pid=94477) _task_receiver /opt/stack/data/venv/lib/python3.12/site-packages/taskflow/listeners/logging.py:218}}
Aug 19 23:34:49 devstack cinder-volume[94477]: DEBUG cinder.volume.manager [None req-c7e61e53-ca8e-4d9a-994a-19ae4806291f tempest-SnapshotMetadataTestJSON-600479762 None] Task 'cinder.volume.flows.manager.create_volume.CreateVolumeOnFinishTask;volume:create, create.end' (1c8a81e6-e351-4539-b9b3-7e73544f9bda) transitioned into state 'RUNNING' from state 'PENDING' {{(pid=94477) _task_receiver /opt/stack/data/venv/lib/python3.12/site-packages/taskflow/listeners/logging.py:242}}
Aug 19 23:34:49 devstack cinder-volume[94477]: INFO cinder.volume.flows.manager.create_volume [None req-c7e61e53-ca8e-4d9a-994a-19ae4806291f tempest-SnapshotMetadataTestJSON-600479762 None] Volume volume-d2851a93-b5ac-46b2-8a34-c254c7edfbe7 (d2851a93-b5ac-46b2-8a34-c254c7edfbe7): created successfully
Aug 19 23:34:49 devstack cinder-volume[94477]: DEBUG cinder.volume.manager [None req-c7e61e53-ca8e-4d9a-994a-19ae4806291f tempest-SnapshotMetadataTestJSON-600479762 None] Task 'cinder.volume.flows.manager.create_volume.CreateVolumeOnFinishTask;volume:create, create.end' (1c8a81e6-e351-4539-b9b3-7e73544f9bda) transitioned into state 'SUCCESS' from state 'RUNNING' with result 'None' {{(pid=94477) _task_receiver /opt/stack/data/venv/lib/python3.12/site-packages/taskflow/listeners/logging.py:218}}
Aug 19 23:34:49 devstack cinder-volume[94477]: DEBUG cinder.volume.manager [None req-c7e61e53-ca8e-4d9a-994a-19ae4806291f tempest-SnapshotMetadataTestJSON-600479762 None] Flow 'volume_create_manager' (fe26fc86-7418-4afd-97eb-201cea7d4e7f) transitioned into state 'SUCCESS' from state 'RUNNING' {{(pid=94477) _flow_receiver /opt/stack/data/venv/lib/python3.12/site-packages/taskflow/listeners/logging.py:160}}
Aug 19 23:34:49 devstack cinder-volume[94477]: INFO cinder.volume.manager [None req-c7e61e53-ca8e-4d9a-994a-19ae4806291f tempest-SnapshotMetadataTestJSON-600479762 None] Created volume successfully.
Aug 19 23:34:49 devstack sudo[102609]: pam_unix(sudo:session): session closed for user root
Aug 19 23:34:49 devstack cinder-volume[94477]: DEBUG oslo_concurrency.processutils [None req-1f692069-2e63-4264-836d-a5d8c4554f23 tempest-GroupSnapshotsTest-1646066934 None] CMD "/opt/stack/data/venv/bin/python3.12 -m oslo_concurrency.prlimit --as=1073741824 --cpu=60 -- sudo cinder-rootwrap /etc/cinder/rootwrap.conf env LC_ALL=C qemu-img info -f qcow2 --output=json --force-share /opt/stack/data/cinder/mnt/e5c37c559915c35e1a3601dc4b932031/volume-d3126a60-d01d-40d7-aa90-4750a18f0ce5.230738d6-ed64-47f6-a373-ba54b0bb26a9" returned: 0 in 0.525s {{(pid=94477) execute /opt/stack/data/venv/lib/python3.12/site-packages/oslo_concurrency/processutils.py:468}}
Aug 19 23:34:49 devstack cinder-volume[94477]: DEBUG cinder.volume.drivers.remotefs [None req-1f692069-2e63-4264-836d-a5d8c4554f23 tempest-GroupSnapshotsTest-1646066934 None] Fetching qemu-img info with special backing_file_template: (/opt/stack/data/cinder/mnt/[0-9a-f]+/)?(volume-d3126a60-d01d-40d7-aa90-4750a18f0ce5(.(tmp-snap-)?[0-9a-f-]+)?|volume_from_snapshot_cache/(tmp-snap-)?[0-9a-f-]+(.(child-|parent-)[0-9a-f-]+)?)$ {{(pid=94477) _qemu_img_info_base /opt/stack/cinder/cinder/volume/drivers/remotefs.py:896}}
Aug 19 23:34:49 devstack cinder-volume[94477]: DEBUG oslo.privsep.daemon [-] privsep: reply[7d637901-74ba-4633-b8ac-e552cf3ebea8]: (4, 'qcow2') {{(pid=96222) _call_back /opt/stack/data/venv/lib/python3.12/site-packages/oslo_privsep/daemon.py:580}}
Aug 19 23:34:49 devstack cinder-volume[94477]: DEBUG oslo_concurrency.processutils [None req-1f692069-2e63-4264-836d-a5d8c4554f23 tempest-GroupSnapshotsTest-1646066934 None] Running cmd (subprocess): /opt/stack/data/venv/bin/python3.12 -m oslo_concurrency.prlimit --as=1073741824 --cpu=60 -- sudo cinder-rootwrap /etc/cinder/rootwrap.conf env LC_ALL=C qemu-img info -f qcow2 --output=json --force-share /opt/stack/data/cinder/mnt/e5c37c559915c35e1a3601dc4b932031/volume-d3126a60-d01d-40d7-aa90-4750a18f0ce5 {{(pid=94477) execute /opt/stack/data/venv/lib/python3.12/site-packages/oslo_concurrency/processutils.py:440}}
Aug 19 23:34:49 devstack sudo[102617]: quobyte : PWD=/ ; USER=root ; COMMAND=/opt/stack/data/venv/bin/cinder-rootwrap /etc/cinder/rootwrap.conf env LC_ALL=C qemu-img info -f qcow2 --output=json --force-share /opt/stack/data/cinder/mnt/e5c37c559915c35e1a3601dc4b932031/volume-d3126a60-d01d-40d7-aa90-4750a18f0ce5
Aug 19 23:34:50 devstack sudo[102617]: pam_unix(sudo:session): session opened for user root(uid=0) by (uid=1000)
Aug 19 23:34:50 devstack sudo[102617]: pam_unix(sudo:session): session closed for user root
Aug 19 23:34:50 devstack cinder-volume[94477]: DEBUG oslo_concurrency.processutils [None req-1f692069-2e63-4264-836d-a5d8c4554f23 tempest-GroupSnapshotsTest-1646066934 None] CMD "/opt/stack/data/venv/bin/python3.12 -m oslo_concurrency.prlimit --as=1073741824 --cpu=60 -- sudo cinder-rootwrap /etc/cinder/rootwrap.conf env LC_ALL=C qemu-img info -f qcow2 --output=json --force-share /opt/stack/data/cinder/mnt/e5c37c559915c35e1a3601dc4b932031/volume-d3126a60-d01d-40d7-aa90-4750a18f0ce5" returned: 0 in 0.439s {{(pid=94477) execute /opt/stack/data/venv/lib/python3.12/site-packages/oslo_concurrency/processutils.py:468}}
Aug 19 23:34:50 devstack cinder-volume[94477]: DEBUG oslo_concurrency.processutils [None req-1f692069-2e63-4264-836d-a5d8c4554f23 tempest-GroupSnapshotsTest-1646066934 None] Running cmd (subprocess): sudo cinder-rootwrap /etc/cinder/rootwrap.conf qemu-img commit -d /opt/stack/data/cinder/mnt/e5c37c559915c35e1a3601dc4b932031/volume-d3126a60-d01d-40d7-aa90-4750a18f0ce5.230738d6-ed64-47f6-a373-ba54b0bb26a9 {{(pid=94477) execute /opt/stack/data/venv/lib/python3.12/site-packages/oslo_concurrency/processutils.py:440}}
Aug 19 23:34:50 devstack sudo[102624]: quobyte : PWD=/ ; USER=root ; COMMAND=/opt/stack/data/venv/bin/cinder-rootwrap /etc/cinder/rootwrap.conf qemu-img commit -d /opt/stack/data/cinder/mnt/e5c37c559915c35e1a3601dc4b932031/volume-d3126a60-d01d-40d7-aa90-4750a18f0ce5.230738d6-ed64-47f6-a373-ba54b0bb26a9
Aug 19 23:34:50 devstack sudo[102624]: pam_unix(sudo:session): session opened for user root(uid=0) by (uid=1000)
Aug 19 23:34:50 devstack sudo[102624]: pam_unix(sudo:session): session closed for user root
Aug 19 23:34:50 devstack cinder-volume[94477]: DEBUG oslo_concurrency.processutils [None req-1f692069-2e63-4264-836d-a5d8c4554f23 tempest-GroupSnapshotsTest-1646066934 None] CMD "sudo cinder-rootwrap /etc/cinder/rootwrap.conf qemu-img commit -d /opt/stack/data/cinder/mnt/e5c37c559915c35e1a3601dc4b932031/volume-d3126a60-d01d-40d7-aa90-4750a18f0ce5.230738d6-ed64-47f6-a373-ba54b0bb26a9" returned: 0 in 0.545s {{(pid=94477) execute /opt/stack/data/venv/lib/python3.12/site-packages/oslo_concurrency/processutils.py:468}}
Aug 19 23:34:50 devstack cinder-volume[94477]: DEBUG oslo_concurrency.processutils [None req-1f692069-2e63-4264-836d-a5d8c4554f23 tempest-GroupSnapshotsTest-1646066934 None] Running cmd (subprocess): sudo cinder-rootwrap /etc/cinder/rootwrap.conf rm -f /opt/stack/data/cinder/mnt/e5c37c559915c35e1a3601dc4b932031/volume-d3126a60-d01d-40d7-aa90-4750a18f0ce5.230738d6-ed64-47f6-a373-ba54b0bb26a9 {{(pid=94477) execute /opt/stack/data/venv/lib/python3.12/site-packages/oslo_concurrency/processutils.py:440}}
Aug 19 23:34:50 devstack sudo[102631]: quobyte : PWD=/ ; USER=root ; COMMAND=/opt/stack/data/venv/bin/cinder-rootwrap /etc/cinder/rootwrap.conf rm -f /opt/stack/data/cinder/mnt/e5c37c559915c35e1a3601dc4b932031/volume-d3126a60-d01d-40d7-aa90-4750a18f0ce5.230738d6-ed64-47f6-a373-ba54b0bb26a9
Aug 19 23:34:50 devstack sudo[102631]: pam_unix(sudo:session): session opened for user root(uid=0) by (uid=1000)
Aug 19 23:34:51 devstack cinder-volume[94477]: DEBUG oslo_concurrency.lockutils [None req-a3a1f2bb-4be6-45f4-989a-1649c36c2abc tempest-SnapshotMetadataTestJSON-600479762 None] Acquiring lock "quobyte" by "cinder.volume.drivers.quobyte.QuobyteDriver.create_snapshot" {{(pid=94477) inner /opt/stack/data/venv/lib/python3.12/site-packages/oslo_concurrency/lockutils.py:512}}
Aug 19 23:34:51 devstack cinder-volume[94477]: DEBUG oslo_concurrency.lockutils [None req-a3a1f2bb-4be6-45f4-989a-1649c36c2abc tempest-SnapshotMetadataTestJSON-600479762 None] Lock "quobyte" acquired by "cinder.volume.drivers.quobyte.QuobyteDriver.create_snapshot" :: waited 0.006s {{(pid=94477) inner /opt/stack/data/venv/lib/python3.12/site-packages/oslo_concurrency/lockutils.py:525}}
Aug 19 23:34:51 devstack cinder-volume[94477]: DEBUG cinder.volume.drivers.remotefs [None req-a3a1f2bb-4be6-45f4-989a-1649c36c2abc tempest-SnapshotMetadataTestJSON-600479762 None] Creating offline snapshot 200aea7a-3d97-4e00-a04f-50138635eb2c of volume d2851a93-b5ac-46b2-8a34-c254c7edfbe7 {{(pid=94477) _create_snapshot /opt/stack/cinder/cinder/volume/drivers/remotefs.py:1816}}
Aug 19 23:34:51 devstack cinder-volume[94477]: DEBUG oslo.privsep.daemon [-] privsep: reply[04d3c7e5-2658-4e3a-857e-c3b8174aa3aa]: (4, 'qcow2') {{(pid=96222) _call_back /opt/stack/data/venv/lib/python3.12/site-packages/oslo_privsep/daemon.py:580}}
Aug 19 23:34:51 devstack cinder-volume[94477]: DEBUG oslo_concurrency.processutils [None req-a3a1f2bb-4be6-45f4-989a-1649c36c2abc tempest-SnapshotMetadataTestJSON-600479762 None] Running cmd (subprocess): /opt/stack/data/venv/bin/python3.12 -m oslo_concurrency.prlimit --as=1073741824 --cpu=60 -- sudo cinder-rootwrap /etc/cinder/rootwrap.conf env LC_ALL=C qemu-img info -f qcow2 --output=json --force-share /opt/stack/data/cinder/mnt/e5c37c559915c35e1a3601dc4b932031/volume-d2851a93-b5ac-46b2-8a34-c254c7edfbe7 {{(pid=94477) execute /opt/stack/data/venv/lib/python3.12/site-packages/oslo_concurrency/processutils.py:440}}
Aug 19 23:34:51 devstack sudo[102631]: pam_unix(sudo:session): session closed for user root
Aug 19 23:34:51 devstack cinder-volume[94477]: DEBUG oslo_concurrency.processutils [None req-1f692069-2e63-4264-836d-a5d8c4554f23 tempest-GroupSnapshotsTest-1646066934 None] CMD "sudo cinder-rootwrap /etc/cinder/rootwrap.conf rm -f /opt/stack/data/cinder/mnt/e5c37c559915c35e1a3601dc4b932031/volume-d3126a60-d01d-40d7-aa90-4750a18f0ce5.230738d6-ed64-47f6-a373-ba54b0bb26a9" returned: 0 in 0.519s {{(pid=94477) execute /opt/stack/data/venv/lib/python3.12/site-packages/oslo_concurrency/processutils.py:468}}
Aug 19 23:34:51 devstack cinder-volume[94477]: DEBUG cinder.coordination [None req-1f692069-2e63-4264-836d-a5d8c4554f23 tempest-GroupSnapshotsTest-1646066934 None] Lock "cinder-quobyte-230738d6-ed64-47f6-a373-ba54b0bb26a9" released by "_delete_snapshot" :: held 2.209s {{(pid=94477) __release /opt/stack/cinder/cinder/coordination.py:152}}
Aug 19 23:34:51 devstack cinder-volume[94477]: DEBUG cinder.coordination [None req-1f692069-2e63-4264-836d-a5d8c4554f23 tempest-GroupSnapshotsTest-1646066934 None] Lock "cinder-quobyte-d3126a60-d01d-40d7-aa90-4750a18f0ce5" released by "delete_snapshot" :: held 2.248s {{(pid=94477) __release /opt/stack/cinder/cinder/coordination.py:152}}
