Feb 24 17:00:46 devstack cinder-volume[83073]: DEBUG oslo_concurrency.processutils [None req-505c56f2-a467-4d34-9d37-4d04d5774047 tempest-GroupSnapshotsTest-450948896 None] CMD "sudo cinder-rootwrap /etc/cinder/rootwrap.conf chmod ugo+rw /opt/stack/data/cinder/mnt/ad855f5fee433cf64c6415f173f681a5/volume-5c6be967-ce0c-4812-b139-3ed084573393.info" returned: 0 in 0.527s {{(pid=83073) execute /opt/stack/data/venv/lib/python3.10/site-packages/oslo_concurrency/processutils.py:468}}
Feb 24 17:00:46 devstack cinder-volume[83073]: DEBUG oslo_concurrency.lockutils [None req-505c56f2-a467-4d34-9d37-4d04d5774047 tempest-GroupSnapshotsTest-450948896 None] Lock "quobyte" "released" by "cinder.volume.drivers.quobyte.QuobyteDriver.create_snapshot" :: held 3.586s {{(pid=83073) inner /opt/stack/data/venv/lib/python3.10/site-packages/oslo_concurrency/lockutils.py:538}}
Feb 24 17:00:46 devstack cinder-volume[83073]: DEBUG oslo_concurrency.lockutils [None req-505c56f2-a467-4d34-9d37-4d04d5774047 tempest-GroupSnapshotsTest-450948896 None] Acquiring lock "quobyte" by "cinder.volume.drivers.quobyte.QuobyteDriver.create_snapshot" {{(pid=83073) inner /opt/stack/data/venv/lib/python3.10/site-packages/oslo_concurrency/lockutils.py:506}}
Feb 24 17:00:46 devstack cinder-volume[83073]: DEBUG oslo_concurrency.lockutils [None req-505c56f2-a467-4d34-9d37-4d04d5774047 tempest-GroupSnapshotsTest-450948896 None] Lock "quobyte" acquired by "cinder.volume.drivers.quobyte.QuobyteDriver.create_snapshot" :: waited 0.001s {{(pid=83073) inner /opt/stack/data/venv/lib/python3.10/site-packages/oslo_concurrency/lockutils.py:519}}
Feb 24 17:00:46 devstack cinder-volume[83073]: DEBUG cinder.quota [req-037d574b-e40c-45e2-a9d6-c4e3dad393bc req-46c39d0e-5078-43a3-8b42-75bb5a1c5a4b tempest-VolumesSnapshotsTestJSON-269552532 None] Created reservations ['9434994d-ff5b-45b0-ac6b-e55778f71b75', '0398b381-0a37-44bd-89be-918b7c656eed', 'fa22e7f2-9b4d-42da-9122-43ea55740145', '4d513d17-4466-4fcb-88f8-90e498157af0'] {{(pid=83073) reserve /opt/stack/cinder/cinder/quota.py:752}}
Feb 24 17:00:46 devstack cinder-volume[83073]: DEBUG cinder.volume.drivers.remotefs [None req-505c56f2-a467-4d34-9d37-4d04d5774047 tempest-GroupSnapshotsTest-450948896 None] Creating offline snapshot ce12fb61-3500-4f86-8c0d-004c834b3f5e of volume 109e6be1-6f1b-45c9-9a71-5d14005e95f3 {{(pid=83073) _create_snapshot /opt/stack/cinder/cinder/volume/drivers/remotefs.py:1815}}
Feb 24 17:00:46 devstack cinder-volume[83073]: DEBUG oslo.privsep.daemon [-] privsep: reply[f1b663b9-3d06-4550-88bc-008e1d9b7c59]: (4, 'qcow2') {{(pid=83881) _call_back /opt/stack/data/venv/lib/python3.10/site-packages/oslo_privsep/daemon.py:573}}
Feb 24 17:00:46 devstack cinder-volume[83073]: DEBUG oslo_concurrency.processutils [None req-505c56f2-a467-4d34-9d37-4d04d5774047 tempest-GroupSnapshotsTest-450948896 None] Running cmd (subprocess): /opt/stack/data/venv/bin/python3.10 -m oslo_concurrency.prlimit --as=1073741824 --cpu=60 -- sudo cinder-rootwrap /etc/cinder/rootwrap.conf env LC_ALL=C qemu-img info -f qcow2 --output=json --force-share /opt/stack/data/cinder/mnt/ad855f5fee433cf64c6415f173f681a5/volume-109e6be1-6f1b-45c9-9a71-5d14005e95f3 {{(pid=83073) execute /opt/stack/data/venv/lib/python3.10/site-packages/oslo_concurrency/processutils.py:440}}
Feb 24 17:00:46 devstack cinder-volume[83073]: DEBUG oslo_concurrency.lockutils [req-037d574b-e40c-45e2-a9d6-c4e3dad393bc req-46c39d0e-5078-43a3-8b42-75bb5a1c5a4b tempest-VolumesSnapshotsTestJSON-269552532 None] Acquiring lock "quobyte_ensure" by "cinder.volume.drivers.quobyte.QuobyteDriver._ensure_shares_mounted" {{(pid=83073) inner /opt/stack/data/venv/lib/python3.10/site-packages/oslo_concurrency/lockutils.py:506}}
Feb 24 17:00:46 devstack cinder-volume[83073]: DEBUG oslo_concurrency.lockutils [req-037d574b-e40c-45e2-a9d6-c4e3dad393bc req-46c39d0e-5078-43a3-8b42-75bb5a1c5a4b tempest-VolumesSnapshotsTestJSON-269552532 None] Lock "quobyte_ensure" acquired by "cinder.volume.drivers.quobyte.QuobyteDriver._ensure_shares_mounted" :: waited 0.001s {{(pid=83073) inner /opt/stack/data/venv/lib/python3.10/site-packages/oslo_concurrency/lockutils.py:519}}
Feb 24 17:00:46 devstack cinder-volume[83073]: DEBUG cinder.volume.drivers.quobyte [req-037d574b-e40c-45e2-a9d6-c4e3dad393bc req-46c39d0e-5078-43a3-8b42-75bb5a1c5a4b tempest-VolumesSnapshotsTestJSON-269552532 None] Quobyte Volume URL set to: {'osci02.corp.quobyte.com/cinder-vol-fe957eb3-53b5-4220-97ae-fcd554f91756': None} {{(pid=83073) _load_shares_config /opt/stack/cinder/cinder/volume/drivers/quobyte.py:617}}
Feb 24 17:00:46 devstack cinder-volume[83073]: DEBUG cinder.volume.drivers.quobyte [req-037d574b-e40c-45e2-a9d6-c4e3dad393bc req-46c39d0e-5078-43a3-8b42-75bb5a1c5a4b tempest-VolumesSnapshotsTestJSON-269552532 None] Available shares ['osci02.corp.quobyte.com/cinder-vol-fe957eb3-53b5-4220-97ae-fcd554f91756'] {{(pid=83073) _ensure_shares_mounted /opt/stack/cinder/cinder/volume/drivers/quobyte.py:647}}
Feb 24 17:00:46 devstack cinder-volume[83073]: DEBUG oslo_concurrency.lockutils [req-037d574b-e40c-45e2-a9d6-c4e3dad393bc req-46c39d0e-5078-43a3-8b42-75bb5a1c5a4b tempest-VolumesSnapshotsTestJSON-269552532 None] Lock "quobyte_ensure" "released" by "cinder.volume.drivers.quobyte.QuobyteDriver._ensure_shares_mounted" :: held 0.004s {{(pid=83073) inner /opt/stack/data/venv/lib/python3.10/site-packages/oslo_concurrency/lockutils.py:538}}
Feb 24 17:00:46 devstack cinder-volume[83073]: DEBUG oslo_concurrency.processutils [req-037d574b-e40c-45e2-a9d6-c4e3dad393bc req-46c39d0e-5078-43a3-8b42-75bb5a1c5a4b tempest-VolumesSnapshotsTestJSON-269552532 None] Running cmd (subprocess): sudo cinder-rootwrap /etc/cinder/rootwrap.conf df --portability --block-size 1 /opt/stack/data/cinder/mnt/ad855f5fee433cf64c6415f173f681a5 {{(pid=83073) execute /opt/stack/data/venv/lib/python3.10/site-packages/oslo_concurrency/processutils.py:440}}
Feb 24 17:00:46 devstack sudo[84908]: quobyte : PWD=/ ; USER=root ; COMMAND=/opt/stack/data/venv/bin/cinder-rootwrap /etc/cinder/rootwrap.conf df --portability --block-size 1 /opt/stack/data/cinder/mnt/ad855f5fee433cf64c6415f173f681a5
Feb 24 17:00:46 devstack sudo[84908]: pam_unix(sudo:session): session opened for user root(uid=0) by (uid=1000)
Feb 24 17:00:46 devstack sudo[84906]: quobyte : PWD=/ ; USER=root ; COMMAND=/opt/stack/data/venv/bin/cinder-rootwrap /etc/cinder/rootwrap.conf env LC_ALL=C qemu-img info -f qcow2 --output=json --force-share /opt/stack/data/cinder/mnt/ad855f5fee433cf64c6415f173f681a5/volume-109e6be1-6f1b-45c9-9a71-5d14005e95f3
Feb 24 17:00:46 devstack sudo[84906]: pam_unix(sudo:session): session opened for user root(uid=0) by (uid=1000)
Feb 24 17:00:46 devstack sudo[84908]: pam_unix(sudo:session): session closed for user root
Feb 24 17:00:46 devstack cinder-volume[83073]: DEBUG oslo_concurrency.processutils [req-037d574b-e40c-45e2-a9d6-c4e3dad393bc req-46c39d0e-5078-43a3-8b42-75bb5a1c5a4b tempest-VolumesSnapshotsTestJSON-269552532 None] CMD "sudo cinder-rootwrap /etc/cinder/rootwrap.conf df --portability --block-size 1 /opt/stack/data/cinder/mnt/ad855f5fee433cf64c6415f173f681a5" returned: 0 in 0.568s {{(pid=83073) execute /opt/stack/data/venv/lib/python3.10/site-packages/oslo_concurrency/processutils.py:468}}
Feb 24 17:00:46 devstack cinder-volume[83073]: DEBUG cinder.manager [req-037d574b-e40c-45e2-a9d6-c4e3dad393bc req-46c39d0e-5078-43a3-8b42-75bb5a1c5a4b tempest-VolumesSnapshotsTestJSON-269552532 None] Notifying Schedulers of capabilities ... {{(pid=83073) _publish_service_capabilities /opt/stack/cinder/cinder/manager.py:202}}
Feb 24 17:00:46 devstack cinder-volume[83073]: INFO cinder.volume.manager [req-037d574b-e40c-45e2-a9d6-c4e3dad393bc req-46c39d0e-5078-43a3-8b42-75bb5a1c5a4b tempest-VolumesSnapshotsTestJSON-269552532 None] Deleted volume successfully.
Feb 24 17:00:46 devstack cinder-volume[83073]: DEBUG cinder.coordination [req-037d574b-e40c-45e2-a9d6-c4e3dad393bc req-46c39d0e-5078-43a3-8b42-75bb5a1c5a4b tempest-VolumesSnapshotsTestJSON-269552532 None] Lock "cinder-fd22cda9-82a0-4c65-804e-1f15566d4e16-delete_volume" released by "delete_volume" :: held 2.206s {{(pid=83073) __release /opt/stack/cinder/cinder/coordination.py:152}}
Feb 24 17:00:46 devstack sudo[84906]: pam_unix(sudo:session): session closed for user root
Feb 24 17:00:46 devstack cinder-volume[83073]: DEBUG oslo_concurrency.processutils [None req-505c56f2-a467-4d34-9d37-4d04d5774047 tempest-GroupSnapshotsTest-450948896 None] CMD "/opt/stack/data/venv/bin/python3.10 -m oslo_concurrency.prlimit --as=1073741824 --cpu=60 -- sudo cinder-rootwrap /etc/cinder/rootwrap.conf env LC_ALL=C qemu-img info -f qcow2 --output=json --force-share /opt/stack/data/cinder/mnt/ad855f5fee433cf64c6415f173f681a5/volume-109e6be1-6f1b-45c9-9a71-5d14005e95f3" returned: 0 in 0.717s {{(pid=83073) execute /opt/stack/data/venv/lib/python3.10/site-packages/oslo_concurrency/processutils.py:468}}
Feb 24 17:00:46 devstack cinder-volume[83073]: DEBUG oslo_concurrency.processutils [None req-505c56f2-a467-4d34-9d37-4d04d5774047 tempest-GroupSnapshotsTest-450948896 None] Running cmd (subprocess): sudo cinder-rootwrap /etc/cinder/rootwrap.conf qemu-img create -f qcow2 -o backing_file=/opt/stack/data/cinder/mnt/ad855f5fee433cf64c6415f173f681a5/volume-109e6be1-6f1b-45c9-9a71-5d14005e95f3,backing_fmt=qcow2 /opt/stack/data/cinder/mnt/ad855f5fee433cf64c6415f173f681a5/volume-109e6be1-6f1b-45c9-9a71-5d14005e95f3.ce12fb61-3500-4f86-8c0d-004c834b3f5e 1G {{(pid=83073) execute /opt/stack/data/venv/lib/python3.10/site-packages/oslo_concurrency/processutils.py:440}}
Feb 24 17:00:46 devstack sudo[84926]: quobyte : PWD=/ ; USER=root ; COMMAND=/opt/stack/data/venv/bin/cinder-rootwrap /etc/cinder/rootwrap.conf qemu-img create -f qcow2 -o backing_file=/opt/stack/data/cinder/mnt/ad855f5fee433cf64c6415f173f681a5/volume-109e6be1-6f1b-45c9-9a71-5d14005e95f3,backing_fmt=qcow2 /opt/stack/data/cinder/mnt/ad855f5fee433cf64c6415f173f681a5/volume-109e6be1-6f1b-45c9-9a71-5d14005e95f3.ce12fb61-3500-4f86-8c0d-004c834b3f5e 1G
Feb 24 17:00:46 devstack sudo[84926]: pam_unix(sudo:session): session opened for user root(uid=0) by (uid=1000)
Feb 24 17:00:47 devstack sudo[84926]: pam_unix(sudo:session): session closed for user root
Feb 24 17:00:47 devstack cinder-volume[83073]: DEBUG oslo_concurrency.processutils [None req-505c56f2-a467-4d34-9d37-4d04d5774047 tempest-GroupSnapshotsTest-450948896 None] CMD "sudo cinder-rootwrap /etc/cinder/rootwrap.conf qemu-img create -f qcow2 -o backing_file=/opt/stack/data/cinder/mnt/ad855f5fee433cf64c6415f173f681a5/volume-109e6be1-6f1b-45c9-9a71-5d14005e95f3,backing_fmt=qcow2 /opt/stack/data/cinder/mnt/ad855f5fee433cf64c6415f173f681a5/volume-109e6be1-6f1b-45c9-9a71-5d14005e95f3.ce12fb61-3500-4f86-8c0d-004c834b3f5e 1G" returned: 0 in 0.694s {{(pid=83073) execute /opt/stack/data/venv/lib/python3.10/site-packages/oslo_concurrency/processutils.py:468}}
Feb 24 17:00:47 devstack cinder-volume[83073]: DEBUG oslo_concurrency.processutils [None req-505c56f2-a467-4d34-9d37-4d04d5774047 tempest-GroupSnapshotsTest-450948896 None] Running cmd (subprocess): sudo cinder-rootwrap /etc/cinder/rootwrap.conf qemu-img rebase -u -b volume-109e6be1-6f1b-45c9-9a71-5d14005e95f3 -F qcow2 /opt/stack/data/cinder/mnt/ad855f5fee433cf64c6415f173f681a5/volume-109e6be1-6f1b-45c9-9a71-5d14005e95f3.ce12fb61-3500-4f86-8c0d-004c834b3f5e {{(pid=83073) execute /opt/stack/data/venv/lib/python3.10/site-packages/oslo_concurrency/processutils.py:440}}
Feb 24 17:00:47 devstack sudo[84934]: quobyte : PWD=/ ; USER=root ; COMMAND=/opt/stack/data/venv/bin/cinder-rootwrap /etc/cinder/rootwrap.conf qemu-img rebase -u -b volume-109e6be1-6f1b-45c9-9a71-5d14005e95f3 -F qcow2 /opt/stack/data/cinder/mnt/ad855f5fee433cf64c6415f173f681a5/volume-109e6be1-6f1b-45c9-9a71-5d14005e95f3.ce12fb61-3500-4f86-8c0d-004c834b3f5e
Feb 24 17:00:47 devstack sudo[84934]: pam_unix(sudo:session): session opened for user root(uid=0) by (uid=1000)
Feb 24 17:00:48 devstack sudo[84934]: pam_unix(sudo:session): session closed for user root
Feb 24 17:00:48 devstack cinder-volume[83073]: DEBUG oslo_concurrency.processutils [None req-505c56f2-a467-4d34-9d37-4d04d5774047 tempest-GroupSnapshotsTest-450948896 None] CMD "sudo cinder-rootwrap /etc/cinder/rootwrap.conf qemu-img rebase -u -b volume-109e6be1-6f1b-45c9-9a71-5d14005e95f3 -F qcow2 /opt/stack/data/cinder/mnt/ad855f5fee433cf64c6415f173f681a5/volume-109e6be1-6f1b-45c9-9a71-5d14005e95f3.ce12fb61-3500-4f86-8c0d-004c834b3f5e" returned: 0 in 0.548s {{(pid=83073) execute /opt/stack/data/venv/lib/python3.10/site-packages/oslo_concurrency/processutils.py:468}}
Feb 24 17:00:48 devstack cinder-volume[83073]: WARNING cinder.volume.drivers.remotefs [None req-505c56f2-a467-4d34-9d37-4d04d5774047 tempest-GroupSnapshotsTest-450948896 None] /opt/stack/data/cinder/mnt/ad855f5fee433cf64c6415f173f681a5/volume-109e6be1-6f1b-45c9-9a71-5d14005e95f3.ce12fb61-3500-4f86-8c0d-004c834b3f5e is being set with open permissions: ugo+rw: NotImplementedError
Feb 24 17:00:48 devstack cinder-volume[83073]: DEBUG oslo_concurrency.processutils [None req-505c56f2-a467-4d34-9d37-4d04d5774047 tempest-GroupSnapshotsTest-450948896 None] Running cmd (subprocess): sudo cinder-rootwrap /etc/cinder/rootwrap.conf chmod ugo+rw /opt/stack/data/cinder/mnt/ad855f5fee433cf64c6415f173f681a5/volume-109e6be1-6f1b-45c9-9a71-5d14005e95f3.ce12fb61-3500-4f86-8c0d-004c834b3f5e {{(pid=83073) execute /opt/stack/data/venv/lib/python3.10/site-packages/oslo_concurrency/processutils.py:440}}
Feb 24 17:00:48 devstack sudo[84939]: quobyte : PWD=/ ; USER=root ; COMMAND=/opt/stack/data/venv/bin/cinder-rootwrap /etc/cinder/rootwrap.conf chmod ugo+rw /opt/stack/data/cinder/mnt/ad855f5fee433cf64c6415f173f681a5/volume-109e6be1-6f1b-45c9-9a71-5d14005e95f3.ce12fb61-3500-4f86-8c0d-004c834b3f5e
Feb 24 17:00:48 devstack sudo[84939]: pam_unix(sudo:session): session opened for user root(uid=0) by (uid=1000)
Feb 24 17:00:48 devstack sudo[84939]: pam_unix(sudo:session): session closed for user root
Feb 24 17:00:48 devstack cinder-volume[83073]: DEBUG oslo_concurrency.processutils [None req-505c56f2-a467-4d34-9d37-4d04d5774047 tempest-GroupSnapshotsTest-450948896 None] CMD "sudo cinder-rootwrap /etc/cinder/rootwrap.conf chmod ugo+rw /opt/stack/data/cinder/mnt/ad855f5fee433cf64c6415f173f681a5/volume-109e6be1-6f1b-45c9-9a71-5d14005e95f3.ce12fb61-3500-4f86-8c0d-004c834b3f5e" returned: 0 in 0.680s {{(pid=83073) execute /opt/stack/data/venv/lib/python3.10/site-packages/oslo_concurrency/processutils.py:468}}
Feb 24 17:00:48 devstack cinder-volume[83073]: DEBUG oslo_concurrency.processutils [None req-505c56f2-a467-4d34-9d37-4d04d5774047 tempest-GroupSnapshotsTest-450948896 None] Running cmd (subprocess): sudo cinder-rootwrap /etc/cinder/rootwrap.conf truncate -s0 /opt/stack/data/cinder/mnt/ad855f5fee433cf64c6415f173f681a5/volume-109e6be1-6f1b-45c9-9a71-5d14005e95f3.info {{(pid=83073) execute /opt/stack/data/venv/lib/python3.10/site-packages/oslo_concurrency/processutils.py:440}}
Feb 24 17:00:48 devstack sudo[84942]: quobyte : PWD=/ ; USER=root ; COMMAND=/opt/stack/data/venv/bin/cinder-rootwrap /etc/cinder/rootwrap.conf truncate -s0 /opt/stack/data/cinder/mnt/ad855f5fee433cf64c6415f173f681a5/volume-109e6be1-6f1b-45c9-9a71-5d14005e95f3.info
Feb 24 17:00:48 devstack sudo[84942]: pam_unix(sudo:session): session opened for user root(uid=0) by (uid=1000)
Feb 24 17:00:49 devstack sudo[84942]: pam_unix(sudo:session): session closed for user root
Feb 24 17:00:49 devstack cinder-volume[83073]: DEBUG oslo_concurrency.processutils [None req-505c56f2-a467-4d34-9d37-4d04d5774047 tempest-GroupSnapshotsTest-450948896 None] CMD "sudo cinder-rootwrap /etc/cinder/rootwrap.conf truncate -s0 /opt/stack/data/cinder/mnt/ad855f5fee433cf64c6415f173f681a5/volume-109e6be1-6f1b-45c9-9a71-5d14005e95f3.info" returned: 0 in 0.647s {{(pid=83073) execute /opt/stack/data/venv/lib/python3.10/site-packages/oslo_concurrency/processutils.py:468}}
Feb 24 17:00:49 devstack cinder-volume[83073]: WARNING cinder.volume.drivers.remotefs [None req-505c56f2-a467-4d34-9d37-4d04d5774047 tempest-GroupSnapshotsTest-450948896 None] /opt/stack/data/cinder/mnt/ad855f5fee433cf64c6415f173f681a5/volume-109e6be1-6f1b-45c9-9a71-5d14005e95f3.info is being set with open permissions: ugo+rw: NotImplementedError
Feb 24 17:00:49 devstack cinder-volume[83073]: DEBUG oslo_concurrency.processutils [None req-505c56f2-a467-4d34-9d37-4d04d5774047 tempest-GroupSnapshotsTest-450948896 None] Running cmd (subprocess): sudo cinder-rootwrap /etc/cinder/rootwrap.conf chmod ugo+rw /opt/stack/data/cinder/mnt/ad855f5fee433cf64c6415f173f681a5/volume-109e6be1-6f1b-45c9-9a71-5d14005e95f3.info {{(pid=83073) execute /opt/stack/data/venv/lib/python3.10/site-packages/oslo_concurrency/processutils.py:440}}
Feb 24 17:00:49 devstack sudo[84945]: quobyte : PWD=/ ; USER=root ; COMMAND=/opt/stack/data/venv/bin/cinder-rootwrap /etc/cinder/rootwrap.conf chmod ugo+rw /opt/stack/data/cinder/mnt/ad855f5fee433cf64c6415f173f681a5/volume-109e6be1-6f1b-45c9-9a71-5d14005e95f3.info
Feb 24 17:00:49 devstack sudo[84945]: pam_unix(sudo:session): session opened for user root(uid=0) by (uid=1000)
Feb 24 17:00:50 devstack sudo[84945]: pam_unix(sudo:session): session closed for user root
Feb 24 17:00:50 devstack cinder-volume[83073]: DEBUG oslo_concurrency.processutils [None req-505c56f2-a467-4d34-9d37-4d04d5774047 tempest-GroupSnapshotsTest-450948896 None] CMD "sudo cinder-rootwrap /etc/cinder/rootwrap.conf chmod ugo+rw /opt/stack/data/cinder/mnt/ad855f5fee433cf64c6415f173f681a5/volume-109e6be1-6f1b-45c9-9a71-5d14005e95f3.info" returned: 0 in 0.637s {{(pid=83073) execute /opt/stack/data/venv/lib/python3.10/site-packages/oslo_concurrency/processutils.py:468}}
Feb 24 17:00:50 devstack cinder-volume[83073]: DEBUG oslo_concurrency.lockutils [None req-505c56f2-a467-4d34-9d37-4d04d5774047 tempest-GroupSnapshotsTest-450948896 None] Lock "quobyte" "released" by "cinder.volume.drivers.quobyte.QuobyteDriver.create_snapshot" :: held 4.005s {{(pid=83073) inner /opt/stack/data/venv/lib/python3.10/site-packages/oslo_concurrency/lockutils.py:538}}
Feb 24 17:00:50 devstack cinder-volume[83073]: INFO cinder.volume.manager [None req-505c56f2-a467-4d34-9d37-4d04d5774047 tempest-GroupSnapshotsTest-450948896 None] group_snapshot 8a0ff820-ad7a-42f4-b8e1-ec296bf13bd5: created successfully
Feb 24 17:00:50 devstack cinder-volume[83073]: DEBUG cinder.volume.manager [None req-220b8903-ec8b-4f8d-b170-a941b844595b tempest-BackendsCapabilitiesAdminTestsJSON-1402772728 None] Obtained capabilities list: {'volume_backend_name': 'QuobyteHD', 'vendor_name': 'Open Source', 'driver_version': '1.1.14', 'storage_protocol': 'quobyte', 'total_capacity_gb': 1775.4726600646973, 'free_capacity_gb': 1775.4726600646973, 'reserved_percentage': 0, 'QoS_support': False, 'properties': {'thin_provisioning': {'title': 'Thin Provisioning', 'description': 'Sets thin provisioning.', 'type': 'boolean'}, 'compression': {'title': 'Compression', 'description': 'Enables compression.', 'type': 'boolean'}, 'qos': {'title': 'QoS', 'description': 'Enables QoS.', 'type': 'boolean'}, 'replication_enabled': {'title': 'Replication', 'description': 'Enables replication.', 'type': 'boolean'}}}. {{(pid=83073) get_capabilities /opt/stack/cinder/cinder/volume/manager.py:4830}}
Feb 24 17:00:50 devstack cinder-volume[83073]: INFO cinder.volume.manager [None req-de0c011e-b6a7-4a68-b4bf-a884e115eaaa tempest-GroupSnapshotsTest-450948896 None] group_snapshot 8a0ff820-ad7a-42f4-b8e1-ec296bf13bd5: deleting
Feb 24 17:00:50 devstack cinder-volume[83073]: DEBUG cinder.volume.manager [None req-de0c011e-b6a7-4a68-b4bf-a884e115eaaa tempest-GroupSnapshotsTest-450948896 None] group_snapshot 8a0ff820-ad7a-42f4-b8e1-ec296bf13bd5: deleting {{(pid=83073) delete_group_snapshot /opt/stack/cinder/cinder/volume/manager.py:4350}}
Feb 24 17:00:51 devstack cinder-volume[83073]: DEBUG cinder.coordination [None req-de0c011e-b6a7-4a68-b4bf-a884e115eaaa tempest-GroupSnapshotsTest-450948896 None] Acquiring lock "cinder-quobyte-5c6be967-ce0c-4812-b139-3ed084573393" by "delete_snapshot" {{(pid=83073) __acquire /opt/stack/cinder/cinder/coordination.py:138}}
Feb 24 17:00:51 devstack cinder-volume[83073]: DEBUG cinder.coordination [None req-de0c011e-b6a7-4a68-b4bf-a884e115eaaa tempest-GroupSnapshotsTest-450948896 None] Lock "cinder-quobyte-5c6be967-ce0c-4812-b139-3ed084573393" acquired by "delete_snapshot" :: waited 0.011s {{(pid=83073) __acquire /opt/stack/cinder/cinder/coordination.py:141}}
Feb 24 17:00:51 devstack cinder-volume[83073]: DEBUG cinder.coordination [None req-de0c011e-b6a7-4a68-b4bf-a884e115eaaa tempest-GroupSnapshotsTest-450948896 None] Acquiring lock "cinder-quobyte-a7ef6aca-9ec2-4ca6-8a43-933be01d631b" by "_delete_snapshot" {{(pid=83073) __acquire /opt/stack/cinder/cinder/coordination.py:138}}
Feb 24 17:00:51 devstack cinder-volume[83073]: DEBUG cinder.coordination [None req-de0c011e-b6a7-4a68-b4bf-a884e115eaaa tempest-GroupSnapshotsTest-450948896 None] Lock "cinder-quobyte-a7ef6aca-9ec2-4ca6-8a43-933be01d631b" acquired by "_delete_snapshot" :: waited 0.010s {{(pid=83073) __acquire /opt/stack/cinder/cinder/coordination.py:141}}
Feb 24 17:00:51 devstack cinder-volume[83073]: DEBUG cinder.volume.drivers.remotefs [None req-de0c011e-b6a7-4a68-b4bf-a884e115eaaa tempest-GroupSnapshotsTest-450948896 None] Deleting offline snapshot a7ef6aca-9ec2-4ca6-8a43-933be01d631b of volume 5c6be967-ce0c-4812-b139-3ed084573393 {{(pid=83073) _delete_snapshot /opt/stack/cinder/cinder/volume/drivers/remotefs.py:1288}}
Feb 24 17:00:51 devstack cinder-volume[83073]: DEBUG cinder.volume.drivers.remotefs [None req-de0c011e-b6a7-4a68-b4bf-a884e115eaaa tempest-GroupSnapshotsTest-450948896 None] snapshot_file for this snap is: volume-5c6be967-ce0c-4812-b139-3ed084573393.a7ef6aca-9ec2-4ca6-8a43-933be01d631b {{(pid=83073) _delete_snapshot /opt/stack/cinder/cinder/volume/drivers/remotefs.py:1317}}
Feb 24 17:00:51 devstack cinder-volume[83073]: DEBUG oslo.privsep.daemon [-] privsep: reply[0deb3fbd-765e-4e00-aeda-83f3d8d4d68f]: (4, 'qcow2') {{(pid=83881) _call_back /opt/stack/data/venv/lib/python3.10/site-packages/oslo_privsep/daemon.py:573}}
Feb 24 17:00:51 devstack cinder-volume[83073]: DEBUG oslo_concurrency.processutils [None req-de0c011e-b6a7-4a68-b4bf-a884e115eaaa tempest-GroupSnapshotsTest-450948896 None] Running cmd (subprocess): /opt/stack/data/venv/bin/python3.10 -m oslo_concurrency.prlimit --as=1073741824 --cpu=60 -- sudo cinder-rootwrap /etc/cinder/rootwrap.conf env LC_ALL=C qemu-img info -f qcow2 --output=json --force-share /opt/stack/data/cinder/mnt/ad855f5fee433cf64c6415f173f681a5/volume-5c6be967-ce0c-4812-b139-3ed084573393.a7ef6aca-9ec2-4ca6-8a43-933be01d631b {{(pid=83073) execute /opt/stack/data/venv/lib/python3.10/site-packages/oslo_concurrency/processutils.py:440}}
Feb 24 17:00:51 devstack sudo[84952]: quobyte : PWD=/ ; USER=root ; COMMAND=/opt/stack/data/venv/bin/cinder-rootwrap /etc/cinder/rootwrap.conf env LC_ALL=C qemu-img info -f qcow2 --output=json --force-share /opt/stack/data/cinder/mnt/ad855f5fee433cf64c6415f173f681a5/volume-5c6be967-ce0c-4812-b139-3ed084573393.a7ef6aca-9ec2-4ca6-8a43-933be01d631b
Feb 24 17:00:51 devstack sudo[84952]: pam_unix(sudo:session): session opened for user root(uid=0) by (uid=1000)
Feb 24 17:00:51 devstack cinder-volume[83073]: DEBUG cinder.volume.manager [None req-fd264910-a002-41a9-bde2-8ad7066691ce tempest-BackendsCapabilitiesAdminTestsJSON-1402772728 None] Obtained capabilities list: {'volume_backend_name': 'QuobyteHD', 'vendor_name': 'Open Source', 'driver_version': '1.1.14', 'storage_protocol': 'quobyte', 'total_capacity_gb': 1775.4726600646973, 'free_capacity_gb': 1775.4726600646973, 'reserved_percentage': 0, 'QoS_support': False, 'properties': {'thin_provisioning': {'title': 'Thin Provisioning', 'description': 'Sets thin provisioning.', 'type': 'boolean'}, 'compression': {'title': 'Compression', 'description': 'Enables compression.', 'type': 'boolean'}, 'qos': {'title': 'QoS', 'description': 'Enables QoS.', 'type': 'boolean'}, 'replication_enabled': {'title': 'Replication', 'description': 'Enables replication.', 'type': 'boolean'}}}. {{(pid=83073) get_capabilities /opt/stack/cinder/cinder/volume/manager.py:4830}}
Feb 24 17:00:51 devstack sudo[84952]: pam_unix(sudo:session): session closed for user root
Feb 24 17:00:51 devstack cinder-volume[83073]: DEBUG oslo_concurrency.processutils [None req-de0c011e-b6a7-4a68-b4bf-a884e115eaaa tempest-GroupSnapshotsTest-450948896 None] CMD "/opt/stack/data/venv/bin/python3.10 -m oslo_concurrency.prlimit --as=1073741824 --cpu=60 -- sudo cinder-rootwrap /etc/cinder/rootwrap.conf env LC_ALL=C qemu-img info -f qcow2 --output=json --force-share /opt/stack/data/cinder/mnt/ad855f5fee433cf64c6415f173f681a5/volume-5c6be967-ce0c-4812-b139-3ed084573393.a7ef6aca-9ec2-4ca6-8a43-933be01d631b" returned: 0 in 0.891s {{(pid=83073) execute /opt/stack/data/venv/lib/python3.10/site-packages/oslo_concurrency/processutils.py:468}}
Feb 24 17:00:51 devstack cinder-volume[83073]: DEBUG cinder.volume.drivers.remotefs [None req-de0c011e-b6a7-4a68-b4bf-a884e115eaaa tempest-GroupSnapshotsTest-450948896 None] Fetching qemu-img info with special backing_file_template: (/opt/stack/data/cinder/mnt/[0-9a-f]+/)?(volume-5c6be967-ce0c-4812-b139-3ed084573393(.(tmp-snap-)?[0-9a-f-]+)?|volume_from_snapshot_cache/(tmp-snap-)?[0-9a-f-]+(.(child-|parent-)[0-9a-f-]+)?)$ {{(pid=83073) _qemu_img_info_base /opt/stack/cinder/cinder/volume/drivers/remotefs.py:896}}
Feb 24 17:00:51 devstack cinder-volume[83073]: DEBUG oslo.privsep.daemon [-] privsep: reply[d8488817-f035-4295-9256-043a2bd7cf5e]: (4, 'qcow2') {{(pid=83881) _call_back /opt/stack/data/venv/lib/python3.10/site-packages/oslo_privsep/daemon.py:573}}
Feb 24 17:00:51 devstack cinder-volume[83073]: DEBUG oslo_concurrency.processutils [None req-de0c011e-b6a7-4a68-b4bf-a884e115eaaa tempest-GroupSnapshotsTest-450948896 None] Running cmd (subprocess): /opt/stack/data/venv/bin/python3.10 -m oslo_concurrency.prlimit --as=1073741824 --cpu=60 -- sudo cinder-rootwrap /etc/cinder/rootwrap.conf env LC_ALL=C qemu-img info -f qcow2 --output=json --force-share /opt/stack/data/cinder/mnt/ad855f5fee433cf64c6415f173f681a5/volume-5c6be967-ce0c-4812-b139-3ed084573393 {{(pid=83073) execute /opt/stack/data/venv/lib/python3.10/site-packages/oslo_concurrency/processutils.py:440}}
Feb 24 17:00:52 devstack sudo[84984]: quobyte : PWD=/ ; USER=root ; COMMAND=/opt/stack/data/venv/bin/cinder-rootwrap /etc/cinder/rootwrap.conf env LC_ALL=C qemu-img info -f qcow2 --output=json --force-share /opt/stack/data/cinder/mnt/ad855f5fee433cf64c6415f173f681a5/volume-5c6be967-ce0c-4812-b139-3ed084573393
Feb 24 17:00:52 devstack sudo[84984]: pam_unix(sudo:session): session opened for user root(uid=0) by (uid=1000)
Feb 24 17:00:52 devstack sudo[84984]: pam_unix(sudo:session): session closed for user root
Feb 24 17:00:52 devstack cinder-volume[83073]: DEBUG oslo_concurrency.processutils [None req-de0c011e-b6a7-4a68-b4bf-a884e115eaaa tempest-GroupSnapshotsTest-450948896 None] CMD "/opt/stack/data/venv/bin/python3.10 -m oslo_concurrency.prlimit --as=1073741824 --cpu=60 -- sudo cinder-rootwrap /etc/cinder/rootwrap.conf env LC_ALL=C qemu-img info -f qcow2 --output=json --force-share /opt/stack/data/cinder/mnt/ad855f5fee433cf64c6415f173f681a5/volume-5c6be967-ce0c-4812-b139-3ed084573393" returned: 0 in 0.799s {{(pid=83073) execute /opt/stack/data/venv/lib/python3.10/site-packages/oslo_concurrency/processutils.py:468}}
Feb 24 17:00:52 devstack cinder-volume[83073]: DEBUG oslo_concurrency.processutils [None req-de0c011e-b6a7-4a68-b4bf-a884e115eaaa tempest-GroupSnapshotsTest-450948896 None] Running cmd (subprocess): sudo cinder-rootwrap /etc/cinder/rootwrap.conf qemu-img commit -d /opt/stack/data/cinder/mnt/ad855f5fee433cf64c6415f173f681a5/volume-5c6be967-ce0c-4812-b139-3ed084573393.a7ef6aca-9ec2-4ca6-8a43-933be01d631b {{(pid=83073) execute /opt/stack/data/venv/lib/python3.10/site-packages/oslo_concurrency/processutils.py:440}}
Feb 24 17:00:52 devstack sudo[84989]: quobyte : PWD=/ ; USER=root ; COMMAND=/opt/stack/data/venv/bin/cinder-rootwrap /etc/cinder/rootwrap.conf qemu-img commit -d /opt/stack/data/cinder/mnt/ad855f5fee433cf64c6415f173f681a5/volume-5c6be967-ce0c-4812-b139-3ed084573393.a7ef6aca-9ec2-4ca6-8a43-933be01d631b
Feb 24 17:00:52 devstack sudo[84989]: pam_unix(sudo:session): session opened for user root(uid=0) by (uid=1000)
Feb 24 17:00:53 devstack sudo[84989]: pam_unix(sudo:session): session closed for user root
Feb 24 17:00:53 devstack cinder-volume[83073]: DEBUG oslo_concurrency.processutils [None req-de0c011e-b6a7-4a68-b4bf-a884e115eaaa tempest-GroupSnapshotsTest-450948896 None] CMD "sudo cinder-rootwrap /etc/cinder/rootwrap.conf qemu-img commit -d /opt/stack/data/cinder/mnt/ad855f5fee433cf64c6415f173f681a5/volume-5c6be967-ce0c-4812-b139-3ed084573393.a7ef6aca-9ec2-4ca6-8a43-933be01d631b" returned: 0 in 0.681s {{(pid=83073) execute /opt/stack/data/venv/lib/python3.10/site-packages/oslo_concurrency/processutils.py:468}}
Feb 24 17:00:53 devstack cinder-volume[83073]: DEBUG oslo_concurrency.processutils [None req-de0c011e-b6a7-4a68-b4bf-a884e115eaaa tempest-GroupSnapshotsTest-450948896 None] Running cmd (subprocess): sudo cinder-rootwrap /etc/cinder/rootwrap.conf rm -f /opt/stack/data/cinder/mnt/ad855f5fee433cf64c6415f173f681a5/volume-5c6be967-ce0c-4812-b139-3ed084573393.a7ef6aca-9ec2-4ca6-8a43-933be01d631b {{(pid=83073) execute /opt/stack/data/venv/lib/python3.10/site-packages/oslo_concurrency/processutils.py:440}}
Feb 24 17:00:53 devstack sudo[84994]: quobyte : PWD=/ ; USER=root ; COMMAND=/opt/stack/data/venv/bin/cinder-rootwrap /etc/cinder/rootwrap.conf rm -f /opt/stack/data/cinder/mnt/ad855f5fee433cf64c6415f173f681a5/volume-5c6be967-ce0c-4812-b139-3ed084573393.a7ef6aca-9ec2-4ca6-8a43-933be01d631b
Feb 24 17:00:53 devstack sudo[84994]: pam_unix(sudo:session): session opened for user root(uid=0) by (uid=1000)
Feb 24 17:00:53 devstack cinder-volume[83073]: INFO cinder.volume.manager [None req-264e51e4-93d4-4bb9-ab44-6e7ff9e3462f tempest-GroupsTest-474961598 None] Group tempest-Group1-94835523: creating
Feb 24 17:00:53 devstack cinder-volume[83073]: INFO cinder.volume.manager [None req-264e51e4-93d4-4bb9-ab44-6e7ff9e3462f tempest-GroupsTest-474961598 None] Group tempest-Group1-94835523: created successfully
Feb 24 17:00:53 devstack cinder-volume[83073]: INFO cinder.volume.manager [None req-264e51e4-93d4-4bb9-ab44-6e7ff9e3462f tempest-GroupsTest-474961598 None] Create group completed successfully.
Feb 24 17:00:54 devstack sudo[84994]: pam_unix(sudo:session): session closed for user root
Feb 24 17:00:54 devstack cinder-volume[83073]: DEBUG oslo_concurrency.processutils [None req-de0c011e-b6a7-4a68-b4bf-a884e115eaaa tempest-GroupSnapshotsTest-450948896 None] CMD "sudo cinder-rootwrap /etc/cinder/rootwrap.conf rm -f /opt/stack/data/cinder/mnt/ad855f5fee433cf64c6415f173f681a5/volume-5c6be967-ce0c-4812-b139-3ed084573393.a7ef6aca-9ec2-4ca6-8a43-933be01d631b" returned: 0 in 0.717s {{(pid=83073) execute /opt/stack/data/venv/lib/python3.10/site-packages/oslo_concurrency/processutils.py:468}}
Feb 24 17:00:54 devstack cinder-volume[83073]: DEBUG cinder.coordination [None req-de0c011e-b6a7-4a68-b4bf-a884e115eaaa tempest-GroupSnapshotsTest-450948896 None] Lock "cinder-quobyte-a7ef6aca-9ec2-4ca6-8a43-933be01d631b" released by "_delete_snapshot" :: held 3.177s {{(pid=83073) __release /opt/stack/cinder/cinder/coordination.py:152}}
Feb 24 17:00:54 devstack cinder-volume[83073]: DEBUG cinder.coordination [None req-de0c011e-b6a7-4a68-b4bf-a884e115eaaa tempest-GroupSnapshotsTest-450948896 None] Lock "cinder-quobyte-5c6be967-ce0c-4812-b139-3ed084573393" released by "delete_snapshot" :: held 3.193s {{(pid=83073) __release /opt/stack/cinder/cinder/coordination.py:152}}
Feb 24 17:00:54 devstack cinder-volume[83073]: DEBUG cinder.coordination [None req-de0c011e-b6a7-4a68-b4bf-a884e115eaaa tempest-GroupSnapshotsTest-450948896 None] Acquiring lock "cinder-quobyte-109e6be1-6f1b-45c9-9a71-5d14005e95f3" by "delete_snapshot" {{(pid=83073) __acquire /opt/stack/cinder/cinder/coordination.py:138}}
Feb 24 17:00:54 devstack cinder-volume[83073]: DEBUG cinder.coordination [None req-de0c011e-b6a7-4a68-b4bf-a884e115eaaa tempest-GroupSnapshotsTest-450948896 None] Lock "cinder-quobyte-109e6be1-6f1b-45c9-9a71-5d14005e95f3" acquired by "delete_snapshot" :: waited 0.007s {{(pid=83073) __acquire /opt/stack/cinder/cinder/coordination.py:141}}
Feb 24 17:00:54 devstack cinder-volume[83073]: DEBUG cinder.coordination [None req-de0c011e-b6a7-4a68-b4bf-a884e115eaaa tempest-GroupSnapshotsTest-450948896 None] Acquiring lock "cinder-quobyte-ce12fb61-3500-4f86-8c0d-004c834b3f5e" by "_delete_snapshot" {{(pid=83073) __acquire /opt/stack/cinder/cinder/coordination.py:138}}
Feb 24 17:00:54 devstack cinder-volume[83073]: DEBUG cinder.coordination [None req-de0c011e-b6a7-4a68-b4bf-a884e115eaaa tempest-GroupSnapshotsTest-450948896 None] Lock "cinder-quobyte-ce12fb61-3500-4f86-8c0d-004c834b3f5e" acquired by "_delete_snapshot" :: waited 0.011s {{(pid=83073) __acquire /opt/stack/cinder/cinder/coordination.py:141}}
Feb 24 17:00:54 devstack cinder-volume[83073]: DEBUG cinder.volume.drivers.remotefs [None req-de0c011e-b6a7-4a68-b4bf-a884e115eaaa tempest-GroupSnapshotsTest-450948896 None] Deleting offline snapshot ce12fb61-3500-4f86-8c0d-004c834b3f5e of volume 109e6be1-6f1b-45c9-9a71-5d14005e95f3 {{(pid=83073) _delete_snapshot /opt/stack/cinder/cinder/volume/drivers/remotefs.py:1288}}
Feb 24 17:00:54 devstack cinder-volume[83073]: DEBUG cinder.volume.drivers.remotefs [None req-de0c011e-b6a7-4a68-b4bf-a884e115eaaa tempest-GroupSnapshotsTest-450948896 None] snapshot_file for this snap is: volume-109e6be1-6f1b-45c9-9a71-5d14005e95f3.ce12fb61-3500-4f86-8c0d-004c834b3f5e {{(pid=83073) _delete_snapshot /opt/stack/cinder/cinder/volume/drivers/remotefs.py:1317}}
Feb 24 17:00:54 devstack cinder-volume[83073]: DEBUG oslo.privsep.daemon [-] privsep: reply[1ab7c220-2d92-4826-85f3-3e4fda36baae]: (4, 'qcow2') {{(pid=83881) _call_back /opt/stack/data/venv/lib/python3.10/site-packages/oslo_privsep/daemon.py:573}}
Feb 24 17:00:54 devstack cinder-volume[83073]: DEBUG oslo_concurrency.processutils [None req-de0c011e-b6a7-4a68-b4bf-a884e115eaaa tempest-GroupSnapshotsTest-450948896 None] Running cmd (subprocess): /opt/stack/data/venv/bin/python3.10 -m oslo_concurrency.prlimit --as=1073741824 --cpu=60 -- sudo cinder-rootwrap /etc/cinder/rootwrap.conf env LC_ALL=C qemu-img info -f qcow2 --output=json --force-share /opt/stack/data/cinder/mnt/ad855f5fee433cf64c6415f173f681a5/volume-109e6be1-6f1b-45c9-9a71-5d14005e95f3.ce12fb61-3500-4f86-8c0d-004c834b3f5e {{(pid=83073) execute /opt/stack/data/venv/lib/python3.10/site-packages/oslo_concurrency/processutils.py:440}}
Feb 24 17:00:54 devstack sudo[84997]: quobyte : PWD=/ ; USER=root ; COMMAND=/opt/stack/data/venv/bin/cinder-rootwrap /etc/cinder/rootwrap.conf env LC_ALL=C qemu-img info -f qcow2 --output=json --force-share /opt/stack/data/cinder/mnt/ad855f5fee433cf64c6415f173f681a5/volume-109e6be1-6f1b-45c9-9a71-5d14005e95f3.ce12fb61-3500-4f86-8c0d-004c834b3f5e
Feb 24 17:00:54 devstack sudo[84997]: pam_unix(sudo:session): session opened for user root(uid=0) by (uid=1000)
Feb 24 17:00:54 devstack cinder-volume[83073]: INFO cinder.volume.manager [None req-4d309981-6e47-47c6-b64f-ecee41336ea6 tempest-GroupsTest-474961598 None] Group tempest-Group2-869561793: creating
Feb 24 17:00:54 devstack cinder-volume[83073]: INFO cinder.volume.manager [None req-4d309981-6e47-47c6-b64f-ecee41336ea6 tempest-GroupsTest-474961598 None] Group tempest-Group2-869561793: created successfully
Feb 24 17:00:54 devstack cinder-volume[83073]: INFO cinder.volume.manager [None req-4d309981-6e47-47c6-b64f-ecee41336ea6 tempest-GroupsTest-474961598 None] Create group completed successfully.
Feb 24 17:00:54 devstack sudo[84997]: pam_unix(sudo:session): session closed for user root
Feb 24 17:00:54 devstack cinder-volume[83073]: DEBUG oslo_concurrency.processutils [None req-de0c011e-b6a7-4a68-b4bf-a884e115eaaa tempest-GroupSnapshotsTest-450948896 None] CMD "/opt/stack/data/venv/bin/python3.10 -m oslo_concurrency.prlimit --as=1073741824 --cpu=60 -- sudo cinder-rootwrap /etc/cinder/rootwrap.conf env LC_ALL=C qemu-img info -f qcow2 --output=json --force-share /opt/stack/data/cinder/mnt/ad855f5fee433cf64c6415f173f681a5/volume-109e6be1-6f1b-45c9-9a71-5d14005e95f3.ce12fb61-3500-4f86-8c0d-004c834b3f5e" returned: 0 in 0.694s {{(pid=83073) execute /opt/stack/data/venv/lib/python3.10/site-packages/oslo_concurrency/processutils.py:468}}
Feb 24 17:00:54 devstack cinder-volume[83073]: DEBUG cinder.volume.drivers.remotefs [None req-de0c011e-b6a7-4a68-b4bf-a884e115eaaa tempest-GroupSnapshotsTest-450948896 None] Fetching qemu-img info with special backing_file_template: (/opt/stack/data/cinder/mnt/[0-9a-f]+/)?(volume-109e6be1-6f1b-45c9-9a71-5d14005e95f3(.(tmp-snap-)?[0-9a-f-]+)?|volume_from_snapshot_cache/(tmp-snap-)?[0-9a-f-]+(.(child-|parent-)[0-9a-f-]+)?)$ {{(pid=83073) _qemu_img_info_base /opt/stack/cinder/cinder/volume/drivers/remotefs.py:896}}
Feb 24 17:00:54 devstack cinder-volume[83073]: DEBUG oslo.privsep.daemon [-] privsep: reply[b314965a-544c-4d34-b1c2-037fa8d9877d]: (4, 'qcow2') {{(pid=83881) _call_back /opt/stack/data/venv/lib/python3.10/site-packages/oslo_privsep/daemon.py:573}}
Feb 24 17:00:54 devstack cinder-volume[83073]: DEBUG oslo_concurrency.processutils [None req-de0c011e-b6a7-4a68-b4bf-a884e115eaaa tempest-GroupSnapshotsTest-450948896 None] Running cmd (subprocess): /opt/stack/data/venv/bin/python3.10 -m oslo_concurrency.prlimit --as=1073741824 --cpu=60 -- sudo cinder-rootwrap /etc/cinder/rootwrap.conf env LC_ALL=C qemu-img info -f qcow2 --output=json --force-share /opt/stack/data/cinder/mnt/ad855f5fee433cf64c6415f173f681a5/volume-109e6be1-6f1b-45c9-9a71-5d14005e95f3 {{(pid=83073) execute /opt/stack/data/venv/lib/python3.10/site-packages/oslo_concurrency/processutils.py:440}}
Feb 24 17:00:55 devstack sudo[85003]: quobyte : PWD=/ ; USER=root ; COMMAND=/opt/stack/data/venv/bin/cinder-rootwrap /etc/cinder/rootwrap.conf env LC_ALL=C qemu-img info -f qcow2 --output=json --force-share /opt/stack/data/cinder/mnt/ad855f5fee433cf64c6415f173f681a5/volume-109e6be1-6f1b-45c9-9a71-5d14005e95f3
Feb 24 17:00:55 devstack sudo[85003]: pam_unix(sudo:session): session opened for user root(uid=0) by (uid=1000)
Feb 24 17:00:55 devstack sudo[85003]: pam_unix(sudo:session): session closed for user root
Feb 24 17:00:55 devstack cinder-volume[83073]: DEBUG oslo_concurrency.processutils [None req-de0c011e-b6a7-4a68-b4bf-a884e115eaaa tempest-GroupSnapshotsTest-450948896 None] CMD "/opt/stack/data/venv/bin/python3.10 -m oslo_concurrency.prlimit --as=1073741824 --cpu=60 -- sudo cinder-rootwrap /etc/cinder/rootwrap.conf env LC_ALL=C qemu-img info -f qcow2 --output=json --force-share /opt/stack/data/cinder/mnt/ad855f5fee433cf64c6415f173f681a5/volume-109e6be1-6f1b-45c9-9a71-5d14005e95f3" returned: 0 in 0.544s {{(pid=83073) execute /opt/stack/data/venv/lib/python3.10/site-packages/oslo_concurrency/processutils.py:468}}
Feb 24 17:00:55 devstack cinder-volume[83073]: DEBUG oslo_concurrency.processutils [None req-de0c011e-b6a7-4a68-b4bf-a884e115eaaa tempest-GroupSnapshotsTest-450948896 None] Running cmd (subprocess): sudo cinder-rootwrap /etc/cinder/rootwrap.conf qemu-img commit -d /opt/stack/data/cinder/mnt/ad855f5fee433cf64c6415f173f681a5/volume-109e6be1-6f1b-45c9-9a71-5d14005e95f3.ce12fb61-3500-4f86-8c0d-004c834b3f5e {{(pid=83073) execute /opt/stack/data/venv/lib/python3.10/site-packages/oslo_concurrency/processutils.py:440}}
Feb 24 17:00:55 devstack sudo[85008]: quobyte : PWD=/ ; USER=root ; COMMAND=/opt/stack/data/venv/bin/cinder-rootwrap /etc/cinder/rootwrap.conf qemu-img commit -d /opt/stack/data/cinder/mnt/ad855f5fee433cf64c6415f173f681a5/volume-109e6be1-6f1b-45c9-9a71-5d14005e95f3.ce12fb61-3500-4f86-8c0d-004c834b3f5e
Feb 24 17:00:55 devstack sudo[85008]: pam_unix(sudo:session): session opened for user root(uid=0) by (uid=1000)
Feb 24 17:00:56 devstack sudo[85008]: pam_unix(sudo:session): session closed for user root
Feb 24 17:00:56 devstack cinder-volume[83073]: DEBUG oslo_concurrency.processutils [None req-de0c011e-b6a7-4a68-b4bf-a884e115eaaa tempest-GroupSnapshotsTest-450948896 None] CMD "sudo cinder-rootwrap /etc/cinder/rootwrap.conf qemu-img commit -d /opt/stack/data/cinder/mnt/ad855f5fee433cf64c6415f173f681a5/volume-109e6be1-6f1b-45c9-9a71-5d14005e95f3.ce12fb61-3500-4f86-8c0d-004c834b3f5e" returned: 0 in 0.622s {{(pid=83073) execute /opt/stack/data/venv/lib/python3.10/site-packages/oslo_concurrency/processutils.py:468}}
Feb 24 17:00:56 devstack cinder-volume[83073]: DEBUG oslo_concurrency.processutils [None req-de0c011e-b6a7-4a68-b4bf-a884e115eaaa tempest-GroupSnapshotsTest-450948896 None] Running cmd (subprocess): sudo cinder-rootwrap /etc/cinder/rootwrap.conf rm -f /opt/stack/data/cinder/mnt/ad855f5fee433cf64c6415f173f681a5/volume-109e6be1-6f1b-45c9-9a71-5d14005e95f3.ce12fb61-3500-4f86-8c0d-004c834b3f5e {{(pid=83073) execute /opt/stack/data/venv/lib/python3.10/site-packages/oslo_concurrency/processutils.py:440}}
Feb 24 17:00:56 devstack sudo[85013]: quobyte : PWD=/ ; USER=root ; COMMAND=/opt/stack/data/venv/bin/cinder-rootwrap /etc/cinder/rootwrap.conf rm -f /opt/stack/data/cinder/mnt/ad855f5fee433cf64c6415f173f681a5/volume-109e6be1-6f1b-45c9-9a71-5d14005e95f3.ce12fb61-3500-4f86-8c0d-004c834b3f5e
Feb 24 17:00:56 devstack sudo[85013]: pam_unix(sudo:session): session opened for user root(uid=0) by (uid=1000)
Feb 24 17:00:56 devstack cinder-volume[83073]: DEBUG cinder.volume.flows.manager.create_volume [None req-92140eac-1ecf-4918-ad8e-62f7c62f6438 tempest-GroupsTest-474961598 None] Volume reschedule parameters: True retry: {'num_attempts': 1, 'backends': ['devstack@QuobyteHD#QuobyteHD'], 'hosts': ['devstack@QuobyteHD#QuobyteHD']} {{(pid=83073) get_flow /opt/stack/cinder/cinder/volume/flows/manager/create_volume.py:1388}}
Feb 24 17:00:56 devstack cinder-volume[83073]: DEBUG cinder.volume.manager [None req-92140eac-1ecf-4918-ad8e-62f7c62f6438 tempest-GroupsTest-474961598 None] Flow 'volume_create_manager' (eb28c63e-36e6-419e-a819-bd47d118d1b5) transitioned into state 'RUNNING' from state 'PENDING' {{(pid=83073) _flow_receiver /opt/stack/data/venv/lib/python3.10/site-packages/taskflow/listeners/logging.py:145}}
Feb 24 17:00:56 devstack cinder-volume[83073]: DEBUG cinder.volume.manager [None req-92140eac-1ecf-4918-ad8e-62f7c62f6438 tempest-GroupsTest-474961598 None] Task 'cinder.volume.flows.manager.create_volume.ExtractVolumeRefTask;volume:create' (2a9cb2d0-655c-4f73-9872-bd07d332b39b) transitioned into state 'RUNNING' from state 'PENDING' {{(pid=83073) _task_receiver /opt/stack/data/venv/lib/python3.10/site-packages/taskflow/listeners/logging.py:194}}
Feb 24 17:00:56 devstack cinder-volume[83073]: DEBUG cinder.volume.manager [None req-92140eac-1ecf-4918-ad8e-62f7c62f6438 tempest-GroupsTest-474961598 None] Task 'cinder.volume.flows.manager.create_volume.ExtractVolumeRefTask;volume:create' (2a9cb2d0-655c-4f73-9872-bd07d332b39b) transitioned into state 'SUCCESS' from state 'RUNNING' with result 'Volume(_name_id=None,admin_metadata=,attach_status='detached',availability_zone='nova',bootable=False,cluster=,cluster_name=None,consistencygroup=,consistencygroup_id=None,created_at=2026-02-24T16:00:56Z,deleted=False,deleted_at=None,display_description=None,display_name='tempest-volume-248277965',ec2_id=None,encryption_key_id=None,glance_metadata=,group=,group_id=52452ce1-4dbd-41ef-8824-41f60995fd52,host='devstack@QuobyteHD#QuobyteHD',id=6554f25c-a5af-4710-89a3-988b420b6c9a,launched_at=None,metadata={},migration_status=None,multiattach=False,previous_status=None,project_id='b4cb3b13f5fb40cd9ef9407450e66575',provider_auth=None,provider_geometry=None,provider_id=None,provider_location=None,replication_driver_data=None,replication_extended_status=None,replication_status=None,scheduled_at=2026-02-24T16:00:56Z,service_uuid=None,shared_targets=True,size=1,snapshot_id=None,snapshots=,source_volid=None,status='creating',terminated_at=None,updated_at=2026-02-24T16:00:56Z,use_quota=True,user_id='aa93196aacbe4c9e9b7f0fe40f0b06b7',volume_attachment=VolumeAttachmentList,volume_type=VolumeType(d5cb1874-a2d8-470d-a2e7-1691ea5e7003),volume_type_id=d5cb1874-a2d8-470d-a2e7-1691ea5e7003)' {{(pid=83073) _task_receiver /opt/stack/data/venv/lib/python3.10/site-packages/taskflow/listeners/logging.py:182}}
Feb 24 17:00:56 devstack cinder-volume[83073]: DEBUG cinder.volume.manager [None req-92140eac-1ecf-4918-ad8e-62f7c62f6438 tempest-GroupsTest-474961598 None] Task 'cinder.volume.flows.manager.create_volume.OnFailureRescheduleTask;volume:create' (d41124ce-7497-4dbd-a73d-64892e1a4f14) transitioned into state 'RUNNING' from state 'PENDING' {{(pid=83073) _task_receiver /opt/stack/data/venv/lib/python3.10/site-packages/taskflow/listeners/logging.py:194}}
Feb 24 17:00:56 devstack cinder-volume[83073]: DEBUG cinder.volume.manager [None req-92140eac-1ecf-4918-ad8e-62f7c62f6438 tempest-GroupsTest-474961598 None] Task 'cinder.volume.flows.manager.create_volume.OnFailureRescheduleTask;volume:create' (d41124ce-7497-4dbd-a73d-64892e1a4f14) transitioned into state 'SUCCESS' from state 'RUNNING' with result 'None' {{(pid=83073) _task_receiver /opt/stack/data/venv/lib/python3.10/site-packages/taskflow/listeners/logging.py:182}}
Feb 24 17:00:56 devstack cinder-volume[83073]: DEBUG cinder.volume.manager [None req-92140eac-1ecf-4918-ad8e-62f7c62f6438 tempest-GroupsTest-474961598 None] Task 'cinder.volume.flows.manager.create_volume.ExtractVolumeSpecTask;volume:create' (40d5d23c-e8aa-405b-bb1e-209621de66a4) transitioned into state 'RUNNING' from state 'PENDING' {{(pid=83073) _task_receiver /opt/stack/data/venv/lib/python3.10/site-packages/taskflow/listeners/logging.py:194}}
Feb 24 17:00:56 devstack cinder-volume[83073]: DEBUG cinder.volume.manager [None req-92140eac-1ecf-4918-ad8e-62f7c62f6438 tempest-GroupsTest-474961598 None] Task 'cinder.volume.flows.manager.create_volume.ExtractVolumeSpecTask;volume:create' (40d5d23c-e8aa-405b-bb1e-209621de66a4) transitioned into state 'SUCCESS' from state 'RUNNING' with result '{'status': 'creating', 'type': 'raw', 'volume_id': '6554f25c-a5af-4710-89a3-988b420b6c9a', 'volume_name': 'volume-6554f25c-a5af-4710-89a3-988b420b6c9a', 'volume_size': 1}' {{(pid=83073) _task_receiver /opt/stack/data/venv/lib/python3.10/site-packages/taskflow/listeners/logging.py:182}}
Feb 24 17:00:56 devstack cinder-volume[83073]: DEBUG cinder.volume.manager [None req-92140eac-1ecf-4918-ad8e-62f7c62f6438 tempest-GroupsTest-474961598 None] Task 'cinder.volume.flows.manager.create_volume.NotifyVolumeActionTask;volume:create, create.start' (1786237c-280f-41c2-bfdd-bb05c8be393e) transitioned into state 'RUNNING' from state 'PENDING' {{(pid=83073) _task_receiver /opt/stack/data/venv/lib/python3.10/site-packages/taskflow/listeners/logging.py:194}}
Feb 24 17:00:56 devstack cinder-volume[83073]: DEBUG cinder.volume.manager [None req-92140eac-1ecf-4918-ad8e-62f7c62f6438 tempest-GroupsTest-474961598 None] Task 'cinder.volume.flows.manager.create_volume.NotifyVolumeActionTask;volume:create, create.start' (1786237c-280f-41c2-bfdd-bb05c8be393e) transitioned into state 'SUCCESS' from state 'RUNNING' with result 'None' {{(pid=83073) _task_receiver /opt/stack/data/venv/lib/python3.10/site-packages/taskflow/listeners/logging.py:182}}
Feb 24 17:00:56 devstack cinder-volume[83073]: DEBUG cinder.volume.manager [None req-92140eac-1ecf-4918-ad8e-62f7c62f6438 tempest-GroupsTest-474961598 None] Task 'cinder.volume.flows.manager.create_volume.CreateVolumeFromSpecTask;volume:create' (319d79a8-e7cf-468b-8551-702237c8195d) transitioned into state 'RUNNING' from state 'PENDING' {{(pid=83073) _task_receiver /opt/stack/data/venv/lib/python3.10/site-packages/taskflow/listeners/logging.py:194}}
Feb 24 17:00:56 devstack cinder-volume[83073]: INFO cinder.volume.flows.manager.create_volume [None req-92140eac-1ecf-4918-ad8e-62f7c62f6438 tempest-GroupsTest-474961598 None] Volume 6554f25c-a5af-4710-89a3-988b420b6c9a: being created as raw with specification: {'status': 'creating', 'volume_name': 'volume-6554f25c-a5af-4710-89a3-988b420b6c9a', 'volume_size': 1}
Feb 24 17:00:56 devstack cinder-volume[83073]: DEBUG oslo_concurrency.lockutils [None req-92140eac-1ecf-4918-ad8e-62f7c62f6438 tempest-GroupsTest-474961598 None] Acquiring lock "quobyte" by "cinder.volume.drivers.quobyte.QuobyteDriver.create_volume" {{(pid=83073) inner /opt/stack/data/venv/lib/python3.10/site-packages/oslo_concurrency/lockutils.py:506}}
Feb 24 17:00:56 devstack cinder-volume[83073]: DEBUG oslo_concurrency.lockutils [None req-92140eac-1ecf-4918-ad8e-62f7c62f6438 tempest-GroupsTest-474961598 None] Lock "quobyte" acquired by "cinder.volume.drivers.quobyte.QuobyteDriver.create_volume" :: waited 0.000s {{(pid=83073) inner /opt/stack/data/venv/lib/python3.10/site-packages/oslo_concurrency/lockutils.py:519}}
