Jan 13 19:28:06 devstack devstack@c-api.service[81265]: INFO cinder.api.openstack.wsgi [None req-379862d1-1679-4e02-97ff-ecb0721ece8e tempest-GroupTypeSpecsTest-326927538 tempest-GroupTypeSpecsTest-326927538-project-admin] DELETE http://192.168.122.99/volume/v3/group_types/16a7bf93-e4b0-4788-a11f-40c2589cba9b/group_specs/key1
Jan 13 19:28:06 devstack devstack@c-api.service[81265]: DEBUG cinder.api.openstack.wsgi [None req-379862d1-1679-4e02-97ff-ecb0721ece8e tempest-GroupTypeSpecsTest-326927538 tempest-GroupTypeSpecsTest-326927538-project-admin] Empty body provided in request {{(pid=81265) get_body /opt/stack/cinder/cinder/api/openstack/wsgi.py:725}}
Jan 13 19:28:06 devstack devstack@c-api.service[81265]: DEBUG cinder.api.openstack.wsgi [None req-379862d1-1679-4e02-97ff-ecb0721ece8e tempest-GroupTypeSpecsTest-326927538 tempest-GroupTypeSpecsTest-326927538-project-admin] Calling method 'version_select' {{(pid=81265) _process_stack /opt/stack/cinder/cinder/api/openstack/wsgi.py:878}}
Jan 13 19:28:06 devstack devstack@c-api.service[81265]: INFO cinder.api.openstack.wsgi [None req-379862d1-1679-4e02-97ff-ecb0721ece8e tempest-GroupTypeSpecsTest-326927538 tempest-GroupTypeSpecsTest-326927538-project-admin] http://192.168.122.99/volume/v3/group_types/16a7bf93-e4b0-4788-a11f-40c2589cba9b/group_specs/key1 returned with HTTP 202
Jan 13 19:28:06 devstack devstack@c-api.service[81265]: [pid: 81265|app: 0|req: 174/342] 192.168.122.99 () {64 vars in 1433 bytes} [Tue Jan 13 19:28:06 2026] DELETE /volume/v3/group_types/16a7bf93-e4b0-4788-a11f-40c2589cba9b/group_specs/key1 => generated 0 bytes in 74 msecs (HTTP/1.1 202) 6 headers in 234 bytes (1 switches on core 0)
Jan 13 19:28:06 devstack devstack@c-api.service[81265]: DEBUG cinder.api.middleware.request_id [None req-f0cc0044-b7b9-40f7-b726-a68ef6c9b599 None None] RequestId filter calling following filter/app {{(pid=81265) _context_setter /opt/stack/cinder/cinder/api/middleware/request_id.py:62}}
Jan 13 19:28:06 devstack devstack@c-api.service[81265]: INFO cinder.api.openstack.wsgi [None req-f0cc0044-b7b9-40f7-b726-a68ef6c9b599 tempest-ServerActionsV293TestJSON-1844085841 tempest-ServerActionsV293TestJSON-1844085841-project-member] GET http://192.168.122.99/volume/v3/volumes/595200f7-c451-40ac-8b63-e44f335f9051
Jan 13 19:28:06 devstack devstack@c-api.service[81265]: DEBUG cinder.api.openstack.wsgi [None req-f0cc0044-b7b9-40f7-b726-a68ef6c9b599 tempest-ServerActionsV293TestJSON-1844085841 tempest-ServerActionsV293TestJSON-1844085841-project-member] Empty body provided in request {{(pid=81265) get_body /opt/stack/cinder/cinder/api/openstack/wsgi.py:725}}
Jan 13 19:28:06 devstack devstack@c-api.service[81265]: DEBUG cinder.api.openstack.wsgi [None req-f0cc0044-b7b9-40f7-b726-a68ef6c9b599 tempest-ServerActionsV293TestJSON-1844085841 tempest-ServerActionsV293TestJSON-1844085841-project-member] Calling method 'show' {{(pid=81265) _process_stack /opt/stack/cinder/cinder/api/openstack/wsgi.py:878}}
Jan 13 19:28:06 devstack devstack@c-api.service[81265]: /opt/stack/data/venv/lib/python3.10/site-packages/oslo_context/context.py:101: DeprecationWarning: Policy enforcement is depending on the value of is_admin. This key is deprecated. Please update your policy file to use the standard policy values.
Jan 13 19:28:06 devstack devstack@c-api.service[81265]: warnings.warn(
Jan 13 19:28:06 devstack devstack@c-api.service[81265]: INFO cinder.volume.api [None req-f0cc0044-b7b9-40f7-b726-a68ef6c9b599 tempest-ServerActionsV293TestJSON-1844085841 tempest-ServerActionsV293TestJSON-1844085841-project-member] Volume info retrieved successfully.
Jan 13 19:28:06 devstack devstack@c-api.service[81265]: INFO cinder.api.openstack.wsgi [None req-f0cc0044-b7b9-40f7-b726-a68ef6c9b599 tempest-ServerActionsV293TestJSON-1844085841 tempest-ServerActionsV293TestJSON-1844085841-project-member] http://192.168.122.99/volume/v3/volumes/595200f7-c451-40ac-8b63-e44f335f9051 returned with HTTP 200
Jan 13 19:28:06 devstack devstack@c-api.service[81265]: [pid: 81265|app: 0|req: 175/343] 192.168.122.99 () {64 vars in 1367 bytes} [Tue Jan 13 19:28:06 2026] GET /volume/v3/volumes/595200f7-c451-40ac-8b63-e44f335f9051 => generated 1059 bytes in 73 msecs (HTTP/1.1 200) 7 headers in 287 bytes (1 switches on core 0)
Jan 13 19:28:06 devstack devstack@c-api.service[81265]: DEBUG cinder.api.middleware.request_id [None req-c4fcda82-46a2-46eb-9867-09993b9f56a6 None None] RequestId filter calling following filter/app {{(pid=81265) _context_setter /opt/stack/cinder/cinder/api/middleware/request_id.py:62}}
Jan 13 19:28:06 devstack devstack@c-api.service[81265]: INFO cinder.api.openstack.wsgi [None req-c4fcda82-46a2-46eb-9867-09993b9f56a6 tempest-GroupTypeSpecsTest-326927538 tempest-GroupTypeSpecsTest-326927538-project-admin] GET http://192.168.122.99/volume/v3/group_types/16a7bf93-e4b0-4788-a11f-40c2589cba9b/group_specs/key1
Jan 13 19:28:06 devstack devstack@c-api.service[81265]: DEBUG cinder.api.openstack.wsgi [None req-c4fcda82-46a2-46eb-9867-09993b9f56a6 tempest-GroupTypeSpecsTest-326927538 tempest-GroupTypeSpecsTest-326927538-project-admin] Empty body provided in request {{(pid=81265) get_body /opt/stack/cinder/cinder/api/openstack/wsgi.py:725}}
Jan 13 19:28:06 devstack devstack@c-api.service[81265]: DEBUG cinder.api.openstack.wsgi [None req-c4fcda82-46a2-46eb-9867-09993b9f56a6 tempest-GroupTypeSpecsTest-326927538 tempest-GroupTypeSpecsTest-326927538-project-admin] Calling method 'version_select' {{(pid=81265) _process_stack /opt/stack/cinder/cinder/api/openstack/wsgi.py:878}}
Jan 13 19:28:06 devstack devstack@c-api.service[81265]: INFO cinder.api.openstack.wsgi [None req-c4fcda82-46a2-46eb-9867-09993b9f56a6 tempest-GroupTypeSpecsTest-326927538 tempest-GroupTypeSpecsTest-326927538-project-admin] HTTP exception thrown: Group Type 16a7bf93-e4b0-4788-a11f-40c2589cba9b has no extra spec with key key1.
Jan 13 19:28:06 devstack devstack@c-api.service[81265]: INFO cinder.api.openstack.wsgi [None req-c4fcda82-46a2-46eb-9867-09993b9f56a6 tempest-GroupTypeSpecsTest-326927538 tempest-GroupTypeSpecsTest-326927538-project-admin] http://192.168.122.99/volume/v3/group_types/16a7bf93-e4b0-4788-a11f-40c2589cba9b/group_specs/key1 returned with HTTP 404
Jan 13 19:28:06 devstack devstack@c-api.service[81265]: [pid: 81265|app: 0|req: 176/344] 192.168.122.99 () {64 vars in 1430 bytes} [Tue Jan 13 19:28:06 2026] GET /volume/v3/group_types/16a7bf93-e4b0-4788-a11f-40c2589cba9b/group_specs/key1 => generated 126 bytes in 45 msecs (HTTP/1.1 404) 7 headers in 293 bytes (1 switches on core 0)
Jan 13 19:28:06 devstack devstack@c-api.service[81265]: DEBUG cinder.api.middleware.request_id [None req-e91697f5-d8f8-4fa1-b55c-fff01831447a None None] RequestId filter calling following filter/app {{(pid=81265) _context_setter /opt/stack/cinder/cinder/api/middleware/request_id.py:62}}
Jan 13 19:28:06 devstack devstack@c-api.service[81266]: DEBUG cinder.volume.api [None req-38901867-7498-40ab-be1f-e01a346ec2e9 tempest-ServerRescueNegativeTestJSON-702357817 tempest-ServerRescueNegativeTestJSON-702357817-project-member] Task 'cinder.volume.flows.api.create_volume.ExtractVolumeRequestTask;volume:create' (d04f5297-b3a4-4ad0-80e9-f1e08dbd10e7) transitioned into state 'SUCCESS' from state 'RUNNING' with result '{'size': 1, 'snapshot_id': None, 'source_volid': None, 'volume_type': VolumeType(created_at=2026-01-13T18:22:44Z,deleted=False,deleted_at=None,description=None,extra_specs={},id=9e250204-7ffd-45bc-af81-8274f99ef127,is_public=True,name='QuobyteHD',projects=[],qos_specs=,qos_specs_id=None,updated_at=None), 'volume_type_id': '9e250204-7ffd-45bc-af81-8274f99ef127', 'encryption_key_id': None, 'qos_specs': None, 'consistencygroup_id': None, 'cgsnapshot_id': None, 'group_id': None, 'replication_status': 'disabled', 'refresh_az': False, 'backup_id': None, 'multiattach': False, 'availability_zones': ['nova']}' {{(pid=81266) _task_receiver /opt/stack/data/venv/lib/python3.10/site-packages/taskflow/listeners/logging.py:182}}
Jan 13 19:28:06 devstack devstack@c-api.service[81265]: INFO cinder.api.openstack.wsgi [None req-e91697f5-d8f8-4fa1-b55c-fff01831447a tempest-GroupTypeSpecsTest-326927538 tempest-GroupTypeSpecsTest-326927538-project-admin] DELETE http://192.168.122.99/volume/v3/group_types/16a7bf93-e4b0-4788-a11f-40c2589cba9b/group_specs/key2
Jan 13 19:28:06 devstack devstack@c-api.service[81265]: DEBUG cinder.api.openstack.wsgi [None req-e91697f5-d8f8-4fa1-b55c-fff01831447a tempest-GroupTypeSpecsTest-326927538 tempest-GroupTypeSpecsTest-326927538-project-admin] Empty body provided in request {{(pid=81265) get_body /opt/stack/cinder/cinder/api/openstack/wsgi.py:725}}
Jan 13 19:28:06 devstack devstack@c-api.service[81265]: DEBUG cinder.api.openstack.wsgi [None req-e91697f5-d8f8-4fa1-b55c-fff01831447a tempest-GroupTypeSpecsTest-326927538 tempest-GroupTypeSpecsTest-326927538-project-admin] Calling method 'version_select' {{(pid=81265) _process_stack /opt/stack/cinder/cinder/api/openstack/wsgi.py:878}}
Jan 13 19:28:06 devstack devstack@c-api.service[81266]: DEBUG cinder.volume.api [None req-38901867-7498-40ab-be1f-e01a346ec2e9 tempest-ServerRescueNegativeTestJSON-702357817 tempest-ServerRescueNegativeTestJSON-702357817-project-member] Task 'cinder.volume.flows.api.create_volume.QuotaReserveTask;volume:create' (9c590ea4-d234-4814-af58-aad376c32d2f) transitioned into state 'RUNNING' from state 'PENDING' {{(pid=81266) _task_receiver /opt/stack/data/venv/lib/python3.10/site-packages/taskflow/listeners/logging.py:194}}
Jan 13 19:28:06 devstack devstack@c-api.service[81265]: INFO cinder.api.openstack.wsgi [None req-e91697f5-d8f8-4fa1-b55c-fff01831447a tempest-GroupTypeSpecsTest-326927538 tempest-GroupTypeSpecsTest-326927538-project-admin] http://192.168.122.99/volume/v3/group_types/16a7bf93-e4b0-4788-a11f-40c2589cba9b/group_specs/key2 returned with HTTP 202
Jan 13 19:28:06 devstack devstack@c-api.service[81265]: [pid: 81265|app: 0|req: 177/345] 192.168.122.99 () {64 vars in 1433 bytes} [Tue Jan 13 19:28:06 2026] DELETE /volume/v3/group_types/16a7bf93-e4b0-4788-a11f-40c2589cba9b/group_specs/key2 => generated 0 bytes in 41 msecs (HTTP/1.1 202) 6 headers in 234 bytes (1 switches on core 0)
Jan 13 19:28:06 devstack devstack@c-api.service[81265]: DEBUG cinder.api.middleware.request_id [None req-0a789f8f-a4d7-4aa8-988d-4267c9f2dff5 None None] RequestId filter calling following filter/app {{(pid=81265) _context_setter /opt/stack/cinder/cinder/api/middleware/request_id.py:62}}
Jan 13 19:28:06 devstack devstack@c-api.service[81265]: INFO cinder.api.openstack.wsgi [None req-0a789f8f-a4d7-4aa8-988d-4267c9f2dff5 tempest-GroupTypeSpecsTest-326927538 tempest-GroupTypeSpecsTest-326927538-project-admin] GET http://192.168.122.99/volume/v3/group_types/16a7bf93-e4b0-4788-a11f-40c2589cba9b/group_specs/key2
Jan 13 19:28:06 devstack devstack@c-api.service[81265]: DEBUG cinder.api.openstack.wsgi [None req-0a789f8f-a4d7-4aa8-988d-4267c9f2dff5 tempest-GroupTypeSpecsTest-326927538 tempest-GroupTypeSpecsTest-326927538-project-admin] Empty body provided in request {{(pid=81265) get_body /opt/stack/cinder/cinder/api/openstack/wsgi.py:725}}
Jan 13 19:28:06 devstack devstack@c-api.service[81265]: DEBUG cinder.api.openstack.wsgi [None req-0a789f8f-a4d7-4aa8-988d-4267c9f2dff5 tempest-GroupTypeSpecsTest-326927538 tempest-GroupTypeSpecsTest-326927538-project-admin] Calling method 'version_select' {{(pid=81265) _process_stack /opt/stack/cinder/cinder/api/openstack/wsgi.py:878}}
Jan 13 19:28:06 devstack devstack@c-api.service[81265]: INFO cinder.api.openstack.wsgi [None req-0a789f8f-a4d7-4aa8-988d-4267c9f2dff5 tempest-GroupTypeSpecsTest-326927538 tempest-GroupTypeSpecsTest-326927538-project-admin] HTTP exception thrown: Group Type 16a7bf93-e4b0-4788-a11f-40c2589cba9b has no extra spec with key key2.
Jan 13 19:28:06 devstack devstack@c-api.service[81265]: INFO cinder.api.openstack.wsgi [None req-0a789f8f-a4d7-4aa8-988d-4267c9f2dff5 tempest-GroupTypeSpecsTest-326927538 tempest-GroupTypeSpecsTest-326927538-project-admin] http://192.168.122.99/volume/v3/group_types/16a7bf93-e4b0-4788-a11f-40c2589cba9b/group_specs/key2 returned with HTTP 404
Jan 13 19:28:06 devstack devstack@c-api.service[81265]: [pid: 81265|app: 0|req: 178/346] 192.168.122.99 () {64 vars in 1430 bytes} [Tue Jan 13 19:28:06 2026] GET /volume/v3/group_types/16a7bf93-e4b0-4788-a11f-40c2589cba9b/group_specs/key2 => generated 126 bytes in 40 msecs (HTTP/1.1 404) 7 headers in 293 bytes (1 switches on core 0)
Jan 13 19:28:06 devstack devstack@c-api.service[81265]: DEBUG cinder.api.middleware.request_id [req-49ffb177-1a98-4d2d-927f-b67e46d50cc9 req-acb6b8f4-d94d-48fa-b208-61d6430a2908 None None] RequestId filter calling following filter/app {{(pid=81265) _context_setter /opt/stack/cinder/cinder/api/middleware/request_id.py:62}}
Jan 13 19:28:06 devstack devstack@c-api.service[81265]: INFO cinder.api.openstack.wsgi [req-49ffb177-1a98-4d2d-927f-b67e46d50cc9 req-acb6b8f4-d94d-48fa-b208-61d6430a2908 tempest-VolumesAdminNegativeTest-785184505 tempest-VolumesAdminNegativeTest-785184505-project] GET http://192.168.122.99/volume/v3/volumes/d05b326c-5fd9-4e7e-975f-2e216e70b924
Jan 13 19:28:06 devstack devstack@c-api.service[81265]: DEBUG cinder.api.openstack.wsgi [req-49ffb177-1a98-4d2d-927f-b67e46d50cc9 req-acb6b8f4-d94d-48fa-b208-61d6430a2908 tempest-VolumesAdminNegativeTest-785184505 tempest-VolumesAdminNegativeTest-785184505-project] Empty body provided in request {{(pid=81265) get_body /opt/stack/cinder/cinder/api/openstack/wsgi.py:725}}
Jan 13 19:28:06 devstack devstack@c-api.service[81265]: DEBUG cinder.api.openstack.wsgi [req-49ffb177-1a98-4d2d-927f-b67e46d50cc9 req-acb6b8f4-d94d-48fa-b208-61d6430a2908 tempest-VolumesAdminNegativeTest-785184505 tempest-VolumesAdminNegativeTest-785184505-project] Calling method 'show' {{(pid=81265) _process_stack /opt/stack/cinder/cinder/api/openstack/wsgi.py:878}}
Jan 13 19:28:06 devstack devstack@c-api.service[81265]: INFO cinder.api.openstack.wsgi [req-49ffb177-1a98-4d2d-927f-b67e46d50cc9 req-acb6b8f4-d94d-48fa-b208-61d6430a2908 tempest-VolumesAdminNegativeTest-785184505 tempest-VolumesAdminNegativeTest-785184505-project] http://192.168.122.99/volume/v3/volumes/d05b326c-5fd9-4e7e-975f-2e216e70b924 returned with HTTP 404
Jan 13 19:28:06 devstack devstack@c-api.service[81265]: [pid: 81265|app: 0|req: 179/347] 192.168.122.99 () {64 vars in 1579 bytes} [Tue Jan 13 19:28:06 2026] GET /volume/v3/volumes/d05b326c-5fd9-4e7e-975f-2e216e70b924 => generated 109 bytes in 30 msecs (HTTP/1.1 404) 7 headers in 292 bytes (1 switches on core 0)
Jan 13 19:28:06 devstack devstack@c-api.service[81265]: DEBUG cinder.api.middleware.request_id [None req-82ff1693-0e5e-4930-a0d7-f53117dc8933 None None] RequestId filter calling following filter/app {{(pid=81265) _context_setter /opt/stack/cinder/cinder/api/middleware/request_id.py:62}}
Jan 13 19:28:06 devstack devstack@c-api.service[81265]: INFO cinder.api.openstack.wsgi [None req-82ff1693-0e5e-4930-a0d7-f53117dc8933 tempest-GroupTypeSpecsTest-326927538 tempest-GroupTypeSpecsTest-326927538-project-admin] DELETE http://192.168.122.99/volume/v3/group_types/16a7bf93-e4b0-4788-a11f-40c2589cba9b/group_specs/key3
Jan 13 19:28:06 devstack devstack@c-api.service[81265]: DEBUG cinder.api.openstack.wsgi [None req-82ff1693-0e5e-4930-a0d7-f53117dc8933 tempest-GroupTypeSpecsTest-326927538 tempest-GroupTypeSpecsTest-326927538-project-admin] Empty body provided in request {{(pid=81265) get_body /opt/stack/cinder/cinder/api/openstack/wsgi.py:725}}
Jan 13 19:28:06 devstack devstack@c-api.service[81265]: DEBUG cinder.api.openstack.wsgi [None req-82ff1693-0e5e-4930-a0d7-f53117dc8933 tempest-GroupTypeSpecsTest-326927538 tempest-GroupTypeSpecsTest-326927538-project-admin] Calling method 'version_select' {{(pid=81265) _process_stack /opt/stack/cinder/cinder/api/openstack/wsgi.py:878}}
Jan 13 19:28:06 devstack devstack@c-api.service[81266]: DEBUG cinder.quota [None req-38901867-7498-40ab-be1f-e01a346ec2e9 tempest-ServerRescueNegativeTestJSON-702357817 tempest-ServerRescueNegativeTestJSON-702357817-project-member] Created reservations ['7f0804af-b06e-4a3f-9af1-06175d137da1', '5f63593e-0834-4be5-a6dc-66220f4d70a5', '94dfc1a9-db72-48e5-9ba6-906e1659bb4f', '0a777822-1469-4ff0-b517-e15b6ed649d0'] {{(pid=81266) reserve /opt/stack/cinder/cinder/quota.py:752}}
Jan 13 19:28:06 devstack devstack@c-api.service[81265]: INFO cinder.api.openstack.wsgi [None req-82ff1693-0e5e-4930-a0d7-f53117dc8933 tempest-GroupTypeSpecsTest-326927538 tempest-GroupTypeSpecsTest-326927538-project-admin] http://192.168.122.99/volume/v3/group_types/16a7bf93-e4b0-4788-a11f-40c2589cba9b/group_specs/key3 returned with HTTP 202
Jan 13 19:28:06 devstack devstack@c-api.service[81266]: DEBUG cinder.volume.api [None req-38901867-7498-40ab-be1f-e01a346ec2e9 tempest-ServerRescueNegativeTestJSON-702357817 tempest-ServerRescueNegativeTestJSON-702357817-project-member] Task 'cinder.volume.flows.api.create_volume.QuotaReserveTask;volume:create' (9c590ea4-d234-4814-af58-aad376c32d2f) transitioned into state 'SUCCESS' from state 'RUNNING' with result '{'reservations': ['7f0804af-b06e-4a3f-9af1-06175d137da1', '5f63593e-0834-4be5-a6dc-66220f4d70a5', '94dfc1a9-db72-48e5-9ba6-906e1659bb4f', '0a777822-1469-4ff0-b517-e15b6ed649d0']}' {{(pid=81266) _task_receiver /opt/stack/data/venv/lib/python3.10/site-packages/taskflow/listeners/logging.py:182}}
Jan 13 19:28:06 devstack devstack@c-api.service[81266]: DEBUG cinder.volume.api [None req-38901867-7498-40ab-be1f-e01a346ec2e9 tempest-ServerRescueNegativeTestJSON-702357817 tempest-ServerRescueNegativeTestJSON-702357817-project-member] Task 'cinder.volume.flows.api.create_volume.EntryCreateTask;volume:create' (1663fa6e-f35a-48c5-bc60-90652dd0b5a1) transitioned into state 'RUNNING' from state 'PENDING' {{(pid=81266) _task_receiver /opt/stack/data/venv/lib/python3.10/site-packages/taskflow/listeners/logging.py:194}}
Jan 13 19:28:06 devstack devstack@c-api.service[81265]: [pid: 81265|app: 0|req: 180/348] 192.168.122.99 () {64 vars in 1433 bytes} [Tue Jan 13 19:28:06 2026] DELETE /volume/v3/group_types/16a7bf93-e4b0-4788-a11f-40c2589cba9b/group_specs/key3 => generated 0 bytes in 33 msecs (HTTP/1.1 202) 6 headers in 234 bytes (1 switches on core 0)
Jan 13 19:28:06 devstack devstack@c-api.service[81265]: DEBUG cinder.api.middleware.request_id [None req-7cea01f9-2db4-4ed6-b34e-84fe81654b32 None None] RequestId filter calling following filter/app {{(pid=81265) _context_setter /opt/stack/cinder/cinder/api/middleware/request_id.py:62}}
Jan 13 19:28:06 devstack devstack@c-api.service[81265]: INFO cinder.api.openstack.wsgi [None req-7cea01f9-2db4-4ed6-b34e-84fe81654b32 tempest-VolumesAdminNegativeTest-1024364296 tempest-VolumesAdminNegativeTest-1024364296-project-member] DELETE http://192.168.122.99/volume/v3/volumes/2939a9b0-5b58-427b-91c3-26485e421878
Jan 13 19:28:06 devstack devstack@c-api.service[81265]: DEBUG cinder.api.openstack.wsgi [None req-7cea01f9-2db4-4ed6-b34e-84fe81654b32 tempest-VolumesAdminNegativeTest-1024364296 tempest-VolumesAdminNegativeTest-1024364296-project-member] Empty body provided in request {{(pid=81265) get_body /opt/stack/cinder/cinder/api/openstack/wsgi.py:725}}
Jan 13 19:28:06 devstack devstack@c-api.service[81265]: DEBUG cinder.api.openstack.wsgi [None req-7cea01f9-2db4-4ed6-b34e-84fe81654b32 tempest-VolumesAdminNegativeTest-1024364296 tempest-VolumesAdminNegativeTest-1024364296-project-member] Calling method 'delete' {{(pid=81265) _process_stack /opt/stack/cinder/cinder/api/openstack/wsgi.py:878}}
Jan 13 19:28:06 devstack devstack@c-api.service[81265]: INFO cinder.api.v3.volumes [None req-7cea01f9-2db4-4ed6-b34e-84fe81654b32 tempest-VolumesAdminNegativeTest-1024364296 tempest-VolumesAdminNegativeTest-1024364296-project-member] Delete volume with id: 2939a9b0-5b58-427b-91c3-26485e421878
Jan 13 19:28:06 devstack devstack@c-api.service[81266]: DEBUG cinder.volume.api [None req-38901867-7498-40ab-be1f-e01a346ec2e9 tempest-ServerRescueNegativeTestJSON-702357817 tempest-ServerRescueNegativeTestJSON-702357817-project-member] Task 'cinder.volume.flows.api.create_volume.EntryCreateTask;volume:create' (1663fa6e-f35a-48c5-bc60-90652dd0b5a1) transitioned into state 'SUCCESS' from state 'RUNNING' with result '{'volume_id': '422300ea-6404-4fcb-b1a6-f3703e31c9a3', 'volume_properties': VolumeProperties(attach_status='detached',availability_zone='nova',cgsnapshot_id=None,consistencygroup_id=None,display_description=None,display_name='tempest-ServerRescueNegativeTestJSON-volume-497297250',encryption_key_id=None,group_id=None,group_type_id=,metadata={},multiattach=False,project_id='dea7f39b80c94e08a42d4d4136077117',qos_specs=None,replication_status=,reservations=['7f0804af-b06e-4a3f-9af1-06175d137da1','5f63593e-0834-4be5-a6dc-66220f4d70a5','94dfc1a9-db72-48e5-9ba6-906e1659bb4f','0a777822-1469-4ff0-b517-e15b6ed649d0'],size=1,snapshot_id=None,source_replicaid=,source_volid=None,status='creating',user_id='d56525c5d1c64a608883096acbde64ed',volume_type_id=9e250204-7ffd-45bc-af81-8274f99ef127), 'volume': Volume(_name_id=None,admin_metadata=,attach_status='detached',availability_zone='nova',bootable=False,cluster=,cluster_name=None,consistencygroup=,consistencygroup_id=None,created_at=2026-01-13T18:28:06Z,deleted=False,deleted_at=None,display_description=None,display_name='tempest-ServerRescueNegativeTestJSON-volume-497297250',ec2_id=None,encryption_key_id=None,glance_metadata=,group=,group_id=None,host=None,id=422300ea-6404-4fcb-b1a6-f3703e31c9a3,launched_at=None,metadata={},migration_status=None,multiattach=False,previous_status=None,project_id='dea7f39b80c94e08a42d4d4136077117',provider_auth=None,provider_geometry=None,provider_id=None,provider_location=None,replication_driver_data=None,replication_extended_status=None,replication_status=None,scheduled_at=None,service_uuid=None,shared_targets=True,size=1,snapshot_id=None,snapshots=,source_volid=None,status='creating',terminated_at=None,updated_at=None,use_quota=True,user_id='d56525c5d1c64a608883096acbde64ed',volume_attachment=VolumeAttachmentList,volume_type=VolumeType(9e250204-7ffd-45bc-af81-8274f99ef127),volume_type_id=9e250204-7ffd-45bc-af81-8274f99ef127)}' {{(pid=81266) _task_receiver /opt/stack/data/venv/lib/python3.10/site-packages/taskflow/listeners/logging.py:182}}
Jan 13 19:28:06 devstack devstack@c-api.service[81265]: /opt/stack/data/venv/lib/python3.10/site-packages/oslo_context/context.py:101: DeprecationWarning: Policy enforcement is depending on the value of is_admin. This key is deprecated. Please update your policy file to use the standard policy values.
Jan 13 19:28:06 devstack devstack@c-api.service[81265]: warnings.warn(
Jan 13 19:28:06 devstack devstack@c-api.service[81266]: DEBUG cinder.volume.api [None req-38901867-7498-40ab-be1f-e01a346ec2e9 tempest-ServerRescueNegativeTestJSON-702357817 tempest-ServerRescueNegativeTestJSON-702357817-project-member] Task 'cinder.volume.flows.api.create_volume.QuotaCommitTask;volume:create' (7de755b5-5f57-457d-aadb-fd5a90bf80e0) transitioned into state 'RUNNING' from state 'PENDING' {{(pid=81266) _task_receiver /opt/stack/data/venv/lib/python3.10/site-packages/taskflow/listeners/logging.py:194}}
Jan 13 19:28:06 devstack devstack@c-api.service[81265]: INFO cinder.volume.api [None req-7cea01f9-2db4-4ed6-b34e-84fe81654b32 tempest-VolumesAdminNegativeTest-1024364296 tempest-VolumesAdminNegativeTest-1024364296-project-member] Volume info retrieved successfully.
Jan 13 19:28:06 devstack devstack@c-api.service[81266]: DEBUG cinder.volume.api [None req-38901867-7498-40ab-be1f-e01a346ec2e9 tempest-ServerRescueNegativeTestJSON-702357817 tempest-ServerRescueNegativeTestJSON-702357817-project-member] Task 'cinder.volume.flows.api.create_volume.QuotaCommitTask;volume:create' (7de755b5-5f57-457d-aadb-fd5a90bf80e0) transitioned into state 'SUCCESS' from state 'RUNNING' with result '{'volume_properties': VolumeProperties(attach_status='detached',availability_zone='nova',cgsnapshot_id=None,consistencygroup_id=None,display_description=None,display_name='tempest-ServerRescueNegativeTestJSON-volume-497297250',encryption_key_id=None,group_id=None,group_type_id=,metadata={},multiattach=False,project_id='dea7f39b80c94e08a42d4d4136077117',qos_specs=None,replication_status=,reservations=['7f0804af-b06e-4a3f-9af1-06175d137da1','5f63593e-0834-4be5-a6dc-66220f4d70a5','94dfc1a9-db72-48e5-9ba6-906e1659bb4f','0a777822-1469-4ff0-b517-e15b6ed649d0'],size=1,snapshot_id=None,source_replicaid=,source_volid=None,status='creating',user_id='d56525c5d1c64a608883096acbde64ed',volume_type_id=9e250204-7ffd-45bc-af81-8274f99ef127)}' {{(pid=81266) _task_receiver /opt/stack/data/venv/lib/python3.10/site-packages/taskflow/listeners/logging.py:182}}
Jan 13 19:28:06 devstack devstack@c-api.service[81266]: DEBUG cinder.volume.api [None req-38901867-7498-40ab-be1f-e01a346ec2e9 tempest-ServerRescueNegativeTestJSON-702357817 tempest-ServerRescueNegativeTestJSON-702357817-project-member] Task 'cinder.volume.flows.api.create_volume.VolumeCastTask;volume:create' (f528d98b-0c10-4c23-99e0-8611d320fc42) transitioned into state 'RUNNING' from state 'PENDING' {{(pid=81266) _task_receiver /opt/stack/data/venv/lib/python3.10/site-packages/taskflow/listeners/logging.py:194}}
Jan 13 19:28:07 devstack devstack@c-api.service[81265]: INFO cinder.volume.api [None req-7cea01f9-2db4-4ed6-b34e-84fe81654b32 tempest-VolumesAdminNegativeTest-1024364296 tempest-VolumesAdminNegativeTest-1024364296-project-member] Delete volume request issued successfully.
Jan 13 19:28:07 devstack devstack@c-api.service[81265]: INFO cinder.api.openstack.wsgi [None req-7cea01f9-2db4-4ed6-b34e-84fe81654b32 tempest-VolumesAdminNegativeTest-1024364296 tempest-VolumesAdminNegativeTest-1024364296-project-member] http://192.168.122.99/volume/v3/volumes/2939a9b0-5b58-427b-91c3-26485e421878 returned with HTTP 202
Jan 13 19:28:07 devstack devstack@c-api.service[81265]: [pid: 81265|app: 0|req: 181/349] 192.168.122.99 () {62 vars in 1329 bytes} [Tue Jan 13 19:28:06 2026] DELETE /volume/v3/volumes/2939a9b0-5b58-427b-91c3-26485e421878 => generated 0 bytes in 88 msecs (HTTP/1.1 202) 6 headers in 233 bytes (1 switches on core 0)
Jan 13 19:28:07 devstack devstack@c-api.service[81265]: DEBUG cinder.api.middleware.request_id [None req-be012be2-660c-45db-b39a-26ec75776e26 None None] RequestId filter calling following filter/app {{(pid=81265) _context_setter /opt/stack/cinder/cinder/api/middleware/request_id.py:62}}
Jan 13 19:28:07 devstack devstack@c-api.service[81266]: DEBUG cinder.volume.api [None req-38901867-7498-40ab-be1f-e01a346ec2e9 tempest-ServerRescueNegativeTestJSON-702357817 tempest-ServerRescueNegativeTestJSON-702357817-project-member] Task 'cinder.volume.flows.api.create_volume.VolumeCastTask;volume:create' (f528d98b-0c10-4c23-99e0-8611d320fc42) transitioned into state 'SUCCESS' from state 'RUNNING' with result 'None' {{(pid=81266) _task_receiver /opt/stack/data/venv/lib/python3.10/site-packages/taskflow/listeners/logging.py:182}}
Jan 13 19:28:07 devstack devstack@c-api.service[81266]: DEBUG cinder.volume.api [None req-38901867-7498-40ab-be1f-e01a346ec2e9 tempest-ServerRescueNegativeTestJSON-702357817 tempest-ServerRescueNegativeTestJSON-702357817-project-member] Flow 'volume_create_api' (d4483e96-926b-4d2c-a854-479939f7d1ca) transitioned into state 'SUCCESS' from state 'RUNNING' {{(pid=81266) _flow_receiver /opt/stack/data/venv/lib/python3.10/site-packages/taskflow/listeners/logging.py:145}}
Jan 13 19:28:07 devstack devstack@c-api.service[81265]: INFO cinder.api.openstack.wsgi [None req-be012be2-660c-45db-b39a-26ec75776e26 tempest-GroupTypeSpecsTest-326927538 tempest-GroupTypeSpecsTest-326927538-project-admin] GET http://192.168.122.99/volume/v3/group_types/16a7bf93-e4b0-4788-a11f-40c2589cba9b/group_specs/key3
Jan 13 19:28:07 devstack devstack@c-api.service[81265]: DEBUG cinder.api.openstack.wsgi [None req-be012be2-660c-45db-b39a-26ec75776e26 tempest-GroupTypeSpecsTest-326927538 tempest-GroupTypeSpecsTest-326927538-project-admin] Empty body provided in request {{(pid=81265) get_body /opt/stack/cinder/cinder/api/openstack/wsgi.py:725}}
Jan 13 19:28:07 devstack devstack@c-api.service[81265]: DEBUG cinder.api.openstack.wsgi [None req-be012be2-660c-45db-b39a-26ec75776e26 tempest-GroupTypeSpecsTest-326927538 tempest-GroupTypeSpecsTest-326927538-project-admin] Calling method 'version_select' {{(pid=81265) _process_stack /opt/stack/cinder/cinder/api/openstack/wsgi.py:878}}
Jan 13 19:28:07 devstack devstack@c-api.service[81266]: INFO cinder.volume.api [None req-38901867-7498-40ab-be1f-e01a346ec2e9 tempest-ServerRescueNegativeTestJSON-702357817 tempest-ServerRescueNegativeTestJSON-702357817-project-member] Create volume request issued successfully.
Jan 13 19:28:07 devstack devstack@c-api.service[81266]: INFO cinder.api.openstack.wsgi [None req-38901867-7498-40ab-be1f-e01a346ec2e9 tempest-ServerRescueNegativeTestJSON-702357817 tempest-ServerRescueNegativeTestJSON-702357817-project-member] http://192.168.122.99/volume/v3/volumes returned with HTTP 202
Jan 13 19:28:07 devstack devstack@c-api.service[81266]: [pid: 81266|app: 0|req: 169/350] 192.168.122.99 () {64 vars in 1236 bytes} [Tue Jan 13 19:28:06 2026] POST /volume/v3/volumes => generated 765 bytes in 804 msecs (HTTP/1.1 202) 7 headers in 291 bytes (1 switches on core 0)
Jan 13 19:28:07 devstack devstack@c-api.service[81266]: DEBUG cinder.api.middleware.request_id [None req-696d6ca5-561e-404e-ba84-b83b255cd55e None None] RequestId filter calling following filter/app {{(pid=81266) _context_setter /opt/stack/cinder/cinder/api/middleware/request_id.py:62}}
Jan 13 19:28:07 devstack devstack@c-api.service[81266]: INFO cinder.api.openstack.wsgi [None req-696d6ca5-561e-404e-ba84-b83b255cd55e tempest-VolumesAdminNegativeTest-1024364296 tempest-VolumesAdminNegativeTest-1024364296-project-member] GET http://192.168.122.99/volume/v3/volumes/2939a9b0-5b58-427b-91c3-26485e421878
Jan 13 19:28:07 devstack devstack@c-api.service[81266]: DEBUG cinder.api.openstack.wsgi [None req-696d6ca5-561e-404e-ba84-b83b255cd55e tempest-VolumesAdminNegativeTest-1024364296 tempest-VolumesAdminNegativeTest-1024364296-project-member] Empty body provided in request {{(pid=81266) get_body /opt/stack/cinder/cinder/api/openstack/wsgi.py:725}}
Jan 13 19:28:07 devstack devstack@c-api.service[81266]: DEBUG cinder.api.openstack.wsgi [None req-696d6ca5-561e-404e-ba84-b83b255cd55e tempest-VolumesAdminNegativeTest-1024364296 tempest-VolumesAdminNegativeTest-1024364296-project-member] Calling method 'show' {{(pid=81266) _process_stack /opt/stack/cinder/cinder/api/openstack/wsgi.py:878}}
Jan 13 19:28:07 devstack devstack@c-api.service[81265]: INFO cinder.api.openstack.wsgi [None req-be012be2-660c-45db-b39a-26ec75776e26 tempest-GroupTypeSpecsTest-326927538 tempest-GroupTypeSpecsTest-326927538-project-admin] HTTP exception thrown: Group Type 16a7bf93-e4b0-4788-a11f-40c2589cba9b has no extra spec with key key3.
Jan 13 19:28:07 devstack devstack@c-api.service[81265]: INFO cinder.api.openstack.wsgi [None req-be012be2-660c-45db-b39a-26ec75776e26 tempest-GroupTypeSpecsTest-326927538 tempest-GroupTypeSpecsTest-326927538-project-admin] http://192.168.122.99/volume/v3/group_types/16a7bf93-e4b0-4788-a11f-40c2589cba9b/group_specs/key3 returned with HTTP 404
Jan 13 19:28:07 devstack devstack@c-api.service[81265]: [pid: 81265|app: 0|req: 182/351] 192.168.122.99 () {64 vars in 1430 bytes} [Tue Jan 13 19:28:07 2026] GET /volume/v3/group_types/16a7bf93-e4b0-4788-a11f-40c2589cba9b/group_specs/key3 => generated 126 bytes in 64 msecs (HTTP/1.1 404) 7 headers in 293 bytes (1 switches on core 0)
Jan 13 19:28:07 devstack devstack@c-api.service[81265]: DEBUG cinder.api.middleware.request_id [None req-641a56c1-4968-4ad7-8740-edb5f2d2f778 None None] RequestId filter calling following filter/app {{(pid=81265) _context_setter /opt/stack/cinder/cinder/api/middleware/request_id.py:62}}
Jan 13 19:28:07 devstack devstack@c-api.service[81265]: INFO cinder.api.openstack.wsgi [None req-641a56c1-4968-4ad7-8740-edb5f2d2f778 tempest-ServerRescueNegativeTestJSON-702357817 tempest-ServerRescueNegativeTestJSON-702357817-project-member] GET http://192.168.122.99/volume/v3/volumes/422300ea-6404-4fcb-b1a6-f3703e31c9a3
Jan 13 19:28:07 devstack devstack@c-api.service[81265]: DEBUG cinder.api.openstack.wsgi [None req-641a56c1-4968-4ad7-8740-edb5f2d2f778 tempest-ServerRescueNegativeTestJSON-702357817 tempest-ServerRescueNegativeTestJSON-702357817-project-member] Empty body provided in request {{(pid=81265) get_body /opt/stack/cinder/cinder/api/openstack/wsgi.py:725}}
Jan 13 19:28:07 devstack devstack@c-api.service[81265]: DEBUG cinder.api.openstack.wsgi [None req-641a56c1-4968-4ad7-8740-edb5f2d2f778 tempest-ServerRescueNegativeTestJSON-702357817 tempest-ServerRescueNegativeTestJSON-702357817-project-member] Calling method 'show' {{(pid=81265) _process_stack /opt/stack/cinder/cinder/api/openstack/wsgi.py:878}}
Jan 13 19:28:07 devstack devstack@c-api.service[81265]: /opt/stack/data/venv/lib/python3.10/site-packages/oslo_context/context.py:101: DeprecationWarning: Policy enforcement is depending on the value of is_admin. This key is deprecated. Please update your policy file to use the standard policy values.
Jan 13 19:28:07 devstack devstack@c-api.service[81265]: warnings.warn(
Jan 13 19:28:07 devstack devstack@c-api.service[81266]: /opt/stack/data/venv/lib/python3.10/site-packages/oslo_context/context.py:101: DeprecationWarning: Policy enforcement is depending on the value of is_admin. This key is deprecated. Please update your policy file to use the standard policy values.
Jan 13 19:28:07 devstack devstack@c-api.service[81266]: warnings.warn(
Jan 13 19:28:07 devstack devstack@c-api.service[81265]: INFO cinder.volume.api [None req-641a56c1-4968-4ad7-8740-edb5f2d2f778 tempest-ServerRescueNegativeTestJSON-702357817 tempest-ServerRescueNegativeTestJSON-702357817-project-member] Volume info retrieved successfully.
Jan 13 19:28:07 devstack devstack@c-api.service[81265]: INFO cinder.api.openstack.wsgi [None req-641a56c1-4968-4ad7-8740-edb5f2d2f778 tempest-ServerRescueNegativeTestJSON-702357817 tempest-ServerRescueNegativeTestJSON-702357817-project-member] http://192.168.122.99/volume/v3/volumes/422300ea-6404-4fcb-b1a6-f3703e31c9a3 returned with HTTP 200
Jan 13 19:28:07 devstack devstack@c-api.service[81265]: [pid: 81265|app: 0|req: 183/352] 192.168.122.99 () {62 vars in 1326 bytes} [Tue Jan 13 19:28:07 2026] GET /volume/v3/volumes/422300ea-6404-4fcb-b1a6-f3703e31c9a3 => generated 833 bytes in 73 msecs (HTTP/1.1 200) 7 headers in 285 bytes (1 switches on core 0)
Jan 13 19:28:07 devstack devstack@c-api.service[81266]: INFO cinder.volume.api [None req-696d6ca5-561e-404e-ba84-b83b255cd55e tempest-VolumesAdminNegativeTest-1024364296 tempest-VolumesAdminNegativeTest-1024364296-project-member] Volume info retrieved successfully.
Jan 13 19:28:07 devstack devstack@c-api.service[81265]: DEBUG cinder.api.middleware.request_id [None req-890cc19f-b120-436e-8984-f3c9cd2dfb88 None None] RequestId filter calling following filter/app {{(pid=81265) _context_setter /opt/stack/cinder/cinder/api/middleware/request_id.py:62}}
Jan 13 19:28:07 devstack devstack@c-api.service[81265]: INFO cinder.api.openstack.wsgi [None req-890cc19f-b120-436e-8984-f3c9cd2dfb88 tempest-GroupTypeSpecsTest-326927538 tempest-GroupTypeSpecsTest-326927538-project-admin] DELETE http://192.168.122.99/volume/v3/group_types/16a7bf93-e4b0-4788-a11f-40c2589cba9b
Jan 13 19:28:07 devstack devstack@c-api.service[81265]: DEBUG cinder.api.openstack.wsgi [None req-890cc19f-b120-436e-8984-f3c9cd2dfb88 tempest-GroupTypeSpecsTest-326927538 tempest-GroupTypeSpecsTest-326927538-project-admin] Empty body provided in request {{(pid=81265) get_body /opt/stack/cinder/cinder/api/openstack/wsgi.py:725}}
Jan 13 19:28:07 devstack devstack@c-api.service[81265]: DEBUG cinder.api.openstack.wsgi [None req-890cc19f-b120-436e-8984-f3c9cd2dfb88 tempest-GroupTypeSpecsTest-326927538 tempest-GroupTypeSpecsTest-326927538-project-admin] Calling method 'version_select' {{(pid=81265) _process_stack /opt/stack/cinder/cinder/api/openstack/wsgi.py:878}}
Jan 13 19:28:07 devstack devstack@c-api.service[81266]: INFO cinder.api.openstack.wsgi [None req-696d6ca5-561e-404e-ba84-b83b255cd55e tempest-VolumesAdminNegativeTest-1024364296 tempest-VolumesAdminNegativeTest-1024364296-project-member] http://192.168.122.99/volume/v3/volumes/2939a9b0-5b58-427b-91c3-26485e421878 returned with HTTP 200
Jan 13 19:28:07 devstack devstack@c-api.service[81266]: [pid: 81266|app: 0|req: 170/353] 192.168.122.99 () {62 vars in 1326 bytes} [Tue Jan 13 19:28:07 2026] GET /volume/v3/volumes/2939a9b0-5b58-427b-91c3-26485e421878 => generated 853 bytes in 141 msecs (HTTP/1.1 200) 7 headers in 285 bytes (1 switches on core 0)
Jan 13 19:28:07 devstack devstack@c-api.service[81265]: INFO cinder.api.openstack.wsgi [None req-890cc19f-b120-436e-8984-f3c9cd2dfb88 tempest-GroupTypeSpecsTest-326927538 tempest-GroupTypeSpecsTest-326927538-project-admin] http://192.168.122.99/volume/v3/group_types/16a7bf93-e4b0-4788-a11f-40c2589cba9b returned with HTTP 202
Jan 13 19:28:07 devstack devstack@c-api.service[81265]: [pid: 81265|app: 0|req: 184/354] 192.168.122.99 () {64 vars in 1382 bytes} [Tue Jan 13 19:28:07 2026] DELETE /volume/v3/group_types/16a7bf93-e4b0-4788-a11f-40c2589cba9b => generated 0 bytes in 86 msecs (HTTP/1.1 202) 6 headers in 234 bytes (1 switches on core 0)
Jan 13 19:28:07 devstack devstack@c-api.service[81266]: DEBUG cinder.api.middleware.request_id [None req-97e03477-20a7-4f3a-8623-d8bc3cc6bfdb None None] RequestId filter calling following filter/app {{(pid=81266) _context_setter /opt/stack/cinder/cinder/api/middleware/request_id.py:62}}
Jan 13 19:28:07 devstack devstack@c-api.service[81266]: INFO cinder.api.openstack.wsgi [None req-97e03477-20a7-4f3a-8623-d8bc3cc6bfdb tempest-ServerActionsV293TestJSON-1844085841 tempest-ServerActionsV293TestJSON-1844085841-project-member] GET http://192.168.122.99/volume/v3/volumes/595200f7-c451-40ac-8b63-e44f335f9051
Jan 13 19:28:07 devstack devstack@c-api.service[81266]: DEBUG cinder.api.openstack.wsgi [None req-97e03477-20a7-4f3a-8623-d8bc3cc6bfdb tempest-ServerActionsV293TestJSON-1844085841 tempest-ServerActionsV293TestJSON-1844085841-project-member] Empty body provided in request {{(pid=81266) get_body /opt/stack/cinder/cinder/api/openstack/wsgi.py:725}}
Jan 13 19:28:07 devstack devstack@c-api.service[81266]: DEBUG cinder.api.openstack.wsgi [None req-97e03477-20a7-4f3a-8623-d8bc3cc6bfdb tempest-ServerActionsV293TestJSON-1844085841 tempest-ServerActionsV293TestJSON-1844085841-project-member] Calling method 'show' {{(pid=81266) _process_stack /opt/stack/cinder/cinder/api/openstack/wsgi.py:878}}
Jan 13 19:28:07 devstack devstack@c-api.service[81266]: /opt/stack/data/venv/lib/python3.10/site-packages/oslo_context/context.py:101: DeprecationWarning: Policy enforcement is depending on the value of is_admin. This key is deprecated. Please update your policy file to use the standard policy values.
Jan 13 19:28:07 devstack devstack@c-api.service[81266]: warnings.warn(
Jan 13 19:28:07 devstack devstack@c-api.service[81266]: INFO cinder.volume.api [None req-97e03477-20a7-4f3a-8623-d8bc3cc6bfdb tempest-ServerActionsV293TestJSON-1844085841 tempest-ServerActionsV293TestJSON-1844085841-project-member] Volume info retrieved successfully.
Jan 13 19:28:07 devstack devstack@c-api.service[81266]: INFO cinder.api.openstack.wsgi [None req-97e03477-20a7-4f3a-8623-d8bc3cc6bfdb tempest-ServerActionsV293TestJSON-1844085841 tempest-ServerActionsV293TestJSON-1844085841-project-member] http://192.168.122.99/volume/v3/volumes/595200f7-c451-40ac-8b63-e44f335f9051 returned with HTTP 200
Jan 13 19:28:07 devstack devstack@c-api.service[81266]: [pid: 81266|app: 0|req: 171/355] 192.168.122.99 () {64 vars in 1367 bytes} [Tue Jan 13 19:28:07 2026] GET /volume/v3/volumes/595200f7-c451-40ac-8b63-e44f335f9051 => generated 1059 bytes in 76 msecs (HTTP/1.1 200) 7 headers in 287 bytes (1 switches on core 0)
Jan 13 19:28:08 devstack devstack@c-api.service[81265]: DEBUG cinder.api.middleware.request_id [None req-37e4642f-db93-4daf-91e6-47ecb64100d3 None None] RequestId filter calling following filter/app {{(pid=81265) _context_setter /opt/stack/cinder/cinder/api/middleware/request_id.py:62}}
Jan 13 19:28:08 devstack devstack@c-api.service[81265]: INFO cinder.api.openstack.wsgi [None req-37e4642f-db93-4daf-91e6-47ecb64100d3 tempest-ServerRescueNegativeTestJSON-702357817 tempest-ServerRescueNegativeTestJSON-702357817-project-member] GET http://192.168.122.99/volume/v3/volumes/422300ea-6404-4fcb-b1a6-f3703e31c9a3
Jan 13 19:28:08 devstack devstack@c-api.service[81265]: DEBUG cinder.api.openstack.wsgi [None req-37e4642f-db93-4daf-91e6-47ecb64100d3 tempest-ServerRescueNegativeTestJSON-702357817 tempest-ServerRescueNegativeTestJSON-702357817-project-member] Empty body provided in request {{(pid=81265) get_body /opt/stack/cinder/cinder/api/openstack/wsgi.py:725}}
Jan 13 19:28:08 devstack devstack@c-api.service[81265]: DEBUG cinder.api.openstack.wsgi [None req-37e4642f-db93-4daf-91e6-47ecb64100d3 tempest-ServerRescueNegativeTestJSON-702357817 tempest-ServerRescueNegativeTestJSON-702357817-project-member] Calling method 'show' {{(pid=81265) _process_stack /opt/stack/cinder/cinder/api/openstack/wsgi.py:878}}
Jan 13 19:28:08 devstack devstack@c-api.service[81266]: DEBUG cinder.api.middleware.request_id [None req-402b3792-7b23-4300-9619-f47e51f3584a None None] RequestId filter calling following filter/app {{(pid=81266) _context_setter /opt/stack/cinder/cinder/api/middleware/request_id.py:62}}
Jan 13 19:28:08 devstack devstack@c-api.service[81266]: INFO cinder.api.openstack.wsgi [None req-402b3792-7b23-4300-9619-f47e51f3584a tempest-VolumesAdminNegativeTest-1024364296 tempest-VolumesAdminNegativeTest-1024364296-project-member] GET http://192.168.122.99/volume/v3/volumes/2939a9b0-5b58-427b-91c3-26485e421878
Jan 13 19:28:08 devstack devstack@c-api.service[81266]: DEBUG cinder.api.openstack.wsgi [None req-402b3792-7b23-4300-9619-f47e51f3584a tempest-VolumesAdminNegativeTest-1024364296 tempest-VolumesAdminNegativeTest-1024364296-project-member] Empty body provided in request {{(pid=81266) get_body /opt/stack/cinder/cinder/api/openstack/wsgi.py:725}}
Jan 13 19:28:08 devstack devstack@c-api.service[81266]: DEBUG cinder.api.openstack.wsgi [None req-402b3792-7b23-4300-9619-f47e51f3584a tempest-VolumesAdminNegativeTest-1024364296 tempest-VolumesAdminNegativeTest-1024364296-project-member] Calling method 'show' {{(pid=81266) _process_stack /opt/stack/cinder/cinder/api/openstack/wsgi.py:878}}
Jan 13 19:28:08 devstack devstack@c-api.service[81265]: /opt/stack/data/venv/lib/python3.10/site-packages/oslo_context/context.py:101: DeprecationWarning: Policy enforcement is depending on the value of is_admin. This key is deprecated. Please update your policy file to use the standard policy values.
Jan 13 19:28:08 devstack devstack@c-api.service[81265]: warnings.warn(
Jan 13 19:28:08 devstack devstack@c-api.service[81266]: /opt/stack/data/venv/lib/python3.10/site-packages/oslo_context/context.py:101: DeprecationWarning: Policy enforcement is depending on the value of is_admin. This key is deprecated. Please update your policy file to use the standard policy values.
Jan 13 19:28:08 devstack devstack@c-api.service[81266]: warnings.warn(
Jan 13 19:28:08 devstack devstack@c-api.service[81265]: INFO cinder.volume.api [None req-37e4642f-db93-4daf-91e6-47ecb64100d3 tempest-ServerRescueNegativeTestJSON-702357817 tempest-ServerRescueNegativeTestJSON-702357817-project-member] Volume info retrieved successfully.
Jan 13 19:28:08 devstack devstack@c-api.service[81266]: INFO cinder.volume.api [None req-402b3792-7b23-4300-9619-f47e51f3584a tempest-VolumesAdminNegativeTest-1024364296 tempest-VolumesAdminNegativeTest-1024364296-project-member] Volume info retrieved successfully.
Jan 13 19:28:08 devstack devstack@c-api.service[81265]: INFO cinder.api.openstack.wsgi [None req-37e4642f-db93-4daf-91e6-47ecb64100d3 tempest-ServerRescueNegativeTestJSON-702357817 tempest-ServerRescueNegativeTestJSON-702357817-project-member] http://192.168.122.99/volume/v3/volumes/422300ea-6404-4fcb-b1a6-f3703e31c9a3 returned with HTTP 200
Jan 13 19:28:08 devstack devstack@c-api.service[81265]: [pid: 81265|app: 0|req: 185/356] 192.168.122.99 () {62 vars in 1326 bytes} [Tue Jan 13 19:28:08 2026] GET /volume/v3/volumes/422300ea-6404-4fcb-b1a6-f3703e31c9a3 => generated 857 bytes in 148 msecs (HTTP/1.1 200) 7 headers in 285 bytes (1 switches on core 0)
Jan 13 19:28:08 devstack devstack@c-api.service[81266]: INFO cinder.api.openstack.wsgi [None req-402b3792-7b23-4300-9619-f47e51f3584a tempest-VolumesAdminNegativeTest-1024364296 tempest-VolumesAdminNegativeTest-1024364296-project-member] http://192.168.122.99/volume/v3/volumes/2939a9b0-5b58-427b-91c3-26485e421878 returned with HTTP 200
Jan 13 19:28:08 devstack devstack@c-api.service[81266]: [pid: 81266|app: 0|req: 172/357] 192.168.122.99 () {62 vars in 1326 bytes} [Tue Jan 13 19:28:08 2026] GET /volume/v3/volumes/2939a9b0-5b58-427b-91c3-26485e421878 => generated 853 bytes in 118 msecs (HTTP/1.1 200) 7 headers in 285 bytes (1 switches on core 0)
Jan 13 19:28:08 devstack devstack@c-api.service[81265]: DEBUG cinder.api.middleware.request_id [None req-1940a6f3-0e33-4e47-ae6f-360c28347111 None None] RequestId filter calling following filter/app {{(pid=81265) _context_setter /opt/stack/cinder/cinder/api/middleware/request_id.py:62}}
Jan 13 19:28:08 devstack devstack@c-api.service[81265]: INFO cinder.api.openstack.wsgi [None req-1940a6f3-0e33-4e47-ae6f-360c28347111 tempest-ServerActionsV293TestJSON-1844085841 tempest-ServerActionsV293TestJSON-1844085841-project-member] GET http://192.168.122.99/volume/v3/volumes/595200f7-c451-40ac-8b63-e44f335f9051
Jan 13 19:28:08 devstack devstack@c-api.service[81265]: DEBUG cinder.api.openstack.wsgi [None req-1940a6f3-0e33-4e47-ae6f-360c28347111 tempest-ServerActionsV293TestJSON-1844085841 tempest-ServerActionsV293TestJSON-1844085841-project-member] Empty body provided in request {{(pid=81265) get_body /opt/stack/cinder/cinder/api/openstack/wsgi.py:725}}
Jan 13 19:28:08 devstack devstack@c-api.service[81265]: DEBUG cinder.api.openstack.wsgi [None req-1940a6f3-0e33-4e47-ae6f-360c28347111 tempest-ServerActionsV293TestJSON-1844085841 tempest-ServerActionsV293TestJSON-1844085841-project-member] Calling method 'show' {{(pid=81265) _process_stack /opt/stack/cinder/cinder/api/openstack/wsgi.py:878}}
Jan 13 19:28:08 devstack devstack@c-api.service[81265]: /opt/stack/data/venv/lib/python3.10/site-packages/oslo_context/context.py:101: DeprecationWarning: Policy enforcement is depending on the value of is_admin. This key is deprecated. Please update your policy file to use the standard policy values.
Jan 13 19:28:08 devstack devstack@c-api.service[81265]: warnings.warn(
Jan 13 19:28:08 devstack devstack@c-api.service[81265]: INFO cinder.volume.api [None req-1940a6f3-0e33-4e47-ae6f-360c28347111 tempest-ServerActionsV293TestJSON-1844085841 tempest-ServerActionsV293TestJSON-1844085841-project-member] Volume info retrieved successfully.
Jan 13 19:28:08 devstack devstack@c-api.service[81265]: INFO cinder.api.openstack.wsgi [None req-1940a6f3-0e33-4e47-ae6f-360c28347111 tempest-ServerActionsV293TestJSON-1844085841 tempest-ServerActionsV293TestJSON-1844085841-project-member] http://192.168.122.99/volume/v3/volumes/595200f7-c451-40ac-8b63-e44f335f9051 returned with HTTP 200
Jan 13 19:28:08 devstack devstack@c-api.service[81265]: [pid: 81265|app: 0|req: 186/358] 192.168.122.99 () {64 vars in 1367 bytes} [Tue Jan 13 19:28:08 2026] GET /volume/v3/volumes/595200f7-c451-40ac-8b63-e44f335f9051 => generated 1059 bytes in 88 msecs (HTTP/1.1 200) 7 headers in 287 bytes (1 switches on core 0)
Jan 13 19:28:09 devstack devstack@c-api.service[81266]: DEBUG cinder.api.middleware.request_id [None req-d89622b7-6e18-40e8-9feb-96c587592695 None None] RequestId filter calling following filter/app {{(pid=81266) _context_setter /opt/stack/cinder/cinder/api/middleware/request_id.py:62}}
Jan 13 19:28:09 devstack devstack@c-api.service[81266]: INFO cinder.api.openstack.wsgi [None req-d89622b7-6e18-40e8-9feb-96c587592695 tempest-ServerRescueNegativeTestJSON-702357817 tempest-ServerRescueNegativeTestJSON-702357817-project-member] GET http://192.168.122.99/volume/v3/volumes/422300ea-6404-4fcb-b1a6-f3703e31c9a3
Jan 13 19:28:09 devstack devstack@c-api.service[81266]: DEBUG cinder.api.openstack.wsgi [None req-d89622b7-6e18-40e8-9feb-96c587592695 tempest-ServerRescueNegativeTestJSON-702357817 tempest-ServerRescueNegativeTestJSON-702357817-project-member] Empty body provided in request {{(pid=81266) get_body /opt/stack/cinder/cinder/api/openstack/wsgi.py:725}}
Jan 13 19:28:09 devstack devstack@c-api.service[81265]: DEBUG cinder.api.middleware.request_id [None req-abe1f6bd-2b60-4b3f-ae74-ddf8dcba99f9 None None] RequestId filter calling following filter/app {{(pid=81265) _context_setter /opt/stack/cinder/cinder/api/middleware/request_id.py:62}}
Jan 13 19:28:09 devstack devstack@c-api.service[81266]: DEBUG cinder.api.openstack.wsgi [None req-d89622b7-6e18-40e8-9feb-96c587592695 tempest-ServerRescueNegativeTestJSON-702357817 tempest-ServerRescueNegativeTestJSON-702357817-project-member] Calling method 'show' {{(pid=81266) _process_stack /opt/stack/cinder/cinder/api/openstack/wsgi.py:878}}
Jan 13 19:28:09 devstack devstack@c-api.service[81265]: INFO cinder.api.openstack.wsgi [None req-abe1f6bd-2b60-4b3f-ae74-ddf8dcba99f9 tempest-VolumesAdminNegativeTest-1024364296 tempest-VolumesAdminNegativeTest-1024364296-project-member] GET http://192.168.122.99/volume/v3/volumes/2939a9b0-5b58-427b-91c3-26485e421878
