Jan 13 19:20:28 devstack devstack@g-api.service[74117]: DEBUG glance.common.config [None req-6b3f8093-ed13-4f12-a9e6-add1f791cf19 None None] barbican_service_user.cafile = None {{(pid=74117) log_opt_values /opt/stack/data/venv/lib/python3.10/site-packages/oslo_config/cfg.py:2824}}
Jan 13 19:20:28 devstack devstack@g-api.service[74117]: DEBUG glance.common.config [None req-6b3f8093-ed13-4f12-a9e6-add1f791cf19 None None] barbican_service_user.certfile = None {{(pid=74117) log_opt_values /opt/stack/data/venv/lib/python3.10/site-packages/oslo_config/cfg.py:2824}}
Jan 13 19:20:28 devstack devstack@g-api.service[74117]: DEBUG glance.common.config [None req-6b3f8093-ed13-4f12-a9e6-add1f791cf19 None None] barbican_service_user.collect_timing = False {{(pid=74117) log_opt_values /opt/stack/data/venv/lib/python3.10/site-packages/oslo_config/cfg.py:2824}}
Jan 13 19:20:28 devstack devstack@g-api.service[74117]: DEBUG glance.common.config [None req-6b3f8093-ed13-4f12-a9e6-add1f791cf19 None None] barbican_service_user.insecure = False {{(pid=74117) log_opt_values /opt/stack/data/venv/lib/python3.10/site-packages/oslo_config/cfg.py:2824}}
Jan 13 19:20:28 devstack devstack@g-api.service[74117]: DEBUG glance.common.config [None req-6b3f8093-ed13-4f12-a9e6-add1f791cf19 None None] barbican_service_user.keyfile = None {{(pid=74117) log_opt_values /opt/stack/data/venv/lib/python3.10/site-packages/oslo_config/cfg.py:2824}}
Jan 13 19:20:28 devstack devstack@g-api.service[74117]: DEBUG glance.common.config [None req-6b3f8093-ed13-4f12-a9e6-add1f791cf19 None None] barbican_service_user.split_loggers = False {{(pid=74117) log_opt_values /opt/stack/data/venv/lib/python3.10/site-packages/oslo_config/cfg.py:2824}}
Jan 13 19:20:28 devstack devstack@g-api.service[74117]: DEBUG glance.common.config [None req-6b3f8093-ed13-4f12-a9e6-add1f791cf19 None None] barbican_service_user.timeout = None {{(pid=74117) log_opt_values /opt/stack/data/venv/lib/python3.10/site-packages/oslo_config/cfg.py:2824}}
Jan 13 19:20:28 devstack devstack@g-api.service[74117]: DEBUG glance.common.config [None req-6b3f8093-ed13-4f12-a9e6-add1f791cf19 None None] database.asyncio_connection = **** {{(pid=74117) log_opt_values /opt/stack/data/venv/lib/python3.10/site-packages/oslo_config/cfg.py:2824}}
Jan 13 19:20:28 devstack devstack@g-api.service[74117]: DEBUG glance.common.config [None req-6b3f8093-ed13-4f12-a9e6-add1f791cf19 None None] database.asyncio_slave_connection = **** {{(pid=74117) log_opt_values /opt/stack/data/venv/lib/python3.10/site-packages/oslo_config/cfg.py:2824}}
Jan 13 19:20:28 devstack devstack@g-api.service[74117]: DEBUG glance.common.config [None req-6b3f8093-ed13-4f12-a9e6-add1f791cf19 None None] database.backend = sqlalchemy {{(pid=74117) log_opt_values /opt/stack/data/venv/lib/python3.10/site-packages/oslo_config/cfg.py:2824}}
Jan 13 19:20:28 devstack devstack@g-api.service[74117]: DEBUG glance.common.config [None req-6b3f8093-ed13-4f12-a9e6-add1f791cf19 None None] database.connection = **** {{(pid=74117) log_opt_values /opt/stack/data/venv/lib/python3.10/site-packages/oslo_config/cfg.py:2824}}
Jan 13 19:20:28 devstack devstack@g-api.service[74117]: DEBUG glance.common.config [None req-6b3f8093-ed13-4f12-a9e6-add1f791cf19 None None] database.connection_debug = 0 {{(pid=74117) log_opt_values /opt/stack/data/venv/lib/python3.10/site-packages/oslo_config/cfg.py:2824}}
Jan 13 19:20:28 devstack devstack@g-api.service[74117]: DEBUG glance.common.config [None req-6b3f8093-ed13-4f12-a9e6-add1f791cf19 None None] database.connection_parameters = {{(pid=74117) log_opt_values /opt/stack/data/venv/lib/python3.10/site-packages/oslo_config/cfg.py:2824}}
Jan 13 19:20:28 devstack devstack@g-api.service[74117]: DEBUG glance.common.config [None req-6b3f8093-ed13-4f12-a9e6-add1f791cf19 None None] database.connection_recycle_time = 3600 {{(pid=74117) log_opt_values /opt/stack/data/venv/lib/python3.10/site-packages/oslo_config/cfg.py:2824}}
Jan 13 19:20:28 devstack devstack@g-api.service[74117]: DEBUG glance.common.config [None req-6b3f8093-ed13-4f12-a9e6-add1f791cf19 None None] database.connection_trace = False {{(pid=74117) log_opt_values /opt/stack/data/venv/lib/python3.10/site-packages/oslo_config/cfg.py:2824}}
Jan 13 19:20:28 devstack devstack@g-api.service[74117]: DEBUG glance.common.config [None req-6b3f8093-ed13-4f12-a9e6-add1f791cf19 None None] database.db_inc_retry_interval = True {{(pid=74117) log_opt_values /opt/stack/data/venv/lib/python3.10/site-packages/oslo_config/cfg.py:2824}}
Jan 13 19:20:28 devstack devstack@g-api.service[74117]: DEBUG glance.common.config [None req-6b3f8093-ed13-4f12-a9e6-add1f791cf19 None None] database.db_max_retries = 20 {{(pid=74117) log_opt_values /opt/stack/data/venv/lib/python3.10/site-packages/oslo_config/cfg.py:2824}}
Jan 13 19:20:28 devstack devstack@g-api.service[74117]: DEBUG glance.common.config [None req-6b3f8093-ed13-4f12-a9e6-add1f791cf19 None None] database.db_max_retry_interval = 10 {{(pid=74117) log_opt_values /opt/stack/data/venv/lib/python3.10/site-packages/oslo_config/cfg.py:2824}}
Jan 13 19:20:28 devstack devstack@g-api.service[74117]: DEBUG glance.common.config [None req-6b3f8093-ed13-4f12-a9e6-add1f791cf19 None None] database.db_retry_interval = 1 {{(pid=74117) log_opt_values /opt/stack/data/venv/lib/python3.10/site-packages/oslo_config/cfg.py:2824}}
Jan 13 19:20:28 devstack devstack@g-api.service[74117]: DEBUG glance.common.config [None req-6b3f8093-ed13-4f12-a9e6-add1f791cf19 None None] database.max_overflow = 50 {{(pid=74117) log_opt_values /opt/stack/data/venv/lib/python3.10/site-packages/oslo_config/cfg.py:2824}}
Jan 13 19:20:28 devstack devstack@g-api.service[74117]: DEBUG glance.common.config [None req-6b3f8093-ed13-4f12-a9e6-add1f791cf19 None None] database.max_pool_size = 5 {{(pid=74117) log_opt_values /opt/stack/data/venv/lib/python3.10/site-packages/oslo_config/cfg.py:2824}}
Jan 13 19:20:28 devstack devstack@g-api.service[74117]: DEBUG glance.common.config [None req-6b3f8093-ed13-4f12-a9e6-add1f791cf19 None None] database.max_retries = 10 {{(pid=74117) log_opt_values /opt/stack/data/venv/lib/python3.10/site-packages/oslo_config/cfg.py:2824}}
Jan 13 19:20:28 devstack devstack@g-api.service[74117]: DEBUG glance.common.config [None req-6b3f8093-ed13-4f12-a9e6-add1f791cf19 None None] database.mysql_sql_mode = TRADITIONAL {{(pid=74117) log_opt_values /opt/stack/data/venv/lib/python3.10/site-packages/oslo_config/cfg.py:2824}}
Jan 13 19:20:28 devstack devstack@g-api.service[74117]: DEBUG glance.common.config [None req-6b3f8093-ed13-4f12-a9e6-add1f791cf19 None None] database.mysql_wsrep_sync_wait = None {{(pid=74117) log_opt_values /opt/stack/data/venv/lib/python3.10/site-packages/oslo_config/cfg.py:2824}}
Jan 13 19:20:28 devstack devstack@g-api.service[74117]: DEBUG glance.common.config [None req-6b3f8093-ed13-4f12-a9e6-add1f791cf19 None None] database.pool_timeout = None {{(pid=74117) log_opt_values /opt/stack/data/venv/lib/python3.10/site-packages/oslo_config/cfg.py:2824}}
Jan 13 19:20:28 devstack devstack@g-api.service[74117]: DEBUG glance.common.config [None req-6b3f8093-ed13-4f12-a9e6-add1f791cf19 None None] database.retry_interval = 10 {{(pid=74117) log_opt_values /opt/stack/data/venv/lib/python3.10/site-packages/oslo_config/cfg.py:2824}}
Jan 13 19:20:28 devstack devstack@g-api.service[74117]: DEBUG glance.common.config [None req-6b3f8093-ed13-4f12-a9e6-add1f791cf19 None None] database.slave_connection = **** {{(pid=74117) log_opt_values /opt/stack/data/venv/lib/python3.10/site-packages/oslo_config/cfg.py:2824}}
Jan 13 19:20:28 devstack devstack@g-api.service[74117]: DEBUG glance.common.config [None req-6b3f8093-ed13-4f12-a9e6-add1f791cf19 None None] database.sqlite_synchronous = True {{(pid=74117) log_opt_values /opt/stack/data/venv/lib/python3.10/site-packages/oslo_config/cfg.py:2824}}
Jan 13 19:20:28 devstack devstack@g-api.service[74117]: DEBUG glance.common.config [None req-6b3f8093-ed13-4f12-a9e6-add1f791cf19 None None] database.use_db_reconnect = False {{(pid=74117) log_opt_values /opt/stack/data/venv/lib/python3.10/site-packages/oslo_config/cfg.py:2824}}
Jan 13 19:20:28 devstack devstack@g-api.service[74117]: DEBUG glance.common.config [None req-6b3f8093-ed13-4f12-a9e6-add1f791cf19 None None] healthcheck.allowed_source_ranges = [] {{(pid=74117) log_opt_values /opt/stack/data/venv/lib/python3.10/site-packages/oslo_config/cfg.py:2824}}
Jan 13 19:20:28 devstack devstack@g-api.service[74117]: DEBUG glance.common.config [None req-6b3f8093-ed13-4f12-a9e6-add1f791cf19 None None] healthcheck.backends = ['disable_by_file'] {{(pid=74117) log_opt_values /opt/stack/data/venv/lib/python3.10/site-packages/oslo_config/cfg.py:2824}}
Jan 13 19:20:28 devstack devstack@g-api.service[74117]: DEBUG glance.common.config [None req-6b3f8093-ed13-4f12-a9e6-add1f791cf19 None None] healthcheck.detailed = False {{(pid=74117) log_opt_values /opt/stack/data/venv/lib/python3.10/site-packages/oslo_config/cfg.py:2824}}
Jan 13 19:20:28 devstack devstack@g-api.service[74117]: DEBUG glance.common.config [None req-6b3f8093-ed13-4f12-a9e6-add1f791cf19 None None] healthcheck.disable_by_file_path = None {{(pid=74117) log_opt_values /opt/stack/data/venv/lib/python3.10/site-packages/oslo_config/cfg.py:2824}}
Jan 13 19:20:28 devstack devstack@g-api.service[74117]: DEBUG glance.common.config [None req-6b3f8093-ed13-4f12-a9e6-add1f791cf19 None None] healthcheck.ignore_proxied_requests = False {{(pid=74117) log_opt_values /opt/stack/data/venv/lib/python3.10/site-packages/oslo_config/cfg.py:2824}}
Jan 13 19:20:28 devstack devstack@g-api.service[74117]: DEBUG glance.common.config [None req-6b3f8093-ed13-4f12-a9e6-add1f791cf19 None None] ******************************************************************************** {{(pid=74117) log_opt_values /opt/stack/data/venv/lib/python3.10/site-packages/oslo_config/cfg.py:2828}}
Jan 13 19:20:28 devstack devstack@g-api.service[74117]: WSGI app 0 (mountpoint='') ready in 4 seconds on interpreter 0x55b0406e46a0 pid: 74117 (default app)
Jan 13 19:20:30 devstack devstack@g-api.service[74118]: DEBUG glance.api.middleware.version_negotiation [None req-ad2f3082-4196-4b2f-8669-64d2a7e0e37d None None] Determining version of request: GET / Accept: application/json {{(pid=74118) process_request /opt/stack/glance/glance/api/middleware/version_negotiation.py:44}}
Jan 13 19:20:30 devstack devstack@g-api.service[74118]: DEBUG glance.api.middleware.version_negotiation [None req-ad2f3082-4196-4b2f-8669-64d2a7e0e37d None None] Using url versioning {{(pid=74118) process_request /opt/stack/glance/glance/api/middleware/version_negotiation.py:57}}
Jan 13 19:20:30 devstack devstack@g-api.service[74118]: DEBUG glance.api.middleware.version_negotiation [None req-ad2f3082-4196-4b2f-8669-64d2a7e0e37d None None] Unknown version. Returning version choices. {{(pid=74118) process_request /opt/stack/glance/glance/api/middleware/version_negotiation.py:64}}
Jan 13 19:20:30 devstack devstack@g-api.service[74118]: [pid: 74118|app: 0|req: 2/2] 127.0.0.1 () {34 vars in 516 bytes} [Tue Jan 13 19:20:30 2026] GET / => generated 1446 bytes in 2 msecs (HTTP/1.1 300) 3 headers in 106 bytes (1 switches on core 0)
Jan 13 19:20:30 devstack devstack@g-api.service[74117]: DEBUG glance.api.middleware.version_negotiation [None req-6b3f8093-ed13-4f12-a9e6-add1f791cf19 None None] Determining version of request: POST /v2/images Accept: */* {{(pid=74117) process_request /opt/stack/glance/glance/api/middleware/version_negotiation.py:44}}
Jan 13 19:20:30 devstack devstack@g-api.service[74117]: DEBUG glance.api.middleware.version_negotiation [None req-6b3f8093-ed13-4f12-a9e6-add1f791cf19 None None] Using url versioning {{(pid=74117) process_request /opt/stack/glance/glance/api/middleware/version_negotiation.py:57}}
Jan 13 19:20:30 devstack devstack@g-api.service[74117]: DEBUG glance.api.middleware.version_negotiation [None req-6b3f8093-ed13-4f12-a9e6-add1f791cf19 None None] Matched version: v2 {{(pid=74117) process_request /opt/stack/glance/glance/api/middleware/version_negotiation.py:69}}
Jan 13 19:20:30 devstack devstack@g-api.service[74117]: DEBUG glance.api.middleware.version_negotiation [None req-6b3f8093-ed13-4f12-a9e6-add1f791cf19 None None] new path /v2/images {{(pid=74117) process_request /opt/stack/glance/glance/api/middleware/version_negotiation.py:70}}
Jan 13 19:20:31 devstack devstack@g-api.service[74117]: [pid: 74117|app: 0|req: 1/3] 127.0.0.1 () {40 vars in 779 bytes} [Tue Jan 13 19:20:30 2026] POST /v2/images => generated 807 bytes in 862 msecs (HTTP/1.1 201) 6 headers in 314 bytes (1 switches on core 0)
Jan 13 19:20:31 devstack devstack@g-api.service[74118]: DEBUG glance.api.middleware.version_negotiation [None req-ad2f3082-4196-4b2f-8669-64d2a7e0e37d None None] Determining version of request: PUT /v2/images/165acc79-e4b5-4901-ad12-727699a106aa/file Accept: {{(pid=74118) process_request /opt/stack/glance/glance/api/middleware/version_negotiation.py:44}}
Jan 13 19:20:31 devstack devstack@g-api.service[74118]: DEBUG glance.api.middleware.version_negotiation [None req-ad2f3082-4196-4b2f-8669-64d2a7e0e37d None None] Using url versioning {{(pid=74118) process_request /opt/stack/glance/glance/api/middleware/version_negotiation.py:57}}
Jan 13 19:20:31 devstack devstack@g-api.service[74118]: DEBUG glance.api.middleware.version_negotiation [None req-ad2f3082-4196-4b2f-8669-64d2a7e0e37d None None] Matched version: v2 {{(pid=74118) process_request /opt/stack/glance/glance/api/middleware/version_negotiation.py:69}}
Jan 13 19:20:31 devstack devstack@g-api.service[74118]: DEBUG glance.api.middleware.version_negotiation [None req-ad2f3082-4196-4b2f-8669-64d2a7e0e37d None None] new path /v2/images/165acc79-e4b5-4901-ad12-727699a106aa/file {{(pid=74118) process_request /opt/stack/glance/glance/api/middleware/version_negotiation.py:70}}
Jan 13 19:20:32 devstack devstack@g-api.service[74118]: INFO glance.api.v2.image_data [None req-976add10-4152-4fba-b4bc-7b40ebe3e477 admin admin] Unable to create trust: no such option collect_timing in group [keystone_authtoken] Use the existing user token.
Jan 13 19:20:32 devstack devstack@g-api.service[74118]: DEBUG glance.location [None req-976add10-4152-4fba-b4bc-7b40ebe3e477 admin admin] Enabling in-flight format inspection for qcow2 {{(pid=74118) set_data /opt/stack/glance/glance/location.py:616}}
Jan 13 19:20:32 devstack devstack@g-api.service[74118]: DEBUG oslo_utils.imageutils.format_inspector [None req-976add10-4152-4fba-b4bc-7b40ebe3e477 admin admin] Format inspector for vmdk does not match, excluding from consideration (Signature KDMV not found: b'QFI\xfb') {{(pid=74118) _process_chunk /opt/stack/data/venv/lib/python3.10/site-packages/oslo_utils/imageutils/format_inspector.py:1537}}
Jan 13 19:20:32 devstack devstack@g-api.service[74118]: DEBUG oslo_utils.imageutils.format_inspector [None req-976add10-4152-4fba-b4bc-7b40ebe3e477 admin admin] Format inspector for vhdx does not match, excluding from consideration (Region signature not found at 30000) {{(pid=74118) _process_chunk /opt/stack/data/venv/lib/python3.10/site-packages/oslo_utils/imageutils/format_inspector.py:1537}}
Jan 13 19:20:32 devstack devstack@g-api.service[74118]: DEBUG glance_store._drivers.filesystem [None req-976add10-4152-4fba-b4bc-7b40ebe3e477 admin admin] Wrote 21692416 bytes to /opt/stack/data/glance/images/165acc79-e4b5-4901-ad12-727699a106aa with checksum 87617e24a5e30cb3b87fda8c0764838f and multihash 9a9bce0083a00939ec17c11febbfc767aa211aaa54f51e75c5a8b271a9b5637c77205a518b7a2007cb391d23cceb01e0e4e8d64832317151bc85b734b92a7be0 {{(pid=74118) add /opt/stack/data/venv/lib/python3.10/site-packages/glance_store/_drivers/filesystem.py:794}}
Jan 13 19:20:32 devstack devstack@g-api.service[74118]: INFO glance.location [None req-976add10-4152-4fba-b4bc-7b40ebe3e477 admin admin] Image format matched and virtual size computed: 117440512
Jan 13 19:20:32 devstack devstack@g-api.service[74118]: DEBUG glance_store.backend [None req-976add10-4152-4fba-b4bc-7b40ebe3e477 admin admin] Skipping store.set_acls... not implemented. {{(pid=74118) set_acls /opt/stack/data/venv/lib/python3.10/site-packages/glance_store/backend.py:507}}
Jan 13 19:20:32 devstack devstack@g-api.service[74118]: [pid: 74118|app: 0|req: 3/4] 127.0.0.1 () {40 vars in 872 bytes} [Tue Jan 13 19:20:31 2026] PUT /v2/images/165acc79-e4b5-4901-ad12-727699a106aa/file => generated 0 bytes in 1266 msecs (HTTP/1.1 204) 4 headers in 171 bytes (1 switches on core 0)
Jan 13 19:20:33 devstack devstack@g-api.service[74117]: DEBUG glance.api.middleware.version_negotiation [None req-77cfcbdc-f870-4203-a550-ca80799ad313 admin admin] Determining version of request: GET /v2/images/165acc79-e4b5-4901-ad12-727699a106aa Accept: */* {{(pid=74117) process_request /opt/stack/glance/glance/api/middleware/version_negotiation.py:44}}
Jan 13 19:20:33 devstack devstack@g-api.service[74117]: DEBUG glance.api.middleware.version_negotiation [None req-77cfcbdc-f870-4203-a550-ca80799ad313 admin admin] Using url versioning {{(pid=74117) process_request /opt/stack/glance/glance/api/middleware/version_negotiation.py:57}}
Jan 13 19:20:33 devstack devstack@g-api.service[74117]: DEBUG glance.api.middleware.version_negotiation [None req-77cfcbdc-f870-4203-a550-ca80799ad313 admin admin] Matched version: v2 {{(pid=74117) process_request /opt/stack/glance/glance/api/middleware/version_negotiation.py:69}}
Jan 13 19:20:33 devstack devstack@g-api.service[74117]: DEBUG glance.api.middleware.version_negotiation [None req-77cfcbdc-f870-4203-a550-ca80799ad313 admin admin] new path /v2/images/165acc79-e4b5-4901-ad12-727699a106aa {{(pid=74117) process_request /opt/stack/glance/glance/api/middleware/version_negotiation.py:70}}
Jan 13 19:20:33 devstack devstack@g-api.service[74117]: [pid: 74117|app: 0|req: 2/5] 127.0.0.1 () {36 vars in 799 bytes} [Tue Jan 13 19:20:33 2026] GET /v2/images/165acc79-e4b5-4901-ad12-727699a106aa => generated 976 bytes in 15 msecs (HTTP/1.1 200) 4 headers in 157 bytes (1 switches on core 0)
Jan 13 19:20:42 devstack devstack@g-api.service[74118]: DEBUG dbcounter [-] [74118] Writing DB stats glance:INSERT=5,glance:SELECT=16,glance:UPDATE=2 {{(pid=74118) stat_writer /opt/stack/data/venv/lib/python3.10/site-packages/dbcounter.py:115}}
Jan 13 19:20:43 devstack devstack@g-api.service[74117]: DEBUG dbcounter [-] [74117] Writing DB stats glance:INSERT=9,glance:SELECT=6 {{(pid=74117) stat_writer /opt/stack/data/venv/lib/python3.10/site-packages/dbcounter.py:115}}
Jan 13 19:21:12 devstack devstack@g-api.service[74118]: DEBUG glance.api.middleware.version_negotiation [None req-976add10-4152-4fba-b4bc-7b40ebe3e477 admin admin] Determining version of request: GET / Accept: application/json {{(pid=74118) process_request /opt/stack/glance/glance/api/middleware/version_negotiation.py:44}}
Jan 13 19:21:12 devstack devstack@g-api.service[74118]: DEBUG glance.api.middleware.version_negotiation [None req-976add10-4152-4fba-b4bc-7b40ebe3e477 admin admin] Using url versioning {{(pid=74118) process_request /opt/stack/glance/glance/api/middleware/version_negotiation.py:57}}
Jan 13 19:21:12 devstack devstack@g-api.service[74118]: DEBUG glance.api.middleware.version_negotiation [None req-976add10-4152-4fba-b4bc-7b40ebe3e477 admin admin] Unknown version. Returning version choices. {{(pid=74118) process_request /opt/stack/glance/glance/api/middleware/version_negotiation.py:64}}
Jan 13 19:21:12 devstack devstack@g-api.service[74118]: [pid: 74118|app: 0|req: 4/6] 127.0.0.1 () {34 vars in 513 bytes} [Tue Jan 13 19:21:12 2026] GET / => generated 1446 bytes in 3 msecs (HTTP/1.1 300) 3 headers in 106 bytes (1 switches on core 0)
Jan 13 19:21:12 devstack devstack@g-api.service[74117]: DEBUG glance.api.middleware.version_negotiation [None req-0c69b920-acad-44d8-a1ef-bfd6572cf24b admin admin] Determining version of request: GET /v2/images Accept: application/json {{(pid=74117) process_request /opt/stack/glance/glance/api/middleware/version_negotiation.py:44}}
Jan 13 19:21:12 devstack devstack@g-api.service[74117]: DEBUG glance.api.middleware.version_negotiation [None req-0c69b920-acad-44d8-a1ef-bfd6572cf24b admin admin] Using url versioning {{(pid=74117) process_request /opt/stack/glance/glance/api/middleware/version_negotiation.py:57}}
Jan 13 19:21:12 devstack devstack@g-api.service[74117]: DEBUG glance.api.middleware.version_negotiation [None req-0c69b920-acad-44d8-a1ef-bfd6572cf24b admin admin] Matched version: v2 {{(pid=74117) process_request /opt/stack/glance/glance/api/middleware/version_negotiation.py:69}}
Jan 13 19:21:12 devstack devstack@g-api.service[74117]: DEBUG glance.api.middleware.version_negotiation [None req-0c69b920-acad-44d8-a1ef-bfd6572cf24b admin admin] new path /v2/images {{(pid=74117) process_request /opt/stack/glance/glance/api/middleware/version_negotiation.py:70}}
Jan 13 19:21:12 devstack devstack@g-api.service[74117]: [pid: 74117|app: 0|req: 3/7] 127.0.0.1 () {36 vars in 735 bytes} [Tue Jan 13 19:21:12 2026] GET /v2/images => generated 1045 bytes in 62 msecs (HTTP/1.1 200) 4 headers in 158 bytes (1 switches on core 0)
Jan 13 19:21:17 devstack devstack@g-api.service[74118]: DEBUG glance.api.middleware.version_negotiation [None req-976add10-4152-4fba-b4bc-7b40ebe3e477 admin admin] Determining version of request: GET / Accept: application/json {{(pid=74118) process_request /opt/stack/glance/glance/api/middleware/version_negotiation.py:44}}
Jan 13 19:21:17 devstack devstack@g-api.service[74118]: DEBUG glance.api.middleware.version_negotiation [None req-976add10-4152-4fba-b4bc-7b40ebe3e477 admin admin] Using url versioning {{(pid=74118) process_request /opt/stack/glance/glance/api/middleware/version_negotiation.py:57}}
Jan 13 19:21:17 devstack devstack@g-api.service[74118]: DEBUG glance.api.middleware.version_negotiation [None req-976add10-4152-4fba-b4bc-7b40ebe3e477 admin admin] Unknown version. Returning version choices. {{(pid=74118) process_request /opt/stack/glance/glance/api/middleware/version_negotiation.py:64}}
Jan 13 19:21:17 devstack devstack@g-api.service[74118]: [pid: 74118|app: 0|req: 5/8] 127.0.0.1 () {34 vars in 513 bytes} [Tue Jan 13 19:21:17 2026] GET / => generated 1446 bytes in 2 msecs (HTTP/1.1 300) 3 headers in 106 bytes (1 switches on core 0)
Jan 13 19:21:17 devstack devstack@g-api.service[74117]: DEBUG glance.api.middleware.version_negotiation [None req-1cbf649c-2836-4f05-8473-f81510a3f2bf admin admin] Determining version of request: GET /v2/images/165acc79-e4b5-4901-ad12-727699a106aa Accept: */* {{(pid=74117) process_request /opt/stack/glance/glance/api/middleware/version_negotiation.py:44}}
Jan 13 19:21:17 devstack devstack@g-api.service[74117]: DEBUG glance.api.middleware.version_negotiation [None req-1cbf649c-2836-4f05-8473-f81510a3f2bf admin admin] Using url versioning {{(pid=74117) process_request /opt/stack/glance/glance/api/middleware/version_negotiation.py:57}}
Jan 13 19:21:17 devstack devstack@g-api.service[74117]: DEBUG glance.api.middleware.version_negotiation [None req-1cbf649c-2836-4f05-8473-f81510a3f2bf admin admin] Matched version: v2 {{(pid=74117) process_request /opt/stack/glance/glance/api/middleware/version_negotiation.py:69}}
Jan 13 19:21:17 devstack devstack@g-api.service[74117]: DEBUG glance.api.middleware.version_negotiation [None req-1cbf649c-2836-4f05-8473-f81510a3f2bf admin admin] new path /v2/images/165acc79-e4b5-4901-ad12-727699a106aa {{(pid=74117) process_request /opt/stack/glance/glance/api/middleware/version_negotiation.py:70}}
Jan 13 19:21:17 devstack devstack@g-api.service[74117]: [pid: 74117|app: 0|req: 4/9] 127.0.0.1 () {36 vars in 796 bytes} [Tue Jan 13 19:21:17 2026] GET /v2/images/165acc79-e4b5-4901-ad12-727699a106aa => generated 976 bytes in 47 msecs (HTTP/1.1 200) 4 headers in 157 bytes (1 switches on core 0)
Jan 13 19:21:21 devstack devstack@g-api.service[74118]: DEBUG glance.api.middleware.version_negotiation [None req-976add10-4152-4fba-b4bc-7b40ebe3e477 admin admin] Determining version of request: GET / Accept: application/json {{(pid=74118) process_request /opt/stack/glance/glance/api/middleware/version_negotiation.py:44}}
Jan 13 19:21:21 devstack devstack@g-api.service[74118]: DEBUG glance.api.middleware.version_negotiation [None req-976add10-4152-4fba-b4bc-7b40ebe3e477 admin admin] Using url versioning {{(pid=74118) process_request /opt/stack/glance/glance/api/middleware/version_negotiation.py:57}}
Jan 13 19:21:21 devstack devstack@g-api.service[74118]: DEBUG glance.api.middleware.version_negotiation [None req-976add10-4152-4fba-b4bc-7b40ebe3e477 admin admin] Unknown version. Returning version choices. {{(pid=74118) process_request /opt/stack/glance/glance/api/middleware/version_negotiation.py:64}}
Jan 13 19:21:21 devstack devstack@g-api.service[74118]: [pid: 74118|app: 0|req: 6/10] 127.0.0.1 () {34 vars in 513 bytes} [Tue Jan 13 19:21:21 2026] GET / => generated 1446 bytes in 2 msecs (HTTP/1.1 300) 3 headers in 106 bytes (1 switches on core 0)
Jan 13 19:21:21 devstack devstack@g-api.service[74117]: DEBUG glance.api.middleware.version_negotiation [None req-2aa7f24e-c7e1-4b1f-af53-048f828aa739 admin admin] Determining version of request: GET /v2/images/165acc79-e4b5-4901-ad12-727699a106aa Accept: */* {{(pid=74117) process_request /opt/stack/glance/glance/api/middleware/version_negotiation.py:44}}
Jan 13 19:21:21 devstack devstack@g-api.service[74117]: DEBUG glance.api.middleware.version_negotiation [None req-2aa7f24e-c7e1-4b1f-af53-048f828aa739 admin admin] Using url versioning {{(pid=74117) process_request /opt/stack/glance/glance/api/middleware/version_negotiation.py:57}}
Jan 13 19:21:21 devstack devstack@g-api.service[74117]: DEBUG glance.api.middleware.version_negotiation [None req-2aa7f24e-c7e1-4b1f-af53-048f828aa739 admin admin] Matched version: v2 {{(pid=74117) process_request /opt/stack/glance/glance/api/middleware/version_negotiation.py:69}}
Jan 13 19:21:21 devstack devstack@g-api.service[74117]: DEBUG glance.api.middleware.version_negotiation [None req-2aa7f24e-c7e1-4b1f-af53-048f828aa739 admin admin] new path /v2/images/165acc79-e4b5-4901-ad12-727699a106aa {{(pid=74117) process_request /opt/stack/glance/glance/api/middleware/version_negotiation.py:70}}
Jan 13 19:21:21 devstack devstack@g-api.service[74117]: [pid: 74117|app: 0|req: 5/11] 127.0.0.1 () {36 vars in 796 bytes} [Tue Jan 13 19:21:21 2026] GET /v2/images/165acc79-e4b5-4901-ad12-727699a106aa => generated 976 bytes in 46 msecs (HTTP/1.1 200) 4 headers in 157 bytes (1 switches on core 0)
Jan 13 19:21:31 devstack devstack@g-api.service[74117]: DEBUG dbcounter [-] [74117] Writing DB stats glance:SELECT=5 {{(pid=74117) stat_writer /opt/stack/data/venv/lib/python3.10/site-packages/dbcounter.py:115}}
Jan 13 19:22:39 devstack devstack@g-api.service[74118]: DEBUG glance.api.middleware.version_negotiation [None req-976add10-4152-4fba-b4bc-7b40ebe3e477 admin admin] Determining version of request: GET / Accept: application/json {{(pid=74118) process_request /opt/stack/glance/glance/api/middleware/version_negotiation.py:44}}
Jan 13 19:22:39 devstack devstack@g-api.service[74118]: DEBUG glance.api.middleware.version_negotiation [None req-976add10-4152-4fba-b4bc-7b40ebe3e477 admin admin] Using url versioning {{(pid=74118) process_request /opt/stack/glance/glance/api/middleware/version_negotiation.py:57}}
Jan 13 19:22:39 devstack devstack@g-api.service[74118]: DEBUG glance.api.middleware.version_negotiation [None req-976add10-4152-4fba-b4bc-7b40ebe3e477 admin admin] Unknown version. Returning version choices. {{(pid=74118) process_request /opt/stack/glance/glance/api/middleware/version_negotiation.py:64}}
Jan 13 19:22:39 devstack devstack@g-api.service[74118]: [pid: 74118|app: 0|req: 7/12] 127.0.0.1 () {36 vars in 484 bytes} [Tue Jan 13 19:22:39 2026] GET / => generated 1446 bytes in 2 msecs (HTTP/1.1 300) 3 headers in 106 bytes (1 switches on core 0)
Jan 13 19:23:49 devstack devstack@g-api.service[74117]: DEBUG glance.api.middleware.version_negotiation [None req-6fad080f-1db9-4050-b2d4-c43b81c0e5bd admin admin] Determining version of request: GET /v2/images/165acc79-e4b5-4901-ad12-727699a106aa Accept: */* {{(pid=74117) process_request /opt/stack/glance/glance/api/middleware/version_negotiation.py:44}}
Jan 13 19:23:49 devstack devstack@g-api.service[74117]: DEBUG glance.api.middleware.version_negotiation [None req-6fad080f-1db9-4050-b2d4-c43b81c0e5bd admin admin] Using url versioning {{(pid=74117) process_request /opt/stack/glance/glance/api/middleware/version_negotiation.py:57}}
Jan 13 19:23:49 devstack devstack@g-api.service[74117]: DEBUG glance.api.middleware.version_negotiation [None req-6fad080f-1db9-4050-b2d4-c43b81c0e5bd admin admin] Matched version: v2 {{(pid=74117) process_request /opt/stack/glance/glance/api/middleware/version_negotiation.py:69}}
Jan 13 19:23:49 devstack devstack@g-api.service[74117]: DEBUG glance.api.middleware.version_negotiation [None req-6fad080f-1db9-4050-b2d4-c43b81c0e5bd admin admin] new path /v2/images/165acc79-e4b5-4901-ad12-727699a106aa {{(pid=74117) process_request /opt/stack/glance/glance/api/middleware/version_negotiation.py:70}}
Jan 13 19:23:49 devstack devstack@g-api.service[74117]: WARNING keystonemiddleware.auth_token [None req-6fad080f-1db9-4050-b2d4-c43b81c0e5bd admin admin] A valid token was submitted as a service token, but it was not a valid service token. This is incorrect but backwards compatible behaviour. This will be removed in future releases.
Jan 13 19:23:49 devstack devstack@g-api.service[74117]: [pid: 74117|app: 0|req: 6/13] 127.0.0.1 () {42 vars in 1055 bytes} [Tue Jan 13 19:23:49 2026] GET /v2/images/165acc79-e4b5-4901-ad12-727699a106aa => generated 976 bytes in 138 msecs (HTTP/1.1 200) 4 headers in 157 bytes (1 switches on core 0)
Jan 13 19:23:49 devstack devstack@g-api.service[74118]: DEBUG glance.api.middleware.version_negotiation [None req-976add10-4152-4fba-b4bc-7b40ebe3e477 admin admin] Determining version of request: GET /v2/schemas/image Accept: */* {{(pid=74118) process_request /opt/stack/glance/glance/api/middleware/version_negotiation.py:44}}
Jan 13 19:23:49 devstack devstack@g-api.service[74118]: DEBUG glance.api.middleware.version_negotiation [None req-976add10-4152-4fba-b4bc-7b40ebe3e477 admin admin] Using url versioning {{(pid=74118) process_request /opt/stack/glance/glance/api/middleware/version_negotiation.py:57}}
Jan 13 19:23:49 devstack devstack@g-api.service[74118]: DEBUG glance.api.middleware.version_negotiation [None req-976add10-4152-4fba-b4bc-7b40ebe3e477 admin admin] Matched version: v2 {{(pid=74118) process_request /opt/stack/glance/glance/api/middleware/version_negotiation.py:69}}
Jan 13 19:23:49 devstack devstack@g-api.service[74118]: DEBUG glance.api.middleware.version_negotiation [None req-976add10-4152-4fba-b4bc-7b40ebe3e477 admin admin] new path /v2/schemas/image {{(pid=74118) process_request /opt/stack/glance/glance/api/middleware/version_negotiation.py:70}}
Jan 13 19:23:49 devstack devstack@g-api.service[74118]: WARNING keystonemiddleware.auth_token [None req-976add10-4152-4fba-b4bc-7b40ebe3e477 admin admin] A valid token was submitted as a service token, but it was not a valid service token. This is incorrect but backwards compatible behaviour. This will be removed in future releases.
Jan 13 19:23:49 devstack devstack@g-api.service[74118]: [pid: 74118|app: 0|req: 8/14] 127.0.0.1 () {42 vars in 995 bytes} [Tue Jan 13 19:23:49 2026] GET /v2/schemas/image => generated 6083 bytes in 6 msecs (HTTP/1.1 200) 4 headers in 158 bytes (1 switches on core 0)
Jan 13 19:23:49 devstack devstack@g-api.service[74117]: DEBUG glance.api.middleware.version_negotiation [None req-70428ccd-cab5-4f90-b895-b5da810d1fa4 tempest-TaggedBootDevicesTest_v242-664716997 tempest-TaggedBootDevicesTest_v242-664716997-project-member] Determining version of request: GET /v2/schemas/image Accept: */* {{(pid=74117) process_request /opt/stack/glance/glance/api/middleware/version_negotiation.py:44}}
Jan 13 19:23:49 devstack devstack@g-api.service[74117]: DEBUG glance.api.middleware.version_negotiation [None req-70428ccd-cab5-4f90-b895-b5da810d1fa4 tempest-TaggedBootDevicesTest_v242-664716997 tempest-TaggedBootDevicesTest_v242-664716997-project-member] Using url versioning {{(pid=74117) process_request /opt/stack/glance/glance/api/middleware/version_negotiation.py:57}}
Jan 13 19:23:49 devstack devstack@g-api.service[74117]: DEBUG glance.api.middleware.version_negotiation [None req-70428ccd-cab5-4f90-b895-b5da810d1fa4 tempest-TaggedBootDevicesTest_v242-664716997 tempest-TaggedBootDevicesTest_v242-664716997-project-member] Matched version: v2 {{(pid=74117) process_request /opt/stack/glance/glance/api/middleware/version_negotiation.py:69}}
Jan 13 19:23:49 devstack devstack@g-api.service[74117]: DEBUG glance.api.middleware.version_negotiation [None req-70428ccd-cab5-4f90-b895-b5da810d1fa4 tempest-TaggedBootDevicesTest_v242-664716997 tempest-TaggedBootDevicesTest_v242-664716997-project-member] new path /v2/schemas/image {{(pid=74117) process_request /opt/stack/glance/glance/api/middleware/version_negotiation.py:70}}
Jan 13 19:23:49 devstack devstack@g-api.service[74117]: [pid: 74117|app: 0|req: 7/15] 127.0.0.1 () {42 vars in 995 bytes} [Tue Jan 13 19:23:49 2026] GET /v2/schemas/image => generated 6083 bytes in 5 msecs (HTTP/1.1 200) 4 headers in 158 bytes (1 switches on core 0)
Jan 13 19:23:49 devstack devstack@g-api.service[74118]: DEBUG glance.api.middleware.version_negotiation [None req-70428ccd-cab5-4f90-b895-b5da810d1fa4 tempest-TaggedBootDevicesTest_v242-664716997 tempest-TaggedBootDevicesTest_v242-664716997-project-member] Determining version of request: GET /v2/images/165acc79-e4b5-4901-ad12-727699a106aa Accept: */* {{(pid=74118) process_request /opt/stack/glance/glance/api/middleware/version_negotiation.py:44}}
Jan 13 19:23:49 devstack devstack@g-api.service[74118]: DEBUG glance.api.middleware.version_negotiation [None req-70428ccd-cab5-4f90-b895-b5da810d1fa4 tempest-TaggedBootDevicesTest_v242-664716997 tempest-TaggedBootDevicesTest_v242-664716997-project-member] Using url versioning {{(pid=74118) process_request /opt/stack/glance/glance/api/middleware/version_negotiation.py:57}}
Jan 13 19:23:49 devstack devstack@g-api.service[74118]: DEBUG glance.api.middleware.version_negotiation [None req-70428ccd-cab5-4f90-b895-b5da810d1fa4 tempest-TaggedBootDevicesTest_v242-664716997 tempest-TaggedBootDevicesTest_v242-664716997-project-member] Matched version: v2 {{(pid=74118) process_request /opt/stack/glance/glance/api/middleware/version_negotiation.py:69}}
Jan 13 19:23:49 devstack devstack@g-api.service[74118]: DEBUG glance.api.middleware.version_negotiation [None req-70428ccd-cab5-4f90-b895-b5da810d1fa4 tempest-TaggedBootDevicesTest_v242-664716997 tempest-TaggedBootDevicesTest_v242-664716997-project-member] new path /v2/images/165acc79-e4b5-4901-ad12-727699a106aa {{(pid=74118) process_request /opt/stack/glance/glance/api/middleware/version_negotiation.py:70}}
Jan 13 19:23:49 devstack devstack@g-api.service[74118]: [pid: 74118|app: 0|req: 9/16] 127.0.0.1 () {42 vars in 1055 bytes} [Tue Jan 13 19:23:49 2026] GET /v2/images/165acc79-e4b5-4901-ad12-727699a106aa => generated 976 bytes in 28 msecs (HTTP/1.1 200) 4 headers in 157 bytes (1 switches on core 0)
Jan 13 19:23:49 devstack devstack@g-api.service[74117]: DEBUG glance.api.middleware.version_negotiation [None req-70428ccd-cab5-4f90-b895-b5da810d1fa4 tempest-TaggedBootDevicesTest_v242-664716997 tempest-TaggedBootDevicesTest_v242-664716997-project-member] Determining version of request: GET /v2/schemas/image Accept: */* {{(pid=74117) process_request /opt/stack/glance/glance/api/middleware/version_negotiation.py:44}}
Jan 13 19:23:49 devstack devstack@g-api.service[74117]: DEBUG glance.api.middleware.version_negotiation [None req-70428ccd-cab5-4f90-b895-b5da810d1fa4 tempest-TaggedBootDevicesTest_v242-664716997 tempest-TaggedBootDevicesTest_v242-664716997-project-member] Using url versioning {{(pid=74117) process_request /opt/stack/glance/glance/api/middleware/version_negotiation.py:57}}
Jan 13 19:23:49 devstack devstack@g-api.service[74117]: DEBUG glance.api.middleware.version_negotiation [None req-70428ccd-cab5-4f90-b895-b5da810d1fa4 tempest-TaggedBootDevicesTest_v242-664716997 tempest-TaggedBootDevicesTest_v242-664716997-project-member] Matched version: v2 {{(pid=74117) process_request /opt/stack/glance/glance/api/middleware/version_negotiation.py:69}}
Jan 13 19:23:49 devstack devstack@g-api.service[74117]: DEBUG glance.api.middleware.version_negotiation [None req-70428ccd-cab5-4f90-b895-b5da810d1fa4 tempest-TaggedBootDevicesTest_v242-664716997 tempest-TaggedBootDevicesTest_v242-664716997-project-member] new path /v2/schemas/image {{(pid=74117) process_request /opt/stack/glance/glance/api/middleware/version_negotiation.py:70}}
Jan 13 19:23:49 devstack devstack@g-api.service[74117]: [pid: 74117|app: 0|req: 8/17] 127.0.0.1 () {42 vars in 995 bytes} [Tue Jan 13 19:23:49 2026] GET /v2/schemas/image => generated 6083 bytes in 5 msecs (HTTP/1.1 200) 4 headers in 158 bytes (1 switches on core 0)
Jan 13 19:23:49 devstack devstack@g-api.service[74118]: DEBUG glance.api.middleware.version_negotiation [None req-70428ccd-cab5-4f90-b895-b5da810d1fa4 tempest-TaggedBootDevicesTest_v242-664716997 tempest-TaggedBootDevicesTest_v242-664716997-project-member] Determining version of request: GET /v2/schemas/image Accept: */* {{(pid=74118) process_request /opt/stack/glance/glance/api/middleware/version_negotiation.py:44}}
Jan 13 19:23:49 devstack devstack@g-api.service[74118]: DEBUG glance.api.middleware.version_negotiation [None req-70428ccd-cab5-4f90-b895-b5da810d1fa4 tempest-TaggedBootDevicesTest_v242-664716997 tempest-TaggedBootDevicesTest_v242-664716997-project-member] Using url versioning {{(pid=74118) process_request /opt/stack/glance/glance/api/middleware/version_negotiation.py:57}}
Jan 13 19:23:49 devstack devstack@g-api.service[74118]: DEBUG glance.api.middleware.version_negotiation [None req-70428ccd-cab5-4f90-b895-b5da810d1fa4 tempest-TaggedBootDevicesTest_v242-664716997 tempest-TaggedBootDevicesTest_v242-664716997-project-member] Matched version: v2 {{(pid=74118) process_request /opt/stack/glance/glance/api/middleware/version_negotiation.py:69}}
Jan 13 19:23:49 devstack devstack@g-api.service[74118]: DEBUG glance.api.middleware.version_negotiation [None req-70428ccd-cab5-4f90-b895-b5da810d1fa4 tempest-TaggedBootDevicesTest_v242-664716997 tempest-TaggedBootDevicesTest_v242-664716997-project-member] new path /v2/schemas/image {{(pid=74118) process_request /opt/stack/glance/glance/api/middleware/version_negotiation.py:70}}
Jan 13 19:23:49 devstack devstack@g-api.service[74118]: [pid: 74118|app: 0|req: 10/18] 127.0.0.1 () {42 vars in 995 bytes} [Tue Jan 13 19:23:49 2026] GET /v2/schemas/image => generated 6083 bytes in 5 msecs (HTTP/1.1 200) 4 headers in 158 bytes (1 switches on core 0)
Jan 13 19:23:49 devstack devstack@g-api.service[74117]: DEBUG glance.api.middleware.version_negotiation [None req-70428ccd-cab5-4f90-b895-b5da810d1fa4 tempest-TaggedBootDevicesTest_v242-664716997 tempest-TaggedBootDevicesTest_v242-664716997-project-member] Determining version of request: GET /v2/images/165acc79-e4b5-4901-ad12-727699a106aa Accept: */* {{(pid=74117) process_request /opt/stack/glance/glance/api/middleware/version_negotiation.py:44}}
Jan 13 19:23:49 devstack devstack@g-api.service[74117]: DEBUG glance.api.middleware.version_negotiation [None req-70428ccd-cab5-4f90-b895-b5da810d1fa4 tempest-TaggedBootDevicesTest_v242-664716997 tempest-TaggedBootDevicesTest_v242-664716997-project-member] Using url versioning {{(pid=74117) process_request /opt/stack/glance/glance/api/middleware/version_negotiation.py:57}}
Jan 13 19:23:49 devstack devstack@g-api.service[74117]: DEBUG glance.api.middleware.version_negotiation [None req-70428ccd-cab5-4f90-b895-b5da810d1fa4 tempest-TaggedBootDevicesTest_v242-664716997 tempest-TaggedBootDevicesTest_v242-664716997-project-member] Matched version: v2 {{(pid=74117) process_request /opt/stack/glance/glance/api/middleware/version_negotiation.py:69}}
Jan 13 19:23:49 devstack devstack@g-api.service[74117]: DEBUG glance.api.middleware.version_negotiation [None req-70428ccd-cab5-4f90-b895-b5da810d1fa4 tempest-TaggedBootDevicesTest_v242-664716997 tempest-TaggedBootDevicesTest_v242-664716997-project-member] new path /v2/images/165acc79-e4b5-4901-ad12-727699a106aa {{(pid=74117) process_request /opt/stack/glance/glance/api/middleware/version_negotiation.py:70}}
Jan 13 19:23:49 devstack devstack@g-api.service[74117]: [pid: 74117|app: 0|req: 9/19] 127.0.0.1 () {42 vars in 1055 bytes} [Tue Jan 13 19:23:49 2026] GET /v2/images/165acc79-e4b5-4901-ad12-727699a106aa => generated 976 bytes in 18 msecs (HTTP/1.1 200) 4 headers in 157 bytes (1 switches on core 0)
Jan 13 19:23:49 devstack devstack@g-api.service[74118]: DEBUG glance.api.middleware.version_negotiation [None req-70428ccd-cab5-4f90-b895-b5da810d1fa4 tempest-TaggedBootDevicesTest_v242-664716997 tempest-TaggedBootDevicesTest_v242-664716997-project-member] Determining version of request: GET /v2/schemas/image Accept: */* {{(pid=74118) process_request /opt/stack/glance/glance/api/middleware/version_negotiation.py:44}}
Jan 13 19:23:49 devstack devstack@g-api.service[74118]: DEBUG glance.api.middleware.version_negotiation [None req-70428ccd-cab5-4f90-b895-b5da810d1fa4 tempest-TaggedBootDevicesTest_v242-664716997 tempest-TaggedBootDevicesTest_v242-664716997-project-member] Using url versioning {{(pid=74118) process_request /opt/stack/glance/glance/api/middleware/version_negotiation.py:57}}
Jan 13 19:23:49 devstack devstack@g-api.service[74118]: DEBUG glance.api.middleware.version_negotiation [None req-70428ccd-cab5-4f90-b895-b5da810d1fa4 tempest-TaggedBootDevicesTest_v242-664716997 tempest-TaggedBootDevicesTest_v242-664716997-project-member] Matched version: v2 {{(pid=74118) process_request /opt/stack/glance/glance/api/middleware/version_negotiation.py:69}}
Jan 13 19:23:49 devstack devstack@g-api.service[74118]: DEBUG glance.api.middleware.version_negotiation [None req-70428ccd-cab5-4f90-b895-b5da810d1fa4 tempest-TaggedBootDevicesTest_v242-664716997 tempest-TaggedBootDevicesTest_v242-664716997-project-member] new path /v2/schemas/image {{(pid=74118) process_request /opt/stack/glance/glance/api/middleware/version_negotiation.py:70}}
Jan 13 19:23:49 devstack devstack@g-api.service[74118]: [pid: 74118|app: 0|req: 11/20] 127.0.0.1 () {42 vars in 995 bytes} [Tue Jan 13 19:23:49 2026] GET /v2/schemas/image => generated 6083 bytes in 6 msecs (HTTP/1.1 200) 4 headers in 158 bytes (1 switches on core 0)
Jan 13 19:23:49 devstack devstack@g-api.service[74117]: DEBUG glance.api.middleware.version_negotiation [None req-70428ccd-cab5-4f90-b895-b5da810d1fa4 tempest-TaggedBootDevicesTest_v242-664716997 tempest-TaggedBootDevicesTest_v242-664716997-project-member] Determining version of request: GET /v2/schemas/image Accept: */* {{(pid=74117) process_request /opt/stack/glance/glance/api/middleware/version_negotiation.py:44}}
Jan 13 19:23:49 devstack devstack@g-api.service[74117]: DEBUG glance.api.middleware.version_negotiation [None req-70428ccd-cab5-4f90-b895-b5da810d1fa4 tempest-TaggedBootDevicesTest_v242-664716997 tempest-TaggedBootDevicesTest_v242-664716997-project-member] Using url versioning {{(pid=74117) process_request /opt/stack/glance/glance/api/middleware/version_negotiation.py:57}}
Jan 13 19:23:49 devstack devstack@g-api.service[74117]: DEBUG glance.api.middleware.version_negotiation [None req-70428ccd-cab5-4f90-b895-b5da810d1fa4 tempest-TaggedBootDevicesTest_v242-664716997 tempest-TaggedBootDevicesTest_v242-664716997-project-member] Matched version: v2 {{(pid=74117) process_request /opt/stack/glance/glance/api/middleware/version_negotiation.py:69}}
Jan 13 19:23:49 devstack devstack@g-api.service[74117]: DEBUG glance.api.middleware.version_negotiation [None req-70428ccd-cab5-4f90-b895-b5da810d1fa4 tempest-TaggedBootDevicesTest_v242-664716997 tempest-TaggedBootDevicesTest_v242-664716997-project-member] new path /v2/schemas/image {{(pid=74117) process_request /opt/stack/glance/glance/api/middleware/version_negotiation.py:70}}
Jan 13 19:23:49 devstack devstack@g-api.service[74117]: [pid: 74117|app: 0|req: 10/21] 127.0.0.1 () {42 vars in 995 bytes} [Tue Jan 13 19:23:49 2026] GET /v2/schemas/image => generated 6083 bytes in 5 msecs (HTTP/1.1 200) 4 headers in 158 bytes (1 switches on core 0)
Jan 13 19:23:52 devstack devstack@g-api.service[74118]: DEBUG glance.api.middleware.version_negotiation [None req-70428ccd-cab5-4f90-b895-b5da810d1fa4 tempest-TaggedBootDevicesTest_v242-664716997 tempest-TaggedBootDevicesTest_v242-664716997-project-member] Determining version of request: GET /v2/images/165acc79-e4b5-4901-ad12-727699a106aa Accept: application/json {{(pid=74118) process_request /opt/stack/glance/glance/api/middleware/version_negotiation.py:44}}
Jan 13 19:23:52 devstack devstack@g-api.service[74118]: DEBUG glance.api.middleware.version_negotiation [None req-70428ccd-cab5-4f90-b895-b5da810d1fa4 tempest-TaggedBootDevicesTest_v242-664716997 tempest-TaggedBootDevicesTest_v242-664716997-project-member] Using url versioning {{(pid=74118) process_request /opt/stack/glance/glance/api/middleware/version_negotiation.py:57}}
Jan 13 19:23:52 devstack devstack@g-api.service[74118]: DEBUG glance.api.middleware.version_negotiation [None req-70428ccd-cab5-4f90-b895-b5da810d1fa4 tempest-TaggedBootDevicesTest_v242-664716997 tempest-TaggedBootDevicesTest_v242-664716997-project-member] Matched version: v2 {{(pid=74118) process_request /opt/stack/glance/glance/api/middleware/version_negotiation.py:69}}
Jan 13 19:23:52 devstack devstack@g-api.service[74118]: DEBUG glance.api.middleware.version_negotiation [None req-70428ccd-cab5-4f90-b895-b5da810d1fa4 tempest-TaggedBootDevicesTest_v242-664716997 tempest-TaggedBootDevicesTest_v242-664716997-project-member] new path /v2/images/165acc79-e4b5-4901-ad12-727699a106aa {{(pid=74118) process_request /opt/stack/glance/glance/api/middleware/version_negotiation.py:70}}
Jan 13 19:23:52 devstack devstack@g-api.service[74118]: [pid: 74118|app: 0|req: 12/22] 127.0.0.1 () {38 vars in 780 bytes} [Tue Jan 13 19:23:52 2026] GET /v2/images/165acc79-e4b5-4901-ad12-727699a106aa => generated 976 bytes in 159 msecs (HTTP/1.1 200) 4 headers in 157 bytes (1 switches on core 0)
Jan 13 19:23:52 devstack devstack@g-api.service[74117]: DEBUG glance.api.middleware.version_negotiation [None req-70428ccd-cab5-4f90-b895-b5da810d1fa4 tempest-TaggedBootDevicesTest_v242-664716997 tempest-TaggedBootDevicesTest_v242-664716997-project-member] Determining version of request: GET /v2/images/165acc79-e4b5-4901-ad12-727699a106aa/file Accept: application/json {{(pid=74117) process_request /opt/stack/glance/glance/api/middleware/version_negotiation.py:44}}
Jan 13 19:23:52 devstack devstack@g-api.service[74117]: DEBUG glance.api.middleware.version_negotiation [None req-70428ccd-cab5-4f90-b895-b5da810d1fa4 tempest-TaggedBootDevicesTest_v242-664716997 tempest-TaggedBootDevicesTest_v242-664716997-project-member] Using url versioning {{(pid=74117) process_request /opt/stack/glance/glance/api/middleware/version_negotiation.py:57}}
Jan 13 19:23:52 devstack devstack@g-api.service[74117]: DEBUG glance.api.middleware.version_negotiation [None req-70428ccd-cab5-4f90-b895-b5da810d1fa4 tempest-TaggedBootDevicesTest_v242-664716997 tempest-TaggedBootDevicesTest_v242-664716997-project-member] Matched version: v2 {{(pid=74117) process_request /opt/stack/glance/glance/api/middleware/version_negotiation.py:69}}
Jan 13 19:23:52 devstack devstack@g-api.service[74117]: DEBUG glance.api.middleware.version_negotiation [None req-70428ccd-cab5-4f90-b895-b5da810d1fa4 tempest-TaggedBootDevicesTest_v242-664716997 tempest-TaggedBootDevicesTest_v242-664716997-project-member] new path /v2/images/165acc79-e4b5-4901-ad12-727699a106aa/file {{(pid=74117) process_request /opt/stack/glance/glance/api/middleware/version_negotiation.py:70}}
Jan 13 19:23:52 devstack devstack@g-api.service[74117]: DEBUG glance_store._drivers.filesystem [None req-a6376ced-a0bb-468a-8d60-bcd88d1d4e96 tempest-AttachSCSIVolumeTestJSON-162014817 tempest-AttachSCSIVolumeTestJSON-162014817-project-admin] Found image at /opt/stack/data/glance/images/165acc79-e4b5-4901-ad12-727699a106aa. Returning in ChunkedFile. {{(pid=74117) get /opt/stack/data/venv/lib/python3.10/site-packages/glance_store/_drivers/filesystem.py:618}}
Jan 13 19:23:52 devstack devstack@g-api.service[74117]: DEBUG glance.image_cache [None req-a6376ced-a0bb-468a-8d60-bcd88d1d4e96 tempest-AttachSCSIVolumeTestJSON-162014817 tempest-AttachSCSIVolumeTestJSON-162014817-project-admin] Tee'ing image '165acc79-e4b5-4901-ad12-727699a106aa' into cache {{(pid=74117) get_caching_iter /opt/stack/glance/glance/image_cache/__init__.py:350}}
Jan 13 19:23:52 devstack devstack@g-api.service[74118]: DEBUG glance.api.middleware.version_negotiation [None req-d014ccda-ec4f-44e6-971d-92ee3fd8d24a tempest-AttachSCSIVolumeTestJSON-162014817 tempest-AttachSCSIVolumeTestJSON-162014817-project-admin] Determining version of request: POST /v2/images Accept: application/json {{(pid=74118) process_request /opt/stack/glance/glance/api/middleware/version_negotiation.py:44}}
Jan 13 19:23:52 devstack devstack@g-api.service[74118]: DEBUG glance.api.middleware.version_negotiation [None req-d014ccda-ec4f-44e6-971d-92ee3fd8d24a tempest-AttachSCSIVolumeTestJSON-162014817 tempest-AttachSCSIVolumeTestJSON-162014817-project-admin] Using url versioning {{(pid=74118) process_request /opt/stack/glance/glance/api/middleware/version_negotiation.py:57}}
