Jun 04 14:45:31 devstack cinder-volume[86522]: DEBUG oslo_concurrency.processutils [None req-af8c9d51-eabe-4a45-86d8-9bc2ea627fc5 tempest-ServersNegativeTestJSON-1196861304 None] Running cmd (subprocess): /opt/stack/data/venv/bin/python3.12 -m oslo_concurrency.prlimit --as=1073741824 --cpu=60 -- sudo cinder-rootwrap /etc/cinder/rootwrap.conf env LC_ALL=C qemu-img info -f qcow2 --output=json --force-share /opt/stack/data/cinder/mnt/5ddf20e0d558faaf6437d153f92ad42c/volume-70aa6128-7ee3-4b57-adb9-de22f499ac0b {{(pid=86522) execute /opt/stack/data/venv/lib/python3.12/site-packages/oslo_concurrency/processutils.py:440}}
Jun 04 14:45:31 devstack cinder-volume[86522]: DEBUG oslo_concurrency.lockutils [None req-3354e617-5a53-4115-bdde-a3372661356b tempest-TaggedAttachmentsTest-705745672 None] Acquiring lock "quobyte_ensure" by "cinder.volume.drivers.quobyte.QuobyteDriver._ensure_shares_mounted" {{(pid=86522) inner /opt/stack/data/venv/lib/python3.12/site-packages/oslo_concurrency/lockutils.py:506}}
Jun 04 14:45:31 devstack cinder-volume[86522]: DEBUG oslo_concurrency.lockutils [None req-3354e617-5a53-4115-bdde-a3372661356b tempest-TaggedAttachmentsTest-705745672 None] Lock "quobyte_ensure" acquired by "cinder.volume.drivers.quobyte.QuobyteDriver._ensure_shares_mounted" :: waited 0.003s {{(pid=86522) inner /opt/stack/data/venv/lib/python3.12/site-packages/oslo_concurrency/lockutils.py:519}}
Jun 04 14:45:31 devstack cinder-volume[86522]: DEBUG cinder.volume.drivers.quobyte [None req-3354e617-5a53-4115-bdde-a3372661356b tempest-TaggedAttachmentsTest-705745672 None] Quobyte Volume URL set to: {'osci02.corp.quobyte.com/cinder-vol-9875da60-788e-4687-a5fb-87bb07429975': None} {{(pid=86522) _load_shares_config /opt/stack/cinder/cinder/volume/drivers/quobyte.py:617}}
Jun 04 14:45:31 devstack sudo[90384]: quobyte : PWD=/ ; USER=root ; COMMAND=/opt/stack/data/venv/bin/cinder-rootwrap /etc/cinder/rootwrap.conf env LC_ALL=C qemu-img info -f qcow2 --output=json --force-share /opt/stack/data/cinder/mnt/5ddf20e0d558faaf6437d153f92ad42c/volume-1e207ad1-41a1-4c51-b4de-e0ab7fab5899
Jun 04 14:45:31 devstack sudo[90384]: pam_unix(sudo:session): session opened for user root(uid=0) by (uid=1000)
Jun 04 14:45:31 devstack cinder-volume[86522]: DEBUG cinder.volume.drivers.quobyte [None req-3354e617-5a53-4115-bdde-a3372661356b tempest-TaggedAttachmentsTest-705745672 None] Available shares ['osci02.corp.quobyte.com/cinder-vol-9875da60-788e-4687-a5fb-87bb07429975'] {{(pid=86522) _ensure_shares_mounted /opt/stack/cinder/cinder/volume/drivers/quobyte.py:647}}
Jun 04 14:45:31 devstack cinder-volume[86522]: DEBUG oslo_concurrency.lockutils [None req-3354e617-5a53-4115-bdde-a3372661356b tempest-TaggedAttachmentsTest-705745672 None] Lock "quobyte_ensure" "released" by "cinder.volume.drivers.quobyte.QuobyteDriver._ensure_shares_mounted" :: held 0.007s {{(pid=86522) inner /opt/stack/data/venv/lib/python3.12/site-packages/oslo_concurrency/lockutils.py:538}}
Jun 04 14:45:31 devstack cinder-volume[86522]: DEBUG oslo_concurrency.processutils [None req-3354e617-5a53-4115-bdde-a3372661356b tempest-TaggedAttachmentsTest-705745672 None] Running cmd (subprocess): sudo cinder-rootwrap /etc/cinder/rootwrap.conf df --portability --block-size 1 /opt/stack/data/cinder/mnt/5ddf20e0d558faaf6437d153f92ad42c {{(pid=86522) execute /opt/stack/data/venv/lib/python3.12/site-packages/oslo_concurrency/processutils.py:440}}
Jun 04 14:45:31 devstack sudo[90387]: quobyte : PWD=/ ; USER=root ; COMMAND=/opt/stack/data/venv/bin/cinder-rootwrap /etc/cinder/rootwrap.conf df --portability --block-size 1 /opt/stack/data/cinder/mnt/5ddf20e0d558faaf6437d153f92ad42c
Jun 04 14:45:31 devstack sudo[90387]: pam_unix(sudo:session): session opened for user root(uid=0) by (uid=1000)
Jun 04 14:45:31 devstack sudo[90385]: quobyte : PWD=/ ; USER=root ; COMMAND=/opt/stack/data/venv/bin/cinder-rootwrap /etc/cinder/rootwrap.conf env LC_ALL=C qemu-img info -f qcow2 --output=json --force-share /opt/stack/data/cinder/mnt/5ddf20e0d558faaf6437d153f92ad42c/volume-70aa6128-7ee3-4b57-adb9-de22f499ac0b
Jun 04 14:45:31 devstack sudo[90385]: pam_unix(sudo:session): session opened for user root(uid=0) by (uid=1000)
Jun 04 14:45:31 devstack sudo[90380]: pam_unix(sudo:session): session closed for user root
Jun 04 14:45:31 devstack cinder-volume[86522]: DEBUG oslo_concurrency.processutils [None req-36fb48d1-bd9f-43fb-b53a-09d70a751675 tempest-ServersNegativeTestJSON-1196861304 None] CMD "sudo cinder-rootwrap /etc/cinder/rootwrap.conf df --portability --block-size 1 /opt/stack/data/cinder/mnt/5ddf20e0d558faaf6437d153f92ad42c" returned: 0 in 0.973s {{(pid=86522) execute /opt/stack/data/venv/lib/python3.12/site-packages/oslo_concurrency/processutils.py:468}}
Jun 04 14:45:31 devstack cinder-volume[86522]: DEBUG cinder.manager [None req-36fb48d1-bd9f-43fb-b53a-09d70a751675 tempest-ServersNegativeTestJSON-1196861304 None] Notifying Schedulers of capabilities ... {{(pid=86522) _publish_service_capabilities /opt/stack/cinder/cinder/manager.py:202}}
Jun 04 14:45:31 devstack cinder-volume[86522]: INFO cinder.volume.manager [None req-36fb48d1-bd9f-43fb-b53a-09d70a751675 tempest-ServersNegativeTestJSON-1196861304 None] Deleted volume successfully.
Jun 04 14:45:31 devstack cinder-volume[86522]: DEBUG cinder.coordination [None req-36fb48d1-bd9f-43fb-b53a-09d70a751675 tempest-ServersNegativeTestJSON-1196861304 None] Lock "cinder-39f51dd1-fd2f-43b5-bf72-f9e1d61e3142-delete_volume" released by "delete_volume" :: held 3.011s {{(pid=86522) __release /opt/stack/cinder/cinder/coordination.py:152}}
Jun 04 14:45:31 devstack sudo[90387]: pam_unix(sudo:session): session closed for user root
Jun 04 14:45:31 devstack cinder-volume[86522]: DEBUG oslo_concurrency.processutils [None req-3354e617-5a53-4115-bdde-a3372661356b tempest-TaggedAttachmentsTest-705745672 None] CMD "sudo cinder-rootwrap /etc/cinder/rootwrap.conf df --portability --block-size 1 /opt/stack/data/cinder/mnt/5ddf20e0d558faaf6437d153f92ad42c" returned: 0 in 0.610s {{(pid=86522) execute /opt/stack/data/venv/lib/python3.12/site-packages/oslo_concurrency/processutils.py:468}}
Jun 04 14:45:31 devstack cinder-volume[86522]: DEBUG cinder.manager [None req-3354e617-5a53-4115-bdde-a3372661356b tempest-TaggedAttachmentsTest-705745672 None] Notifying Schedulers of capabilities ... {{(pid=86522) _publish_service_capabilities /opt/stack/cinder/cinder/manager.py:202}}
Jun 04 14:45:31 devstack cinder-volume[86522]: INFO cinder.volume.manager [None req-3354e617-5a53-4115-bdde-a3372661356b tempest-TaggedAttachmentsTest-705745672 None] Deleted volume successfully.
Jun 04 14:45:31 devstack cinder-volume[86522]: DEBUG cinder.coordination [None req-3354e617-5a53-4115-bdde-a3372661356b tempest-TaggedAttachmentsTest-705745672 None] Lock "cinder-c4606201-4d26-44d1-a4de-03fda364612c-delete_volume" released by "delete_volume" :: held 2.572s {{(pid=86522) __release /opt/stack/cinder/cinder/coordination.py:152}}
Jun 04 14:45:32 devstack sudo[90384]: pam_unix(sudo:session): session closed for user root
Jun 04 14:45:32 devstack cinder-volume[86522]: DEBUG oslo_concurrency.processutils [None req-97445633-fe1e-4550-93cc-fddd6bb21380 tempest-VolumeSnapshotQuotasNegativeTestJSON-708803386 None] CMD "/opt/stack/data/venv/bin/python3.12 -m oslo_concurrency.prlimit --as=1073741824 --cpu=60 -- sudo cinder-rootwrap /etc/cinder/rootwrap.conf env LC_ALL=C qemu-img info -f qcow2 --output=json --force-share /opt/stack/data/cinder/mnt/5ddf20e0d558faaf6437d153f92ad42c/volume-1e207ad1-41a1-4c51-b4de-e0ab7fab5899" returned: 0 in 1.172s {{(pid=86522) execute /opt/stack/data/venv/lib/python3.12/site-packages/oslo_concurrency/processutils.py:468}}
Jun 04 14:45:32 devstack cinder-volume[86522]: DEBUG oslo_concurrency.processutils [None req-97445633-fe1e-4550-93cc-fddd6bb21380 tempest-VolumeSnapshotQuotasNegativeTestJSON-708803386 None] Running cmd (subprocess): sudo cinder-rootwrap /etc/cinder/rootwrap.conf qemu-img create -f qcow2 -o backing_file=/opt/stack/data/cinder/mnt/5ddf20e0d558faaf6437d153f92ad42c/volume-1e207ad1-41a1-4c51-b4de-e0ab7fab5899,backing_fmt=qcow2 /opt/stack/data/cinder/mnt/5ddf20e0d558faaf6437d153f92ad42c/volume-1e207ad1-41a1-4c51-b4de-e0ab7fab5899.e17fd582-c445-49f3-9519-be7e9bb79797 1G {{(pid=86522) execute /opt/stack/data/venv/lib/python3.12/site-packages/oslo_concurrency/processutils.py:440}}
Jun 04 14:45:32 devstack sudo[90398]: quobyte : PWD=/ ; USER=root ; COMMAND=/opt/stack/data/venv/bin/cinder-rootwrap /etc/cinder/rootwrap.conf qemu-img create -f qcow2 -o backing_file=/opt/stack/data/cinder/mnt/5ddf20e0d558faaf6437d153f92ad42c/volume-1e207ad1-41a1-4c51-b4de-e0ab7fab5899,backing_fmt=qcow2 /opt/stack/data/cinder/mnt/5ddf20e0d558faaf6437d153f92ad42c/volume-1e207ad1-41a1-4c51-b4de-e0ab7fab5899.e17fd582-c445-49f3-9519-be7e9bb79797 1G
Jun 04 14:45:32 devstack sudo[90398]: pam_unix(sudo:session): session opened for user root(uid=0) by (uid=1000)
Jun 04 14:45:32 devstack sudo[90385]: pam_unix(sudo:session): session closed for user root
Jun 04 14:45:32 devstack cinder-volume[86522]: DEBUG oslo_concurrency.processutils [None req-af8c9d51-eabe-4a45-86d8-9bc2ea627fc5 tempest-ServersNegativeTestJSON-1196861304 None] CMD "/opt/stack/data/venv/bin/python3.12 -m oslo_concurrency.prlimit --as=1073741824 --cpu=60 -- sudo cinder-rootwrap /etc/cinder/rootwrap.conf env LC_ALL=C qemu-img info -f qcow2 --output=json --force-share /opt/stack/data/cinder/mnt/5ddf20e0d558faaf6437d153f92ad42c/volume-70aa6128-7ee3-4b57-adb9-de22f499ac0b" returned: 0 in 1.190s {{(pid=86522) execute /opt/stack/data/venv/lib/python3.12/site-packages/oslo_concurrency/processutils.py:468}}
Jun 04 14:45:32 devstack cinder-volume[86522]: DEBUG oslo_concurrency.processutils [None req-af8c9d51-eabe-4a45-86d8-9bc2ea627fc5 tempest-ServersNegativeTestJSON-1196861304 None] Running cmd (subprocess): sudo cinder-rootwrap /etc/cinder/rootwrap.conf rm -f /opt/stack/data/cinder/mnt/5ddf20e0d558faaf6437d153f92ad42c/volume-70aa6128-7ee3-4b57-adb9-de22f499ac0b {{(pid=86522) execute /opt/stack/data/venv/lib/python3.12/site-packages/oslo_concurrency/processutils.py:440}}
Jun 04 14:45:32 devstack sudo[90400]: quobyte : PWD=/ ; USER=root ; COMMAND=/opt/stack/data/venv/bin/cinder-rootwrap /etc/cinder/rootwrap.conf rm -f /opt/stack/data/cinder/mnt/5ddf20e0d558faaf6437d153f92ad42c/volume-70aa6128-7ee3-4b57-adb9-de22f499ac0b
Jun 04 14:45:32 devstack sudo[90400]: pam_unix(sudo:session): session opened for user root(uid=0) by (uid=1000)
Jun 04 14:45:33 devstack sudo[90400]: pam_unix(sudo:session): session closed for user root
Jun 04 14:45:33 devstack cinder-volume[86522]: DEBUG oslo_concurrency.processutils [None req-af8c9d51-eabe-4a45-86d8-9bc2ea627fc5 tempest-ServersNegativeTestJSON-1196861304 None] CMD "sudo cinder-rootwrap /etc/cinder/rootwrap.conf rm -f /opt/stack/data/cinder/mnt/5ddf20e0d558faaf6437d153f92ad42c/volume-70aa6128-7ee3-4b57-adb9-de22f499ac0b" returned: 0 in 0.869s {{(pid=86522) execute /opt/stack/data/venv/lib/python3.12/site-packages/oslo_concurrency/processutils.py:468}}
Jun 04 14:45:33 devstack cinder-volume[86522]: DEBUG cinder.coordination [None req-af8c9d51-eabe-4a45-86d8-9bc2ea627fc5 tempest-ServersNegativeTestJSON-1196861304 None] Lock "cinder-quobyte-70aa6128-7ee3-4b57-adb9-de22f499ac0b" released by "delete_volume" :: held 2.130s {{(pid=86522) __release /opt/stack/cinder/cinder/coordination.py:152}}
Jun 04 14:45:33 devstack cinder-volume[86522]: DEBUG cinder.quota [None req-af8c9d51-eabe-4a45-86d8-9bc2ea627fc5 tempest-ServersNegativeTestJSON-1196861304 None] Created reservations ['833c8ba2-e412-4990-bacc-ddb8069d2238', 'd8f36a99-0816-41c8-ba0c-557df33ef3b2', 'b3e1dd43-635a-4509-91e7-854e4b73f0e7', 'a05f1fa0-ed39-494e-86d3-66a9b44de0de'] {{(pid=86522) reserve /opt/stack/cinder/cinder/quota.py:752}}
Jun 04 14:45:33 devstack cinder-volume[86522]: DEBUG oslo_concurrency.lockutils [None req-af8c9d51-eabe-4a45-86d8-9bc2ea627fc5 tempest-ServersNegativeTestJSON-1196861304 None] Acquiring lock "quobyte_ensure" by "cinder.volume.drivers.quobyte.QuobyteDriver._ensure_shares_mounted" {{(pid=86522) inner /opt/stack/data/venv/lib/python3.12/site-packages/oslo_concurrency/lockutils.py:506}}
Jun 04 14:45:33 devstack cinder-volume[86522]: DEBUG oslo_concurrency.lockutils [None req-af8c9d51-eabe-4a45-86d8-9bc2ea627fc5 tempest-ServersNegativeTestJSON-1196861304 None] Lock "quobyte_ensure" acquired by "cinder.volume.drivers.quobyte.QuobyteDriver._ensure_shares_mounted" :: waited 0.001s {{(pid=86522) inner /opt/stack/data/venv/lib/python3.12/site-packages/oslo_concurrency/lockutils.py:519}}
Jun 04 14:45:33 devstack cinder-volume[86522]: DEBUG cinder.volume.drivers.quobyte [None req-af8c9d51-eabe-4a45-86d8-9bc2ea627fc5 tempest-ServersNegativeTestJSON-1196861304 None] Quobyte Volume URL set to: {'osci02.corp.quobyte.com/cinder-vol-9875da60-788e-4687-a5fb-87bb07429975': None} {{(pid=86522) _load_shares_config /opt/stack/cinder/cinder/volume/drivers/quobyte.py:617}}
Jun 04 14:45:33 devstack cinder-volume[86522]: DEBUG cinder.volume.drivers.quobyte [None req-af8c9d51-eabe-4a45-86d8-9bc2ea627fc5 tempest-ServersNegativeTestJSON-1196861304 None] Available shares ['osci02.corp.quobyte.com/cinder-vol-9875da60-788e-4687-a5fb-87bb07429975'] {{(pid=86522) _ensure_shares_mounted /opt/stack/cinder/cinder/volume/drivers/quobyte.py:647}}
Jun 04 14:45:33 devstack cinder-volume[86522]: DEBUG oslo_concurrency.lockutils [None req-af8c9d51-eabe-4a45-86d8-9bc2ea627fc5 tempest-ServersNegativeTestJSON-1196861304 None] Lock "quobyte_ensure" "released" by "cinder.volume.drivers.quobyte.QuobyteDriver._ensure_shares_mounted" :: held 0.012s {{(pid=86522) inner /opt/stack/data/venv/lib/python3.12/site-packages/oslo_concurrency/lockutils.py:538}}
Jun 04 14:45:33 devstack cinder-volume[86522]: DEBUG oslo_concurrency.processutils [None req-af8c9d51-eabe-4a45-86d8-9bc2ea627fc5 tempest-ServersNegativeTestJSON-1196861304 None] Running cmd (subprocess): sudo cinder-rootwrap /etc/cinder/rootwrap.conf df --portability --block-size 1 /opt/stack/data/cinder/mnt/5ddf20e0d558faaf6437d153f92ad42c {{(pid=86522) execute /opt/stack/data/venv/lib/python3.12/site-packages/oslo_concurrency/processutils.py:440}}
Jun 04 14:45:33 devstack sudo[90407]: quobyte : PWD=/ ; USER=root ; COMMAND=/opt/stack/data/venv/bin/cinder-rootwrap /etc/cinder/rootwrap.conf df --portability --block-size 1 /opt/stack/data/cinder/mnt/5ddf20e0d558faaf6437d153f92ad42c
Jun 04 14:45:33 devstack sudo[90407]: pam_unix(sudo:session): session opened for user root(uid=0) by (uid=1000)
Jun 04 14:45:33 devstack sudo[90398]: pam_unix(sudo:session): session closed for user root
Jun 04 14:45:33 devstack cinder-volume[86522]: DEBUG oslo_concurrency.processutils [None req-97445633-fe1e-4550-93cc-fddd6bb21380 tempest-VolumeSnapshotQuotasNegativeTestJSON-708803386 None] CMD "sudo cinder-rootwrap /etc/cinder/rootwrap.conf qemu-img create -f qcow2 -o backing_file=/opt/stack/data/cinder/mnt/5ddf20e0d558faaf6437d153f92ad42c/volume-1e207ad1-41a1-4c51-b4de-e0ab7fab5899,backing_fmt=qcow2 /opt/stack/data/cinder/mnt/5ddf20e0d558faaf6437d153f92ad42c/volume-1e207ad1-41a1-4c51-b4de-e0ab7fab5899.e17fd582-c445-49f3-9519-be7e9bb79797 1G" returned: 0 in 1.285s {{(pid=86522) execute /opt/stack/data/venv/lib/python3.12/site-packages/oslo_concurrency/processutils.py:468}}
Jun 04 14:45:33 devstack cinder-volume[86522]: DEBUG oslo_concurrency.processutils [None req-97445633-fe1e-4550-93cc-fddd6bb21380 tempest-VolumeSnapshotQuotasNegativeTestJSON-708803386 None] Running cmd (subprocess): sudo cinder-rootwrap /etc/cinder/rootwrap.conf qemu-img rebase -u -b volume-1e207ad1-41a1-4c51-b4de-e0ab7fab5899 -F qcow2 /opt/stack/data/cinder/mnt/5ddf20e0d558faaf6437d153f92ad42c/volume-1e207ad1-41a1-4c51-b4de-e0ab7fab5899.e17fd582-c445-49f3-9519-be7e9bb79797 {{(pid=86522) execute /opt/stack/data/venv/lib/python3.12/site-packages/oslo_concurrency/processutils.py:440}}
Jun 04 14:45:33 devstack sudo[90409]: quobyte : PWD=/ ; USER=root ; COMMAND=/opt/stack/data/venv/bin/cinder-rootwrap /etc/cinder/rootwrap.conf qemu-img rebase -u -b volume-1e207ad1-41a1-4c51-b4de-e0ab7fab5899 -F qcow2 /opt/stack/data/cinder/mnt/5ddf20e0d558faaf6437d153f92ad42c/volume-1e207ad1-41a1-4c51-b4de-e0ab7fab5899.e17fd582-c445-49f3-9519-be7e9bb79797
Jun 04 14:45:33 devstack sudo[90409]: pam_unix(sudo:session): session opened for user root(uid=0) by (uid=1000)
Jun 04 14:45:34 devstack sudo[90407]: pam_unix(sudo:session): session closed for user root
Jun 04 14:45:34 devstack cinder-volume[86522]: DEBUG oslo_concurrency.processutils [None req-af8c9d51-eabe-4a45-86d8-9bc2ea627fc5 tempest-ServersNegativeTestJSON-1196861304 None] CMD "sudo cinder-rootwrap /etc/cinder/rootwrap.conf df --portability --block-size 1 /opt/stack/data/cinder/mnt/5ddf20e0d558faaf6437d153f92ad42c" returned: 0 in 0.811s {{(pid=86522) execute /opt/stack/data/venv/lib/python3.12/site-packages/oslo_concurrency/processutils.py:468}}
Jun 04 14:45:34 devstack cinder-volume[86522]: DEBUG cinder.manager [None req-af8c9d51-eabe-4a45-86d8-9bc2ea627fc5 tempest-ServersNegativeTestJSON-1196861304 None] Notifying Schedulers of capabilities ... {{(pid=86522) _publish_service_capabilities /opt/stack/cinder/cinder/manager.py:202}}
Jun 04 14:45:34 devstack cinder-volume[86522]: INFO cinder.volume.manager [None req-af8c9d51-eabe-4a45-86d8-9bc2ea627fc5 tempest-ServersNegativeTestJSON-1196861304 None] Deleted volume successfully.
Jun 04 14:45:34 devstack cinder-volume[86522]: DEBUG cinder.coordination [None req-af8c9d51-eabe-4a45-86d8-9bc2ea627fc5 tempest-ServersNegativeTestJSON-1196861304 None] Lock "cinder-70aa6128-7ee3-4b57-adb9-de22f499ac0b-delete_volume" released by "delete_volume" :: held 3.329s {{(pid=86522) __release /opt/stack/cinder/cinder/coordination.py:152}}
Jun 04 14:45:34 devstack sudo[90409]: pam_unix(sudo:session): session closed for user root
Jun 04 14:45:34 devstack cinder-volume[86522]: DEBUG oslo_concurrency.processutils [None req-97445633-fe1e-4550-93cc-fddd6bb21380 tempest-VolumeSnapshotQuotasNegativeTestJSON-708803386 None] CMD "sudo cinder-rootwrap /etc/cinder/rootwrap.conf qemu-img rebase -u -b volume-1e207ad1-41a1-4c51-b4de-e0ab7fab5899 -F qcow2 /opt/stack/data/cinder/mnt/5ddf20e0d558faaf6437d153f92ad42c/volume-1e207ad1-41a1-4c51-b4de-e0ab7fab5899.e17fd582-c445-49f3-9519-be7e9bb79797" returned: 0 in 0.892s {{(pid=86522) execute /opt/stack/data/venv/lib/python3.12/site-packages/oslo_concurrency/processutils.py:468}}
Jun 04 14:45:34 devstack cinder-volume[86522]: WARNING cinder.volume.drivers.remotefs [None req-97445633-fe1e-4550-93cc-fddd6bb21380 tempest-VolumeSnapshotQuotasNegativeTestJSON-708803386 None] /opt/stack/data/cinder/mnt/5ddf20e0d558faaf6437d153f92ad42c/volume-1e207ad1-41a1-4c51-b4de-e0ab7fab5899.e17fd582-c445-49f3-9519-be7e9bb79797 is being set with open permissions: ugo+rw
Jun 04 14:45:34 devstack cinder-volume[86522]: DEBUG oslo_concurrency.processutils [None req-97445633-fe1e-4550-93cc-fddd6bb21380 tempest-VolumeSnapshotQuotasNegativeTestJSON-708803386 None] Running cmd (subprocess): sudo cinder-rootwrap /etc/cinder/rootwrap.conf chmod ugo+rw /opt/stack/data/cinder/mnt/5ddf20e0d558faaf6437d153f92ad42c/volume-1e207ad1-41a1-4c51-b4de-e0ab7fab5899.e17fd582-c445-49f3-9519-be7e9bb79797 {{(pid=86522) execute /opt/stack/data/venv/lib/python3.12/site-packages/oslo_concurrency/processutils.py:440}}
Jun 04 14:45:34 devstack sudo[90450]: quobyte : PWD=/ ; USER=root ; COMMAND=/opt/stack/data/venv/bin/cinder-rootwrap /etc/cinder/rootwrap.conf chmod ugo+rw /opt/stack/data/cinder/mnt/5ddf20e0d558faaf6437d153f92ad42c/volume-1e207ad1-41a1-4c51-b4de-e0ab7fab5899.e17fd582-c445-49f3-9519-be7e9bb79797
Jun 04 14:45:34 devstack sudo[90450]: pam_unix(sudo:session): session opened for user root(uid=0) by (uid=1000)
Jun 04 14:45:35 devstack sudo[90450]: pam_unix(sudo:session): session closed for user root
Jun 04 14:45:35 devstack cinder-volume[86522]: DEBUG oslo_concurrency.processutils [None req-97445633-fe1e-4550-93cc-fddd6bb21380 tempest-VolumeSnapshotQuotasNegativeTestJSON-708803386 None] CMD "sudo cinder-rootwrap /etc/cinder/rootwrap.conf chmod ugo+rw /opt/stack/data/cinder/mnt/5ddf20e0d558faaf6437d153f92ad42c/volume-1e207ad1-41a1-4c51-b4de-e0ab7fab5899.e17fd582-c445-49f3-9519-be7e9bb79797" returned: 0 in 0.739s {{(pid=86522) execute /opt/stack/data/venv/lib/python3.12/site-packages/oslo_concurrency/processutils.py:468}}
Jun 04 14:45:35 devstack cinder-volume[86522]: DEBUG oslo_concurrency.processutils [None req-97445633-fe1e-4550-93cc-fddd6bb21380 tempest-VolumeSnapshotQuotasNegativeTestJSON-708803386 None] Running cmd (subprocess): sudo cinder-rootwrap /etc/cinder/rootwrap.conf truncate -s0 /opt/stack/data/cinder/mnt/5ddf20e0d558faaf6437d153f92ad42c/volume-1e207ad1-41a1-4c51-b4de-e0ab7fab5899.info {{(pid=86522) execute /opt/stack/data/venv/lib/python3.12/site-packages/oslo_concurrency/processutils.py:440}}
Jun 04 14:45:35 devstack sudo[90454]: quobyte : PWD=/ ; USER=root ; COMMAND=/opt/stack/data/venv/bin/cinder-rootwrap /etc/cinder/rootwrap.conf truncate -s0 /opt/stack/data/cinder/mnt/5ddf20e0d558faaf6437d153f92ad42c/volume-1e207ad1-41a1-4c51-b4de-e0ab7fab5899.info
Jun 04 14:45:35 devstack sudo[90454]: pam_unix(sudo:session): session opened for user root(uid=0) by (uid=1000)
Jun 04 14:45:36 devstack sudo[90454]: pam_unix(sudo:session): session closed for user root
Jun 04 14:45:36 devstack cinder-volume[86522]: DEBUG oslo_concurrency.processutils [None req-97445633-fe1e-4550-93cc-fddd6bb21380 tempest-VolumeSnapshotQuotasNegativeTestJSON-708803386 None] CMD "sudo cinder-rootwrap /etc/cinder/rootwrap.conf truncate -s0 /opt/stack/data/cinder/mnt/5ddf20e0d558faaf6437d153f92ad42c/volume-1e207ad1-41a1-4c51-b4de-e0ab7fab5899.info" returned: 0 in 0.744s {{(pid=86522) execute /opt/stack/data/venv/lib/python3.12/site-packages/oslo_concurrency/processutils.py:468}}
Jun 04 14:45:36 devstack cinder-volume[86522]: WARNING cinder.volume.drivers.remotefs [None req-97445633-fe1e-4550-93cc-fddd6bb21380 tempest-VolumeSnapshotQuotasNegativeTestJSON-708803386 None] /opt/stack/data/cinder/mnt/5ddf20e0d558faaf6437d153f92ad42c/volume-1e207ad1-41a1-4c51-b4de-e0ab7fab5899.info is being set with open permissions: ugo+rw
Jun 04 14:45:36 devstack cinder-volume[86522]: DEBUG oslo_concurrency.processutils [None req-97445633-fe1e-4550-93cc-fddd6bb21380 tempest-VolumeSnapshotQuotasNegativeTestJSON-708803386 None] Running cmd (subprocess): sudo cinder-rootwrap /etc/cinder/rootwrap.conf chmod ugo+rw /opt/stack/data/cinder/mnt/5ddf20e0d558faaf6437d153f92ad42c/volume-1e207ad1-41a1-4c51-b4de-e0ab7fab5899.info {{(pid=86522) execute /opt/stack/data/venv/lib/python3.12/site-packages/oslo_concurrency/processutils.py:440}}
Jun 04 14:45:36 devstack sudo[90492]: quobyte : PWD=/ ; USER=root ; COMMAND=/opt/stack/data/venv/bin/cinder-rootwrap /etc/cinder/rootwrap.conf chmod ugo+rw /opt/stack/data/cinder/mnt/5ddf20e0d558faaf6437d153f92ad42c/volume-1e207ad1-41a1-4c51-b4de-e0ab7fab5899.info
Jun 04 14:45:36 devstack sudo[90492]: pam_unix(sudo:session): session opened for user root(uid=0) by (uid=1000)
Jun 04 14:45:36 devstack sudo[90492]: pam_unix(sudo:session): session closed for user root
Jun 04 14:45:36 devstack cinder-volume[86522]: DEBUG oslo_concurrency.processutils [None req-97445633-fe1e-4550-93cc-fddd6bb21380 tempest-VolumeSnapshotQuotasNegativeTestJSON-708803386 None] CMD "sudo cinder-rootwrap /etc/cinder/rootwrap.conf chmod ugo+rw /opt/stack/data/cinder/mnt/5ddf20e0d558faaf6437d153f92ad42c/volume-1e207ad1-41a1-4c51-b4de-e0ab7fab5899.info" returned: 0 in 0.668s {{(pid=86522) execute /opt/stack/data/venv/lib/python3.12/site-packages/oslo_concurrency/processutils.py:468}}
Jun 04 14:45:36 devstack cinder-volume[86522]: DEBUG oslo_concurrency.lockutils [None req-97445633-fe1e-4550-93cc-fddd6bb21380 tempest-VolumeSnapshotQuotasNegativeTestJSON-708803386 None] Lock "quobyte" "released" by "cinder.volume.drivers.quobyte.QuobyteDriver.create_snapshot" :: held 5.635s {{(pid=86522) inner /opt/stack/data/venv/lib/python3.12/site-packages/oslo_concurrency/lockutils.py:538}}
Jun 04 14:45:36 devstack cinder-volume[86522]: INFO cinder.volume.manager [None req-97445633-fe1e-4550-93cc-fddd6bb21380 tempest-VolumeSnapshotQuotasNegativeTestJSON-708803386 None] Create snapshot completed successfully
Jun 04 14:45:37 devstack cinder-volume[86522]: DEBUG cinder.coordination [None req-d92991fa-7f06-47bf-92ee-2e0e48141116 tempest-VolumeSnapshotQuotasNegativeTestJSON-708803386 None] Acquiring lock "cinder-e17fd582-c445-49f3-9519-be7e9bb79797-delete_snapshot" by "delete_snapshot" {{(pid=86522) __acquire /opt/stack/cinder/cinder/coordination.py:138}}
Jun 04 14:45:37 devstack cinder-volume[86522]: DEBUG cinder.coordination [None req-d92991fa-7f06-47bf-92ee-2e0e48141116 tempest-VolumeSnapshotQuotasNegativeTestJSON-708803386 None] Lock "cinder-e17fd582-c445-49f3-9519-be7e9bb79797-delete_snapshot" acquired by "delete_snapshot" :: waited 0.022s {{(pid=86522) __acquire /opt/stack/cinder/cinder/coordination.py:141}}
Jun 04 14:45:37 devstack cinder-volume[86522]: DEBUG cinder.coordination [None req-d92991fa-7f06-47bf-92ee-2e0e48141116 tempest-VolumeSnapshotQuotasNegativeTestJSON-708803386 None] Acquiring lock "cinder-quobyte-1e207ad1-41a1-4c51-b4de-e0ab7fab5899" by "delete_snapshot" {{(pid=86522) __acquire /opt/stack/cinder/cinder/coordination.py:138}}
Jun 04 14:45:37 devstack cinder-volume[86522]: DEBUG cinder.coordination [None req-d92991fa-7f06-47bf-92ee-2e0e48141116 tempest-VolumeSnapshotQuotasNegativeTestJSON-708803386 None] Lock "cinder-quobyte-1e207ad1-41a1-4c51-b4de-e0ab7fab5899" acquired by "delete_snapshot" :: waited 0.017s {{(pid=86522) __acquire /opt/stack/cinder/cinder/coordination.py:141}}
Jun 04 14:45:37 devstack cinder-volume[86522]: DEBUG cinder.coordination [None req-d92991fa-7f06-47bf-92ee-2e0e48141116 tempest-VolumeSnapshotQuotasNegativeTestJSON-708803386 None] Acquiring lock "cinder-quobyte-e17fd582-c445-49f3-9519-be7e9bb79797" by "_delete_snapshot" {{(pid=86522) __acquire /opt/stack/cinder/cinder/coordination.py:138}}
Jun 04 14:45:37 devstack cinder-volume[86522]: DEBUG cinder.coordination [None req-d92991fa-7f06-47bf-92ee-2e0e48141116 tempest-VolumeSnapshotQuotasNegativeTestJSON-708803386 None] Lock "cinder-quobyte-e17fd582-c445-49f3-9519-be7e9bb79797" acquired by "_delete_snapshot" :: waited 0.014s {{(pid=86522) __acquire /opt/stack/cinder/cinder/coordination.py:141}}
Jun 04 14:45:37 devstack cinder-volume[86522]: DEBUG cinder.volume.drivers.remotefs [None req-d92991fa-7f06-47bf-92ee-2e0e48141116 tempest-VolumeSnapshotQuotasNegativeTestJSON-708803386 None] Deleting offline snapshot e17fd582-c445-49f3-9519-be7e9bb79797 of volume 1e207ad1-41a1-4c51-b4de-e0ab7fab5899 {{(pid=86522) _delete_snapshot /opt/stack/cinder/cinder/volume/drivers/remotefs.py:1288}}
Jun 04 14:45:37 devstack cinder-volume[86522]: DEBUG cinder.volume.drivers.remotefs [None req-d92991fa-7f06-47bf-92ee-2e0e48141116 tempest-VolumeSnapshotQuotasNegativeTestJSON-708803386 None] snapshot_file for this snap is: volume-1e207ad1-41a1-4c51-b4de-e0ab7fab5899.e17fd582-c445-49f3-9519-be7e9bb79797 {{(pid=86522) _delete_snapshot /opt/stack/cinder/cinder/volume/drivers/remotefs.py:1317}}
Jun 04 14:45:37 devstack cinder-volume[86522]: DEBUG oslo.privsep.daemon [-] privsep: reply[5162b826-ede6-4381-a5fe-81befeaebd54]: (4, 'qcow2') {{(pid=87871) _call_back /opt/stack/data/venv/lib/python3.12/site-packages/oslo_privsep/daemon.py:573}}
Jun 04 14:45:37 devstack cinder-volume[86522]: DEBUG oslo_concurrency.processutils [None req-d92991fa-7f06-47bf-92ee-2e0e48141116 tempest-VolumeSnapshotQuotasNegativeTestJSON-708803386 None] Running cmd (subprocess): /opt/stack/data/venv/bin/python3.12 -m oslo_concurrency.prlimit --as=1073741824 --cpu=60 -- sudo cinder-rootwrap /etc/cinder/rootwrap.conf env LC_ALL=C qemu-img info -f qcow2 --output=json --force-share /opt/stack/data/cinder/mnt/5ddf20e0d558faaf6437d153f92ad42c/volume-1e207ad1-41a1-4c51-b4de-e0ab7fab5899.e17fd582-c445-49f3-9519-be7e9bb79797 {{(pid=86522) execute /opt/stack/data/venv/lib/python3.12/site-packages/oslo_concurrency/processutils.py:440}}
Jun 04 14:45:38 devstack sudo[90505]: quobyte : PWD=/ ; USER=root ; COMMAND=/opt/stack/data/venv/bin/cinder-rootwrap /etc/cinder/rootwrap.conf env LC_ALL=C qemu-img info -f qcow2 --output=json --force-share /opt/stack/data/cinder/mnt/5ddf20e0d558faaf6437d153f92ad42c/volume-1e207ad1-41a1-4c51-b4de-e0ab7fab5899.e17fd582-c445-49f3-9519-be7e9bb79797
Jun 04 14:45:38 devstack sudo[90505]: pam_unix(sudo:session): session opened for user root(uid=0) by (uid=1000)
Jun 04 14:45:38 devstack sudo[90505]: pam_unix(sudo:session): session closed for user root
Jun 04 14:45:38 devstack cinder-volume[86522]: DEBUG oslo_concurrency.processutils [None req-d92991fa-7f06-47bf-92ee-2e0e48141116 tempest-VolumeSnapshotQuotasNegativeTestJSON-708803386 None] CMD "/opt/stack/data/venv/bin/python3.12 -m oslo_concurrency.prlimit --as=1073741824 --cpu=60 -- sudo cinder-rootwrap /etc/cinder/rootwrap.conf env LC_ALL=C qemu-img info -f qcow2 --output=json --force-share /opt/stack/data/cinder/mnt/5ddf20e0d558faaf6437d153f92ad42c/volume-1e207ad1-41a1-4c51-b4de-e0ab7fab5899.e17fd582-c445-49f3-9519-be7e9bb79797" returned: 0 in 0.769s {{(pid=86522) execute /opt/stack/data/venv/lib/python3.12/site-packages/oslo_concurrency/processutils.py:468}}
Jun 04 14:45:38 devstack cinder-volume[86522]: DEBUG cinder.volume.drivers.remotefs [None req-d92991fa-7f06-47bf-92ee-2e0e48141116 tempest-VolumeSnapshotQuotasNegativeTestJSON-708803386 None] Fetching qemu-img info with special backing_file_template: (/opt/stack/data/cinder/mnt/[0-9a-f]+/)?(volume-1e207ad1-41a1-4c51-b4de-e0ab7fab5899(.(tmp-snap-)?[0-9a-f-]+)?|volume_from_snapshot_cache/(tmp-snap-)?[0-9a-f-]+(.(child-|parent-)[0-9a-f-]+)?)$ {{(pid=86522) _qemu_img_info_base /opt/stack/cinder/cinder/volume/drivers/remotefs.py:896}}
Jun 04 14:45:38 devstack cinder-volume[86522]: DEBUG oslo.privsep.daemon [-] privsep: reply[8df54367-815a-480b-a0b6-6ee66fbdc478]: (4, 'qcow2') {{(pid=87871) _call_back /opt/stack/data/venv/lib/python3.12/site-packages/oslo_privsep/daemon.py:573}}
Jun 04 14:45:38 devstack cinder-volume[86522]: DEBUG oslo_concurrency.processutils [None req-d92991fa-7f06-47bf-92ee-2e0e48141116 tempest-VolumeSnapshotQuotasNegativeTestJSON-708803386 None] Running cmd (subprocess): /opt/stack/data/venv/bin/python3.12 -m oslo_concurrency.prlimit --as=1073741824 --cpu=60 -- sudo cinder-rootwrap /etc/cinder/rootwrap.conf env LC_ALL=C qemu-img info -f qcow2 --output=json --force-share /opt/stack/data/cinder/mnt/5ddf20e0d558faaf6437d153f92ad42c/volume-1e207ad1-41a1-4c51-b4de-e0ab7fab5899 {{(pid=86522) execute /opt/stack/data/venv/lib/python3.12/site-packages/oslo_concurrency/processutils.py:440}}
Jun 04 14:45:38 devstack sudo[90512]: quobyte : PWD=/ ; USER=root ; COMMAND=/opt/stack/data/venv/bin/cinder-rootwrap /etc/cinder/rootwrap.conf env LC_ALL=C qemu-img info -f qcow2 --output=json --force-share /opt/stack/data/cinder/mnt/5ddf20e0d558faaf6437d153f92ad42c/volume-1e207ad1-41a1-4c51-b4de-e0ab7fab5899
Jun 04 14:45:38 devstack sudo[90512]: pam_unix(sudo:session): session opened for user root(uid=0) by (uid=1000)
Jun 04 14:45:39 devstack sudo[90512]: pam_unix(sudo:session): session closed for user root
Jun 04 14:45:39 devstack cinder-volume[86522]: DEBUG oslo_concurrency.processutils [None req-d92991fa-7f06-47bf-92ee-2e0e48141116 tempest-VolumeSnapshotQuotasNegativeTestJSON-708803386 None] CMD "/opt/stack/data/venv/bin/python3.12 -m oslo_concurrency.prlimit --as=1073741824 --cpu=60 -- sudo cinder-rootwrap /etc/cinder/rootwrap.conf env LC_ALL=C qemu-img info -f qcow2 --output=json --force-share /opt/stack/data/cinder/mnt/5ddf20e0d558faaf6437d153f92ad42c/volume-1e207ad1-41a1-4c51-b4de-e0ab7fab5899" returned: 0 in 0.899s {{(pid=86522) execute /opt/stack/data/venv/lib/python3.12/site-packages/oslo_concurrency/processutils.py:468}}
Jun 04 14:45:39 devstack cinder-volume[86522]: DEBUG oslo_concurrency.processutils [None req-d92991fa-7f06-47bf-92ee-2e0e48141116 tempest-VolumeSnapshotQuotasNegativeTestJSON-708803386 None] Running cmd (subprocess): sudo cinder-rootwrap /etc/cinder/rootwrap.conf qemu-img commit -d /opt/stack/data/cinder/mnt/5ddf20e0d558faaf6437d153f92ad42c/volume-1e207ad1-41a1-4c51-b4de-e0ab7fab5899.e17fd582-c445-49f3-9519-be7e9bb79797 {{(pid=86522) execute /opt/stack/data/venv/lib/python3.12/site-packages/oslo_concurrency/processutils.py:440}}
Jun 04 14:45:39 devstack sudo[90517]: quobyte : PWD=/ ; USER=root ; COMMAND=/opt/stack/data/venv/bin/cinder-rootwrap /etc/cinder/rootwrap.conf qemu-img commit -d /opt/stack/data/cinder/mnt/5ddf20e0d558faaf6437d153f92ad42c/volume-1e207ad1-41a1-4c51-b4de-e0ab7fab5899.e17fd582-c445-49f3-9519-be7e9bb79797
Jun 04 14:45:39 devstack sudo[90517]: pam_unix(sudo:session): session opened for user root(uid=0) by (uid=1000)
Jun 04 14:45:40 devstack sudo[90517]: pam_unix(sudo:session): session closed for user root
Jun 04 14:45:40 devstack cinder-volume[86522]: DEBUG oslo_concurrency.processutils [None req-d92991fa-7f06-47bf-92ee-2e0e48141116 tempest-VolumeSnapshotQuotasNegativeTestJSON-708803386 None] CMD "sudo cinder-rootwrap /etc/cinder/rootwrap.conf qemu-img commit -d /opt/stack/data/cinder/mnt/5ddf20e0d558faaf6437d153f92ad42c/volume-1e207ad1-41a1-4c51-b4de-e0ab7fab5899.e17fd582-c445-49f3-9519-be7e9bb79797" returned: 0 in 0.862s {{(pid=86522) execute /opt/stack/data/venv/lib/python3.12/site-packages/oslo_concurrency/processutils.py:468}}
Jun 04 14:45:40 devstack cinder-volume[86522]: DEBUG oslo_concurrency.processutils [None req-d92991fa-7f06-47bf-92ee-2e0e48141116 tempest-VolumeSnapshotQuotasNegativeTestJSON-708803386 None] Running cmd (subprocess): sudo cinder-rootwrap /etc/cinder/rootwrap.conf rm -f /opt/stack/data/cinder/mnt/5ddf20e0d558faaf6437d153f92ad42c/volume-1e207ad1-41a1-4c51-b4de-e0ab7fab5899.e17fd582-c445-49f3-9519-be7e9bb79797 {{(pid=86522) execute /opt/stack/data/venv/lib/python3.12/site-packages/oslo_concurrency/processutils.py:440}}
Jun 04 14:45:40 devstack sudo[90523]: quobyte : PWD=/ ; USER=root ; COMMAND=/opt/stack/data/venv/bin/cinder-rootwrap /etc/cinder/rootwrap.conf rm -f /opt/stack/data/cinder/mnt/5ddf20e0d558faaf6437d153f92ad42c/volume-1e207ad1-41a1-4c51-b4de-e0ab7fab5899.e17fd582-c445-49f3-9519-be7e9bb79797
Jun 04 14:45:40 devstack sudo[90523]: pam_unix(sudo:session): session opened for user root(uid=0) by (uid=1000)
Jun 04 14:45:41 devstack sudo[90523]: pam_unix(sudo:session): session closed for user root
Jun 04 14:45:41 devstack cinder-volume[86522]: DEBUG oslo_concurrency.processutils [None req-d92991fa-7f06-47bf-92ee-2e0e48141116 tempest-VolumeSnapshotQuotasNegativeTestJSON-708803386 None] CMD "sudo cinder-rootwrap /etc/cinder/rootwrap.conf rm -f /opt/stack/data/cinder/mnt/5ddf20e0d558faaf6437d153f92ad42c/volume-1e207ad1-41a1-4c51-b4de-e0ab7fab5899.e17fd582-c445-49f3-9519-be7e9bb79797" returned: 0 in 0.691s {{(pid=86522) execute /opt/stack/data/venv/lib/python3.12/site-packages/oslo_concurrency/processutils.py:468}}
Jun 04 14:45:41 devstack cinder-volume[86522]: DEBUG cinder.coordination [None req-d92991fa-7f06-47bf-92ee-2e0e48141116 tempest-VolumeSnapshotQuotasNegativeTestJSON-708803386 None] Lock "cinder-quobyte-e17fd582-c445-49f3-9519-be7e9bb79797" released by "_delete_snapshot" :: held 3.379s {{(pid=86522) __release /opt/stack/cinder/cinder/coordination.py:152}}
Jun 04 14:45:41 devstack cinder-volume[86522]: DEBUG cinder.coordination [None req-d92991fa-7f06-47bf-92ee-2e0e48141116 tempest-VolumeSnapshotQuotasNegativeTestJSON-708803386 None] Lock "cinder-quobyte-1e207ad1-41a1-4c51-b4de-e0ab7fab5899" released by "delete_snapshot" :: held 3.411s {{(pid=86522) __release /opt/stack/cinder/cinder/coordination.py:152}}
Jun 04 14:45:41 devstack cinder-volume[86522]: WARNING cinder.quota [None req-d92991fa-7f06-47bf-92ee-2e0e48141116 tempest-VolumeSnapshotQuotasNegativeTestJSON-708803386 None] Deprecated: Default quota for resource: snapshots_QuobyteHD is set by the default quota flag: quota_snapshots_QuobyteHD, it is now deprecated. Please use the default quota class for default quota.
Jun 04 14:45:41 devstack cinder-volume[86522]: DEBUG cinder.quota [None req-d92991fa-7f06-47bf-92ee-2e0e48141116 tempest-VolumeSnapshotQuotasNegativeTestJSON-708803386 None] Created reservations ['4cf0b853-cf92-4703-8a4a-db67dc354a97', 'f53c3471-d6a8-4149-bf29-9b7662ac22c2', 'f62dd15a-6106-4251-a64c-99519b7b4e42', 'c2d27d6a-fa3c-4379-8fbd-b695a2bdcc58'] {{(pid=86522) reserve /opt/stack/cinder/cinder/quota.py:752}}
Jun 04 14:45:41 devstack cinder-volume[86522]: INFO cinder.volume.manager [None req-d92991fa-7f06-47bf-92ee-2e0e48141116 tempest-VolumeSnapshotQuotasNegativeTestJSON-708803386 None] Delete snapshot completed successfully.
Jun 04 14:45:41 devstack cinder-volume[86522]: DEBUG cinder.coordination [None req-d92991fa-7f06-47bf-92ee-2e0e48141116 tempest-VolumeSnapshotQuotasNegativeTestJSON-708803386 None] Lock "cinder-e17fd582-c445-49f3-9519-be7e9bb79797-delete_snapshot" released by "delete_snapshot" :: held 3.617s {{(pid=86522) __release /opt/stack/cinder/cinder/coordination.py:152}}
Jun 04 14:45:42 devstack cinder-volume[86522]: DEBUG cinder.coordination [None req-437d2cca-07ee-4131-bbae-0ae2a084421c tempest-VolumeSnapshotQuotasNegativeTestJSON-708803386 None] Acquiring lock "cinder-1e207ad1-41a1-4c51-b4de-e0ab7fab5899-delete_volume" by "delete_volume" {{(pid=86522) __acquire /opt/stack/cinder/cinder/coordination.py:138}}
Jun 04 14:45:42 devstack cinder-volume[86522]: DEBUG cinder.coordination [None req-437d2cca-07ee-4131-bbae-0ae2a084421c tempest-VolumeSnapshotQuotasNegativeTestJSON-708803386 None] Lock "cinder-1e207ad1-41a1-4c51-b4de-e0ab7fab5899-delete_volume" acquired by "delete_volume" :: waited 0.024s {{(pid=86522) __acquire /opt/stack/cinder/cinder/coordination.py:141}}
Jun 04 14:45:42 devstack cinder-volume[86522]: DEBUG cinder.coordination [None req-437d2cca-07ee-4131-bbae-0ae2a084421c tempest-VolumeSnapshotQuotasNegativeTestJSON-708803386 None] Acquiring lock "cinder-quobyte-1e207ad1-41a1-4c51-b4de-e0ab7fab5899" by "delete_volume" {{(pid=86522) __acquire /opt/stack/cinder/cinder/coordination.py:138}}
Jun 04 14:45:42 devstack cinder-volume[86522]: DEBUG cinder.coordination [None req-437d2cca-07ee-4131-bbae-0ae2a084421c tempest-VolumeSnapshotQuotasNegativeTestJSON-708803386 None] Lock "cinder-quobyte-1e207ad1-41a1-4c51-b4de-e0ab7fab5899" acquired by "delete_volume" :: waited 0.023s {{(pid=86522) __acquire /opt/stack/cinder/cinder/coordination.py:141}}
Jun 04 14:45:42 devstack cinder-volume[86522]: DEBUG oslo.privsep.daemon [-] privsep: reply[91a5e971-ee15-43df-86fb-1c5dc4bc6b52]: (4, 'qcow2') {{(pid=87871) _call_back /opt/stack/data/venv/lib/python3.12/site-packages/oslo_privsep/daemon.py:573}}
Jun 04 14:45:42 devstack cinder-volume[86522]: DEBUG oslo_concurrency.processutils [None req-437d2cca-07ee-4131-bbae-0ae2a084421c tempest-VolumeSnapshotQuotasNegativeTestJSON-708803386 None] Running cmd (subprocess): /opt/stack/data/venv/bin/python3.12 -m oslo_concurrency.prlimit --as=1073741824 --cpu=60 -- sudo cinder-rootwrap /etc/cinder/rootwrap.conf env LC_ALL=C qemu-img info -f qcow2 --output=json --force-share /opt/stack/data/cinder/mnt/5ddf20e0d558faaf6437d153f92ad42c/volume-1e207ad1-41a1-4c51-b4de-e0ab7fab5899 {{(pid=86522) execute /opt/stack/data/venv/lib/python3.12/site-packages/oslo_concurrency/processutils.py:440}}
Jun 04 14:45:42 devstack sudo[90526]: quobyte : PWD=/ ; USER=root ; COMMAND=/opt/stack/data/venv/bin/cinder-rootwrap /etc/cinder/rootwrap.conf env LC_ALL=C qemu-img info -f qcow2 --output=json --force-share /opt/stack/data/cinder/mnt/5ddf20e0d558faaf6437d153f92ad42c/volume-1e207ad1-41a1-4c51-b4de-e0ab7fab5899
Jun 04 14:45:42 devstack sudo[90526]: pam_unix(sudo:session): session opened for user root(uid=0) by (uid=1000)
Jun 04 14:45:43 devstack sudo[90526]: pam_unix(sudo:session): session closed for user root
Jun 04 14:45:43 devstack cinder-volume[86522]: DEBUG oslo_concurrency.processutils [None req-437d2cca-07ee-4131-bbae-0ae2a084421c tempest-VolumeSnapshotQuotasNegativeTestJSON-708803386 None] CMD "/opt/stack/data/venv/bin/python3.12 -m oslo_concurrency.prlimit --as=1073741824 --cpu=60 -- sudo cinder-rootwrap /etc/cinder/rootwrap.conf env LC_ALL=C qemu-img info -f qcow2 --output=json --force-share /opt/stack/data/cinder/mnt/5ddf20e0d558faaf6437d153f92ad42c/volume-1e207ad1-41a1-4c51-b4de-e0ab7fab5899" returned: 0 in 0.896s {{(pid=86522) execute /opt/stack/data/venv/lib/python3.12/site-packages/oslo_concurrency/processutils.py:468}}
Jun 04 14:45:43 devstack cinder-volume[86522]: DEBUG oslo_concurrency.processutils [None req-437d2cca-07ee-4131-bbae-0ae2a084421c tempest-VolumeSnapshotQuotasNegativeTestJSON-708803386 None] Running cmd (subprocess): sudo cinder-rootwrap /etc/cinder/rootwrap.conf rm -f /opt/stack/data/cinder/mnt/5ddf20e0d558faaf6437d153f92ad42c/volume-1e207ad1-41a1-4c51-b4de-e0ab7fab5899 {{(pid=86522) execute /opt/stack/data/venv/lib/python3.12/site-packages/oslo_concurrency/processutils.py:440}}
Jun 04 14:45:43 devstack sudo[90533]: quobyte : PWD=/ ; USER=root ; COMMAND=/opt/stack/data/venv/bin/cinder-rootwrap /etc/cinder/rootwrap.conf rm -f /opt/stack/data/cinder/mnt/5ddf20e0d558faaf6437d153f92ad42c/volume-1e207ad1-41a1-4c51-b4de-e0ab7fab5899
Jun 04 14:45:43 devstack sudo[90533]: pam_unix(sudo:session): session opened for user root(uid=0) by (uid=1000)
Jun 04 14:45:43 devstack sudo[90533]: pam_unix(sudo:session): session closed for user root
Jun 04 14:45:43 devstack cinder-volume[86522]: DEBUG oslo_concurrency.processutils [None req-437d2cca-07ee-4131-bbae-0ae2a084421c tempest-VolumeSnapshotQuotasNegativeTestJSON-708803386 None] CMD "sudo cinder-rootwrap /etc/cinder/rootwrap.conf rm -f /opt/stack/data/cinder/mnt/5ddf20e0d558faaf6437d153f92ad42c/volume-1e207ad1-41a1-4c51-b4de-e0ab7fab5899" returned: 0 in 0.651s {{(pid=86522) execute /opt/stack/data/venv/lib/python3.12/site-packages/oslo_concurrency/processutils.py:468}}
Jun 04 14:45:43 devstack cinder-volume[86522]: DEBUG cinder.coordination [None req-437d2cca-07ee-4131-bbae-0ae2a084421c tempest-VolumeSnapshotQuotasNegativeTestJSON-708803386 None] Lock "cinder-quobyte-1e207ad1-41a1-4c51-b4de-e0ab7fab5899" released by "delete_volume" :: held 1.619s {{(pid=86522) __release /opt/stack/cinder/cinder/coordination.py:152}}
Jun 04 14:45:44 devstack cinder-volume[86522]: DEBUG cinder.quota [None req-437d2cca-07ee-4131-bbae-0ae2a084421c tempest-VolumeSnapshotQuotasNegativeTestJSON-708803386 None] Created reservations ['e3de1468-3e1b-49fd-ad24-f10e0cf3c83e', '38393b2c-dbf9-42a2-b064-17c8cc6246a2', '47b0cfec-cd8d-4758-8ab4-a34b92a8bcc5', 'e19348ed-fc70-45a7-8f6d-c2d6e37fb1d5'] {{(pid=86522) reserve /opt/stack/cinder/cinder/quota.py:752}}
Jun 04 14:45:44 devstack cinder-volume[86522]: DEBUG oslo_concurrency.lockutils [None req-437d2cca-07ee-4131-bbae-0ae2a084421c tempest-VolumeSnapshotQuotasNegativeTestJSON-708803386 None] Acquiring lock "quobyte_ensure" by "cinder.volume.drivers.quobyte.QuobyteDriver._ensure_shares_mounted" {{(pid=86522) inner /opt/stack/data/venv/lib/python3.12/site-packages/oslo_concurrency/lockutils.py:506}}
Jun 04 14:45:44 devstack cinder-volume[86522]: DEBUG oslo_concurrency.lockutils [None req-437d2cca-07ee-4131-bbae-0ae2a084421c tempest-VolumeSnapshotQuotasNegativeTestJSON-708803386 None] Lock "quobyte_ensure" acquired by "cinder.volume.drivers.quobyte.QuobyteDriver._ensure_shares_mounted" :: waited 0.001s {{(pid=86522) inner /opt/stack/data/venv/lib/python3.12/site-packages/oslo_concurrency/lockutils.py:519}}
Jun 04 14:45:44 devstack cinder-volume[86522]: DEBUG cinder.volume.drivers.quobyte [None req-437d2cca-07ee-4131-bbae-0ae2a084421c tempest-VolumeSnapshotQuotasNegativeTestJSON-708803386 None] Quobyte Volume URL set to: {'osci02.corp.quobyte.com/cinder-vol-9875da60-788e-4687-a5fb-87bb07429975': None} {{(pid=86522) _load_shares_config /opt/stack/cinder/cinder/volume/drivers/quobyte.py:617}}
Jun 04 14:45:44 devstack cinder-volume[86522]: DEBUG cinder.volume.drivers.quobyte [None req-437d2cca-07ee-4131-bbae-0ae2a084421c tempest-VolumeSnapshotQuotasNegativeTestJSON-708803386 None] Available shares ['osci02.corp.quobyte.com/cinder-vol-9875da60-788e-4687-a5fb-87bb07429975'] {{(pid=86522) _ensure_shares_mounted /opt/stack/cinder/cinder/volume/drivers/quobyte.py:647}}
Jun 04 14:45:44 devstack cinder-volume[86522]: DEBUG oslo_concurrency.lockutils [None req-437d2cca-07ee-4131-bbae-0ae2a084421c tempest-VolumeSnapshotQuotasNegativeTestJSON-708803386 None] Lock "quobyte_ensure" "released" by "cinder.volume.drivers.quobyte.QuobyteDriver._ensure_shares_mounted" :: held 0.016s {{(pid=86522) inner /opt/stack/data/venv/lib/python3.12/site-packages/oslo_concurrency/lockutils.py:538}}
Jun 04 14:45:44 devstack cinder-volume[86522]: DEBUG oslo_concurrency.processutils [None req-437d2cca-07ee-4131-bbae-0ae2a084421c tempest-VolumeSnapshotQuotasNegativeTestJSON-708803386 None] Running cmd (subprocess): sudo cinder-rootwrap /etc/cinder/rootwrap.conf df --portability --block-size 1 /opt/stack/data/cinder/mnt/5ddf20e0d558faaf6437d153f92ad42c {{(pid=86522) execute /opt/stack/data/venv/lib/python3.12/site-packages/oslo_concurrency/processutils.py:440}}
Jun 04 14:45:44 devstack sudo[90536]: quobyte : PWD=/ ; USER=root ; COMMAND=/opt/stack/data/venv/bin/cinder-rootwrap /etc/cinder/rootwrap.conf df --portability --block-size 1 /opt/stack/data/cinder/mnt/5ddf20e0d558faaf6437d153f92ad42c
Jun 04 14:45:44 devstack sudo[90536]: pam_unix(sudo:session): session opened for user root(uid=0) by (uid=1000)
Jun 04 14:45:45 devstack sudo[90536]: pam_unix(sudo:session): session closed for user root
Jun 04 14:45:45 devstack cinder-volume[86522]: DEBUG oslo_concurrency.processutils [None req-437d2cca-07ee-4131-bbae-0ae2a084421c tempest-VolumeSnapshotQuotasNegativeTestJSON-708803386 None] CMD "sudo cinder-rootwrap /etc/cinder/rootwrap.conf df --portability --block-size 1 /opt/stack/data/cinder/mnt/5ddf20e0d558faaf6437d153f92ad42c" returned: 0 in 0.944s {{(pid=86522) execute /opt/stack/data/venv/lib/python3.12/site-packages/oslo_concurrency/processutils.py:468}}
Jun 04 14:45:45 devstack cinder-volume[86522]: DEBUG cinder.manager [None req-437d2cca-07ee-4131-bbae-0ae2a084421c tempest-VolumeSnapshotQuotasNegativeTestJSON-708803386 None] Notifying Schedulers of capabilities ... {{(pid=86522) _publish_service_capabilities /opt/stack/cinder/cinder/manager.py:202}}
Jun 04 14:45:45 devstack cinder-volume[86522]: INFO cinder.volume.manager [None req-437d2cca-07ee-4131-bbae-0ae2a084421c tempest-VolumeSnapshotQuotasNegativeTestJSON-708803386 None] Deleted volume successfully.
Jun 04 14:45:45 devstack cinder-volume[86522]: DEBUG cinder.coordination [None req-437d2cca-07ee-4131-bbae-0ae2a084421c tempest-VolumeSnapshotQuotasNegativeTestJSON-708803386 None] Lock "cinder-1e207ad1-41a1-4c51-b4de-e0ab7fab5899-delete_volume" released by "delete_volume" :: held 2.828s {{(pid=86522) __release /opt/stack/cinder/cinder/coordination.py:152}}
Jun 04 14:45:50 devstack cinder-volume[86522]: DEBUG cinder.volume.flows.manager.create_volume [req-322156c2-de5a-4ff6-be12-197201209d22 req-78d87b77-4be4-43f4-b3be-8143643d8819 tempest-VolumesSnapshotsTestJSON-41003691 None] Volume reschedule parameters: True retry: {'num_attempts': 1, 'backends': ['devstack@QuobyteHD#QuobyteHD'], 'hosts': ['devstack@QuobyteHD#QuobyteHD']} {{(pid=86522) get_flow /opt/stack/cinder/cinder/volume/flows/manager/create_volume.py:1388}}
Jun 04 14:45:50 devstack cinder-volume[86522]: DEBUG cinder.volume.manager [req-322156c2-de5a-4ff6-be12-197201209d22 req-78d87b77-4be4-43f4-b3be-8143643d8819 tempest-VolumesSnapshotsTestJSON-41003691 None] Flow 'volume_create_manager' (300c351a-6940-44b5-90fd-86aa6bbe4ebb) transitioned into state 'RUNNING' from state 'PENDING' {{(pid=86522) _flow_receiver /opt/stack/data/venv/lib/python3.12/site-packages/taskflow/listeners/logging.py:145}}
Jun 04 14:45:50 devstack cinder-volume[86522]: DEBUG cinder.volume.manager [req-322156c2-de5a-4ff6-be12-197201209d22 req-78d87b77-4be4-43f4-b3be-8143643d8819 tempest-VolumesSnapshotsTestJSON-41003691 None] Task 'cinder.volume.flows.manager.create_volume.ExtractVolumeRefTask;volume:create' (14bdaf3a-cbc9-4ffa-a711-2988f43cb9a5) transitioned into state 'RUNNING' from state 'PENDING' {{(pid=86522) _task_receiver /opt/stack/data/venv/lib/python3.12/site-packages/taskflow/listeners/logging.py:194}}
