Aug 28 11:15:10 devstack cinder-volume[85708]: INFO cinder.volume.flows.manager.create_volume [req-1678a3cb-ad35-42e7-8d4b-72ca20909764 req-62d6154f-d57f-4c48-a7c1-b5e13942c1a6 tempest-VolumesSnapshotsTestJSON-1263232438 None] Volume a42c4407-7a06-4288-953f-dab58aff65ca: being created as raw with specification: {'status': 'creating', 'volume_name': 'volume-a42c4407-7a06-4288-953f-dab58aff65ca', 'volume_size': 1}
Aug 28 11:15:10 devstack cinder-volume[85708]: DEBUG oslo_concurrency.lockutils [req-1678a3cb-ad35-42e7-8d4b-72ca20909764 req-62d6154f-d57f-4c48-a7c1-b5e13942c1a6 tempest-VolumesSnapshotsTestJSON-1263232438 None] Acquiring lock "quobyte" by "cinder.volume.drivers.quobyte.QuobyteDriver.create_volume" {{(pid=85708) inner /opt/stack/data/venv/lib/python3.12/site-packages/oslo_concurrency/lockutils.py:512}}
Aug 28 11:15:10 devstack cinder-volume[85708]: DEBUG oslo_concurrency.lockutils [req-1678a3cb-ad35-42e7-8d4b-72ca20909764 req-62d6154f-d57f-4c48-a7c1-b5e13942c1a6 tempest-VolumesSnapshotsTestJSON-1263232438 None] Lock "quobyte" acquired by "cinder.volume.drivers.quobyte.QuobyteDriver.create_volume" :: waited 0.002s {{(pid=85708) inner /opt/stack/data/venv/lib/python3.12/site-packages/oslo_concurrency/lockutils.py:525}}
Aug 28 11:15:10 devstack cinder-volume[85708]: DEBUG cinder.volume.drivers.quobyte [req-1678a3cb-ad35-42e7-8d4b-72ca20909764 req-62d6154f-d57f-4c48-a7c1-b5e13942c1a6 tempest-VolumesSnapshotsTestJSON-1263232438 None] ==> create_volume: call "{'self': , 'volume': Volume(_name_id=None,admin_metadata=,attach_status='detached',availability_zone='nova',bootable=False,cluster=,cluster_name=None,consistencygroup=,consistencygroup_id=None,created_at=2026-08-28T09:15:10Z,deleted=False,deleted_at=None,display_description=None,display_name='tempest-VolumesSnapshotsTestJSON-volume-1679397201',ec2_id=None,encryption_key_id=None,glance_metadata=,group=,group_id=None,host='devstack@QuobyteHD#QuobyteHD',id=a42c4407-7a06-4288-953f-dab58aff65ca,launched_at=None,metadata={},migration_status=None,multiattach=False,previous_status=None,project_id='b28707279f1c4769b5a77fa13f2203fe',provider_auth=None,provider_geometry=None,provider_id=None,provider_location=None,replication_driver_data=None,replication_extended_status=None,replication_status=None,scheduled_at=2026-08-28T09:15:10Z,service_uuid=None,shared_targets=True,size=1,snapshot_id=None,snapshots=,source_volid=None,status='creating',terminated_at=None,updated_at=2026-08-28T09:15:10Z,use_quota=True,user_id='4ddda3086b5943f7aa90442b9885f305',volume_attachment=VolumeAttachmentList,volume_type=VolumeType(e86c590a-76e5-4d0f-bb1b-bb53db800f2b),volume_type_id=e86c590a-76e5-4d0f-bb1b-bb53db800f2b)}" {{(pid=85708) trace_logging_wrapper /opt/stack/cinder/cinder/volume/volume_utils.py:1497}}
Aug 28 11:15:10 devstack cinder-volume[85708]: DEBUG cinder.volume.drivers.remotefs [req-1678a3cb-ad35-42e7-8d4b-72ca20909764 req-62d6154f-d57f-4c48-a7c1-b5e13942c1a6 tempest-VolumesSnapshotsTestJSON-1263232438 None] Creating volume a42c4407-7a06-4288-953f-dab58aff65ca {{(pid=85708) create_volume /opt/stack/cinder/cinder/volume/drivers/remotefs.py:292}}
Aug 28 11:15:10 devstack cinder-volume[85708]: DEBUG oslo_concurrency.lockutils [req-1678a3cb-ad35-42e7-8d4b-72ca20909764 req-62d6154f-d57f-4c48-a7c1-b5e13942c1a6 tempest-VolumesSnapshotsTestJSON-1263232438 None] Acquiring lock "quobyte_ensure" by "cinder.volume.drivers.quobyte.QuobyteDriver._ensure_shares_mounted" {{(pid=85708) inner /opt/stack/data/venv/lib/python3.12/site-packages/oslo_concurrency/lockutils.py:512}}
Aug 28 11:15:10 devstack cinder-volume[85708]: DEBUG oslo_concurrency.lockutils [req-1678a3cb-ad35-42e7-8d4b-72ca20909764 req-62d6154f-d57f-4c48-a7c1-b5e13942c1a6 tempest-VolumesSnapshotsTestJSON-1263232438 None] Lock "quobyte_ensure" acquired by "cinder.volume.drivers.quobyte.QuobyteDriver._ensure_shares_mounted" :: waited 0.000s {{(pid=85708) inner /opt/stack/data/venv/lib/python3.12/site-packages/oslo_concurrency/lockutils.py:525}}
Aug 28 11:15:10 devstack cinder-volume[85708]: DEBUG cinder.volume.drivers.quobyte [req-1678a3cb-ad35-42e7-8d4b-72ca20909764 req-62d6154f-d57f-4c48-a7c1-b5e13942c1a6 tempest-VolumesSnapshotsTestJSON-1263232438 None] Quobyte Volume URL set to: {'osci02.corp.quobyte.com/cinder-vol-aa6b59ac-8f06-45e4-8519-7482c58eaab6': None} {{(pid=85708) _load_shares_config /opt/stack/cinder/cinder/volume/drivers/quobyte.py:662}}
Aug 28 11:15:10 devstack cinder-volume[85708]: DEBUG cinder.volume.drivers.quobyte [req-1678a3cb-ad35-42e7-8d4b-72ca20909764 req-62d6154f-d57f-4c48-a7c1-b5e13942c1a6 tempest-VolumesSnapshotsTestJSON-1263232438 None] Available shares ['osci02.corp.quobyte.com/cinder-vol-aa6b59ac-8f06-45e4-8519-7482c58eaab6'] {{(pid=85708) _ensure_shares_mounted /opt/stack/cinder/cinder/volume/drivers/quobyte.py:692}}
Aug 28 11:15:10 devstack cinder-volume[85708]: DEBUG oslo_concurrency.lockutils [req-1678a3cb-ad35-42e7-8d4b-72ca20909764 req-62d6154f-d57f-4c48-a7c1-b5e13942c1a6 tempest-VolumesSnapshotsTestJSON-1263232438 None] Lock "quobyte_ensure" "released" by "cinder.volume.drivers.quobyte.QuobyteDriver._ensure_shares_mounted" :: held 0.014s {{(pid=85708) inner /opt/stack/data/venv/lib/python3.12/site-packages/oslo_concurrency/lockutils.py:544}}
Aug 28 11:15:10 devstack cinder-volume[85708]: DEBUG cinder.volume.drivers.quobyte [req-1678a3cb-ad35-42e7-8d4b-72ca20909764 req-62d6154f-d57f-4c48-a7c1-b5e13942c1a6 tempest-VolumesSnapshotsTestJSON-1263232438 None] Selected osci02.corp.quobyte.com/cinder-vol-aa6b59ac-8f06-45e4-8519-7482c58eaab6 as target Quobyte volume. {{(pid=85708) _find_share /opt/stack/cinder/cinder/volume/drivers/quobyte.py:713}}
Aug 28 11:15:10 devstack cinder-volume[85708]: INFO cinder.volume.drivers.remotefs [req-1678a3cb-ad35-42e7-8d4b-72ca20909764 req-62d6154f-d57f-4c48-a7c1-b5e13942c1a6 tempest-VolumesSnapshotsTestJSON-1263232438 None] casted to osci02.corp.quobyte.com/cinder-vol-aa6b59ac-8f06-45e4-8519-7482c58eaab6
Aug 28 11:15:10 devstack cinder-volume[85708]: DEBUG oslo_concurrency.processutils [req-1678a3cb-ad35-42e7-8d4b-72ca20909764 req-62d6154f-d57f-4c48-a7c1-b5e13942c1a6 tempest-VolumesSnapshotsTestJSON-1263232438 None] Running cmd (subprocess): sudo cinder-rootwrap /etc/cinder/rootwrap.conf qemu-img create -f qcow2 -o preallocation=metadata /opt/stack/data/cinder/mnt/8145bf8e9666151e2b419f11d903e9e2/volume-a42c4407-7a06-4288-953f-dab58aff65ca 1073741824 {{(pid=85708) execute /opt/stack/data/venv/lib/python3.12/site-packages/oslo_concurrency/processutils.py:440}}
Aug 28 11:15:10 devstack sudo[92353]: quobyte : PWD=/ ; USER=root ; COMMAND=/opt/stack/data/venv/bin/cinder-rootwrap /etc/cinder/rootwrap.conf qemu-img create -f qcow2 -o preallocation=metadata /opt/stack/data/cinder/mnt/8145bf8e9666151e2b419f11d903e9e2/volume-a42c4407-7a06-4288-953f-dab58aff65ca 1073741824
Aug 28 11:15:10 devstack sudo[92353]: pam_unix(sudo:session): session opened for user root(uid=0) by (uid=1000)
Aug 28 11:15:11 devstack cinder-volume[85708]: DEBUG cinder.coordination [None req-3c442c52-da74-4667-9241-17e3d37f30e4 tempest-SnapshotMetadataTestJSON-1031216810 None] Acquiring lock "cinder-fefb921d-5ba9-48af-9789-0fce1426c242-delete_volume" by "delete_volume" {{(pid=85708) __acquire /opt/stack/cinder/cinder/coordination.py:138}}
Aug 28 11:15:11 devstack sudo[92353]: pam_unix(sudo:session): session closed for user root
Aug 28 11:15:11 devstack cinder-volume[85708]: DEBUG cinder.coordination [None req-3c442c52-da74-4667-9241-17e3d37f30e4 tempest-SnapshotMetadataTestJSON-1031216810 None] Lock "cinder-fefb921d-5ba9-48af-9789-0fce1426c242-delete_volume" acquired by "delete_volume" :: waited 0.025s {{(pid=85708) __acquire /opt/stack/cinder/cinder/coordination.py:141}}
Aug 28 11:15:11 devstack cinder-volume[85708]: DEBUG oslo_concurrency.processutils [req-1678a3cb-ad35-42e7-8d4b-72ca20909764 req-62d6154f-d57f-4c48-a7c1-b5e13942c1a6 tempest-VolumesSnapshotsTestJSON-1263232438 None] CMD "sudo cinder-rootwrap /etc/cinder/rootwrap.conf qemu-img create -f qcow2 -o preallocation=metadata /opt/stack/data/cinder/mnt/8145bf8e9666151e2b419f11d903e9e2/volume-a42c4407-7a06-4288-953f-dab58aff65ca 1073741824" returned: 0 in 0.621s {{(pid=85708) execute /opt/stack/data/venv/lib/python3.12/site-packages/oslo_concurrency/processutils.py:468}}
Aug 28 11:15:11 devstack cinder-volume[85708]: DEBUG cinder.coordination [None req-3c442c52-da74-4667-9241-17e3d37f30e4 tempest-SnapshotMetadataTestJSON-1031216810 None] Acquiring lock "cinder-quobyte-fefb921d-5ba9-48af-9789-0fce1426c242" by "delete_volume" {{(pid=85708) __acquire /opt/stack/cinder/cinder/coordination.py:138}}
Aug 28 11:15:11 devstack cinder-volume[85708]: DEBUG cinder.coordination [None req-3c442c52-da74-4667-9241-17e3d37f30e4 tempest-SnapshotMetadataTestJSON-1031216810 None] Lock "cinder-quobyte-fefb921d-5ba9-48af-9789-0fce1426c242" acquired by "delete_volume" :: waited 0.023s {{(pid=85708) __acquire /opt/stack/cinder/cinder/coordination.py:141}}
Aug 28 11:15:11 devstack cinder-volume[85708]: DEBUG oslo_concurrency.processutils [req-1678a3cb-ad35-42e7-8d4b-72ca20909764 req-62d6154f-d57f-4c48-a7c1-b5e13942c1a6 tempest-VolumesSnapshotsTestJSON-1263232438 None] Running cmd (subprocess): sudo cinder-rootwrap /etc/cinder/rootwrap.conf chmod ugo+rw /opt/stack/data/cinder/mnt/8145bf8e9666151e2b419f11d903e9e2/volume-a42c4407-7a06-4288-953f-dab58aff65ca {{(pid=85708) execute /opt/stack/data/venv/lib/python3.12/site-packages/oslo_concurrency/processutils.py:440}}
Aug 28 11:15:11 devstack cinder-volume[85708]: DEBUG oslo.privsep.daemon [-] privsep: reply[48e71044-43c4-4ec9-b7df-7a0f51e014ed]: (4, 'qcow2') {{(pid=86943) _call_back /opt/stack/data/venv/lib/python3.12/site-packages/oslo_privsep/daemon.py:580}}
Aug 28 11:15:11 devstack cinder-volume[85708]: DEBUG oslo_concurrency.processutils [None req-3c442c52-da74-4667-9241-17e3d37f30e4 tempest-SnapshotMetadataTestJSON-1031216810 None] Running cmd (subprocess): /opt/stack/data/venv/bin/python3.12 -m oslo_concurrency.prlimit --as=1073741824 --cpu=60 -- sudo cinder-rootwrap /etc/cinder/rootwrap.conf env LC_ALL=C qemu-img info -f qcow2 --output=json --force-share /opt/stack/data/cinder/mnt/8145bf8e9666151e2b419f11d903e9e2/volume-fefb921d-5ba9-48af-9789-0fce1426c242 {{(pid=85708) execute /opt/stack/data/venv/lib/python3.12/site-packages/oslo_concurrency/processutils.py:440}}
Aug 28 11:15:11 devstack sudo[92394]: quobyte : PWD=/ ; USER=root ; COMMAND=/opt/stack/data/venv/bin/cinder-rootwrap /etc/cinder/rootwrap.conf chmod ugo+rw /opt/stack/data/cinder/mnt/8145bf8e9666151e2b419f11d903e9e2/volume-a42c4407-7a06-4288-953f-dab58aff65ca
Aug 28 11:15:11 devstack sudo[92394]: pam_unix(sudo:session): session opened for user root(uid=0) by (uid=1000)
Aug 28 11:15:11 devstack sudo[92395]: quobyte : PWD=/ ; USER=root ; COMMAND=/opt/stack/data/venv/bin/cinder-rootwrap /etc/cinder/rootwrap.conf env LC_ALL=C qemu-img info -f qcow2 --output=json --force-share /opt/stack/data/cinder/mnt/8145bf8e9666151e2b419f11d903e9e2/volume-fefb921d-5ba9-48af-9789-0fce1426c242
Aug 28 11:15:11 devstack sudo[92395]: pam_unix(sudo:session): session opened for user root(uid=0) by (uid=1000)
Aug 28 11:15:11 devstack sudo[92394]: pam_unix(sudo:session): session closed for user root
Aug 28 11:15:11 devstack cinder-volume[85708]: DEBUG oslo_concurrency.processutils [req-1678a3cb-ad35-42e7-8d4b-72ca20909764 req-62d6154f-d57f-4c48-a7c1-b5e13942c1a6 tempest-VolumesSnapshotsTestJSON-1263232438 None] CMD "sudo cinder-rootwrap /etc/cinder/rootwrap.conf chmod ugo+rw /opt/stack/data/cinder/mnt/8145bf8e9666151e2b419f11d903e9e2/volume-a42c4407-7a06-4288-953f-dab58aff65ca" returned: 0 in 0.509s {{(pid=85708) execute /opt/stack/data/venv/lib/python3.12/site-packages/oslo_concurrency/processutils.py:468}}
Aug 28 11:15:11 devstack cinder-volume[85708]: DEBUG cinder.volume.drivers.quobyte [req-1678a3cb-ad35-42e7-8d4b-72ca20909764 req-62d6154f-d57f-4c48-a7c1-b5e13942c1a6 tempest-VolumesSnapshotsTestJSON-1263232438 None] <== create_volume: return (1290ms) {'provider_location': 'osci02.corp.quobyte.com/cinder-vol-aa6b59ac-8f06-45e4-8519-7482c58eaab6'} {{(pid=85708) trace_logging_wrapper /opt/stack/cinder/cinder/volume/volume_utils.py:1522}}
Aug 28 11:15:11 devstack cinder-volume[85708]: DEBUG oslo_concurrency.lockutils [req-1678a3cb-ad35-42e7-8d4b-72ca20909764 req-62d6154f-d57f-4c48-a7c1-b5e13942c1a6 tempest-VolumesSnapshotsTestJSON-1263232438 None] Lock "quobyte" "released" by "cinder.volume.drivers.quobyte.QuobyteDriver.create_volume" :: held 1.295s {{(pid=85708) inner /opt/stack/data/venv/lib/python3.12/site-packages/oslo_concurrency/lockutils.py:544}}
Aug 28 11:15:12 devstack cinder-volume[85708]: DEBUG cinder.volume.manager [req-1678a3cb-ad35-42e7-8d4b-72ca20909764 req-62d6154f-d57f-4c48-a7c1-b5e13942c1a6 tempest-VolumesSnapshotsTestJSON-1263232438 None] Task 'cinder.volume.flows.manager.create_volume.CreateVolumeFromSpecTask;volume:create' (7164769c-44c8-459e-b8c5-8ab9b09939c7) transitioned into state 'SUCCESS' from state 'RUNNING' with result '{'status': 'creating', 'volume_name': 'volume-a42c4407-7a06-4288-953f-dab58aff65ca', 'volume_size': 1}' {{(pid=85708) _task_receiver /opt/stack/data/venv/lib/python3.12/site-packages/taskflow/listeners/logging.py:218}}
Aug 28 11:15:12 devstack cinder-volume[85708]: DEBUG cinder.volume.manager [req-1678a3cb-ad35-42e7-8d4b-72ca20909764 req-62d6154f-d57f-4c48-a7c1-b5e13942c1a6 tempest-VolumesSnapshotsTestJSON-1263232438 None] Task 'cinder.volume.flows.manager.create_volume.CreateVolumeOnFinishTask;volume:create, create.end' (3e0e52bc-ce12-43e9-8599-22721776bebe) transitioned into state 'RUNNING' from state 'PENDING' {{(pid=85708) _task_receiver /opt/stack/data/venv/lib/python3.12/site-packages/taskflow/listeners/logging.py:242}}
Aug 28 11:15:12 devstack cinder-volume[85708]: INFO cinder.volume.flows.manager.create_volume [req-1678a3cb-ad35-42e7-8d4b-72ca20909764 req-62d6154f-d57f-4c48-a7c1-b5e13942c1a6 tempest-VolumesSnapshotsTestJSON-1263232438 None] Volume volume-a42c4407-7a06-4288-953f-dab58aff65ca (a42c4407-7a06-4288-953f-dab58aff65ca): created successfully
Aug 28 11:15:12 devstack cinder-volume[85708]: DEBUG cinder.volume.manager [req-1678a3cb-ad35-42e7-8d4b-72ca20909764 req-62d6154f-d57f-4c48-a7c1-b5e13942c1a6 tempest-VolumesSnapshotsTestJSON-1263232438 None] Task 'cinder.volume.flows.manager.create_volume.CreateVolumeOnFinishTask;volume:create, create.end' (3e0e52bc-ce12-43e9-8599-22721776bebe) transitioned into state 'SUCCESS' from state 'RUNNING' with result 'None' {{(pid=85708) _task_receiver /opt/stack/data/venv/lib/python3.12/site-packages/taskflow/listeners/logging.py:218}}
Aug 28 11:15:12 devstack cinder-volume[85708]: DEBUG cinder.volume.manager [req-1678a3cb-ad35-42e7-8d4b-72ca20909764 req-62d6154f-d57f-4c48-a7c1-b5e13942c1a6 tempest-VolumesSnapshotsTestJSON-1263232438 None] Flow 'volume_create_manager' (f20425aa-f29b-4acd-b5de-c1fdd29f42b4) transitioned into state 'SUCCESS' from state 'RUNNING' {{(pid=85708) _flow_receiver /opt/stack/data/venv/lib/python3.12/site-packages/taskflow/listeners/logging.py:160}}
Aug 28 11:15:12 devstack cinder-volume[85708]: INFO cinder.volume.manager [req-1678a3cb-ad35-42e7-8d4b-72ca20909764 req-62d6154f-d57f-4c48-a7c1-b5e13942c1a6 tempest-VolumesSnapshotsTestJSON-1263232438 None] Created volume successfully.
Aug 28 11:15:12 devstack sudo[92395]: pam_unix(sudo:session): session closed for user root
Aug 28 11:15:12 devstack cinder-volume[85708]: DEBUG oslo_concurrency.processutils [None req-3c442c52-da74-4667-9241-17e3d37f30e4 tempest-SnapshotMetadataTestJSON-1031216810 None] CMD "/opt/stack/data/venv/bin/python3.12 -m oslo_concurrency.prlimit --as=1073741824 --cpu=60 -- sudo cinder-rootwrap /etc/cinder/rootwrap.conf env LC_ALL=C qemu-img info -f qcow2 --output=json --force-share /opt/stack/data/cinder/mnt/8145bf8e9666151e2b419f11d903e9e2/volume-fefb921d-5ba9-48af-9789-0fce1426c242" returned: 0 in 0.696s {{(pid=85708) execute /opt/stack/data/venv/lib/python3.12/site-packages/oslo_concurrency/processutils.py:468}}
Aug 28 11:15:12 devstack cinder-volume[85708]: DEBUG oslo_concurrency.processutils [None req-3c442c52-da74-4667-9241-17e3d37f30e4 tempest-SnapshotMetadataTestJSON-1031216810 None] Running cmd (subprocess): sudo cinder-rootwrap /etc/cinder/rootwrap.conf rm -f /opt/stack/data/cinder/mnt/8145bf8e9666151e2b419f11d903e9e2/volume-fefb921d-5ba9-48af-9789-0fce1426c242 {{(pid=85708) execute /opt/stack/data/venv/lib/python3.12/site-packages/oslo_concurrency/processutils.py:440}}
Aug 28 11:15:12 devstack sudo[92405]: quobyte : PWD=/ ; USER=root ; COMMAND=/opt/stack/data/venv/bin/cinder-rootwrap /etc/cinder/rootwrap.conf rm -f /opt/stack/data/cinder/mnt/8145bf8e9666151e2b419f11d903e9e2/volume-fefb921d-5ba9-48af-9789-0fce1426c242
Aug 28 11:15:12 devstack sudo[92405]: pam_unix(sudo:session): session opened for user root(uid=0) by (uid=1000)
Aug 28 11:15:12 devstack sudo[92405]: pam_unix(sudo:session): session closed for user root
Aug 28 11:15:12 devstack cinder-volume[85708]: DEBUG oslo_concurrency.processutils [None req-3c442c52-da74-4667-9241-17e3d37f30e4 tempest-SnapshotMetadataTestJSON-1031216810 None] CMD "sudo cinder-rootwrap /etc/cinder/rootwrap.conf rm -f /opt/stack/data/cinder/mnt/8145bf8e9666151e2b419f11d903e9e2/volume-fefb921d-5ba9-48af-9789-0fce1426c242" returned: 0 in 0.339s {{(pid=85708) execute /opt/stack/data/venv/lib/python3.12/site-packages/oslo_concurrency/processutils.py:468}}
Aug 28 11:15:12 devstack cinder-volume[85708]: DEBUG cinder.coordination [None req-3c442c52-da74-4667-9241-17e3d37f30e4 tempest-SnapshotMetadataTestJSON-1031216810 None] Lock "cinder-quobyte-fefb921d-5ba9-48af-9789-0fce1426c242" released by "delete_volume" :: held 1.172s {{(pid=85708) __release /opt/stack/cinder/cinder/coordination.py:152}}
Aug 28 11:15:12 devstack cinder-volume[85708]: DEBUG cinder.quota [None req-3c442c52-da74-4667-9241-17e3d37f30e4 tempest-SnapshotMetadataTestJSON-1031216810 None] Created reservations ['249501f3-e700-4502-bfa7-da6b52f50457', '553f20d7-ce5b-4fd7-bc04-8bda07ec881c', '87b94d1f-f23f-400b-9a07-a5804e970a58', 'db78a480-0131-47f4-9a65-b5ecb16fbbe7'] {{(pid=85708) reserve /opt/stack/cinder/cinder/quota.py:752}}
Aug 28 11:15:12 devstack cinder-volume[85708]: DEBUG oslo_concurrency.lockutils [None req-3c442c52-da74-4667-9241-17e3d37f30e4 tempest-SnapshotMetadataTestJSON-1031216810 None] Acquiring lock "quobyte_ensure" by "cinder.volume.drivers.quobyte.QuobyteDriver._ensure_shares_mounted" {{(pid=85708) inner /opt/stack/data/venv/lib/python3.12/site-packages/oslo_concurrency/lockutils.py:512}}
Aug 28 11:15:12 devstack cinder-volume[85708]: DEBUG oslo_concurrency.lockutils [None req-3c442c52-da74-4667-9241-17e3d37f30e4 tempest-SnapshotMetadataTestJSON-1031216810 None] Lock "quobyte_ensure" acquired by "cinder.volume.drivers.quobyte.QuobyteDriver._ensure_shares_mounted" :: waited 0.001s {{(pid=85708) inner /opt/stack/data/venv/lib/python3.12/site-packages/oslo_concurrency/lockutils.py:525}}
Aug 28 11:15:13 devstack cinder-volume[85708]: DEBUG cinder.volume.drivers.quobyte [None req-3c442c52-da74-4667-9241-17e3d37f30e4 tempest-SnapshotMetadataTestJSON-1031216810 None] Quobyte Volume URL set to: {'osci02.corp.quobyte.com/cinder-vol-aa6b59ac-8f06-45e4-8519-7482c58eaab6': None} {{(pid=85708) _load_shares_config /opt/stack/cinder/cinder/volume/drivers/quobyte.py:662}}
Aug 28 11:15:13 devstack cinder-volume[85708]: DEBUG cinder.volume.drivers.quobyte [None req-3c442c52-da74-4667-9241-17e3d37f30e4 tempest-SnapshotMetadataTestJSON-1031216810 None] Available shares ['osci02.corp.quobyte.com/cinder-vol-aa6b59ac-8f06-45e4-8519-7482c58eaab6'] {{(pid=85708) _ensure_shares_mounted /opt/stack/cinder/cinder/volume/drivers/quobyte.py:692}}
Aug 28 11:15:13 devstack cinder-volume[85708]: DEBUG oslo_concurrency.lockutils [None req-3c442c52-da74-4667-9241-17e3d37f30e4 tempest-SnapshotMetadataTestJSON-1031216810 None] Lock "quobyte_ensure" "released" by "cinder.volume.drivers.quobyte.QuobyteDriver._ensure_shares_mounted" :: held 0.025s {{(pid=85708) inner /opt/stack/data/venv/lib/python3.12/site-packages/oslo_concurrency/lockutils.py:544}}
Aug 28 11:15:13 devstack cinder-volume[85708]: DEBUG oslo_concurrency.processutils [None req-3c442c52-da74-4667-9241-17e3d37f30e4 tempest-SnapshotMetadataTestJSON-1031216810 None] Running cmd (subprocess): sudo cinder-rootwrap /etc/cinder/rootwrap.conf df --portability --block-size 1 /opt/stack/data/cinder/mnt/8145bf8e9666151e2b419f11d903e9e2 {{(pid=85708) execute /opt/stack/data/venv/lib/python3.12/site-packages/oslo_concurrency/processutils.py:440}}
Aug 28 11:15:13 devstack sudo[92444]: quobyte : PWD=/ ; USER=root ; COMMAND=/opt/stack/data/venv/bin/cinder-rootwrap /etc/cinder/rootwrap.conf df --portability --block-size 1 /opt/stack/data/cinder/mnt/8145bf8e9666151e2b419f11d903e9e2
Aug 28 11:15:13 devstack sudo[92444]: pam_unix(sudo:session): session opened for user root(uid=0) by (uid=1000)
Aug 28 11:15:13 devstack sudo[92444]: pam_unix(sudo:session): session closed for user root
Aug 28 11:15:13 devstack cinder-volume[85708]: DEBUG oslo_concurrency.processutils [None req-3c442c52-da74-4667-9241-17e3d37f30e4 tempest-SnapshotMetadataTestJSON-1031216810 None] CMD "sudo cinder-rootwrap /etc/cinder/rootwrap.conf df --portability --block-size 1 /opt/stack/data/cinder/mnt/8145bf8e9666151e2b419f11d903e9e2" returned: 0 in 0.401s {{(pid=85708) execute /opt/stack/data/venv/lib/python3.12/site-packages/oslo_concurrency/processutils.py:468}}
Aug 28 11:15:13 devstack cinder-volume[85708]: DEBUG cinder.manager [None req-3c442c52-da74-4667-9241-17e3d37f30e4 tempest-SnapshotMetadataTestJSON-1031216810 None] Notifying Schedulers of capabilities ... {{(pid=85708) _publish_service_capabilities /opt/stack/cinder/cinder/manager.py:219}}
Aug 28 11:15:13 devstack cinder-volume[85708]: INFO cinder.volume.manager [None req-3c442c52-da74-4667-9241-17e3d37f30e4 tempest-SnapshotMetadataTestJSON-1031216810 None] Deleted volume successfully.
Aug 28 11:15:13 devstack cinder-volume[85708]: DEBUG cinder.coordination [None req-3c442c52-da74-4667-9241-17e3d37f30e4 tempest-SnapshotMetadataTestJSON-1031216810 None] Lock "cinder-fefb921d-5ba9-48af-9789-0fce1426c242-delete_volume" released by "delete_volume" :: held 2.223s {{(pid=85708) __release /opt/stack/cinder/cinder/coordination.py:152}}
Aug 28 11:15:13 devstack cinder-volume[85708]: DEBUG oslo_concurrency.lockutils [req-b37bd43d-1516-4eae-a834-dbaa8dc29642 req-cb3d901d-759d-4d09-a6ff-e262aaf41500 tempest-VolumesSnapshotsTestJSON-1263232438 None] Acquiring lock "quobyte" by "cinder.volume.drivers.quobyte.QuobyteDriver.create_snapshot" {{(pid=85708) inner /opt/stack/data/venv/lib/python3.12/site-packages/oslo_concurrency/lockutils.py:512}}
Aug 28 11:15:13 devstack cinder-volume[85708]: DEBUG oslo_concurrency.lockutils [req-b37bd43d-1516-4eae-a834-dbaa8dc29642 req-cb3d901d-759d-4d09-a6ff-e262aaf41500 tempest-VolumesSnapshotsTestJSON-1263232438 None] Lock "quobyte" acquired by "cinder.volume.drivers.quobyte.QuobyteDriver.create_snapshot" :: waited 0.004s {{(pid=85708) inner /opt/stack/data/venv/lib/python3.12/site-packages/oslo_concurrency/lockutils.py:525}}
Aug 28 11:15:13 devstack cinder-volume[85708]: DEBUG cinder.volume.drivers.remotefs [req-b37bd43d-1516-4eae-a834-dbaa8dc29642 req-cb3d901d-759d-4d09-a6ff-e262aaf41500 tempest-VolumesSnapshotsTestJSON-1263232438 None] Creating offline snapshot 1bff909b-dbed-4829-a8a5-0bf4730d3e75 of volume a42c4407-7a06-4288-953f-dab58aff65ca {{(pid=85708) _create_snapshot /opt/stack/cinder/cinder/volume/drivers/remotefs.py:1816}}
Aug 28 11:15:13 devstack cinder-volume[85708]: DEBUG oslo.privsep.daemon [-] privsep: reply[f6566db5-6dec-4327-ac9c-66c9e9aa3042]: (4, 'qcow2') {{(pid=86943) _call_back /opt/stack/data/venv/lib/python3.12/site-packages/oslo_privsep/daemon.py:580}}
Aug 28 11:15:13 devstack cinder-volume[85708]: DEBUG oslo_concurrency.processutils [req-b37bd43d-1516-4eae-a834-dbaa8dc29642 req-cb3d901d-759d-4d09-a6ff-e262aaf41500 tempest-VolumesSnapshotsTestJSON-1263232438 None] Running cmd (subprocess): /opt/stack/data/venv/bin/python3.12 -m oslo_concurrency.prlimit --as=1073741824 --cpu=60 -- sudo cinder-rootwrap /etc/cinder/rootwrap.conf env LC_ALL=C qemu-img info -f qcow2 --output=json --force-share /opt/stack/data/cinder/mnt/8145bf8e9666151e2b419f11d903e9e2/volume-a42c4407-7a06-4288-953f-dab58aff65ca {{(pid=85708) execute /opt/stack/data/venv/lib/python3.12/site-packages/oslo_concurrency/processutils.py:440}}
Aug 28 11:15:13 devstack sudo[92468]: quobyte : PWD=/ ; USER=root ; COMMAND=/opt/stack/data/venv/bin/cinder-rootwrap /etc/cinder/rootwrap.conf env LC_ALL=C qemu-img info -f qcow2 --output=json --force-share /opt/stack/data/cinder/mnt/8145bf8e9666151e2b419f11d903e9e2/volume-a42c4407-7a06-4288-953f-dab58aff65ca
Aug 28 11:15:13 devstack sudo[92468]: pam_unix(sudo:session): session opened for user root(uid=0) by (uid=1000)
Aug 28 11:15:14 devstack sudo[92468]: pam_unix(sudo:session): session closed for user root
Aug 28 11:15:14 devstack cinder-volume[85708]: DEBUG oslo_concurrency.processutils [req-b37bd43d-1516-4eae-a834-dbaa8dc29642 req-cb3d901d-759d-4d09-a6ff-e262aaf41500 tempest-VolumesSnapshotsTestJSON-1263232438 None] CMD "/opt/stack/data/venv/bin/python3.12 -m oslo_concurrency.prlimit --as=1073741824 --cpu=60 -- sudo cinder-rootwrap /etc/cinder/rootwrap.conf env LC_ALL=C qemu-img info -f qcow2 --output=json --force-share /opt/stack/data/cinder/mnt/8145bf8e9666151e2b419f11d903e9e2/volume-a42c4407-7a06-4288-953f-dab58aff65ca" returned: 0 in 0.740s {{(pid=85708) execute /opt/stack/data/venv/lib/python3.12/site-packages/oslo_concurrency/processutils.py:468}}
Aug 28 11:15:14 devstack cinder-volume[85708]: DEBUG oslo_concurrency.processutils [req-b37bd43d-1516-4eae-a834-dbaa8dc29642 req-cb3d901d-759d-4d09-a6ff-e262aaf41500 tempest-VolumesSnapshotsTestJSON-1263232438 None] Running cmd (subprocess): sudo cinder-rootwrap /etc/cinder/rootwrap.conf qemu-img create -f qcow2 -o backing_file=/opt/stack/data/cinder/mnt/8145bf8e9666151e2b419f11d903e9e2/volume-a42c4407-7a06-4288-953f-dab58aff65ca,backing_fmt=qcow2 /opt/stack/data/cinder/mnt/8145bf8e9666151e2b419f11d903e9e2/volume-a42c4407-7a06-4288-953f-dab58aff65ca.1bff909b-dbed-4829-a8a5-0bf4730d3e75 1G {{(pid=85708) execute /opt/stack/data/venv/lib/python3.12/site-packages/oslo_concurrency/processutils.py:440}}
Aug 28 11:15:14 devstack sudo[92483]: quobyte : PWD=/ ; USER=root ; COMMAND=/opt/stack/data/venv/bin/cinder-rootwrap /etc/cinder/rootwrap.conf qemu-img create -f qcow2 -o backing_file=/opt/stack/data/cinder/mnt/8145bf8e9666151e2b419f11d903e9e2/volume-a42c4407-7a06-4288-953f-dab58aff65ca,backing_fmt=qcow2 /opt/stack/data/cinder/mnt/8145bf8e9666151e2b419f11d903e9e2/volume-a42c4407-7a06-4288-953f-dab58aff65ca.1bff909b-dbed-4829-a8a5-0bf4730d3e75 1G
Aug 28 11:15:14 devstack sudo[92483]: pam_unix(sudo:session): session opened for user root(uid=0) by (uid=1000)
Aug 28 11:15:15 devstack sudo[92483]: pam_unix(sudo:session): session closed for user root
Aug 28 11:15:15 devstack cinder-volume[85708]: DEBUG oslo_concurrency.processutils [req-b37bd43d-1516-4eae-a834-dbaa8dc29642 req-cb3d901d-759d-4d09-a6ff-e262aaf41500 tempest-VolumesSnapshotsTestJSON-1263232438 None] CMD "sudo cinder-rootwrap /etc/cinder/rootwrap.conf qemu-img create -f qcow2 -o backing_file=/opt/stack/data/cinder/mnt/8145bf8e9666151e2b419f11d903e9e2/volume-a42c4407-7a06-4288-953f-dab58aff65ca,backing_fmt=qcow2 /opt/stack/data/cinder/mnt/8145bf8e9666151e2b419f11d903e9e2/volume-a42c4407-7a06-4288-953f-dab58aff65ca.1bff909b-dbed-4829-a8a5-0bf4730d3e75 1G" returned: 0 in 1.077s {{(pid=85708) execute /opt/stack/data/venv/lib/python3.12/site-packages/oslo_concurrency/processutils.py:468}}
Aug 28 11:15:15 devstack cinder-volume[85708]: DEBUG oslo_concurrency.processutils [req-b37bd43d-1516-4eae-a834-dbaa8dc29642 req-cb3d901d-759d-4d09-a6ff-e262aaf41500 tempest-VolumesSnapshotsTestJSON-1263232438 None] Running cmd (subprocess): sudo cinder-rootwrap /etc/cinder/rootwrap.conf qemu-img rebase -u -b volume-a42c4407-7a06-4288-953f-dab58aff65ca -F qcow2 /opt/stack/data/cinder/mnt/8145bf8e9666151e2b419f11d903e9e2/volume-a42c4407-7a06-4288-953f-dab58aff65ca.1bff909b-dbed-4829-a8a5-0bf4730d3e75 {{(pid=85708) execute /opt/stack/data/venv/lib/python3.12/site-packages/oslo_concurrency/processutils.py:440}}
Aug 28 11:15:15 devstack sudo[92492]: quobyte : PWD=/ ; USER=root ; COMMAND=/opt/stack/data/venv/bin/cinder-rootwrap /etc/cinder/rootwrap.conf qemu-img rebase -u -b volume-a42c4407-7a06-4288-953f-dab58aff65ca -F qcow2 /opt/stack/data/cinder/mnt/8145bf8e9666151e2b419f11d903e9e2/volume-a42c4407-7a06-4288-953f-dab58aff65ca.1bff909b-dbed-4829-a8a5-0bf4730d3e75
Aug 28 11:15:15 devstack sudo[92492]: pam_unix(sudo:session): session opened for user root(uid=0) by (uid=1000)
Aug 28 11:15:16 devstack sudo[92492]: pam_unix(sudo:session): session closed for user root
Aug 28 11:15:16 devstack cinder-volume[85708]: DEBUG oslo_concurrency.processutils [req-b37bd43d-1516-4eae-a834-dbaa8dc29642 req-cb3d901d-759d-4d09-a6ff-e262aaf41500 tempest-VolumesSnapshotsTestJSON-1263232438 None] CMD "sudo cinder-rootwrap /etc/cinder/rootwrap.conf qemu-img rebase -u -b volume-a42c4407-7a06-4288-953f-dab58aff65ca -F qcow2 /opt/stack/data/cinder/mnt/8145bf8e9666151e2b419f11d903e9e2/volume-a42c4407-7a06-4288-953f-dab58aff65ca.1bff909b-dbed-4829-a8a5-0bf4730d3e75" returned: 0 in 0.752s {{(pid=85708) execute /opt/stack/data/venv/lib/python3.12/site-packages/oslo_concurrency/processutils.py:468}}
Aug 28 11:15:16 devstack cinder-volume[85708]: WARNING cinder.volume.drivers.remotefs [req-b37bd43d-1516-4eae-a834-dbaa8dc29642 req-cb3d901d-759d-4d09-a6ff-e262aaf41500 tempest-VolumesSnapshotsTestJSON-1263232438 None] /opt/stack/data/cinder/mnt/8145bf8e9666151e2b419f11d903e9e2/volume-a42c4407-7a06-4288-953f-dab58aff65ca.1bff909b-dbed-4829-a8a5-0bf4730d3e75 is being set with open permissions: ugo+rw
Aug 28 11:15:16 devstack cinder-volume[85708]: DEBUG oslo_concurrency.processutils [req-b37bd43d-1516-4eae-a834-dbaa8dc29642 req-cb3d901d-759d-4d09-a6ff-e262aaf41500 tempest-VolumesSnapshotsTestJSON-1263232438 None] Running cmd (subprocess): sudo cinder-rootwrap /etc/cinder/rootwrap.conf chmod ugo+rw /opt/stack/data/cinder/mnt/8145bf8e9666151e2b419f11d903e9e2/volume-a42c4407-7a06-4288-953f-dab58aff65ca.1bff909b-dbed-4829-a8a5-0bf4730d3e75 {{(pid=85708) execute /opt/stack/data/venv/lib/python3.12/site-packages/oslo_concurrency/processutils.py:440}}
Aug 28 11:15:16 devstack sudo[92498]: quobyte : PWD=/ ; USER=root ; COMMAND=/opt/stack/data/venv/bin/cinder-rootwrap /etc/cinder/rootwrap.conf chmod ugo+rw /opt/stack/data/cinder/mnt/8145bf8e9666151e2b419f11d903e9e2/volume-a42c4407-7a06-4288-953f-dab58aff65ca.1bff909b-dbed-4829-a8a5-0bf4730d3e75
Aug 28 11:15:16 devstack sudo[92498]: pam_unix(sudo:session): session opened for user root(uid=0) by (uid=1000)
Aug 28 11:15:16 devstack sudo[92498]: pam_unix(sudo:session): session closed for user root
Aug 28 11:15:16 devstack cinder-volume[85708]: DEBUG oslo_concurrency.processutils [req-b37bd43d-1516-4eae-a834-dbaa8dc29642 req-cb3d901d-759d-4d09-a6ff-e262aaf41500 tempest-VolumesSnapshotsTestJSON-1263232438 None] CMD "sudo cinder-rootwrap /etc/cinder/rootwrap.conf chmod ugo+rw /opt/stack/data/cinder/mnt/8145bf8e9666151e2b419f11d903e9e2/volume-a42c4407-7a06-4288-953f-dab58aff65ca.1bff909b-dbed-4829-a8a5-0bf4730d3e75" returned: 0 in 0.423s {{(pid=85708) execute /opt/stack/data/venv/lib/python3.12/site-packages/oslo_concurrency/processutils.py:468}}
Aug 28 11:15:16 devstack cinder-volume[85708]: DEBUG oslo_concurrency.processutils [req-b37bd43d-1516-4eae-a834-dbaa8dc29642 req-cb3d901d-759d-4d09-a6ff-e262aaf41500 tempest-VolumesSnapshotsTestJSON-1263232438 None] Running cmd (subprocess): sudo cinder-rootwrap /etc/cinder/rootwrap.conf truncate -s0 /opt/stack/data/cinder/mnt/8145bf8e9666151e2b419f11d903e9e2/volume-a42c4407-7a06-4288-953f-dab58aff65ca.info {{(pid=85708) execute /opt/stack/data/venv/lib/python3.12/site-packages/oslo_concurrency/processutils.py:440}}
Aug 28 11:15:16 devstack sudo[92503]: quobyte : PWD=/ ; USER=root ; COMMAND=/opt/stack/data/venv/bin/cinder-rootwrap /etc/cinder/rootwrap.conf truncate -s0 /opt/stack/data/cinder/mnt/8145bf8e9666151e2b419f11d903e9e2/volume-a42c4407-7a06-4288-953f-dab58aff65ca.info
Aug 28 11:15:16 devstack sudo[92503]: pam_unix(sudo:session): session opened for user root(uid=0) by (uid=1000)
Aug 28 11:15:17 devstack sudo[92503]: pam_unix(sudo:session): session closed for user root
Aug 28 11:15:17 devstack cinder-volume[85708]: DEBUG oslo_concurrency.processutils [req-b37bd43d-1516-4eae-a834-dbaa8dc29642 req-cb3d901d-759d-4d09-a6ff-e262aaf41500 tempest-VolumesSnapshotsTestJSON-1263232438 None] CMD "sudo cinder-rootwrap /etc/cinder/rootwrap.conf truncate -s0 /opt/stack/data/cinder/mnt/8145bf8e9666151e2b419f11d903e9e2/volume-a42c4407-7a06-4288-953f-dab58aff65ca.info" returned: 0 in 0.472s {{(pid=85708) execute /opt/stack/data/venv/lib/python3.12/site-packages/oslo_concurrency/processutils.py:468}}
Aug 28 11:15:17 devstack cinder-volume[85708]: WARNING cinder.volume.drivers.remotefs [req-b37bd43d-1516-4eae-a834-dbaa8dc29642 req-cb3d901d-759d-4d09-a6ff-e262aaf41500 tempest-VolumesSnapshotsTestJSON-1263232438 None] /opt/stack/data/cinder/mnt/8145bf8e9666151e2b419f11d903e9e2/volume-a42c4407-7a06-4288-953f-dab58aff65ca.info is being set with open permissions: ugo+rw
Aug 28 11:15:17 devstack cinder-volume[85708]: DEBUG oslo_concurrency.processutils [req-b37bd43d-1516-4eae-a834-dbaa8dc29642 req-cb3d901d-759d-4d09-a6ff-e262aaf41500 tempest-VolumesSnapshotsTestJSON-1263232438 None] Running cmd (subprocess): sudo cinder-rootwrap /etc/cinder/rootwrap.conf chmod ugo+rw /opt/stack/data/cinder/mnt/8145bf8e9666151e2b419f11d903e9e2/volume-a42c4407-7a06-4288-953f-dab58aff65ca.info {{(pid=85708) execute /opt/stack/data/venv/lib/python3.12/site-packages/oslo_concurrency/processutils.py:440}}
Aug 28 11:15:17 devstack sudo[92533]: quobyte : PWD=/ ; USER=root ; COMMAND=/opt/stack/data/venv/bin/cinder-rootwrap /etc/cinder/rootwrap.conf chmod ugo+rw /opt/stack/data/cinder/mnt/8145bf8e9666151e2b419f11d903e9e2/volume-a42c4407-7a06-4288-953f-dab58aff65ca.info
Aug 28 11:15:17 devstack sudo[92533]: pam_unix(sudo:session): session opened for user root(uid=0) by (uid=1000)
Aug 28 11:15:17 devstack sudo[92533]: pam_unix(sudo:session): session closed for user root
Aug 28 11:15:17 devstack cinder-volume[85708]: DEBUG oslo_concurrency.processutils [req-b37bd43d-1516-4eae-a834-dbaa8dc29642 req-cb3d901d-759d-4d09-a6ff-e262aaf41500 tempest-VolumesSnapshotsTestJSON-1263232438 None] CMD "sudo cinder-rootwrap /etc/cinder/rootwrap.conf chmod ugo+rw /opt/stack/data/cinder/mnt/8145bf8e9666151e2b419f11d903e9e2/volume-a42c4407-7a06-4288-953f-dab58aff65ca.info" returned: 0 in 0.279s {{(pid=85708) execute /opt/stack/data/venv/lib/python3.12/site-packages/oslo_concurrency/processutils.py:468}}
Aug 28 11:15:17 devstack cinder-volume[85708]: DEBUG oslo_concurrency.lockutils [req-b37bd43d-1516-4eae-a834-dbaa8dc29642 req-cb3d901d-759d-4d09-a6ff-e262aaf41500 tempest-VolumesSnapshotsTestJSON-1263232438 None] Lock "quobyte" "released" by "cinder.volume.drivers.quobyte.QuobyteDriver.create_snapshot" :: held 3.904s {{(pid=85708) inner /opt/stack/data/venv/lib/python3.12/site-packages/oslo_concurrency/lockutils.py:544}}
Aug 28 11:15:17 devstack cinder-volume[85708]: INFO cinder.volume.manager [req-b37bd43d-1516-4eae-a834-dbaa8dc29642 req-cb3d901d-759d-4d09-a6ff-e262aaf41500 tempest-VolumesSnapshotsTestJSON-1263232438 None] Create snapshot completed successfully
Aug 28 11:15:18 devstack cinder-volume[85708]: DEBUG cinder.coordination [req-a61c7597-f81c-434a-874f-951821d5bdf7 req-734878ce-9c92-4cab-a468-9af399a4ec51 tempest-VolumesSnapshotsTestJSON-1263232438 None] Acquiring lock "cinder-1bff909b-dbed-4829-a8a5-0bf4730d3e75-delete_snapshot" by "delete_snapshot" {{(pid=85708) __acquire /opt/stack/cinder/cinder/coordination.py:138}}
Aug 28 11:15:18 devstack cinder-volume[85708]: DEBUG cinder.coordination [req-a61c7597-f81c-434a-874f-951821d5bdf7 req-734878ce-9c92-4cab-a468-9af399a4ec51 tempest-VolumesSnapshotsTestJSON-1263232438 None] Lock "cinder-1bff909b-dbed-4829-a8a5-0bf4730d3e75-delete_snapshot" acquired by "delete_snapshot" :: waited 0.031s {{(pid=85708) __acquire /opt/stack/cinder/cinder/coordination.py:141}}
Aug 28 11:15:18 devstack cinder-volume[85708]: DEBUG cinder.coordination [req-a61c7597-f81c-434a-874f-951821d5bdf7 req-734878ce-9c92-4cab-a468-9af399a4ec51 tempest-VolumesSnapshotsTestJSON-1263232438 None] Acquiring lock "cinder-quobyte-a42c4407-7a06-4288-953f-dab58aff65ca" by "delete_snapshot" {{(pid=85708) __acquire /opt/stack/cinder/cinder/coordination.py:138}}
Aug 28 11:15:18 devstack cinder-volume[85708]: DEBUG cinder.coordination [req-a61c7597-f81c-434a-874f-951821d5bdf7 req-734878ce-9c92-4cab-a468-9af399a4ec51 tempest-VolumesSnapshotsTestJSON-1263232438 None] Lock "cinder-quobyte-a42c4407-7a06-4288-953f-dab58aff65ca" acquired by "delete_snapshot" :: waited 0.021s {{(pid=85708) __acquire /opt/stack/cinder/cinder/coordination.py:141}}
Aug 28 11:15:18 devstack cinder-volume[85708]: DEBUG cinder.coordination [req-a61c7597-f81c-434a-874f-951821d5bdf7 req-734878ce-9c92-4cab-a468-9af399a4ec51 tempest-VolumesSnapshotsTestJSON-1263232438 None] Acquiring lock "cinder-quobyte-1bff909b-dbed-4829-a8a5-0bf4730d3e75" by "_delete_snapshot" {{(pid=85708) __acquire /opt/stack/cinder/cinder/coordination.py:138}}
Aug 28 11:15:18 devstack cinder-volume[85708]: DEBUG cinder.coordination [req-a61c7597-f81c-434a-874f-951821d5bdf7 req-734878ce-9c92-4cab-a468-9af399a4ec51 tempest-VolumesSnapshotsTestJSON-1263232438 None] Lock "cinder-quobyte-1bff909b-dbed-4829-a8a5-0bf4730d3e75" acquired by "_delete_snapshot" :: waited 0.024s {{(pid=85708) __acquire /opt/stack/cinder/cinder/coordination.py:141}}
Aug 28 11:15:18 devstack cinder-volume[85708]: DEBUG cinder.volume.drivers.remotefs [req-a61c7597-f81c-434a-874f-951821d5bdf7 req-734878ce-9c92-4cab-a468-9af399a4ec51 tempest-VolumesSnapshotsTestJSON-1263232438 None] Deleting offline snapshot 1bff909b-dbed-4829-a8a5-0bf4730d3e75 of volume a42c4407-7a06-4288-953f-dab58aff65ca {{(pid=85708) _delete_snapshot /opt/stack/cinder/cinder/volume/drivers/remotefs.py:1288}}
Aug 28 11:15:18 devstack cinder-volume[85708]: DEBUG cinder.volume.drivers.remotefs [req-a61c7597-f81c-434a-874f-951821d5bdf7 req-734878ce-9c92-4cab-a468-9af399a4ec51 tempest-VolumesSnapshotsTestJSON-1263232438 None] snapshot_file for this snap is: volume-a42c4407-7a06-4288-953f-dab58aff65ca.1bff909b-dbed-4829-a8a5-0bf4730d3e75 {{(pid=85708) _delete_snapshot /opt/stack/cinder/cinder/volume/drivers/remotefs.py:1317}}
Aug 28 11:15:18 devstack cinder-volume[85708]: DEBUG oslo.privsep.daemon [-] privsep: reply[00db2981-6cdd-4492-9308-a58570581106]: (4, 'qcow2') {{(pid=86943) _call_back /opt/stack/data/venv/lib/python3.12/site-packages/oslo_privsep/daemon.py:580}}
Aug 28 11:15:18 devstack cinder-volume[85708]: DEBUG oslo_concurrency.processutils [req-a61c7597-f81c-434a-874f-951821d5bdf7 req-734878ce-9c92-4cab-a468-9af399a4ec51 tempest-VolumesSnapshotsTestJSON-1263232438 None] Running cmd (subprocess): /opt/stack/data/venv/bin/python3.12 -m oslo_concurrency.prlimit --as=1073741824 --cpu=60 -- sudo cinder-rootwrap /etc/cinder/rootwrap.conf env LC_ALL=C qemu-img info -f qcow2 --output=json --force-share /opt/stack/data/cinder/mnt/8145bf8e9666151e2b419f11d903e9e2/volume-a42c4407-7a06-4288-953f-dab58aff65ca.1bff909b-dbed-4829-a8a5-0bf4730d3e75 {{(pid=85708) execute /opt/stack/data/venv/lib/python3.12/site-packages/oslo_concurrency/processutils.py:440}}
Aug 28 11:15:18 devstack sudo[92537]: quobyte : PWD=/ ; USER=root ; COMMAND=/opt/stack/data/venv/bin/cinder-rootwrap /etc/cinder/rootwrap.conf env LC_ALL=C qemu-img info -f qcow2 --output=json --force-share /opt/stack/data/cinder/mnt/8145bf8e9666151e2b419f11d903e9e2/volume-a42c4407-7a06-4288-953f-dab58aff65ca.1bff909b-dbed-4829-a8a5-0bf4730d3e75
Aug 28 11:15:18 devstack sudo[92537]: pam_unix(sudo:session): session opened for user root(uid=0) by (uid=1000)
Aug 28 11:15:18 devstack sudo[92537]: pam_unix(sudo:session): session closed for user root
Aug 28 11:15:18 devstack cinder-volume[85708]: DEBUG oslo_concurrency.processutils [req-a61c7597-f81c-434a-874f-951821d5bdf7 req-734878ce-9c92-4cab-a468-9af399a4ec51 tempest-VolumesSnapshotsTestJSON-1263232438 None] CMD "/opt/stack/data/venv/bin/python3.12 -m oslo_concurrency.prlimit --as=1073741824 --cpu=60 -- sudo cinder-rootwrap /etc/cinder/rootwrap.conf env LC_ALL=C qemu-img info -f qcow2 --output=json --force-share /opt/stack/data/cinder/mnt/8145bf8e9666151e2b419f11d903e9e2/volume-a42c4407-7a06-4288-953f-dab58aff65ca.1bff909b-dbed-4829-a8a5-0bf4730d3e75" returned: 0 in 0.649s {{(pid=85708) execute /opt/stack/data/venv/lib/python3.12/site-packages/oslo_concurrency/processutils.py:468}}
Aug 28 11:15:18 devstack cinder-volume[85708]: DEBUG cinder.volume.drivers.remotefs [req-a61c7597-f81c-434a-874f-951821d5bdf7 req-734878ce-9c92-4cab-a468-9af399a4ec51 tempest-VolumesSnapshotsTestJSON-1263232438 None] Fetching qemu-img info with special backing_file_template: (/opt/stack/data/cinder/mnt/[0-9a-f]+/)?(volume-a42c4407-7a06-4288-953f-dab58aff65ca(.(tmp-snap-)?[0-9a-f-]+)?|volume_from_snapshot_cache/(tmp-snap-)?[0-9a-f-]+(.(child-|parent-)[0-9a-f-]+)?)$ {{(pid=85708) _qemu_img_info_base /opt/stack/cinder/cinder/volume/drivers/remotefs.py:896}}
Aug 28 11:15:19 devstack cinder-volume[85708]: DEBUG oslo.privsep.daemon [-] privsep: reply[e2904a2b-46f2-42cd-8cd4-73fba5f745ed]: (4, 'qcow2') {{(pid=86943) _call_back /opt/stack/data/venv/lib/python3.12/site-packages/oslo_privsep/daemon.py:580}}
Aug 28 11:15:19 devstack cinder-volume[85708]: DEBUG oslo_concurrency.processutils [req-a61c7597-f81c-434a-874f-951821d5bdf7 req-734878ce-9c92-4cab-a468-9af399a4ec51 tempest-VolumesSnapshotsTestJSON-1263232438 None] Running cmd (subprocess): /opt/stack/data/venv/bin/python3.12 -m oslo_concurrency.prlimit --as=1073741824 --cpu=60 -- sudo cinder-rootwrap /etc/cinder/rootwrap.conf env LC_ALL=C qemu-img info -f qcow2 --output=json --force-share /opt/stack/data/cinder/mnt/8145bf8e9666151e2b419f11d903e9e2/volume-a42c4407-7a06-4288-953f-dab58aff65ca {{(pid=85708) execute /opt/stack/data/venv/lib/python3.12/site-packages/oslo_concurrency/processutils.py:440}}
Aug 28 11:15:19 devstack sudo[92543]: quobyte : PWD=/ ; USER=root ; COMMAND=/opt/stack/data/venv/bin/cinder-rootwrap /etc/cinder/rootwrap.conf env LC_ALL=C qemu-img info -f qcow2 --output=json --force-share /opt/stack/data/cinder/mnt/8145bf8e9666151e2b419f11d903e9e2/volume-a42c4407-7a06-4288-953f-dab58aff65ca
Aug 28 11:15:19 devstack sudo[92543]: pam_unix(sudo:session): session opened for user root(uid=0) by (uid=1000)
Aug 28 11:15:19 devstack sudo[92543]: pam_unix(sudo:session): session closed for user root
Aug 28 11:15:19 devstack cinder-volume[85708]: DEBUG oslo_concurrency.processutils [req-a61c7597-f81c-434a-874f-951821d5bdf7 req-734878ce-9c92-4cab-a468-9af399a4ec51 tempest-VolumesSnapshotsTestJSON-1263232438 None] CMD "/opt/stack/data/venv/bin/python3.12 -m oslo_concurrency.prlimit --as=1073741824 --cpu=60 -- sudo cinder-rootwrap /etc/cinder/rootwrap.conf env LC_ALL=C qemu-img info -f qcow2 --output=json --force-share /opt/stack/data/cinder/mnt/8145bf8e9666151e2b419f11d903e9e2/volume-a42c4407-7a06-4288-953f-dab58aff65ca" returned: 0 in 0.626s {{(pid=85708) execute /opt/stack/data/venv/lib/python3.12/site-packages/oslo_concurrency/processutils.py:468}}
Aug 28 11:15:19 devstack cinder-volume[85708]: DEBUG oslo_concurrency.processutils [req-a61c7597-f81c-434a-874f-951821d5bdf7 req-734878ce-9c92-4cab-a468-9af399a4ec51 tempest-VolumesSnapshotsTestJSON-1263232438 None] Running cmd (subprocess): sudo cinder-rootwrap /etc/cinder/rootwrap.conf qemu-img commit -d /opt/stack/data/cinder/mnt/8145bf8e9666151e2b419f11d903e9e2/volume-a42c4407-7a06-4288-953f-dab58aff65ca.1bff909b-dbed-4829-a8a5-0bf4730d3e75 {{(pid=85708) execute /opt/stack/data/venv/lib/python3.12/site-packages/oslo_concurrency/processutils.py:440}}
Aug 28 11:15:19 devstack sudo[92548]: quobyte : PWD=/ ; USER=root ; COMMAND=/opt/stack/data/venv/bin/cinder-rootwrap /etc/cinder/rootwrap.conf qemu-img commit -d /opt/stack/data/cinder/mnt/8145bf8e9666151e2b419f11d903e9e2/volume-a42c4407-7a06-4288-953f-dab58aff65ca.1bff909b-dbed-4829-a8a5-0bf4730d3e75
Aug 28 11:15:19 devstack sudo[92548]: pam_unix(sudo:session): session opened for user root(uid=0) by (uid=1000)
Aug 28 11:15:20 devstack cinder-volume[85708]: DEBUG cinder.coordination [None req-3b57dba7-4b4b-4b66-91eb-111091d1da6a tempest-ServerRescueNegativeTestJSON-642450610 None] Acquiring lock "cinder-45a09234-0f77-49f1-9450-e19bb3a20f61-delete_volume" by "delete_volume" {{(pid=85708) __acquire /opt/stack/cinder/cinder/coordination.py:138}}
Aug 28 11:15:20 devstack cinder-volume[85708]: DEBUG cinder.coordination [None req-3b57dba7-4b4b-4b66-91eb-111091d1da6a tempest-ServerRescueNegativeTestJSON-642450610 None] Lock "cinder-45a09234-0f77-49f1-9450-e19bb3a20f61-delete_volume" acquired by "delete_volume" :: waited 0.060s {{(pid=85708) __acquire /opt/stack/cinder/cinder/coordination.py:141}}
Aug 28 11:15:20 devstack cinder-volume[85708]: DEBUG cinder.coordination [None req-3b57dba7-4b4b-4b66-91eb-111091d1da6a tempest-ServerRescueNegativeTestJSON-642450610 None] Acquiring lock "cinder-quobyte-45a09234-0f77-49f1-9450-e19bb3a20f61" by "delete_volume" {{(pid=85708) __acquire /opt/stack/cinder/cinder/coordination.py:138}}
Aug 28 11:15:20 devstack cinder-volume[85708]: DEBUG cinder.coordination [None req-3b57dba7-4b4b-4b66-91eb-111091d1da6a tempest-ServerRescueNegativeTestJSON-642450610 None] Lock "cinder-quobyte-45a09234-0f77-49f1-9450-e19bb3a20f61" acquired by "delete_volume" :: waited 0.024s {{(pid=85708) __acquire /opt/stack/cinder/cinder/coordination.py:141}}
Aug 28 11:15:20 devstack cinder-volume[85708]: DEBUG oslo.privsep.daemon [-] privsep: reply[22cb019c-9ab5-4c31-8938-c386f7ca6ad1]: (4, 'qcow2') {{(pid=86943) _call_back /opt/stack/data/venv/lib/python3.12/site-packages/oslo_privsep/daemon.py:580}}
Aug 28 11:15:20 devstack cinder-volume[85708]: DEBUG oslo_concurrency.processutils [None req-3b57dba7-4b4b-4b66-91eb-111091d1da6a tempest-ServerRescueNegativeTestJSON-642450610 None] Running cmd (subprocess): /opt/stack/data/venv/bin/python3.12 -m oslo_concurrency.prlimit --as=1073741824 --cpu=60 -- sudo cinder-rootwrap /etc/cinder/rootwrap.conf env LC_ALL=C qemu-img info -f qcow2 --output=json --force-share /opt/stack/data/cinder/mnt/8145bf8e9666151e2b419f11d903e9e2/volume-45a09234-0f77-49f1-9450-e19bb3a20f61 {{(pid=85708) execute /opt/stack/data/venv/lib/python3.12/site-packages/oslo_concurrency/processutils.py:440}}
Aug 28 11:15:20 devstack sudo[92548]: pam_unix(sudo:session): session closed for user root
Aug 28 11:15:20 devstack cinder-volume[85708]: DEBUG oslo_concurrency.processutils [req-a61c7597-f81c-434a-874f-951821d5bdf7 req-734878ce-9c92-4cab-a468-9af399a4ec51 tempest-VolumesSnapshotsTestJSON-1263232438 None] CMD "sudo cinder-rootwrap /etc/cinder/rootwrap.conf qemu-img commit -d /opt/stack/data/cinder/mnt/8145bf8e9666151e2b419f11d903e9e2/volume-a42c4407-7a06-4288-953f-dab58aff65ca.1bff909b-dbed-4829-a8a5-0bf4730d3e75" returned: 0 in 0.679s {{(pid=85708) execute /opt/stack/data/venv/lib/python3.12/site-packages/oslo_concurrency/processutils.py:468}}
Aug 28 11:15:20 devstack cinder-volume[85708]: DEBUG oslo_concurrency.processutils [req-a61c7597-f81c-434a-874f-951821d5bdf7 req-734878ce-9c92-4cab-a468-9af399a4ec51 tempest-VolumesSnapshotsTestJSON-1263232438 None] Running cmd (subprocess): sudo cinder-rootwrap /etc/cinder/rootwrap.conf rm -f /opt/stack/data/cinder/mnt/8145bf8e9666151e2b419f11d903e9e2/volume-a42c4407-7a06-4288-953f-dab58aff65ca.1bff909b-dbed-4829-a8a5-0bf4730d3e75 {{(pid=85708) execute /opt/stack/data/venv/lib/python3.12/site-packages/oslo_concurrency/processutils.py:440}}
Aug 28 11:15:20 devstack sudo[92554]: quobyte : PWD=/ ; USER=root ; COMMAND=/opt/stack/data/venv/bin/cinder-rootwrap /etc/cinder/rootwrap.conf rm -f /opt/stack/data/cinder/mnt/8145bf8e9666151e2b419f11d903e9e2/volume-a42c4407-7a06-4288-953f-dab58aff65ca.1bff909b-dbed-4829-a8a5-0bf4730d3e75
Aug 28 11:15:20 devstack sudo[92554]: pam_unix(sudo:session): session opened for user root(uid=0) by (uid=1000)
Aug 28 11:15:20 devstack sudo[92553]: quobyte : PWD=/ ; USER=root ; COMMAND=/opt/stack/data/venv/bin/cinder-rootwrap /etc/cinder/rootwrap.conf env LC_ALL=C qemu-img info -f qcow2 --output=json --force-share /opt/stack/data/cinder/mnt/8145bf8e9666151e2b419f11d903e9e2/volume-45a09234-0f77-49f1-9450-e19bb3a20f61
Aug 28 11:15:20 devstack sudo[92553]: pam_unix(sudo:session): session opened for user root(uid=0) by (uid=1000)
Aug 28 11:15:20 devstack sudo[92553]: pam_unix(sudo:session): session closed for user root
Aug 28 11:15:20 devstack cinder-volume[85708]: DEBUG oslo_concurrency.processutils [None req-3b57dba7-4b4b-4b66-91eb-111091d1da6a tempest-ServerRescueNegativeTestJSON-642450610 None] CMD "/opt/stack/data/venv/bin/python3.12 -m oslo_concurrency.prlimit --as=1073741824 --cpu=60 -- sudo cinder-rootwrap /etc/cinder/rootwrap.conf env LC_ALL=C qemu-img info -f qcow2 --output=json --force-share /opt/stack/data/cinder/mnt/8145bf8e9666151e2b419f11d903e9e2/volume-45a09234-0f77-49f1-9450-e19bb3a20f61" returned: 0 in 0.558s {{(pid=85708) execute /opt/stack/data/venv/lib/python3.12/site-packages/oslo_concurrency/processutils.py:468}}
Aug 28 11:15:20 devstack cinder-volume[85708]: DEBUG oslo_concurrency.processutils [None req-3b57dba7-4b4b-4b66-91eb-111091d1da6a tempest-ServerRescueNegativeTestJSON-642450610 None] Running cmd (subprocess): sudo cinder-rootwrap /etc/cinder/rootwrap.conf rm -f /opt/stack/data/cinder/mnt/8145bf8e9666151e2b419f11d903e9e2/volume-45a09234-0f77-49f1-9450-e19bb3a20f61 {{(pid=85708) execute /opt/stack/data/venv/lib/python3.12/site-packages/oslo_concurrency/processutils.py:440}}
