Sep 07 02:17:16 devstack cinder-volume[87313]: INFO cinder.volume.manager [None req-02df0d2a-bfeb-441f-8f28-7cad2b9ae59d tempest-VolumesDeleteCascade-1954200033 None] Created volume successfully.
Sep 07 02:17:18 devstack cinder-volume[87313]: DEBUG oslo_concurrency.lockutils [None req-92c8e3e2-71ef-4db7-b220-30f9d1bc0d9d tempest-VolumesDeleteCascade-1954200033 None] Acquiring lock "quobyte" by "cinder.volume.drivers.quobyte.QuobyteDriver.create_snapshot" {{(pid=87313) inner /opt/stack/data/venv/lib/python3.12/site-packages/oslo_concurrency/lockutils.py:512}}
Sep 07 02:17:18 devstack cinder-volume[87313]: DEBUG oslo_concurrency.lockutils [None req-92c8e3e2-71ef-4db7-b220-30f9d1bc0d9d tempest-VolumesDeleteCascade-1954200033 None] Lock "quobyte" acquired by "cinder.volume.drivers.quobyte.QuobyteDriver.create_snapshot" :: waited 0.002s {{(pid=87313) inner /opt/stack/data/venv/lib/python3.12/site-packages/oslo_concurrency/lockutils.py:525}}
Sep 07 02:17:18 devstack cinder-volume[87313]: DEBUG cinder.volume.drivers.remotefs [None req-92c8e3e2-71ef-4db7-b220-30f9d1bc0d9d tempest-VolumesDeleteCascade-1954200033 None] Creating offline snapshot e73e5283-d657-43da-85c3-3bbbfa31bd8e of volume 4ce97149-f154-4391-838d-f02f188e7ec1 {{(pid=87313) _create_snapshot /opt/stack/cinder/cinder/volume/drivers/remotefs.py:1816}}
Sep 07 02:17:18 devstack cinder-volume[87313]: DEBUG oslo.privsep.daemon [-] privsep: reply[16a0e16a-8d87-4932-a4a9-b5f7b222d852]: (4, 'qcow2') {{(pid=89020) _call_back /opt/stack/data/venv/lib/python3.12/site-packages/oslo_privsep/daemon.py:580}}
Sep 07 02:17:18 devstack cinder-volume[87313]: DEBUG oslo_concurrency.processutils [None req-92c8e3e2-71ef-4db7-b220-30f9d1bc0d9d tempest-VolumesDeleteCascade-1954200033 None] Running cmd (subprocess): /opt/stack/data/venv/bin/python3.12 -m oslo_concurrency.prlimit --as=1073741824 --cpu=60 -- sudo cinder-rootwrap /etc/cinder/rootwrap.conf env LC_ALL=C qemu-img info -f qcow2 --output=json --force-share /opt/stack/data/cinder/mnt/5360f48d33f51629968ca798138491fd/volume-4ce97149-f154-4391-838d-f02f188e7ec1 {{(pid=87313) execute /opt/stack/data/venv/lib/python3.12/site-packages/oslo_concurrency/processutils.py:440}}
Sep 07 02:17:18 devstack sudo[90657]: quobyte : PWD=/ ; USER=root ; COMMAND=/opt/stack/data/venv/bin/cinder-rootwrap /etc/cinder/rootwrap.conf env LC_ALL=C qemu-img info -f qcow2 --output=json --force-share /opt/stack/data/cinder/mnt/5360f48d33f51629968ca798138491fd/volume-4ce97149-f154-4391-838d-f02f188e7ec1
Sep 07 02:17:18 devstack sudo[90657]: pam_unix(sudo:session): session opened for user root(uid=0) by (uid=1000)
Sep 07 02:17:18 devstack sudo[90657]: pam_unix(sudo:session): session closed for user root
Sep 07 02:17:18 devstack cinder-volume[87313]: DEBUG oslo_concurrency.processutils [None req-92c8e3e2-71ef-4db7-b220-30f9d1bc0d9d tempest-VolumesDeleteCascade-1954200033 None] CMD "/opt/stack/data/venv/bin/python3.12 -m oslo_concurrency.prlimit --as=1073741824 --cpu=60 -- sudo cinder-rootwrap /etc/cinder/rootwrap.conf env LC_ALL=C qemu-img info -f qcow2 --output=json --force-share /opt/stack/data/cinder/mnt/5360f48d33f51629968ca798138491fd/volume-4ce97149-f154-4391-838d-f02f188e7ec1" returned: 0 in 0.499s {{(pid=87313) execute /opt/stack/data/venv/lib/python3.12/site-packages/oslo_concurrency/processutils.py:468}}
Sep 07 02:17:18 devstack cinder-volume[87313]: DEBUG oslo_concurrency.processutils [None req-92c8e3e2-71ef-4db7-b220-30f9d1bc0d9d tempest-VolumesDeleteCascade-1954200033 None] Running cmd (subprocess): sudo cinder-rootwrap /etc/cinder/rootwrap.conf qemu-img create -f qcow2 -o backing_file=/opt/stack/data/cinder/mnt/5360f48d33f51629968ca798138491fd/volume-4ce97149-f154-4391-838d-f02f188e7ec1,backing_fmt=qcow2 /opt/stack/data/cinder/mnt/5360f48d33f51629968ca798138491fd/volume-4ce97149-f154-4391-838d-f02f188e7ec1.e73e5283-d657-43da-85c3-3bbbfa31bd8e 1G {{(pid=87313) execute /opt/stack/data/venv/lib/python3.12/site-packages/oslo_concurrency/processutils.py:440}}
Sep 07 02:17:18 devstack sudo[90662]: quobyte : PWD=/ ; USER=root ; COMMAND=/opt/stack/data/venv/bin/cinder-rootwrap /etc/cinder/rootwrap.conf qemu-img create -f qcow2 -o backing_file=/opt/stack/data/cinder/mnt/5360f48d33f51629968ca798138491fd/volume-4ce97149-f154-4391-838d-f02f188e7ec1,backing_fmt=qcow2 /opt/stack/data/cinder/mnt/5360f48d33f51629968ca798138491fd/volume-4ce97149-f154-4391-838d-f02f188e7ec1.e73e5283-d657-43da-85c3-3bbbfa31bd8e 1G
Sep 07 02:17:18 devstack sudo[90662]: pam_unix(sudo:session): session opened for user root(uid=0) by (uid=1000)
Sep 07 02:17:19 devstack sudo[90662]: pam_unix(sudo:session): session closed for user root
Sep 07 02:17:19 devstack cinder-volume[87313]: DEBUG oslo_concurrency.processutils [None req-92c8e3e2-71ef-4db7-b220-30f9d1bc0d9d tempest-VolumesDeleteCascade-1954200033 None] CMD "sudo cinder-rootwrap /etc/cinder/rootwrap.conf qemu-img create -f qcow2 -o backing_file=/opt/stack/data/cinder/mnt/5360f48d33f51629968ca798138491fd/volume-4ce97149-f154-4391-838d-f02f188e7ec1,backing_fmt=qcow2 /opt/stack/data/cinder/mnt/5360f48d33f51629968ca798138491fd/volume-4ce97149-f154-4391-838d-f02f188e7ec1.e73e5283-d657-43da-85c3-3bbbfa31bd8e 1G" returned: 0 in 0.576s {{(pid=87313) execute /opt/stack/data/venv/lib/python3.12/site-packages/oslo_concurrency/processutils.py:468}}
Sep 07 02:17:19 devstack cinder-volume[87313]: DEBUG oslo_concurrency.processutils [None req-92c8e3e2-71ef-4db7-b220-30f9d1bc0d9d tempest-VolumesDeleteCascade-1954200033 None] Running cmd (subprocess): sudo cinder-rootwrap /etc/cinder/rootwrap.conf qemu-img rebase -u -b volume-4ce97149-f154-4391-838d-f02f188e7ec1 -F qcow2 /opt/stack/data/cinder/mnt/5360f48d33f51629968ca798138491fd/volume-4ce97149-f154-4391-838d-f02f188e7ec1.e73e5283-d657-43da-85c3-3bbbfa31bd8e {{(pid=87313) execute /opt/stack/data/venv/lib/python3.12/site-packages/oslo_concurrency/processutils.py:440}}
Sep 07 02:17:19 devstack sudo[90667]: quobyte : PWD=/ ; USER=root ; COMMAND=/opt/stack/data/venv/bin/cinder-rootwrap /etc/cinder/rootwrap.conf qemu-img rebase -u -b volume-4ce97149-f154-4391-838d-f02f188e7ec1 -F qcow2 /opt/stack/data/cinder/mnt/5360f48d33f51629968ca798138491fd/volume-4ce97149-f154-4391-838d-f02f188e7ec1.e73e5283-d657-43da-85c3-3bbbfa31bd8e
Sep 07 02:17:19 devstack sudo[90667]: pam_unix(sudo:session): session opened for user root(uid=0) by (uid=1000)
Sep 07 02:17:19 devstack sudo[90667]: pam_unix(sudo:session): session closed for user root
Sep 07 02:17:19 devstack cinder-volume[87313]: DEBUG oslo_concurrency.processutils [None req-92c8e3e2-71ef-4db7-b220-30f9d1bc0d9d tempest-VolumesDeleteCascade-1954200033 None] CMD "sudo cinder-rootwrap /etc/cinder/rootwrap.conf qemu-img rebase -u -b volume-4ce97149-f154-4391-838d-f02f188e7ec1 -F qcow2 /opt/stack/data/cinder/mnt/5360f48d33f51629968ca798138491fd/volume-4ce97149-f154-4391-838d-f02f188e7ec1.e73e5283-d657-43da-85c3-3bbbfa31bd8e" returned: 0 in 0.433s {{(pid=87313) execute /opt/stack/data/venv/lib/python3.12/site-packages/oslo_concurrency/processutils.py:468}}
Sep 07 02:17:19 devstack cinder-volume[87313]: WARNING cinder.volume.drivers.remotefs [None req-92c8e3e2-71ef-4db7-b220-30f9d1bc0d9d tempest-VolumesDeleteCascade-1954200033 None] /opt/stack/data/cinder/mnt/5360f48d33f51629968ca798138491fd/volume-4ce97149-f154-4391-838d-f02f188e7ec1.e73e5283-d657-43da-85c3-3bbbfa31bd8e is being set with open permissions: ugo+rw
Sep 07 02:17:19 devstack cinder-volume[87313]: DEBUG oslo_concurrency.processutils [None req-92c8e3e2-71ef-4db7-b220-30f9d1bc0d9d tempest-VolumesDeleteCascade-1954200033 None] Running cmd (subprocess): sudo cinder-rootwrap /etc/cinder/rootwrap.conf chmod ugo+rw /opt/stack/data/cinder/mnt/5360f48d33f51629968ca798138491fd/volume-4ce97149-f154-4391-838d-f02f188e7ec1.e73e5283-d657-43da-85c3-3bbbfa31bd8e {{(pid=87313) execute /opt/stack/data/venv/lib/python3.12/site-packages/oslo_concurrency/processutils.py:440}}
Sep 07 02:17:19 devstack sudo[90672]: quobyte : PWD=/ ; USER=root ; COMMAND=/opt/stack/data/venv/bin/cinder-rootwrap /etc/cinder/rootwrap.conf chmod ugo+rw /opt/stack/data/cinder/mnt/5360f48d33f51629968ca798138491fd/volume-4ce97149-f154-4391-838d-f02f188e7ec1.e73e5283-d657-43da-85c3-3bbbfa31bd8e
Sep 07 02:17:19 devstack sudo[90672]: pam_unix(sudo:session): session opened for user root(uid=0) by (uid=1000)
Sep 07 02:17:19 devstack sudo[90672]: pam_unix(sudo:session): session closed for user root
Sep 07 02:17:19 devstack cinder-volume[87313]: DEBUG oslo_concurrency.processutils [None req-92c8e3e2-71ef-4db7-b220-30f9d1bc0d9d tempest-VolumesDeleteCascade-1954200033 None] CMD "sudo cinder-rootwrap /etc/cinder/rootwrap.conf chmod ugo+rw /opt/stack/data/cinder/mnt/5360f48d33f51629968ca798138491fd/volume-4ce97149-f154-4391-838d-f02f188e7ec1.e73e5283-d657-43da-85c3-3bbbfa31bd8e" returned: 0 in 0.334s {{(pid=87313) execute /opt/stack/data/venv/lib/python3.12/site-packages/oslo_concurrency/processutils.py:468}}
Sep 07 02:17:19 devstack cinder-volume[87313]: DEBUG oslo_concurrency.processutils [None req-92c8e3e2-71ef-4db7-b220-30f9d1bc0d9d tempest-VolumesDeleteCascade-1954200033 None] Running cmd (subprocess): sudo cinder-rootwrap /etc/cinder/rootwrap.conf truncate -s0 /opt/stack/data/cinder/mnt/5360f48d33f51629968ca798138491fd/volume-4ce97149-f154-4391-838d-f02f188e7ec1.info {{(pid=87313) execute /opt/stack/data/venv/lib/python3.12/site-packages/oslo_concurrency/processutils.py:440}}
Sep 07 02:17:19 devstack sudo[90676]: quobyte : PWD=/ ; USER=root ; COMMAND=/opt/stack/data/venv/bin/cinder-rootwrap /etc/cinder/rootwrap.conf truncate -s0 /opt/stack/data/cinder/mnt/5360f48d33f51629968ca798138491fd/volume-4ce97149-f154-4391-838d-f02f188e7ec1.info
Sep 07 02:17:19 devstack sudo[90676]: pam_unix(sudo:session): session opened for user root(uid=0) by (uid=1000)
Sep 07 02:17:20 devstack sudo[90676]: pam_unix(sudo:session): session closed for user root
Sep 07 02:17:20 devstack cinder-volume[87313]: DEBUG oslo_concurrency.processutils [None req-92c8e3e2-71ef-4db7-b220-30f9d1bc0d9d tempest-VolumesDeleteCascade-1954200033 None] CMD "sudo cinder-rootwrap /etc/cinder/rootwrap.conf truncate -s0 /opt/stack/data/cinder/mnt/5360f48d33f51629968ca798138491fd/volume-4ce97149-f154-4391-838d-f02f188e7ec1.info" returned: 0 in 0.359s {{(pid=87313) execute /opt/stack/data/venv/lib/python3.12/site-packages/oslo_concurrency/processutils.py:468}}
Sep 07 02:17:20 devstack cinder-volume[87313]: WARNING cinder.volume.drivers.remotefs [None req-92c8e3e2-71ef-4db7-b220-30f9d1bc0d9d tempest-VolumesDeleteCascade-1954200033 None] /opt/stack/data/cinder/mnt/5360f48d33f51629968ca798138491fd/volume-4ce97149-f154-4391-838d-f02f188e7ec1.info is being set with open permissions: ugo+rw
Sep 07 02:17:20 devstack cinder-volume[87313]: DEBUG oslo_concurrency.processutils [None req-92c8e3e2-71ef-4db7-b220-30f9d1bc0d9d tempest-VolumesDeleteCascade-1954200033 None] Running cmd (subprocess): sudo cinder-rootwrap /etc/cinder/rootwrap.conf chmod ugo+rw /opt/stack/data/cinder/mnt/5360f48d33f51629968ca798138491fd/volume-4ce97149-f154-4391-838d-f02f188e7ec1.info {{(pid=87313) execute /opt/stack/data/venv/lib/python3.12/site-packages/oslo_concurrency/processutils.py:440}}
Sep 07 02:17:20 devstack sudo[90680]: quobyte : PWD=/ ; USER=root ; COMMAND=/opt/stack/data/venv/bin/cinder-rootwrap /etc/cinder/rootwrap.conf chmod ugo+rw /opt/stack/data/cinder/mnt/5360f48d33f51629968ca798138491fd/volume-4ce97149-f154-4391-838d-f02f188e7ec1.info
Sep 07 02:17:20 devstack sudo[90680]: pam_unix(sudo:session): session opened for user root(uid=0) by (uid=1000)
Sep 07 02:17:20 devstack sudo[90680]: pam_unix(sudo:session): session closed for user root
Sep 07 02:17:20 devstack cinder-volume[87313]: DEBUG oslo_concurrency.processutils [None req-92c8e3e2-71ef-4db7-b220-30f9d1bc0d9d tempest-VolumesDeleteCascade-1954200033 None] CMD "sudo cinder-rootwrap /etc/cinder/rootwrap.conf chmod ugo+rw /opt/stack/data/cinder/mnt/5360f48d33f51629968ca798138491fd/volume-4ce97149-f154-4391-838d-f02f188e7ec1.info" returned: 0 in 0.271s {{(pid=87313) execute /opt/stack/data/venv/lib/python3.12/site-packages/oslo_concurrency/processutils.py:468}}
Sep 07 02:17:20 devstack cinder-volume[87313]: DEBUG oslo_concurrency.lockutils [None req-92c8e3e2-71ef-4db7-b220-30f9d1bc0d9d tempest-VolumesDeleteCascade-1954200033 None] Lock "quobyte" "released" by "cinder.volume.drivers.quobyte.QuobyteDriver.create_snapshot" :: held 2.602s {{(pid=87313) inner /opt/stack/data/venv/lib/python3.12/site-packages/oslo_concurrency/lockutils.py:544}}
Sep 07 02:17:20 devstack cinder-volume[87313]: INFO cinder.volume.manager [None req-92c8e3e2-71ef-4db7-b220-30f9d1bc0d9d tempest-VolumesDeleteCascade-1954200033 None] Create snapshot completed successfully
Sep 07 02:17:21 devstack cinder-volume[87313]: DEBUG oslo_concurrency.lockutils [None req-25cf0027-de20-416c-b909-36776b5e6aa6 tempest-VolumesDeleteCascade-1954200033 None] Acquiring lock "quobyte" by "cinder.volume.drivers.quobyte.QuobyteDriver.create_snapshot" {{(pid=87313) inner /opt/stack/data/venv/lib/python3.12/site-packages/oslo_concurrency/lockutils.py:512}}
Sep 07 02:17:21 devstack cinder-volume[87313]: DEBUG oslo_concurrency.lockutils [None req-25cf0027-de20-416c-b909-36776b5e6aa6 tempest-VolumesDeleteCascade-1954200033 None] Lock "quobyte" acquired by "cinder.volume.drivers.quobyte.QuobyteDriver.create_snapshot" :: waited 0.006s {{(pid=87313) inner /opt/stack/data/venv/lib/python3.12/site-packages/oslo_concurrency/lockutils.py:525}}
Sep 07 02:17:21 devstack cinder-volume[87313]: DEBUG cinder.volume.drivers.remotefs [None req-25cf0027-de20-416c-b909-36776b5e6aa6 tempest-VolumesDeleteCascade-1954200033 None] Creating offline snapshot e8e7bc96-a928-456b-bb14-178721022487 of volume 4ce97149-f154-4391-838d-f02f188e7ec1 {{(pid=87313) _create_snapshot /opt/stack/cinder/cinder/volume/drivers/remotefs.py:1816}}
Sep 07 02:17:21 devstack cinder-volume[87313]: DEBUG oslo.privsep.daemon [-] privsep: reply[dee46e54-7e9d-42b7-91bc-5cda3a1fb4f5]: (4, 'qcow2') {{(pid=89020) _call_back /opt/stack/data/venv/lib/python3.12/site-packages/oslo_privsep/daemon.py:580}}
Sep 07 02:17:21 devstack cinder-volume[87313]: DEBUG oslo_concurrency.processutils [None req-25cf0027-de20-416c-b909-36776b5e6aa6 tempest-VolumesDeleteCascade-1954200033 None] Running cmd (subprocess): /opt/stack/data/venv/bin/python3.12 -m oslo_concurrency.prlimit --as=1073741824 --cpu=60 -- sudo cinder-rootwrap /etc/cinder/rootwrap.conf env LC_ALL=C qemu-img info -f qcow2 --output=json --force-share /opt/stack/data/cinder/mnt/5360f48d33f51629968ca798138491fd/volume-4ce97149-f154-4391-838d-f02f188e7ec1.e73e5283-d657-43da-85c3-3bbbfa31bd8e {{(pid=87313) execute /opt/stack/data/venv/lib/python3.12/site-packages/oslo_concurrency/processutils.py:440}}
Sep 07 02:17:21 devstack sudo[90683]: quobyte : PWD=/ ; USER=root ; COMMAND=/opt/stack/data/venv/bin/cinder-rootwrap /etc/cinder/rootwrap.conf env LC_ALL=C qemu-img info -f qcow2 --output=json --force-share /opt/stack/data/cinder/mnt/5360f48d33f51629968ca798138491fd/volume-4ce97149-f154-4391-838d-f02f188e7ec1.e73e5283-d657-43da-85c3-3bbbfa31bd8e
Sep 07 02:17:21 devstack sudo[90683]: pam_unix(sudo:session): session opened for user root(uid=0) by (uid=1000)
Sep 07 02:17:22 devstack sudo[90683]: pam_unix(sudo:session): session closed for user root
Sep 07 02:17:22 devstack cinder-volume[87313]: DEBUG oslo_concurrency.processutils [None req-25cf0027-de20-416c-b909-36776b5e6aa6 tempest-VolumesDeleteCascade-1954200033 None] CMD "/opt/stack/data/venv/bin/python3.12 -m oslo_concurrency.prlimit --as=1073741824 --cpu=60 -- sudo cinder-rootwrap /etc/cinder/rootwrap.conf env LC_ALL=C qemu-img info -f qcow2 --output=json --force-share /opt/stack/data/cinder/mnt/5360f48d33f51629968ca798138491fd/volume-4ce97149-f154-4391-838d-f02f188e7ec1.e73e5283-d657-43da-85c3-3bbbfa31bd8e" returned: 0 in 0.530s {{(pid=87313) execute /opt/stack/data/venv/lib/python3.12/site-packages/oslo_concurrency/processutils.py:468}}
Sep 07 02:17:22 devstack cinder-volume[87313]: DEBUG cinder.volume.drivers.remotefs [None req-25cf0027-de20-416c-b909-36776b5e6aa6 tempest-VolumesDeleteCascade-1954200033 None] Fetching qemu-img info with special backing_file_template: (/opt/stack/data/cinder/mnt/[0-9a-f]+/)?(volume-4ce97149-f154-4391-838d-f02f188e7ec1(.(tmp-snap-)?[0-9a-f-]+)?|volume_from_snapshot_cache/(tmp-snap-)?[0-9a-f-]+(.(child-|parent-)[0-9a-f-]+)?)$ {{(pid=87313) _qemu_img_info_base /opt/stack/cinder/cinder/volume/drivers/remotefs.py:896}}
Sep 07 02:17:22 devstack cinder-volume[87313]: DEBUG oslo_concurrency.processutils [None req-25cf0027-de20-416c-b909-36776b5e6aa6 tempest-VolumesDeleteCascade-1954200033 None] Running cmd (subprocess): sudo cinder-rootwrap /etc/cinder/rootwrap.conf qemu-img create -f qcow2 -o backing_file=/opt/stack/data/cinder/mnt/5360f48d33f51629968ca798138491fd/volume-4ce97149-f154-4391-838d-f02f188e7ec1.e73e5283-d657-43da-85c3-3bbbfa31bd8e,backing_fmt=qcow2 /opt/stack/data/cinder/mnt/5360f48d33f51629968ca798138491fd/volume-4ce97149-f154-4391-838d-f02f188e7ec1.e8e7bc96-a928-456b-bb14-178721022487 1G {{(pid=87313) execute /opt/stack/data/venv/lib/python3.12/site-packages/oslo_concurrency/processutils.py:440}}
Sep 07 02:17:22 devstack sudo[90691]: quobyte : PWD=/ ; USER=root ; COMMAND=/opt/stack/data/venv/bin/cinder-rootwrap /etc/cinder/rootwrap.conf qemu-img create -f qcow2 -o backing_file=/opt/stack/data/cinder/mnt/5360f48d33f51629968ca798138491fd/volume-4ce97149-f154-4391-838d-f02f188e7ec1.e73e5283-d657-43da-85c3-3bbbfa31bd8e,backing_fmt=qcow2 /opt/stack/data/cinder/mnt/5360f48d33f51629968ca798138491fd/volume-4ce97149-f154-4391-838d-f02f188e7ec1.e8e7bc96-a928-456b-bb14-178721022487 1G
Sep 07 02:17:22 devstack sudo[90691]: pam_unix(sudo:session): session opened for user root(uid=0) by (uid=1000)
Sep 07 02:17:22 devstack sudo[90691]: pam_unix(sudo:session): session closed for user root
Sep 07 02:17:22 devstack cinder-volume[87313]: DEBUG oslo_concurrency.processutils [None req-25cf0027-de20-416c-b909-36776b5e6aa6 tempest-VolumesDeleteCascade-1954200033 None] CMD "sudo cinder-rootwrap /etc/cinder/rootwrap.conf qemu-img create -f qcow2 -o backing_file=/opt/stack/data/cinder/mnt/5360f48d33f51629968ca798138491fd/volume-4ce97149-f154-4391-838d-f02f188e7ec1.e73e5283-d657-43da-85c3-3bbbfa31bd8e,backing_fmt=qcow2 /opt/stack/data/cinder/mnt/5360f48d33f51629968ca798138491fd/volume-4ce97149-f154-4391-838d-f02f188e7ec1.e8e7bc96-a928-456b-bb14-178721022487 1G" returned: 0 in 0.587s {{(pid=87313) execute /opt/stack/data/venv/lib/python3.12/site-packages/oslo_concurrency/processutils.py:468}}
Sep 07 02:17:22 devstack cinder-volume[87313]: DEBUG oslo_concurrency.processutils [None req-25cf0027-de20-416c-b909-36776b5e6aa6 tempest-VolumesDeleteCascade-1954200033 None] Running cmd (subprocess): sudo cinder-rootwrap /etc/cinder/rootwrap.conf qemu-img rebase -u -b volume-4ce97149-f154-4391-838d-f02f188e7ec1.e73e5283-d657-43da-85c3-3bbbfa31bd8e -F qcow2 /opt/stack/data/cinder/mnt/5360f48d33f51629968ca798138491fd/volume-4ce97149-f154-4391-838d-f02f188e7ec1.e8e7bc96-a928-456b-bb14-178721022487 {{(pid=87313) execute /opt/stack/data/venv/lib/python3.12/site-packages/oslo_concurrency/processutils.py:440}}
Sep 07 02:17:22 devstack sudo[90697]: quobyte : PWD=/ ; USER=root ; COMMAND=/opt/stack/data/venv/bin/cinder-rootwrap /etc/cinder/rootwrap.conf qemu-img rebase -u -b volume-4ce97149-f154-4391-838d-f02f188e7ec1.e73e5283-d657-43da-85c3-3bbbfa31bd8e -F qcow2 /opt/stack/data/cinder/mnt/5360f48d33f51629968ca798138491fd/volume-4ce97149-f154-4391-838d-f02f188e7ec1.e8e7bc96-a928-456b-bb14-178721022487
Sep 07 02:17:22 devstack sudo[90697]: pam_unix(sudo:session): session opened for user root(uid=0) by (uid=1000)
Sep 07 02:17:23 devstack sudo[90697]: pam_unix(sudo:session): session closed for user root
Sep 07 02:17:23 devstack cinder-volume[87313]: DEBUG oslo_concurrency.processutils [None req-25cf0027-de20-416c-b909-36776b5e6aa6 tempest-VolumesDeleteCascade-1954200033 None] CMD "sudo cinder-rootwrap /etc/cinder/rootwrap.conf qemu-img rebase -u -b volume-4ce97149-f154-4391-838d-f02f188e7ec1.e73e5283-d657-43da-85c3-3bbbfa31bd8e -F qcow2 /opt/stack/data/cinder/mnt/5360f48d33f51629968ca798138491fd/volume-4ce97149-f154-4391-838d-f02f188e7ec1.e8e7bc96-a928-456b-bb14-178721022487" returned: 0 in 0.675s {{(pid=87313) execute /opt/stack/data/venv/lib/python3.12/site-packages/oslo_concurrency/processutils.py:468}}
Sep 07 02:17:23 devstack cinder-volume[87313]: WARNING cinder.volume.drivers.remotefs [None req-25cf0027-de20-416c-b909-36776b5e6aa6 tempest-VolumesDeleteCascade-1954200033 None] /opt/stack/data/cinder/mnt/5360f48d33f51629968ca798138491fd/volume-4ce97149-f154-4391-838d-f02f188e7ec1.e8e7bc96-a928-456b-bb14-178721022487 is being set with open permissions: ugo+rw
Sep 07 02:17:23 devstack cinder-volume[87313]: DEBUG oslo_concurrency.processutils [None req-25cf0027-de20-416c-b909-36776b5e6aa6 tempest-VolumesDeleteCascade-1954200033 None] Running cmd (subprocess): sudo cinder-rootwrap /etc/cinder/rootwrap.conf chmod ugo+rw /opt/stack/data/cinder/mnt/5360f48d33f51629968ca798138491fd/volume-4ce97149-f154-4391-838d-f02f188e7ec1.e8e7bc96-a928-456b-bb14-178721022487 {{(pid=87313) execute /opt/stack/data/venv/lib/python3.12/site-packages/oslo_concurrency/processutils.py:440}}
Sep 07 02:17:23 devstack sudo[90744]: quobyte : PWD=/ ; USER=root ; COMMAND=/opt/stack/data/venv/bin/cinder-rootwrap /etc/cinder/rootwrap.conf chmod ugo+rw /opt/stack/data/cinder/mnt/5360f48d33f51629968ca798138491fd/volume-4ce97149-f154-4391-838d-f02f188e7ec1.e8e7bc96-a928-456b-bb14-178721022487
Sep 07 02:17:23 devstack sudo[90744]: pam_unix(sudo:session): session opened for user root(uid=0) by (uid=1000)
Sep 07 02:17:23 devstack sudo[90744]: pam_unix(sudo:session): session closed for user root
Sep 07 02:17:23 devstack cinder-volume[87313]: DEBUG oslo_concurrency.processutils [None req-25cf0027-de20-416c-b909-36776b5e6aa6 tempest-VolumesDeleteCascade-1954200033 None] CMD "sudo cinder-rootwrap /etc/cinder/rootwrap.conf chmod ugo+rw /opt/stack/data/cinder/mnt/5360f48d33f51629968ca798138491fd/volume-4ce97149-f154-4391-838d-f02f188e7ec1.e8e7bc96-a928-456b-bb14-178721022487" returned: 0 in 0.456s {{(pid=87313) execute /opt/stack/data/venv/lib/python3.12/site-packages/oslo_concurrency/processutils.py:468}}
Sep 07 02:17:23 devstack cinder-volume[87313]: DEBUG oslo_concurrency.lockutils [None req-25cf0027-de20-416c-b909-36776b5e6aa6 tempest-VolumesDeleteCascade-1954200033 None] Lock "quobyte" "released" by "cinder.volume.drivers.quobyte.QuobyteDriver.create_snapshot" :: held 2.424s {{(pid=87313) inner /opt/stack/data/venv/lib/python3.12/site-packages/oslo_concurrency/lockutils.py:544}}
Sep 07 02:17:23 devstack cinder-volume[87313]: DEBUG dbcounter [-] [87313] Writing DB stats cinder:SELECT=81,cinder:UPDATE=110,cinder:INSERT=22,cinder:DELETE=8 {{(pid=87313) stat_writer /opt/stack/data/venv/lib/python3.12/site-packages/dbcounter.py:115}}
Sep 07 02:17:23 devstack cinder-volume[87313]: INFO cinder.volume.manager [None req-25cf0027-de20-416c-b909-36776b5e6aa6 tempest-VolumesDeleteCascade-1954200033 None] Create snapshot completed successfully
Sep 07 02:17:24 devstack cinder-volume[87313]: DEBUG cinder.coordination [None req-64c5eac9-e2f3-4b0b-8eb3-2197aea6d9d6 tempest-VolumesDeleteCascade-1954200033 None] Acquiring lock "cinder-4ce97149-f154-4391-838d-f02f188e7ec1-delete_volume" by "delete_volume" {{(pid=87313) __acquire /opt/stack/cinder/cinder/coordination.py:138}}
Sep 07 02:17:24 devstack cinder-volume[87313]: DEBUG cinder.coordination [None req-64c5eac9-e2f3-4b0b-8eb3-2197aea6d9d6 tempest-VolumesDeleteCascade-1954200033 None] Lock "cinder-4ce97149-f154-4391-838d-f02f188e7ec1-delete_volume" acquired by "delete_volume" :: waited 0.053s {{(pid=87313) __acquire /opt/stack/cinder/cinder/coordination.py:141}}
Sep 07 02:17:25 devstack cinder-volume[87313]: DEBUG cinder.volume.manager [None req-64c5eac9-e2f3-4b0b-8eb3-2197aea6d9d6 tempest-VolumesDeleteCascade-1954200033 None] Performing cascade delete. {{(pid=87313) delete_volume /opt/stack/cinder/cinder/volume/manager.py:995}}
Sep 07 02:17:25 devstack cinder-volume[87313]: DEBUG cinder.coordination [None req-64c5eac9-e2f3-4b0b-8eb3-2197aea6d9d6 tempest-VolumesDeleteCascade-1954200033 None] Acquiring lock "cinder-e73e5283-d657-43da-85c3-3bbbfa31bd8e-delete_snapshot" by "delete_snapshot" {{(pid=87313) __acquire /opt/stack/cinder/cinder/coordination.py:138}}
Sep 07 02:17:25 devstack cinder-volume[87313]: DEBUG cinder.coordination [None req-64c5eac9-e2f3-4b0b-8eb3-2197aea6d9d6 tempest-VolumesDeleteCascade-1954200033 None] Lock "cinder-e73e5283-d657-43da-85c3-3bbbfa31bd8e-delete_snapshot" acquired by "delete_snapshot" :: waited 0.021s {{(pid=87313) __acquire /opt/stack/cinder/cinder/coordination.py:141}}
Sep 07 02:17:25 devstack cinder-volume[87313]: DEBUG cinder.coordination [None req-64c5eac9-e2f3-4b0b-8eb3-2197aea6d9d6 tempest-VolumesDeleteCascade-1954200033 None] Acquiring lock "cinder-quobyte-4ce97149-f154-4391-838d-f02f188e7ec1" by "delete_snapshot" {{(pid=87313) __acquire /opt/stack/cinder/cinder/coordination.py:138}}
Sep 07 02:17:25 devstack cinder-volume[87313]: DEBUG cinder.coordination [None req-64c5eac9-e2f3-4b0b-8eb3-2197aea6d9d6 tempest-VolumesDeleteCascade-1954200033 None] Lock "cinder-quobyte-4ce97149-f154-4391-838d-f02f188e7ec1" acquired by "delete_snapshot" :: waited 0.040s {{(pid=87313) __acquire /opt/stack/cinder/cinder/coordination.py:141}}
Sep 07 02:17:25 devstack cinder-volume[87313]: DEBUG cinder.coordination [None req-64c5eac9-e2f3-4b0b-8eb3-2197aea6d9d6 tempest-VolumesDeleteCascade-1954200033 None] Acquiring lock "cinder-quobyte-e73e5283-d657-43da-85c3-3bbbfa31bd8e" by "_delete_snapshot" {{(pid=87313) __acquire /opt/stack/cinder/cinder/coordination.py:138}}
Sep 07 02:17:25 devstack cinder-volume[87313]: DEBUG cinder.coordination [None req-64c5eac9-e2f3-4b0b-8eb3-2197aea6d9d6 tempest-VolumesDeleteCascade-1954200033 None] Lock "cinder-quobyte-e73e5283-d657-43da-85c3-3bbbfa31bd8e" acquired by "_delete_snapshot" :: waited 0.032s {{(pid=87313) __acquire /opt/stack/cinder/cinder/coordination.py:141}}
Sep 07 02:17:25 devstack cinder-volume[87313]: DEBUG cinder.volume.drivers.remotefs [None req-64c5eac9-e2f3-4b0b-8eb3-2197aea6d9d6 tempest-VolumesDeleteCascade-1954200033 None] Deleting offline snapshot e73e5283-d657-43da-85c3-3bbbfa31bd8e of volume 4ce97149-f154-4391-838d-f02f188e7ec1 {{(pid=87313) _delete_snapshot /opt/stack/cinder/cinder/volume/drivers/remotefs.py:1288}}
Sep 07 02:17:25 devstack cinder-volume[87313]: DEBUG cinder.volume.drivers.remotefs [None req-64c5eac9-e2f3-4b0b-8eb3-2197aea6d9d6 tempest-VolumesDeleteCascade-1954200033 None] snapshot_file for this snap is: volume-4ce97149-f154-4391-838d-f02f188e7ec1.e73e5283-d657-43da-85c3-3bbbfa31bd8e {{(pid=87313) _delete_snapshot /opt/stack/cinder/cinder/volume/drivers/remotefs.py:1317}}
Sep 07 02:17:25 devstack cinder-volume[87313]: DEBUG oslo.privsep.daemon [-] privsep: reply[44863eb0-105a-4670-9627-5f851c3a43ad]: (4, 'qcow2') {{(pid=89020) _call_back /opt/stack/data/venv/lib/python3.12/site-packages/oslo_privsep/daemon.py:580}}
Sep 07 02:17:25 devstack cinder-volume[87313]: DEBUG oslo_concurrency.processutils [None req-64c5eac9-e2f3-4b0b-8eb3-2197aea6d9d6 tempest-VolumesDeleteCascade-1954200033 None] Running cmd (subprocess): /opt/stack/data/venv/bin/python3.12 -m oslo_concurrency.prlimit --as=1073741824 --cpu=60 -- sudo cinder-rootwrap /etc/cinder/rootwrap.conf env LC_ALL=C qemu-img info -f qcow2 --output=json --force-share /opt/stack/data/cinder/mnt/5360f48d33f51629968ca798138491fd/volume-4ce97149-f154-4391-838d-f02f188e7ec1.e73e5283-d657-43da-85c3-3bbbfa31bd8e {{(pid=87313) execute /opt/stack/data/venv/lib/python3.12/site-packages/oslo_concurrency/processutils.py:440}}
Sep 07 02:17:25 devstack sudo[90780]: quobyte : PWD=/ ; USER=root ; COMMAND=/opt/stack/data/venv/bin/cinder-rootwrap /etc/cinder/rootwrap.conf env LC_ALL=C qemu-img info -f qcow2 --output=json --force-share /opt/stack/data/cinder/mnt/5360f48d33f51629968ca798138491fd/volume-4ce97149-f154-4391-838d-f02f188e7ec1.e73e5283-d657-43da-85c3-3bbbfa31bd8e
Sep 07 02:17:25 devstack sudo[90780]: pam_unix(sudo:session): session opened for user root(uid=0) by (uid=1000)
Sep 07 02:17:25 devstack sudo[90780]: pam_unix(sudo:session): session closed for user root
Sep 07 02:17:25 devstack cinder-volume[87313]: DEBUG oslo_concurrency.processutils [None req-64c5eac9-e2f3-4b0b-8eb3-2197aea6d9d6 tempest-VolumesDeleteCascade-1954200033 None] CMD "/opt/stack/data/venv/bin/python3.12 -m oslo_concurrency.prlimit --as=1073741824 --cpu=60 -- sudo cinder-rootwrap /etc/cinder/rootwrap.conf env LC_ALL=C qemu-img info -f qcow2 --output=json --force-share /opt/stack/data/cinder/mnt/5360f48d33f51629968ca798138491fd/volume-4ce97149-f154-4391-838d-f02f188e7ec1.e73e5283-d657-43da-85c3-3bbbfa31bd8e" returned: 0 in 0.533s {{(pid=87313) execute /opt/stack/data/venv/lib/python3.12/site-packages/oslo_concurrency/processutils.py:468}}
Sep 07 02:17:25 devstack cinder-volume[87313]: DEBUG cinder.volume.drivers.remotefs [None req-64c5eac9-e2f3-4b0b-8eb3-2197aea6d9d6 tempest-VolumesDeleteCascade-1954200033 None] Fetching qemu-img info with special backing_file_template: (/opt/stack/data/cinder/mnt/[0-9a-f]+/)?(volume-4ce97149-f154-4391-838d-f02f188e7ec1(.(tmp-snap-)?[0-9a-f-]+)?|volume_from_snapshot_cache/(tmp-snap-)?[0-9a-f-]+(.(child-|parent-)[0-9a-f-]+)?)$ {{(pid=87313) _qemu_img_info_base /opt/stack/cinder/cinder/volume/drivers/remotefs.py:896}}
Sep 07 02:17:25 devstack cinder-volume[87313]: DEBUG oslo.privsep.daemon [-] privsep: reply[fe4c8ebf-0cb6-43d6-8235-6bf1c5845939]: (4, 'qcow2') {{(pid=89020) _call_back /opt/stack/data/venv/lib/python3.12/site-packages/oslo_privsep/daemon.py:580}}
Sep 07 02:17:25 devstack cinder-volume[87313]: DEBUG oslo_concurrency.processutils [None req-64c5eac9-e2f3-4b0b-8eb3-2197aea6d9d6 tempest-VolumesDeleteCascade-1954200033 None] Running cmd (subprocess): /opt/stack/data/venv/bin/python3.12 -m oslo_concurrency.prlimit --as=1073741824 --cpu=60 -- sudo cinder-rootwrap /etc/cinder/rootwrap.conf env LC_ALL=C qemu-img info -f qcow2 --output=json --force-share /opt/stack/data/cinder/mnt/5360f48d33f51629968ca798138491fd/volume-4ce97149-f154-4391-838d-f02f188e7ec1 {{(pid=87313) execute /opt/stack/data/venv/lib/python3.12/site-packages/oslo_concurrency/processutils.py:440}}
Sep 07 02:17:26 devstack sudo[90785]: quobyte : PWD=/ ; USER=root ; COMMAND=/opt/stack/data/venv/bin/cinder-rootwrap /etc/cinder/rootwrap.conf env LC_ALL=C qemu-img info -f qcow2 --output=json --force-share /opt/stack/data/cinder/mnt/5360f48d33f51629968ca798138491fd/volume-4ce97149-f154-4391-838d-f02f188e7ec1
Sep 07 02:17:26 devstack sudo[90785]: pam_unix(sudo:session): session opened for user root(uid=0) by (uid=1000)
Sep 07 02:17:26 devstack cinder-volume[87313]: DEBUG oslo_service.periodic_task [None req-b08cef79-78d9-4943-bba1-22f3381b4563 None None] Running periodic task VolumeManager.publish_service_capabilities {{(pid=87313) run_periodic_tasks /opt/stack/data/venv/lib/python3.12/site-packages/oslo_service/periodic_task.py:254}}
Sep 07 02:17:26 devstack cinder-volume[87313]: DEBUG oslo_concurrency.lockutils [None req-b08cef79-78d9-4943-bba1-22f3381b4563 None None] Acquiring lock "quobyte_ensure" by "cinder.volume.drivers.quobyte.QuobyteDriver._ensure_shares_mounted" {{(pid=87313) inner /opt/stack/data/venv/lib/python3.12/site-packages/oslo_concurrency/lockutils.py:512}}
Sep 07 02:17:26 devstack cinder-volume[87313]: DEBUG oslo_concurrency.lockutils [None req-b08cef79-78d9-4943-bba1-22f3381b4563 None None] Lock "quobyte_ensure" acquired by "cinder.volume.drivers.quobyte.QuobyteDriver._ensure_shares_mounted" :: waited 0.003s {{(pid=87313) inner /opt/stack/data/venv/lib/python3.12/site-packages/oslo_concurrency/lockutils.py:525}}
Sep 07 02:17:26 devstack cinder-volume[87313]: DEBUG cinder.volume.drivers.quobyte [None req-b08cef79-78d9-4943-bba1-22f3381b4563 None None] Quobyte Volume URL set to: {'osci02.corp.quobyte.com/cinder-vol-ea02a4d5-babc-4fc8-aeef-9988353de535': None} {{(pid=87313) _load_shares_config /opt/stack/cinder/cinder/volume/drivers/quobyte.py:662}}
Sep 07 02:17:26 devstack cinder-volume[87313]: DEBUG cinder.volume.drivers.quobyte [None req-b08cef79-78d9-4943-bba1-22f3381b4563 None None] Available shares ['osci02.corp.quobyte.com/cinder-vol-ea02a4d5-babc-4fc8-aeef-9988353de535'] {{(pid=87313) _ensure_shares_mounted /opt/stack/cinder/cinder/volume/drivers/quobyte.py:692}}
Sep 07 02:17:26 devstack cinder-volume[87313]: DEBUG oslo_concurrency.lockutils [None req-b08cef79-78d9-4943-bba1-22f3381b4563 None None] Lock "quobyte_ensure" "released" by "cinder.volume.drivers.quobyte.QuobyteDriver._ensure_shares_mounted" :: held 0.011s {{(pid=87313) inner /opt/stack/data/venv/lib/python3.12/site-packages/oslo_concurrency/lockutils.py:544}}
Sep 07 02:17:26 devstack cinder-volume[87313]: DEBUG oslo_concurrency.processutils [None req-b08cef79-78d9-4943-bba1-22f3381b4563 None None] Running cmd (subprocess): sudo cinder-rootwrap /etc/cinder/rootwrap.conf df --portability --block-size 1 /opt/stack/data/cinder/mnt/5360f48d33f51629968ca798138491fd {{(pid=87313) execute /opt/stack/data/venv/lib/python3.12/site-packages/oslo_concurrency/processutils.py:440}}
Sep 07 02:17:26 devstack sudo[90791]: quobyte : PWD=/ ; USER=root ; COMMAND=/opt/stack/data/venv/bin/cinder-rootwrap /etc/cinder/rootwrap.conf df --portability --block-size 1 /opt/stack/data/cinder/mnt/5360f48d33f51629968ca798138491fd
Sep 07 02:17:26 devstack sudo[90791]: pam_unix(sudo:session): session opened for user root(uid=0) by (uid=1000)
Sep 07 02:17:26 devstack sudo[90785]: pam_unix(sudo:session): session closed for user root
Sep 07 02:17:26 devstack cinder-volume[87313]: DEBUG oslo_concurrency.processutils [None req-64c5eac9-e2f3-4b0b-8eb3-2197aea6d9d6 tempest-VolumesDeleteCascade-1954200033 None] CMD "/opt/stack/data/venv/bin/python3.12 -m oslo_concurrency.prlimit --as=1073741824 --cpu=60 -- sudo cinder-rootwrap /etc/cinder/rootwrap.conf env LC_ALL=C qemu-img info -f qcow2 --output=json --force-share /opt/stack/data/cinder/mnt/5360f48d33f51629968ca798138491fd/volume-4ce97149-f154-4391-838d-f02f188e7ec1" returned: 0 in 0.634s {{(pid=87313) execute /opt/stack/data/venv/lib/python3.12/site-packages/oslo_concurrency/processutils.py:468}}
Sep 07 02:17:26 devstack cinder-volume[87313]: DEBUG oslo.privsep.daemon [-] privsep: reply[b1f2f6a1-319e-476b-8899-e59369d8b4d6]: (4, 'qcow2') {{(pid=89020) _call_back /opt/stack/data/venv/lib/python3.12/site-packages/oslo_privsep/daemon.py:580}}
Sep 07 02:17:26 devstack cinder-volume[87313]: DEBUG oslo_concurrency.processutils [None req-64c5eac9-e2f3-4b0b-8eb3-2197aea6d9d6 tempest-VolumesDeleteCascade-1954200033 None] Running cmd (subprocess): /opt/stack/data/venv/bin/python3.12 -m oslo_concurrency.prlimit --as=1073741824 --cpu=60 -- sudo cinder-rootwrap /etc/cinder/rootwrap.conf env LC_ALL=C qemu-img info -f qcow2 --output=json --force-share /opt/stack/data/cinder/mnt/5360f48d33f51629968ca798138491fd/volume-4ce97149-f154-4391-838d-f02f188e7ec1.e8e7bc96-a928-456b-bb14-178721022487 {{(pid=87313) execute /opt/stack/data/venv/lib/python3.12/site-packages/oslo_concurrency/processutils.py:440}}
Sep 07 02:17:26 devstack sudo[90791]: pam_unix(sudo:session): session closed for user root
Sep 07 02:17:26 devstack cinder-volume[87313]: DEBUG oslo_concurrency.processutils [None req-b08cef79-78d9-4943-bba1-22f3381b4563 None None] CMD "sudo cinder-rootwrap /etc/cinder/rootwrap.conf df --portability --block-size 1 /opt/stack/data/cinder/mnt/5360f48d33f51629968ca798138491fd" returned: 0 in 0.428s {{(pid=87313) execute /opt/stack/data/venv/lib/python3.12/site-packages/oslo_concurrency/processutils.py:468}}
Sep 07 02:17:26 devstack cinder-volume[87313]: DEBUG cinder.manager [None req-b08cef79-78d9-4943-bba1-22f3381b4563 None None] Notifying Schedulers of capabilities ... {{(pid=87313) _publish_service_capabilities /opt/stack/cinder/cinder/manager.py:219}}
Sep 07 02:17:26 devstack cinder-volume[87313]: DEBUG oslo_service.periodic_task [None req-b08cef79-78d9-4943-bba1-22f3381b4563 None None] Running periodic task VolumeManager._thread_info {{(pid=87313) run_periodic_tasks /opt/stack/data/venv/lib/python3.12/site-packages/oslo_service/periodic_task.py:254}}
Sep 07 02:17:26 devstack cinder-volume[87313]: DEBUG cinder.volume.manager [None req-b08cef79-78d9-4943-bba1-22f3381b4563 None None] thread count: 8 {{(pid=87313) _thread_info /opt/stack/cinder/cinder/volume/manager.py:5472}}
Sep 07 02:17:26 devstack cinder-volume[87313]: DEBUG cinder.volume.manager [None req-b08cef79-78d9-4943-bba1-22f3381b4563 None None] thread info: [<_MainThread(MainThread, started 124785543360640)>, , , , , , , ] {{(pid=87313) _thread_info /opt/stack/cinder/cinder/volume/manager.py:5473}}
Sep 07 02:17:26 devstack sudo[90797]: quobyte : PWD=/ ; USER=root ; COMMAND=/opt/stack/data/venv/bin/cinder-rootwrap /etc/cinder/rootwrap.conf env LC_ALL=C qemu-img info -f qcow2 --output=json --force-share /opt/stack/data/cinder/mnt/5360f48d33f51629968ca798138491fd/volume-4ce97149-f154-4391-838d-f02f188e7ec1.e8e7bc96-a928-456b-bb14-178721022487
Sep 07 02:17:26 devstack sudo[90797]: pam_unix(sudo:session): session opened for user root(uid=0) by (uid=1000)
Sep 07 02:17:27 devstack cinder-volume[87313]: INFO cinder.volume.manager [None req-4f1cdfcf-e481-4108-894a-594f820e11ac tempest-GroupsV314Test-1608411207 None] Group tempest-GroupsV314Test-Group-1281452723: creating
Sep 07 02:17:27 devstack cinder-volume[87313]: INFO cinder.volume.manager [None req-4f1cdfcf-e481-4108-894a-594f820e11ac tempest-GroupsV314Test-1608411207 None] Group tempest-GroupsV314Test-Group-1281452723: created successfully
Sep 07 02:17:27 devstack cinder-volume[87313]: INFO cinder.volume.manager [None req-4f1cdfcf-e481-4108-894a-594f820e11ac tempest-GroupsV314Test-1608411207 None] Create group completed successfully.
Sep 07 02:17:27 devstack sudo[90797]: pam_unix(sudo:session): session closed for user root
Sep 07 02:17:27 devstack cinder-volume[87313]: DEBUG oslo_concurrency.processutils [None req-64c5eac9-e2f3-4b0b-8eb3-2197aea6d9d6 tempest-VolumesDeleteCascade-1954200033 None] CMD "/opt/stack/data/venv/bin/python3.12 -m oslo_concurrency.prlimit --as=1073741824 --cpu=60 -- sudo cinder-rootwrap /etc/cinder/rootwrap.conf env LC_ALL=C qemu-img info -f qcow2 --output=json --force-share /opt/stack/data/cinder/mnt/5360f48d33f51629968ca798138491fd/volume-4ce97149-f154-4391-838d-f02f188e7ec1.e8e7bc96-a928-456b-bb14-178721022487" returned: 0 in 0.631s {{(pid=87313) execute /opt/stack/data/venv/lib/python3.12/site-packages/oslo_concurrency/processutils.py:468}}
Sep 07 02:17:27 devstack cinder-volume[87313]: DEBUG cinder.volume.drivers.remotefs [None req-64c5eac9-e2f3-4b0b-8eb3-2197aea6d9d6 tempest-VolumesDeleteCascade-1954200033 None] Fetching qemu-img info with special backing_file_template: (/opt/stack/data/cinder/mnt/[0-9a-f]+/)?(volume-4ce97149-f154-4391-838d-f02f188e7ec1(.(tmp-snap-)?[0-9a-f-]+)?|volume_from_snapshot_cache/(tmp-snap-)?[0-9a-f-]+(.(child-|parent-)[0-9a-f-]+)?)$ {{(pid=87313) _qemu_img_info_base /opt/stack/cinder/cinder/volume/drivers/remotefs.py:896}}
Sep 07 02:17:27 devstack cinder-volume[87313]: DEBUG oslo.privsep.daemon [-] privsep: reply[bbad5534-2792-4859-9703-33ba603e5346]: (4, 'qcow2') {{(pid=89020) _call_back /opt/stack/data/venv/lib/python3.12/site-packages/oslo_privsep/daemon.py:580}}
Sep 07 02:17:27 devstack cinder-volume[87313]: DEBUG oslo_concurrency.processutils [None req-64c5eac9-e2f3-4b0b-8eb3-2197aea6d9d6 tempest-VolumesDeleteCascade-1954200033 None] Running cmd (subprocess): /opt/stack/data/venv/bin/python3.12 -m oslo_concurrency.prlimit --as=1073741824 --cpu=60 -- sudo cinder-rootwrap /etc/cinder/rootwrap.conf env LC_ALL=C qemu-img info -f qcow2 --output=json --force-share /opt/stack/data/cinder/mnt/5360f48d33f51629968ca798138491fd/volume-4ce97149-f154-4391-838d-f02f188e7ec1.e73e5283-d657-43da-85c3-3bbbfa31bd8e {{(pid=87313) execute /opt/stack/data/venv/lib/python3.12/site-packages/oslo_concurrency/processutils.py:440}}
Sep 07 02:17:27 devstack sudo[90803]: quobyte : PWD=/ ; USER=root ; COMMAND=/opt/stack/data/venv/bin/cinder-rootwrap /etc/cinder/rootwrap.conf env LC_ALL=C qemu-img info -f qcow2 --output=json --force-share /opt/stack/data/cinder/mnt/5360f48d33f51629968ca798138491fd/volume-4ce97149-f154-4391-838d-f02f188e7ec1.e73e5283-d657-43da-85c3-3bbbfa31bd8e
Sep 07 02:17:27 devstack sudo[90803]: pam_unix(sudo:session): session opened for user root(uid=0) by (uid=1000)
Sep 07 02:17:27 devstack sudo[90803]: pam_unix(sudo:session): session closed for user root
Sep 07 02:17:27 devstack cinder-volume[87313]: DEBUG oslo_concurrency.processutils [None req-64c5eac9-e2f3-4b0b-8eb3-2197aea6d9d6 tempest-VolumesDeleteCascade-1954200033 None] CMD "/opt/stack/data/venv/bin/python3.12 -m oslo_concurrency.prlimit --as=1073741824 --cpu=60 -- sudo cinder-rootwrap /etc/cinder/rootwrap.conf env LC_ALL=C qemu-img info -f qcow2 --output=json --force-share /opt/stack/data/cinder/mnt/5360f48d33f51629968ca798138491fd/volume-4ce97149-f154-4391-838d-f02f188e7ec1.e73e5283-d657-43da-85c3-3bbbfa31bd8e" returned: 0 in 0.477s {{(pid=87313) execute /opt/stack/data/venv/lib/python3.12/site-packages/oslo_concurrency/processutils.py:468}}
Sep 07 02:17:27 devstack cinder-volume[87313]: DEBUG cinder.volume.drivers.remotefs [None req-64c5eac9-e2f3-4b0b-8eb3-2197aea6d9d6 tempest-VolumesDeleteCascade-1954200033 None] Fetching qemu-img info with special backing_file_template: (/opt/stack/data/cinder/mnt/[0-9a-f]+/)?(volume-4ce97149-f154-4391-838d-f02f188e7ec1(.(tmp-snap-)?[0-9a-f-]+)?|volume_from_snapshot_cache/(tmp-snap-)?[0-9a-f-]+(.(child-|parent-)[0-9a-f-]+)?)$ {{(pid=87313) _qemu_img_info_base /opt/stack/cinder/cinder/volume/drivers/remotefs.py:896}}
Sep 07 02:17:27 devstack cinder-volume[87313]: DEBUG oslo.privsep.daemon [-] privsep: reply[a5071482-616b-4b6f-af3f-ae6e0c139b4b]: (4, 'qcow2') {{(pid=89020) _call_back /opt/stack/data/venv/lib/python3.12/site-packages/oslo_privsep/daemon.py:580}}
Sep 07 02:17:27 devstack cinder-volume[87313]: DEBUG oslo_concurrency.processutils [None req-64c5eac9-e2f3-4b0b-8eb3-2197aea6d9d6 tempest-VolumesDeleteCascade-1954200033 None] Running cmd (subprocess): /opt/stack/data/venv/bin/python3.12 -m oslo_concurrency.prlimit --as=1073741824 --cpu=60 -- sudo cinder-rootwrap /etc/cinder/rootwrap.conf env LC_ALL=C qemu-img info -f qcow2 --output=json --force-share /opt/stack/data/cinder/mnt/5360f48d33f51629968ca798138491fd/volume-4ce97149-f154-4391-838d-f02f188e7ec1 {{(pid=87313) execute /opt/stack/data/venv/lib/python3.12/site-packages/oslo_concurrency/processutils.py:440}}
Sep 07 02:17:27 devstack sudo[90810]: quobyte : PWD=/ ; USER=root ; COMMAND=/opt/stack/data/venv/bin/cinder-rootwrap /etc/cinder/rootwrap.conf env LC_ALL=C qemu-img info -f qcow2 --output=json --force-share /opt/stack/data/cinder/mnt/5360f48d33f51629968ca798138491fd/volume-4ce97149-f154-4391-838d-f02f188e7ec1
Sep 07 02:17:27 devstack sudo[90810]: pam_unix(sudo:session): session opened for user root(uid=0) by (uid=1000)
Sep 07 02:17:28 devstack sudo[90810]: pam_unix(sudo:session): session closed for user root
Sep 07 02:17:28 devstack cinder-volume[87313]: DEBUG oslo_concurrency.processutils [None req-64c5eac9-e2f3-4b0b-8eb3-2197aea6d9d6 tempest-VolumesDeleteCascade-1954200033 None] CMD "/opt/stack/data/venv/bin/python3.12 -m oslo_concurrency.prlimit --as=1073741824 --cpu=60 -- sudo cinder-rootwrap /etc/cinder/rootwrap.conf env LC_ALL=C qemu-img info -f qcow2 --output=json --force-share /opt/stack/data/cinder/mnt/5360f48d33f51629968ca798138491fd/volume-4ce97149-f154-4391-838d-f02f188e7ec1" returned: 0 in 0.691s {{(pid=87313) execute /opt/stack/data/venv/lib/python3.12/site-packages/oslo_concurrency/processutils.py:468}}
Sep 07 02:17:28 devstack cinder-volume[87313]: DEBUG oslo_concurrency.processutils [None req-64c5eac9-e2f3-4b0b-8eb3-2197aea6d9d6 tempest-VolumesDeleteCascade-1954200033 None] Running cmd (subprocess): sudo cinder-rootwrap /etc/cinder/rootwrap.conf qemu-img commit -d /opt/stack/data/cinder/mnt/5360f48d33f51629968ca798138491fd/volume-4ce97149-f154-4391-838d-f02f188e7ec1.e73e5283-d657-43da-85c3-3bbbfa31bd8e {{(pid=87313) execute /opt/stack/data/venv/lib/python3.12/site-packages/oslo_concurrency/processutils.py:440}}
Sep 07 02:17:28 devstack sudo[90816]: quobyte : PWD=/ ; USER=root ; COMMAND=/opt/stack/data/venv/bin/cinder-rootwrap /etc/cinder/rootwrap.conf qemu-img commit -d /opt/stack/data/cinder/mnt/5360f48d33f51629968ca798138491fd/volume-4ce97149-f154-4391-838d-f02f188e7ec1.e73e5283-d657-43da-85c3-3bbbfa31bd8e
Sep 07 02:17:28 devstack sudo[90816]: pam_unix(sudo:session): session opened for user root(uid=0) by (uid=1000)
Sep 07 02:17:29 devstack sudo[90816]: pam_unix(sudo:session): session closed for user root
Sep 07 02:17:29 devstack cinder-volume[87313]: DEBUG oslo_concurrency.processutils [None req-64c5eac9-e2f3-4b0b-8eb3-2197aea6d9d6 tempest-VolumesDeleteCascade-1954200033 None] CMD "sudo cinder-rootwrap /etc/cinder/rootwrap.conf qemu-img commit -d /opt/stack/data/cinder/mnt/5360f48d33f51629968ca798138491fd/volume-4ce97149-f154-4391-838d-f02f188e7ec1.e73e5283-d657-43da-85c3-3bbbfa31bd8e" returned: 0 in 0.623s {{(pid=87313) execute /opt/stack/data/venv/lib/python3.12/site-packages/oslo_concurrency/processutils.py:468}}
Sep 07 02:17:29 devstack cinder-volume[87313]: DEBUG oslo_concurrency.processutils [None req-64c5eac9-e2f3-4b0b-8eb3-2197aea6d9d6 tempest-VolumesDeleteCascade-1954200033 None] Running cmd (subprocess): sudo cinder-rootwrap /etc/cinder/rootwrap.conf rm -f /opt/stack/data/cinder/mnt/5360f48d33f51629968ca798138491fd/volume-4ce97149-f154-4391-838d-f02f188e7ec1.e73e5283-d657-43da-85c3-3bbbfa31bd8e {{(pid=87313) execute /opt/stack/data/venv/lib/python3.12/site-packages/oslo_concurrency/processutils.py:440}}
Sep 07 02:17:29 devstack sudo[90833]: quobyte : PWD=/ ; USER=root ; COMMAND=/opt/stack/data/venv/bin/cinder-rootwrap /etc/cinder/rootwrap.conf rm -f /opt/stack/data/cinder/mnt/5360f48d33f51629968ca798138491fd/volume-4ce97149-f154-4391-838d-f02f188e7ec1.e73e5283-d657-43da-85c3-3bbbfa31bd8e
Sep 07 02:17:29 devstack sudo[90833]: pam_unix(sudo:session): session opened for user root(uid=0) by (uid=1000)
Sep 07 02:17:29 devstack cinder-volume[87313]: DEBUG cinder.volume.flows.manager.create_volume [None req-47413128-2dd3-4e38-921a-95002f325e8f tempest-GroupsV314Test-1608411207 None] Volume reschedule parameters: True retry: {'num_attempts': 1, 'backends': ['devstack@QuobyteHD#QuobyteHD'], 'hosts': ['devstack@QuobyteHD#QuobyteHD']} {{(pid=87313) get_flow /opt/stack/cinder/cinder/volume/flows/manager/create_volume.py:1397}}
Sep 07 02:17:29 devstack cinder-volume[87313]: DEBUG cinder.volume.manager [None req-47413128-2dd3-4e38-921a-95002f325e8f tempest-GroupsV314Test-1608411207 None] Flow 'volume_create_manager' (b6668fb2-91ed-432a-8f0e-88b2ecaa6436) transitioned into state 'RUNNING' from state 'PENDING' {{(pid=87313) _flow_receiver /opt/stack/data/venv/lib/python3.12/site-packages/taskflow/listeners/logging.py:160}}
Sep 07 02:17:29 devstack cinder-volume[87313]: DEBUG cinder.volume.manager [None req-47413128-2dd3-4e38-921a-95002f325e8f tempest-GroupsV314Test-1608411207 None] Task 'cinder.volume.flows.manager.create_volume.ExtractVolumeRefTask;volume:create' (140fd470-5526-43a0-aa9c-827876890c01) transitioned into state 'RUNNING' from state 'PENDING' {{(pid=87313) _task_receiver /opt/stack/data/venv/lib/python3.12/site-packages/taskflow/listeners/logging.py:242}}
Sep 07 02:17:29 devstack cinder-volume[87313]: DEBUG cinder.volume.manager [None req-47413128-2dd3-4e38-921a-95002f325e8f tempest-GroupsV314Test-1608411207 None] Task 'cinder.volume.flows.manager.create_volume.ExtractVolumeRefTask;volume:create' (140fd470-5526-43a0-aa9c-827876890c01) transitioned into state 'SUCCESS' from state 'RUNNING' with result 'Volume(_name_id=None,admin_metadata=,attach_status='detached',availability_zone='nova',bootable=False,cluster=,cluster_name=None,consistencygroup=,consistencygroup_id=None,created_at=2026-09-07T00:17:29Z,deleted=False,deleted_at=None,display_description=None,display_name='tempest-volume-100540296',ec2_id=None,encryption_key_id=None,glance_metadata=,group=,group_id=2e77c51d-1bf3-4cd6-98d2-e4c8f27d8dda,host='devstack@QuobyteHD#QuobyteHD',id=08d0c8d4-1148-437b-afde-81a0ab46e1a0,launched_at=None,metadata={},migration_status=None,multiattach=False,previous_status=None,project_id='6843f8b80f544776b97737dd7cc0bc2b',provider_auth=None,provider_geometry=None,provider_id=None,provider_location=None,replication_driver_data=None,replication_extended_status=None,replication_status=None,scheduled_at=2026-09-07T00:17:29Z,service_uuid=None,shared_targets=True,size=1,snapshot_id=None,snapshots=,source_volid=None,status='creating',terminated_at=None,updated_at=2026-09-07T00:17:29Z,use_quota=True,user_id='351ee91066d949bcab8540a22506b0eb',volume_attachment=VolumeAttachmentList,volume_type=VolumeType(49b1b38a-b6ec-4b3c-b88b-26ae776f5b2b),volume_type_id=49b1b38a-b6ec-4b3c-b88b-26ae776f5b2b)' {{(pid=87313) _task_receiver /opt/stack/data/venv/lib/python3.12/site-packages/taskflow/listeners/logging.py:218}}
Sep 07 02:17:29 devstack cinder-volume[87313]: DEBUG cinder.volume.manager [None req-47413128-2dd3-4e38-921a-95002f325e8f tempest-GroupsV314Test-1608411207 None] Task 'cinder.volume.flows.manager.create_volume.OnFailureRescheduleTask;volume:create' (0a2c5909-18df-4fba-84a0-75a62a94687a) transitioned into state 'RUNNING' from state 'PENDING' {{(pid=87313) _task_receiver /opt/stack/data/venv/lib/python3.12/site-packages/taskflow/listeners/logging.py:242}}
