Jul 25 02:36:08 devstack cinder-volume[88279]: DEBUG cinder.coordination [req-adcf6ac2-43a2-4e7e-97be-3bfdb5cd5ad4 req-fc1d8116-511a-4870-a766-27d431f683d1 tempest-VolumesSnapshotsTestJSON-111062241 None] Acquiring lock "cinder-quobyte-1f8ffd75-39bd-40ef-a2aa-a97921728806" by "delete_volume" {{(pid=88279) __acquire /opt/stack/cinder/cinder/coordination.py:138}}
Jul 25 02:36:08 devstack cinder-volume[88279]: DEBUG cinder.coordination [req-adcf6ac2-43a2-4e7e-97be-3bfdb5cd5ad4 req-fc1d8116-511a-4870-a766-27d431f683d1 tempest-VolumesSnapshotsTestJSON-111062241 None] Lock "cinder-quobyte-1f8ffd75-39bd-40ef-a2aa-a97921728806" acquired by "delete_volume" :: waited 0.021s {{(pid=88279) __acquire /opt/stack/cinder/cinder/coordination.py:141}}
Jul 25 02:36:08 devstack cinder-volume[88279]: DEBUG oslo.privsep.daemon [-] privsep: reply[7bb8b4f7-9ff6-4f7d-9f08-a5035c4dfa23]: (4, 'qcow2') {{(pid=89465) _call_back /opt/stack/data/venv/lib/python3.12/site-packages/oslo_privsep/daemon.py:580}}
Jul 25 02:36:08 devstack cinder-volume[88279]: DEBUG oslo_concurrency.processutils [req-adcf6ac2-43a2-4e7e-97be-3bfdb5cd5ad4 req-fc1d8116-511a-4870-a766-27d431f683d1 tempest-VolumesSnapshotsTestJSON-111062241 None] Running cmd (subprocess): /opt/stack/data/venv/bin/python3.12 -m oslo_concurrency.prlimit --as=1073741824 --cpu=60 -- sudo cinder-rootwrap /etc/cinder/rootwrap.conf env LC_ALL=C qemu-img info -f qcow2 --output=json --force-share /opt/stack/data/cinder/mnt/d62f60956437d5c0c7510a4a5f61a858/volume-1f8ffd75-39bd-40ef-a2aa-a97921728806 {{(pid=88279) execute /opt/stack/data/venv/lib/python3.12/site-packages/oslo_concurrency/processutils.py:440}}
Jul 25 02:36:08 devstack sudo[94248]: quobyte : PWD=/ ; USER=root ; COMMAND=/opt/stack/data/venv/bin/cinder-rootwrap /etc/cinder/rootwrap.conf env LC_ALL=C qemu-img info -f qcow2 --output=json --force-share /opt/stack/data/cinder/mnt/d62f60956437d5c0c7510a4a5f61a858/volume-1f8ffd75-39bd-40ef-a2aa-a97921728806
Jul 25 02:36:08 devstack sudo[94248]: pam_unix(sudo:session): session opened for user root(uid=0) by (uid=1000)
Jul 25 02:36:08 devstack sudo[94246]: pam_unix(sudo:session): session closed for user root
Jul 25 02:36:08 devstack cinder-volume[88279]: DEBUG oslo_concurrency.processutils [None req-b195b71c-043a-4adb-87db-159d604f0643 tempest-VolumesDeleteCascade-599046930 None] CMD "sudo cinder-rootwrap /etc/cinder/rootwrap.conf chmod ugo+rw /opt/stack/data/cinder/mnt/d62f60956437d5c0c7510a4a5f61a858/volume-e658ab2d-f94a-4626-b26b-46acfa82464c.89f93d99-ee73-4b8f-8848-70cd05a05b58" returned: 0 in 0.316s {{(pid=88279) execute /opt/stack/data/venv/lib/python3.12/site-packages/oslo_concurrency/processutils.py:468}}
Jul 25 02:36:08 devstack cinder-volume[88279]: DEBUG oslo_concurrency.processutils [None req-b195b71c-043a-4adb-87db-159d604f0643 tempest-VolumesDeleteCascade-599046930 None] Running cmd (subprocess): sudo cinder-rootwrap /etc/cinder/rootwrap.conf truncate -s0 /opt/stack/data/cinder/mnt/d62f60956437d5c0c7510a4a5f61a858/volume-e658ab2d-f94a-4626-b26b-46acfa82464c.info {{(pid=88279) execute /opt/stack/data/venv/lib/python3.12/site-packages/oslo_concurrency/processutils.py:440}}
Jul 25 02:36:08 devstack sudo[94254]: quobyte : PWD=/ ; USER=root ; COMMAND=/opt/stack/data/venv/bin/cinder-rootwrap /etc/cinder/rootwrap.conf truncate -s0 /opt/stack/data/cinder/mnt/d62f60956437d5c0c7510a4a5f61a858/volume-e658ab2d-f94a-4626-b26b-46acfa82464c.info
Jul 25 02:36:08 devstack sudo[94254]: pam_unix(sudo:session): session opened for user root(uid=0) by (uid=1000)
Jul 25 02:36:08 devstack sudo[94248]: pam_unix(sudo:session): session closed for user root
Jul 25 02:36:08 devstack cinder-volume[88279]: DEBUG oslo_concurrency.processutils [req-adcf6ac2-43a2-4e7e-97be-3bfdb5cd5ad4 req-fc1d8116-511a-4870-a766-27d431f683d1 tempest-VolumesSnapshotsTestJSON-111062241 None] CMD "/opt/stack/data/venv/bin/python3.12 -m oslo_concurrency.prlimit --as=1073741824 --cpu=60 -- sudo cinder-rootwrap /etc/cinder/rootwrap.conf env LC_ALL=C qemu-img info -f qcow2 --output=json --force-share /opt/stack/data/cinder/mnt/d62f60956437d5c0c7510a4a5f61a858/volume-1f8ffd75-39bd-40ef-a2aa-a97921728806" returned: 0 in 0.517s {{(pid=88279) execute /opt/stack/data/venv/lib/python3.12/site-packages/oslo_concurrency/processutils.py:468}}
Jul 25 02:36:08 devstack cinder-volume[88279]: DEBUG oslo_concurrency.processutils [req-adcf6ac2-43a2-4e7e-97be-3bfdb5cd5ad4 req-fc1d8116-511a-4870-a766-27d431f683d1 tempest-VolumesSnapshotsTestJSON-111062241 None] Running cmd (subprocess): sudo cinder-rootwrap /etc/cinder/rootwrap.conf rm -f /opt/stack/data/cinder/mnt/d62f60956437d5c0c7510a4a5f61a858/volume-1f8ffd75-39bd-40ef-a2aa-a97921728806 {{(pid=88279) execute /opt/stack/data/venv/lib/python3.12/site-packages/oslo_concurrency/processutils.py:440}}
Jul 25 02:36:08 devstack sudo[94260]: quobyte : PWD=/ ; USER=root ; COMMAND=/opt/stack/data/venv/bin/cinder-rootwrap /etc/cinder/rootwrap.conf rm -f /opt/stack/data/cinder/mnt/d62f60956437d5c0c7510a4a5f61a858/volume-1f8ffd75-39bd-40ef-a2aa-a97921728806
Jul 25 02:36:08 devstack sudo[94260]: pam_unix(sudo:session): session opened for user root(uid=0) by (uid=1000)
Jul 25 02:36:08 devstack sudo[94254]: pam_unix(sudo:session): session closed for user root
Jul 25 02:36:08 devstack cinder-volume[88279]: DEBUG oslo_concurrency.processutils [None req-b195b71c-043a-4adb-87db-159d604f0643 tempest-VolumesDeleteCascade-599046930 None] CMD "sudo cinder-rootwrap /etc/cinder/rootwrap.conf truncate -s0 /opt/stack/data/cinder/mnt/d62f60956437d5c0c7510a4a5f61a858/volume-e658ab2d-f94a-4626-b26b-46acfa82464c.info" returned: 0 in 0.323s {{(pid=88279) execute /opt/stack/data/venv/lib/python3.12/site-packages/oslo_concurrency/processutils.py:468}}
Jul 25 02:36:08 devstack cinder-volume[88279]: WARNING cinder.volume.drivers.remotefs [None req-b195b71c-043a-4adb-87db-159d604f0643 tempest-VolumesDeleteCascade-599046930 None] /opt/stack/data/cinder/mnt/d62f60956437d5c0c7510a4a5f61a858/volume-e658ab2d-f94a-4626-b26b-46acfa82464c.info is being set with open permissions: ugo+rw
Jul 25 02:36:08 devstack cinder-volume[88279]: DEBUG oslo_concurrency.processutils [None req-b195b71c-043a-4adb-87db-159d604f0643 tempest-VolumesDeleteCascade-599046930 None] Running cmd (subprocess): sudo cinder-rootwrap /etc/cinder/rootwrap.conf chmod ugo+rw /opt/stack/data/cinder/mnt/d62f60956437d5c0c7510a4a5f61a858/volume-e658ab2d-f94a-4626-b26b-46acfa82464c.info {{(pid=88279) execute /opt/stack/data/venv/lib/python3.12/site-packages/oslo_concurrency/processutils.py:440}}
Jul 25 02:36:08 devstack sudo[94262]: quobyte : PWD=/ ; USER=root ; COMMAND=/opt/stack/data/venv/bin/cinder-rootwrap /etc/cinder/rootwrap.conf chmod ugo+rw /opt/stack/data/cinder/mnt/d62f60956437d5c0c7510a4a5f61a858/volume-e658ab2d-f94a-4626-b26b-46acfa82464c.info
Jul 25 02:36:08 devstack sudo[94262]: pam_unix(sudo:session): session opened for user root(uid=0) by (uid=1000)
Jul 25 02:36:09 devstack sudo[94260]: pam_unix(sudo:session): session closed for user root
Jul 25 02:36:09 devstack cinder-volume[88279]: DEBUG oslo_concurrency.processutils [req-adcf6ac2-43a2-4e7e-97be-3bfdb5cd5ad4 req-fc1d8116-511a-4870-a766-27d431f683d1 tempest-VolumesSnapshotsTestJSON-111062241 None] CMD "sudo cinder-rootwrap /etc/cinder/rootwrap.conf rm -f /opt/stack/data/cinder/mnt/d62f60956437d5c0c7510a4a5f61a858/volume-1f8ffd75-39bd-40ef-a2aa-a97921728806" returned: 0 in 0.293s {{(pid=88279) execute /opt/stack/data/venv/lib/python3.12/site-packages/oslo_concurrency/processutils.py:468}}
Jul 25 02:36:09 devstack cinder-volume[88279]: DEBUG cinder.coordination [req-adcf6ac2-43a2-4e7e-97be-3bfdb5cd5ad4 req-fc1d8116-511a-4870-a766-27d431f683d1 tempest-VolumesSnapshotsTestJSON-111062241 None] Lock "cinder-quobyte-1f8ffd75-39bd-40ef-a2aa-a97921728806" released by "delete_volume" :: held 0.917s {{(pid=88279) __release /opt/stack/cinder/cinder/coordination.py:152}}
Jul 25 02:36:09 devstack sudo[94262]: pam_unix(sudo:session): session closed for user root
Jul 25 02:36:09 devstack cinder-volume[88279]: DEBUG oslo_concurrency.processutils [None req-b195b71c-043a-4adb-87db-159d604f0643 tempest-VolumesDeleteCascade-599046930 None] CMD "sudo cinder-rootwrap /etc/cinder/rootwrap.conf chmod ugo+rw /opt/stack/data/cinder/mnt/d62f60956437d5c0c7510a4a5f61a858/volume-e658ab2d-f94a-4626-b26b-46acfa82464c.info" returned: 0 in 0.356s {{(pid=88279) execute /opt/stack/data/venv/lib/python3.12/site-packages/oslo_concurrency/processutils.py:468}}
Jul 25 02:36:09 devstack cinder-volume[88279]: DEBUG oslo_concurrency.lockutils [None req-b195b71c-043a-4adb-87db-159d604f0643 tempest-VolumesDeleteCascade-599046930 None] Lock "quobyte" "released" by "cinder.volume.drivers.quobyte.QuobyteDriver.create_snapshot" :: held 2.802s {{(pid=88279) inner /opt/stack/data/venv/lib/python3.12/site-packages/oslo_concurrency/lockutils.py:544}}
Jul 25 02:36:09 devstack cinder-volume[88279]: DEBUG cinder.quota [req-adcf6ac2-43a2-4e7e-97be-3bfdb5cd5ad4 req-fc1d8116-511a-4870-a766-27d431f683d1 tempest-VolumesSnapshotsTestJSON-111062241 None] Created reservations ['e306fa1b-77b3-4b85-ace8-e7dd5d3db7dc', '732c80b4-b50c-4459-b071-3a6b210f5813', 'c0077b97-1ee4-4fa3-95b6-98a6b21f92a7', 'ba134017-1f70-4d4c-ad3d-952997383754'] {{(pid=88279) reserve /opt/stack/cinder/cinder/quota.py:752}}
Jul 25 02:36:09 devstack cinder-volume[88279]: INFO cinder.volume.manager [None req-b195b71c-043a-4adb-87db-159d604f0643 tempest-VolumesDeleteCascade-599046930 None] Create snapshot completed successfully
Jul 25 02:36:09 devstack cinder-volume[88279]: DEBUG oslo_concurrency.lockutils [req-adcf6ac2-43a2-4e7e-97be-3bfdb5cd5ad4 req-fc1d8116-511a-4870-a766-27d431f683d1 tempest-VolumesSnapshotsTestJSON-111062241 None] Acquiring lock "quobyte_ensure" by "cinder.volume.drivers.quobyte.QuobyteDriver._ensure_shares_mounted" {{(pid=88279) inner /opt/stack/data/venv/lib/python3.12/site-packages/oslo_concurrency/lockutils.py:512}}
Jul 25 02:36:09 devstack cinder-volume[88279]: DEBUG oslo_concurrency.lockutils [req-adcf6ac2-43a2-4e7e-97be-3bfdb5cd5ad4 req-fc1d8116-511a-4870-a766-27d431f683d1 tempest-VolumesSnapshotsTestJSON-111062241 None] Lock "quobyte_ensure" acquired by "cinder.volume.drivers.quobyte.QuobyteDriver._ensure_shares_mounted" :: waited 0.001s {{(pid=88279) inner /opt/stack/data/venv/lib/python3.12/site-packages/oslo_concurrency/lockutils.py:525}}
Jul 25 02:36:09 devstack cinder-volume[88279]: DEBUG cinder.volume.drivers.quobyte [req-adcf6ac2-43a2-4e7e-97be-3bfdb5cd5ad4 req-fc1d8116-511a-4870-a766-27d431f683d1 tempest-VolumesSnapshotsTestJSON-111062241 None] Quobyte Volume URL set to: {'osci02.corp.quobyte.com/cinder-vol-a83941d9-e3d5-4992-9134-46b04baf50ac': None} {{(pid=88279) _load_shares_config /opt/stack/cinder/cinder/volume/drivers/quobyte.py:651}}
Jul 25 02:36:09 devstack cinder-volume[88279]: DEBUG cinder.volume.drivers.quobyte [req-adcf6ac2-43a2-4e7e-97be-3bfdb5cd5ad4 req-fc1d8116-511a-4870-a766-27d431f683d1 tempest-VolumesSnapshotsTestJSON-111062241 None] Available shares ['osci02.corp.quobyte.com/cinder-vol-a83941d9-e3d5-4992-9134-46b04baf50ac'] {{(pid=88279) _ensure_shares_mounted /opt/stack/cinder/cinder/volume/drivers/quobyte.py:681}}
Jul 25 02:36:09 devstack cinder-volume[88279]: DEBUG oslo_concurrency.lockutils [req-adcf6ac2-43a2-4e7e-97be-3bfdb5cd5ad4 req-fc1d8116-511a-4870-a766-27d431f683d1 tempest-VolumesSnapshotsTestJSON-111062241 None] Lock "quobyte_ensure" "released" by "cinder.volume.drivers.quobyte.QuobyteDriver._ensure_shares_mounted" :: held 0.006s {{(pid=88279) inner /opt/stack/data/venv/lib/python3.12/site-packages/oslo_concurrency/lockutils.py:544}}
Jul 25 02:36:09 devstack cinder-volume[88279]: DEBUG oslo_concurrency.processutils [req-adcf6ac2-43a2-4e7e-97be-3bfdb5cd5ad4 req-fc1d8116-511a-4870-a766-27d431f683d1 tempest-VolumesSnapshotsTestJSON-111062241 None] Running cmd (subprocess): sudo cinder-rootwrap /etc/cinder/rootwrap.conf df --portability --block-size 1 /opt/stack/data/cinder/mnt/d62f60956437d5c0c7510a4a5f61a858 {{(pid=88279) execute /opt/stack/data/venv/lib/python3.12/site-packages/oslo_concurrency/processutils.py:440}}
Jul 25 02:36:09 devstack sudo[94268]: quobyte : PWD=/ ; USER=root ; COMMAND=/opt/stack/data/venv/bin/cinder-rootwrap /etc/cinder/rootwrap.conf df --portability --block-size 1 /opt/stack/data/cinder/mnt/d62f60956437d5c0c7510a4a5f61a858
Jul 25 02:36:09 devstack sudo[94268]: pam_unix(sudo:session): session opened for user root(uid=0) by (uid=1000)
Jul 25 02:36:09 devstack sudo[94268]: pam_unix(sudo:session): session closed for user root
Jul 25 02:36:09 devstack cinder-volume[88279]: DEBUG oslo_concurrency.processutils [req-adcf6ac2-43a2-4e7e-97be-3bfdb5cd5ad4 req-fc1d8116-511a-4870-a766-27d431f683d1 tempest-VolumesSnapshotsTestJSON-111062241 None] CMD "sudo cinder-rootwrap /etc/cinder/rootwrap.conf df --portability --block-size 1 /opt/stack/data/cinder/mnt/d62f60956437d5c0c7510a4a5f61a858" returned: 0 in 0.357s {{(pid=88279) execute /opt/stack/data/venv/lib/python3.12/site-packages/oslo_concurrency/processutils.py:468}}
Jul 25 02:36:09 devstack cinder-volume[88279]: DEBUG cinder.manager [req-adcf6ac2-43a2-4e7e-97be-3bfdb5cd5ad4 req-fc1d8116-511a-4870-a766-27d431f683d1 tempest-VolumesSnapshotsTestJSON-111062241 None] Notifying Schedulers of capabilities ... {{(pid=88279) _publish_service_capabilities /opt/stack/cinder/cinder/manager.py:219}}
Jul 25 02:36:09 devstack cinder-volume[88279]: INFO cinder.volume.manager [req-adcf6ac2-43a2-4e7e-97be-3bfdb5cd5ad4 req-fc1d8116-511a-4870-a766-27d431f683d1 tempest-VolumesSnapshotsTestJSON-111062241 None] Deleted volume successfully.
Jul 25 02:36:09 devstack cinder-volume[88279]: DEBUG cinder.coordination [req-adcf6ac2-43a2-4e7e-97be-3bfdb5cd5ad4 req-fc1d8116-511a-4870-a766-27d431f683d1 tempest-VolumesSnapshotsTestJSON-111062241 None] Lock "cinder-1f8ffd75-39bd-40ef-a2aa-a97921728806-delete_volume" released by "delete_volume" :: held 1.646s {{(pid=88279) __release /opt/stack/cinder/cinder/coordination.py:152}}
Jul 25 02:36:09 devstack cinder-volume[88279]: DEBUG oslo_concurrency.lockutils [None req-ebb3610b-0bbd-47d0-9058-263ff3cbfed8 tempest-VolumesDeleteCascade-599046930 None] Acquiring lock "quobyte" by "cinder.volume.drivers.quobyte.QuobyteDriver.create_snapshot" {{(pid=88279) inner /opt/stack/data/venv/lib/python3.12/site-packages/oslo_concurrency/lockutils.py:512}}
Jul 25 02:36:09 devstack cinder-volume[88279]: DEBUG oslo_concurrency.lockutils [None req-ebb3610b-0bbd-47d0-9058-263ff3cbfed8 tempest-VolumesDeleteCascade-599046930 None] Lock "quobyte" acquired by "cinder.volume.drivers.quobyte.QuobyteDriver.create_snapshot" :: waited 0.001s {{(pid=88279) inner /opt/stack/data/venv/lib/python3.12/site-packages/oslo_concurrency/lockutils.py:525}}
Jul 25 02:36:09 devstack cinder-volume[88279]: DEBUG cinder.volume.drivers.remotefs [None req-ebb3610b-0bbd-47d0-9058-263ff3cbfed8 tempest-VolumesDeleteCascade-599046930 None] Creating offline snapshot abc87c83-f51e-4d4d-a353-c45dc6c6fb9f of volume e658ab2d-f94a-4626-b26b-46acfa82464c {{(pid=88279) _create_snapshot /opt/stack/cinder/cinder/volume/drivers/remotefs.py:1816}}
Jul 25 02:36:09 devstack cinder-volume[88279]: DEBUG oslo.privsep.daemon [-] privsep: reply[4ef0005c-77b9-4e74-bebd-5508d4892db1]: (4, 'qcow2') {{(pid=89465) _call_back /opt/stack/data/venv/lib/python3.12/site-packages/oslo_privsep/daemon.py:580}}
Jul 25 02:36:09 devstack cinder-volume[88279]: DEBUG oslo_concurrency.processutils [None req-ebb3610b-0bbd-47d0-9058-263ff3cbfed8 tempest-VolumesDeleteCascade-599046930 None] Running cmd (subprocess): /opt/stack/data/venv/bin/python3.12 -m oslo_concurrency.prlimit --as=1073741824 --cpu=60 -- sudo cinder-rootwrap /etc/cinder/rootwrap.conf env LC_ALL=C qemu-img info -f qcow2 --output=json --force-share /opt/stack/data/cinder/mnt/d62f60956437d5c0c7510a4a5f61a858/volume-e658ab2d-f94a-4626-b26b-46acfa82464c.89f93d99-ee73-4b8f-8848-70cd05a05b58 {{(pid=88279) execute /opt/stack/data/venv/lib/python3.12/site-packages/oslo_concurrency/processutils.py:440}}
Jul 25 02:36:10 devstack sudo[94272]: quobyte : PWD=/ ; USER=root ; COMMAND=/opt/stack/data/venv/bin/cinder-rootwrap /etc/cinder/rootwrap.conf env LC_ALL=C qemu-img info -f qcow2 --output=json --force-share /opt/stack/data/cinder/mnt/d62f60956437d5c0c7510a4a5f61a858/volume-e658ab2d-f94a-4626-b26b-46acfa82464c.89f93d99-ee73-4b8f-8848-70cd05a05b58
Jul 25 02:36:10 devstack sudo[94272]: pam_unix(sudo:session): session opened for user root(uid=0) by (uid=1000)
Jul 25 02:36:10 devstack sudo[94272]: pam_unix(sudo:session): session closed for user root
Jul 25 02:36:10 devstack cinder-volume[88279]: DEBUG oslo_concurrency.processutils [None req-ebb3610b-0bbd-47d0-9058-263ff3cbfed8 tempest-VolumesDeleteCascade-599046930 None] CMD "/opt/stack/data/venv/bin/python3.12 -m oslo_concurrency.prlimit --as=1073741824 --cpu=60 -- sudo cinder-rootwrap /etc/cinder/rootwrap.conf env LC_ALL=C qemu-img info -f qcow2 --output=json --force-share /opt/stack/data/cinder/mnt/d62f60956437d5c0c7510a4a5f61a858/volume-e658ab2d-f94a-4626-b26b-46acfa82464c.89f93d99-ee73-4b8f-8848-70cd05a05b58" returned: 0 in 0.547s {{(pid=88279) execute /opt/stack/data/venv/lib/python3.12/site-packages/oslo_concurrency/processutils.py:468}}
Jul 25 02:36:10 devstack cinder-volume[88279]: DEBUG cinder.volume.drivers.remotefs [None req-ebb3610b-0bbd-47d0-9058-263ff3cbfed8 tempest-VolumesDeleteCascade-599046930 None] Fetching qemu-img info with special backing_file_template: (/opt/stack/data/cinder/mnt/[0-9a-f]+/)?(volume-e658ab2d-f94a-4626-b26b-46acfa82464c(.(tmp-snap-)?[0-9a-f-]+)?|volume_from_snapshot_cache/(tmp-snap-)?[0-9a-f-]+(.(child-|parent-)[0-9a-f-]+)?)$ {{(pid=88279) _qemu_img_info_base /opt/stack/cinder/cinder/volume/drivers/remotefs.py:896}}
Jul 25 02:36:10 devstack cinder-volume[88279]: DEBUG oslo_concurrency.processutils [None req-ebb3610b-0bbd-47d0-9058-263ff3cbfed8 tempest-VolumesDeleteCascade-599046930 None] Running cmd (subprocess): sudo cinder-rootwrap /etc/cinder/rootwrap.conf qemu-img create -f qcow2 -o backing_file=/opt/stack/data/cinder/mnt/d62f60956437d5c0c7510a4a5f61a858/volume-e658ab2d-f94a-4626-b26b-46acfa82464c.89f93d99-ee73-4b8f-8848-70cd05a05b58,backing_fmt=qcow2 /opt/stack/data/cinder/mnt/d62f60956437d5c0c7510a4a5f61a858/volume-e658ab2d-f94a-4626-b26b-46acfa82464c.abc87c83-f51e-4d4d-a353-c45dc6c6fb9f 1G {{(pid=88279) execute /opt/stack/data/venv/lib/python3.12/site-packages/oslo_concurrency/processutils.py:440}}
Jul 25 02:36:10 devstack sudo[94279]: quobyte : PWD=/ ; USER=root ; COMMAND=/opt/stack/data/venv/bin/cinder-rootwrap /etc/cinder/rootwrap.conf qemu-img create -f qcow2 -o backing_file=/opt/stack/data/cinder/mnt/d62f60956437d5c0c7510a4a5f61a858/volume-e658ab2d-f94a-4626-b26b-46acfa82464c.89f93d99-ee73-4b8f-8848-70cd05a05b58,backing_fmt=qcow2 /opt/stack/data/cinder/mnt/d62f60956437d5c0c7510a4a5f61a858/volume-e658ab2d-f94a-4626-b26b-46acfa82464c.abc87c83-f51e-4d4d-a353-c45dc6c6fb9f 1G
Jul 25 02:36:10 devstack sudo[94279]: pam_unix(sudo:session): session opened for user root(uid=0) by (uid=1000)
Jul 25 02:36:11 devstack sudo[94279]: pam_unix(sudo:session): session closed for user root
Jul 25 02:36:11 devstack cinder-volume[88279]: DEBUG oslo_concurrency.processutils [None req-ebb3610b-0bbd-47d0-9058-263ff3cbfed8 tempest-VolumesDeleteCascade-599046930 None] CMD "sudo cinder-rootwrap /etc/cinder/rootwrap.conf qemu-img create -f qcow2 -o backing_file=/opt/stack/data/cinder/mnt/d62f60956437d5c0c7510a4a5f61a858/volume-e658ab2d-f94a-4626-b26b-46acfa82464c.89f93d99-ee73-4b8f-8848-70cd05a05b58,backing_fmt=qcow2 /opt/stack/data/cinder/mnt/d62f60956437d5c0c7510a4a5f61a858/volume-e658ab2d-f94a-4626-b26b-46acfa82464c.abc87c83-f51e-4d4d-a353-c45dc6c6fb9f 1G" returned: 0 in 0.577s {{(pid=88279) execute /opt/stack/data/venv/lib/python3.12/site-packages/oslo_concurrency/processutils.py:468}}
Jul 25 02:36:11 devstack cinder-volume[88279]: DEBUG oslo_concurrency.processutils [None req-ebb3610b-0bbd-47d0-9058-263ff3cbfed8 tempest-VolumesDeleteCascade-599046930 None] Running cmd (subprocess): sudo cinder-rootwrap /etc/cinder/rootwrap.conf qemu-img rebase -u -b volume-e658ab2d-f94a-4626-b26b-46acfa82464c.89f93d99-ee73-4b8f-8848-70cd05a05b58 -F qcow2 /opt/stack/data/cinder/mnt/d62f60956437d5c0c7510a4a5f61a858/volume-e658ab2d-f94a-4626-b26b-46acfa82464c.abc87c83-f51e-4d4d-a353-c45dc6c6fb9f {{(pid=88279) execute /opt/stack/data/venv/lib/python3.12/site-packages/oslo_concurrency/processutils.py:440}}
Jul 25 02:36:11 devstack sudo[94298]: quobyte : PWD=/ ; USER=root ; COMMAND=/opt/stack/data/venv/bin/cinder-rootwrap /etc/cinder/rootwrap.conf qemu-img rebase -u -b volume-e658ab2d-f94a-4626-b26b-46acfa82464c.89f93d99-ee73-4b8f-8848-70cd05a05b58 -F qcow2 /opt/stack/data/cinder/mnt/d62f60956437d5c0c7510a4a5f61a858/volume-e658ab2d-f94a-4626-b26b-46acfa82464c.abc87c83-f51e-4d4d-a353-c45dc6c6fb9f
Jul 25 02:36:11 devstack sudo[94298]: pam_unix(sudo:session): session opened for user root(uid=0) by (uid=1000)
Jul 25 02:36:11 devstack sudo[94298]: pam_unix(sudo:session): session closed for user root
Jul 25 02:36:11 devstack cinder-volume[88279]: DEBUG oslo_concurrency.processutils [None req-ebb3610b-0bbd-47d0-9058-263ff3cbfed8 tempest-VolumesDeleteCascade-599046930 None] CMD "sudo cinder-rootwrap /etc/cinder/rootwrap.conf qemu-img rebase -u -b volume-e658ab2d-f94a-4626-b26b-46acfa82464c.89f93d99-ee73-4b8f-8848-70cd05a05b58 -F qcow2 /opt/stack/data/cinder/mnt/d62f60956437d5c0c7510a4a5f61a858/volume-e658ab2d-f94a-4626-b26b-46acfa82464c.abc87c83-f51e-4d4d-a353-c45dc6c6fb9f" returned: 0 in 0.344s {{(pid=88279) execute /opt/stack/data/venv/lib/python3.12/site-packages/oslo_concurrency/processutils.py:468}}
Jul 25 02:36:11 devstack cinder-volume[88279]: WARNING cinder.volume.drivers.remotefs [None req-ebb3610b-0bbd-47d0-9058-263ff3cbfed8 tempest-VolumesDeleteCascade-599046930 None] /opt/stack/data/cinder/mnt/d62f60956437d5c0c7510a4a5f61a858/volume-e658ab2d-f94a-4626-b26b-46acfa82464c.abc87c83-f51e-4d4d-a353-c45dc6c6fb9f is being set with open permissions: ugo+rw
Jul 25 02:36:11 devstack cinder-volume[88279]: DEBUG oslo_concurrency.processutils [None req-ebb3610b-0bbd-47d0-9058-263ff3cbfed8 tempest-VolumesDeleteCascade-599046930 None] Running cmd (subprocess): sudo cinder-rootwrap /etc/cinder/rootwrap.conf chmod ugo+rw /opt/stack/data/cinder/mnt/d62f60956437d5c0c7510a4a5f61a858/volume-e658ab2d-f94a-4626-b26b-46acfa82464c.abc87c83-f51e-4d4d-a353-c45dc6c6fb9f {{(pid=88279) execute /opt/stack/data/venv/lib/python3.12/site-packages/oslo_concurrency/processutils.py:440}}
Jul 25 02:36:11 devstack sudo[94305]: quobyte : PWD=/ ; USER=root ; COMMAND=/opt/stack/data/venv/bin/cinder-rootwrap /etc/cinder/rootwrap.conf chmod ugo+rw /opt/stack/data/cinder/mnt/d62f60956437d5c0c7510a4a5f61a858/volume-e658ab2d-f94a-4626-b26b-46acfa82464c.abc87c83-f51e-4d4d-a353-c45dc6c6fb9f
Jul 25 02:36:11 devstack sudo[94305]: pam_unix(sudo:session): session opened for user root(uid=0) by (uid=1000)
Jul 25 02:36:11 devstack sudo[94305]: pam_unix(sudo:session): session closed for user root
Jul 25 02:36:11 devstack cinder-volume[88279]: DEBUG oslo_concurrency.processutils [None req-ebb3610b-0bbd-47d0-9058-263ff3cbfed8 tempest-VolumesDeleteCascade-599046930 None] CMD "sudo cinder-rootwrap /etc/cinder/rootwrap.conf chmod ugo+rw /opt/stack/data/cinder/mnt/d62f60956437d5c0c7510a4a5f61a858/volume-e658ab2d-f94a-4626-b26b-46acfa82464c.abc87c83-f51e-4d4d-a353-c45dc6c6fb9f" returned: 0 in 0.317s {{(pid=88279) execute /opt/stack/data/venv/lib/python3.12/site-packages/oslo_concurrency/processutils.py:468}}
Jul 25 02:36:11 devstack cinder-volume[88279]: DEBUG oslo_concurrency.lockutils [None req-ebb3610b-0bbd-47d0-9058-263ff3cbfed8 tempest-VolumesDeleteCascade-599046930 None] Lock "quobyte" "released" by "cinder.volume.drivers.quobyte.QuobyteDriver.create_snapshot" :: held 1.945s {{(pid=88279) inner /opt/stack/data/venv/lib/python3.12/site-packages/oslo_concurrency/lockutils.py:544}}
Jul 25 02:36:11 devstack cinder-volume[88279]: INFO cinder.volume.manager [None req-ebb3610b-0bbd-47d0-9058-263ff3cbfed8 tempest-VolumesDeleteCascade-599046930 None] Create snapshot completed successfully
Jul 25 02:36:12 devstack cinder-volume[88279]: DEBUG cinder.coordination [None req-9ada645f-3280-45d0-8492-c9259b0cbdd2 tempest-VolumesDeleteCascade-599046930 None] Acquiring lock "cinder-e658ab2d-f94a-4626-b26b-46acfa82464c-delete_volume" by "delete_volume" {{(pid=88279) __acquire /opt/stack/cinder/cinder/coordination.py:138}}
Jul 25 02:36:12 devstack cinder-volume[88279]: DEBUG cinder.coordination [None req-9ada645f-3280-45d0-8492-c9259b0cbdd2 tempest-VolumesDeleteCascade-599046930 None] Lock "cinder-e658ab2d-f94a-4626-b26b-46acfa82464c-delete_volume" acquired by "delete_volume" :: waited 0.025s {{(pid=88279) __acquire /opt/stack/cinder/cinder/coordination.py:141}}
Jul 25 02:36:12 devstack cinder-volume[88279]: DEBUG cinder.volume.manager [None req-9ada645f-3280-45d0-8492-c9259b0cbdd2 tempest-VolumesDeleteCascade-599046930 None] Performing cascade delete. {{(pid=88279) delete_volume /opt/stack/cinder/cinder/volume/manager.py:995}}
Jul 25 02:36:12 devstack cinder-volume[88279]: DEBUG cinder.coordination [None req-9ada645f-3280-45d0-8492-c9259b0cbdd2 tempest-VolumesDeleteCascade-599046930 None] Acquiring lock "cinder-89f93d99-ee73-4b8f-8848-70cd05a05b58-delete_snapshot" by "delete_snapshot" {{(pid=88279) __acquire /opt/stack/cinder/cinder/coordination.py:138}}
Jul 25 02:36:12 devstack cinder-volume[88279]: DEBUG cinder.coordination [None req-9ada645f-3280-45d0-8492-c9259b0cbdd2 tempest-VolumesDeleteCascade-599046930 None] Lock "cinder-89f93d99-ee73-4b8f-8848-70cd05a05b58-delete_snapshot" acquired by "delete_snapshot" :: waited 0.016s {{(pid=88279) __acquire /opt/stack/cinder/cinder/coordination.py:141}}
Jul 25 02:36:12 devstack cinder-volume[88279]: DEBUG cinder.coordination [None req-9ada645f-3280-45d0-8492-c9259b0cbdd2 tempest-VolumesDeleteCascade-599046930 None] Acquiring lock "cinder-quobyte-e658ab2d-f94a-4626-b26b-46acfa82464c" by "delete_snapshot" {{(pid=88279) __acquire /opt/stack/cinder/cinder/coordination.py:138}}
Jul 25 02:36:12 devstack cinder-volume[88279]: DEBUG cinder.coordination [None req-9ada645f-3280-45d0-8492-c9259b0cbdd2 tempest-VolumesDeleteCascade-599046930 None] Lock "cinder-quobyte-e658ab2d-f94a-4626-b26b-46acfa82464c" acquired by "delete_snapshot" :: waited 0.017s {{(pid=88279) __acquire /opt/stack/cinder/cinder/coordination.py:141}}
Jul 25 02:36:12 devstack cinder-volume[88279]: DEBUG cinder.coordination [None req-9ada645f-3280-45d0-8492-c9259b0cbdd2 tempest-VolumesDeleteCascade-599046930 None] Acquiring lock "cinder-quobyte-89f93d99-ee73-4b8f-8848-70cd05a05b58" by "_delete_snapshot" {{(pid=88279) __acquire /opt/stack/cinder/cinder/coordination.py:138}}
Jul 25 02:36:12 devstack cinder-volume[88279]: DEBUG cinder.coordination [None req-9ada645f-3280-45d0-8492-c9259b0cbdd2 tempest-VolumesDeleteCascade-599046930 None] Lock "cinder-quobyte-89f93d99-ee73-4b8f-8848-70cd05a05b58" acquired by "_delete_snapshot" :: waited 0.016s {{(pid=88279) __acquire /opt/stack/cinder/cinder/coordination.py:141}}
Jul 25 02:36:12 devstack cinder-volume[88279]: DEBUG cinder.volume.drivers.remotefs [None req-9ada645f-3280-45d0-8492-c9259b0cbdd2 tempest-VolumesDeleteCascade-599046930 None] Deleting offline snapshot 89f93d99-ee73-4b8f-8848-70cd05a05b58 of volume e658ab2d-f94a-4626-b26b-46acfa82464c {{(pid=88279) _delete_snapshot /opt/stack/cinder/cinder/volume/drivers/remotefs.py:1288}}
Jul 25 02:36:12 devstack cinder-volume[88279]: DEBUG cinder.volume.drivers.remotefs [None req-9ada645f-3280-45d0-8492-c9259b0cbdd2 tempest-VolumesDeleteCascade-599046930 None] snapshot_file for this snap is: volume-e658ab2d-f94a-4626-b26b-46acfa82464c.89f93d99-ee73-4b8f-8848-70cd05a05b58 {{(pid=88279) _delete_snapshot /opt/stack/cinder/cinder/volume/drivers/remotefs.py:1317}}
Jul 25 02:36:12 devstack cinder-volume[88279]: DEBUG oslo.privsep.daemon [-] privsep: reply[e38a5083-c4a2-40d6-b6c2-fe81662af136]: (4, 'qcow2') {{(pid=89465) _call_back /opt/stack/data/venv/lib/python3.12/site-packages/oslo_privsep/daemon.py:580}}
Jul 25 02:36:12 devstack cinder-volume[88279]: DEBUG oslo_concurrency.processutils [None req-9ada645f-3280-45d0-8492-c9259b0cbdd2 tempest-VolumesDeleteCascade-599046930 None] Running cmd (subprocess): /opt/stack/data/venv/bin/python3.12 -m oslo_concurrency.prlimit --as=1073741824 --cpu=60 -- sudo cinder-rootwrap /etc/cinder/rootwrap.conf env LC_ALL=C qemu-img info -f qcow2 --output=json --force-share /opt/stack/data/cinder/mnt/d62f60956437d5c0c7510a4a5f61a858/volume-e658ab2d-f94a-4626-b26b-46acfa82464c.89f93d99-ee73-4b8f-8848-70cd05a05b58 {{(pid=88279) execute /opt/stack/data/venv/lib/python3.12/site-packages/oslo_concurrency/processutils.py:440}}
Jul 25 02:36:12 devstack sudo[94308]: quobyte : PWD=/ ; USER=root ; COMMAND=/opt/stack/data/venv/bin/cinder-rootwrap /etc/cinder/rootwrap.conf env LC_ALL=C qemu-img info -f qcow2 --output=json --force-share /opt/stack/data/cinder/mnt/d62f60956437d5c0c7510a4a5f61a858/volume-e658ab2d-f94a-4626-b26b-46acfa82464c.89f93d99-ee73-4b8f-8848-70cd05a05b58
Jul 25 02:36:12 devstack sudo[94308]: pam_unix(sudo:session): session opened for user root(uid=0) by (uid=1000)
Jul 25 02:36:12 devstack sudo[94308]: pam_unix(sudo:session): session closed for user root
Jul 25 02:36:12 devstack cinder-volume[88279]: DEBUG oslo_concurrency.processutils [None req-9ada645f-3280-45d0-8492-c9259b0cbdd2 tempest-VolumesDeleteCascade-599046930 None] CMD "/opt/stack/data/venv/bin/python3.12 -m oslo_concurrency.prlimit --as=1073741824 --cpu=60 -- sudo cinder-rootwrap /etc/cinder/rootwrap.conf env LC_ALL=C qemu-img info -f qcow2 --output=json --force-share /opt/stack/data/cinder/mnt/d62f60956437d5c0c7510a4a5f61a858/volume-e658ab2d-f94a-4626-b26b-46acfa82464c.89f93d99-ee73-4b8f-8848-70cd05a05b58" returned: 0 in 0.587s {{(pid=88279) execute /opt/stack/data/venv/lib/python3.12/site-packages/oslo_concurrency/processutils.py:468}}
Jul 25 02:36:12 devstack cinder-volume[88279]: DEBUG cinder.volume.drivers.remotefs [None req-9ada645f-3280-45d0-8492-c9259b0cbdd2 tempest-VolumesDeleteCascade-599046930 None] Fetching qemu-img info with special backing_file_template: (/opt/stack/data/cinder/mnt/[0-9a-f]+/)?(volume-e658ab2d-f94a-4626-b26b-46acfa82464c(.(tmp-snap-)?[0-9a-f-]+)?|volume_from_snapshot_cache/(tmp-snap-)?[0-9a-f-]+(.(child-|parent-)[0-9a-f-]+)?)$ {{(pid=88279) _qemu_img_info_base /opt/stack/cinder/cinder/volume/drivers/remotefs.py:896}}
Jul 25 02:36:12 devstack cinder-volume[88279]: DEBUG oslo.privsep.daemon [-] privsep: reply[1fd662fe-55c1-4f43-b765-72b47ee1a70d]: (4, 'qcow2') {{(pid=89465) _call_back /opt/stack/data/venv/lib/python3.12/site-packages/oslo_privsep/daemon.py:580}}
Jul 25 02:36:12 devstack cinder-volume[88279]: DEBUG oslo_concurrency.processutils [None req-9ada645f-3280-45d0-8492-c9259b0cbdd2 tempest-VolumesDeleteCascade-599046930 None] Running cmd (subprocess): /opt/stack/data/venv/bin/python3.12 -m oslo_concurrency.prlimit --as=1073741824 --cpu=60 -- sudo cinder-rootwrap /etc/cinder/rootwrap.conf env LC_ALL=C qemu-img info -f qcow2 --output=json --force-share /opt/stack/data/cinder/mnt/d62f60956437d5c0c7510a4a5f61a858/volume-e658ab2d-f94a-4626-b26b-46acfa82464c {{(pid=88279) execute /opt/stack/data/venv/lib/python3.12/site-packages/oslo_concurrency/processutils.py:440}}
Jul 25 02:36:13 devstack sudo[94318]: quobyte : PWD=/ ; USER=root ; COMMAND=/opt/stack/data/venv/bin/cinder-rootwrap /etc/cinder/rootwrap.conf env LC_ALL=C qemu-img info -f qcow2 --output=json --force-share /opt/stack/data/cinder/mnt/d62f60956437d5c0c7510a4a5f61a858/volume-e658ab2d-f94a-4626-b26b-46acfa82464c
Jul 25 02:36:13 devstack sudo[94318]: pam_unix(sudo:session): session opened for user root(uid=0) by (uid=1000)
Jul 25 02:36:13 devstack sudo[94318]: pam_unix(sudo:session): session closed for user root
Jul 25 02:36:13 devstack cinder-volume[88279]: DEBUG oslo_concurrency.processutils [None req-9ada645f-3280-45d0-8492-c9259b0cbdd2 tempest-VolumesDeleteCascade-599046930 None] CMD "/opt/stack/data/venv/bin/python3.12 -m oslo_concurrency.prlimit --as=1073741824 --cpu=60 -- sudo cinder-rootwrap /etc/cinder/rootwrap.conf env LC_ALL=C qemu-img info -f qcow2 --output=json --force-share /opt/stack/data/cinder/mnt/d62f60956437d5c0c7510a4a5f61a858/volume-e658ab2d-f94a-4626-b26b-46acfa82464c" returned: 0 in 0.570s {{(pid=88279) execute /opt/stack/data/venv/lib/python3.12/site-packages/oslo_concurrency/processutils.py:468}}
Jul 25 02:36:13 devstack cinder-volume[88279]: DEBUG oslo.privsep.daemon [-] privsep: reply[d2d832e6-9594-4ead-99a5-de9cbab8ef10]: (4, 'qcow2') {{(pid=89465) _call_back /opt/stack/data/venv/lib/python3.12/site-packages/oslo_privsep/daemon.py:580}}
Jul 25 02:36:13 devstack cinder-volume[88279]: DEBUG oslo_concurrency.processutils [None req-9ada645f-3280-45d0-8492-c9259b0cbdd2 tempest-VolumesDeleteCascade-599046930 None] Running cmd (subprocess): /opt/stack/data/venv/bin/python3.12 -m oslo_concurrency.prlimit --as=1073741824 --cpu=60 -- sudo cinder-rootwrap /etc/cinder/rootwrap.conf env LC_ALL=C qemu-img info -f qcow2 --output=json --force-share /opt/stack/data/cinder/mnt/d62f60956437d5c0c7510a4a5f61a858/volume-e658ab2d-f94a-4626-b26b-46acfa82464c.abc87c83-f51e-4d4d-a353-c45dc6c6fb9f {{(pid=88279) execute /opt/stack/data/venv/lib/python3.12/site-packages/oslo_concurrency/processutils.py:440}}
Jul 25 02:36:13 devstack sudo[94325]: quobyte : PWD=/ ; USER=root ; COMMAND=/opt/stack/data/venv/bin/cinder-rootwrap /etc/cinder/rootwrap.conf env LC_ALL=C qemu-img info -f qcow2 --output=json --force-share /opt/stack/data/cinder/mnt/d62f60956437d5c0c7510a4a5f61a858/volume-e658ab2d-f94a-4626-b26b-46acfa82464c.abc87c83-f51e-4d4d-a353-c45dc6c6fb9f
Jul 25 02:36:13 devstack sudo[94325]: pam_unix(sudo:session): session opened for user root(uid=0) by (uid=1000)
Jul 25 02:36:14 devstack sudo[94325]: pam_unix(sudo:session): session closed for user root
Jul 25 02:36:14 devstack cinder-volume[88279]: DEBUG oslo_concurrency.processutils [None req-9ada645f-3280-45d0-8492-c9259b0cbdd2 tempest-VolumesDeleteCascade-599046930 None] CMD "/opt/stack/data/venv/bin/python3.12 -m oslo_concurrency.prlimit --as=1073741824 --cpu=60 -- sudo cinder-rootwrap /etc/cinder/rootwrap.conf env LC_ALL=C qemu-img info -f qcow2 --output=json --force-share /opt/stack/data/cinder/mnt/d62f60956437d5c0c7510a4a5f61a858/volume-e658ab2d-f94a-4626-b26b-46acfa82464c.abc87c83-f51e-4d4d-a353-c45dc6c6fb9f" returned: 0 in 0.858s {{(pid=88279) execute /opt/stack/data/venv/lib/python3.12/site-packages/oslo_concurrency/processutils.py:468}}
Jul 25 02:36:14 devstack cinder-volume[88279]: DEBUG cinder.volume.drivers.remotefs [None req-9ada645f-3280-45d0-8492-c9259b0cbdd2 tempest-VolumesDeleteCascade-599046930 None] Fetching qemu-img info with special backing_file_template: (/opt/stack/data/cinder/mnt/[0-9a-f]+/)?(volume-e658ab2d-f94a-4626-b26b-46acfa82464c(.(tmp-snap-)?[0-9a-f-]+)?|volume_from_snapshot_cache/(tmp-snap-)?[0-9a-f-]+(.(child-|parent-)[0-9a-f-]+)?)$ {{(pid=88279) _qemu_img_info_base /opt/stack/cinder/cinder/volume/drivers/remotefs.py:896}}
Jul 25 02:36:14 devstack cinder-volume[88279]: DEBUG oslo.privsep.daemon [-] privsep: reply[595f8706-1073-439c-9fa4-6f7c848aebb7]: (4, 'qcow2') {{(pid=89465) _call_back /opt/stack/data/venv/lib/python3.12/site-packages/oslo_privsep/daemon.py:580}}
Jul 25 02:36:14 devstack cinder-volume[88279]: DEBUG oslo_concurrency.processutils [None req-9ada645f-3280-45d0-8492-c9259b0cbdd2 tempest-VolumesDeleteCascade-599046930 None] Running cmd (subprocess): /opt/stack/data/venv/bin/python3.12 -m oslo_concurrency.prlimit --as=1073741824 --cpu=60 -- sudo cinder-rootwrap /etc/cinder/rootwrap.conf env LC_ALL=C qemu-img info -f qcow2 --output=json --force-share /opt/stack/data/cinder/mnt/d62f60956437d5c0c7510a4a5f61a858/volume-e658ab2d-f94a-4626-b26b-46acfa82464c.89f93d99-ee73-4b8f-8848-70cd05a05b58 {{(pid=88279) execute /opt/stack/data/venv/lib/python3.12/site-packages/oslo_concurrency/processutils.py:440}}
Jul 25 02:36:14 devstack sudo[94346]: quobyte : PWD=/ ; USER=root ; COMMAND=/opt/stack/data/venv/bin/cinder-rootwrap /etc/cinder/rootwrap.conf env LC_ALL=C qemu-img info -f qcow2 --output=json --force-share /opt/stack/data/cinder/mnt/d62f60956437d5c0c7510a4a5f61a858/volume-e658ab2d-f94a-4626-b26b-46acfa82464c.89f93d99-ee73-4b8f-8848-70cd05a05b58
Jul 25 02:36:14 devstack sudo[94346]: pam_unix(sudo:session): session opened for user root(uid=0) by (uid=1000)
Jul 25 02:36:15 devstack sudo[94346]: pam_unix(sudo:session): session closed for user root
Jul 25 02:36:15 devstack cinder-volume[88279]: DEBUG oslo_concurrency.processutils [None req-9ada645f-3280-45d0-8492-c9259b0cbdd2 tempest-VolumesDeleteCascade-599046930 None] CMD "/opt/stack/data/venv/bin/python3.12 -m oslo_concurrency.prlimit --as=1073741824 --cpu=60 -- sudo cinder-rootwrap /etc/cinder/rootwrap.conf env LC_ALL=C qemu-img info -f qcow2 --output=json --force-share /opt/stack/data/cinder/mnt/d62f60956437d5c0c7510a4a5f61a858/volume-e658ab2d-f94a-4626-b26b-46acfa82464c.89f93d99-ee73-4b8f-8848-70cd05a05b58" returned: 0 in 0.940s {{(pid=88279) execute /opt/stack/data/venv/lib/python3.12/site-packages/oslo_concurrency/processutils.py:468}}
Jul 25 02:36:15 devstack cinder-volume[88279]: DEBUG cinder.volume.drivers.remotefs [None req-9ada645f-3280-45d0-8492-c9259b0cbdd2 tempest-VolumesDeleteCascade-599046930 None] Fetching qemu-img info with special backing_file_template: (/opt/stack/data/cinder/mnt/[0-9a-f]+/)?(volume-e658ab2d-f94a-4626-b26b-46acfa82464c(.(tmp-snap-)?[0-9a-f-]+)?|volume_from_snapshot_cache/(tmp-snap-)?[0-9a-f-]+(.(child-|parent-)[0-9a-f-]+)?)$ {{(pid=88279) _qemu_img_info_base /opt/stack/cinder/cinder/volume/drivers/remotefs.py:896}}
Jul 25 02:36:15 devstack cinder-volume[88279]: DEBUG oslo.privsep.daemon [-] privsep: reply[a4564f8b-ed3a-419a-8b7a-ad742d74beb8]: (4, 'qcow2') {{(pid=89465) _call_back /opt/stack/data/venv/lib/python3.12/site-packages/oslo_privsep/daemon.py:580}}
Jul 25 02:36:15 devstack cinder-volume[88279]: DEBUG oslo_concurrency.processutils [None req-9ada645f-3280-45d0-8492-c9259b0cbdd2 tempest-VolumesDeleteCascade-599046930 None] Running cmd (subprocess): /opt/stack/data/venv/bin/python3.12 -m oslo_concurrency.prlimit --as=1073741824 --cpu=60 -- sudo cinder-rootwrap /etc/cinder/rootwrap.conf env LC_ALL=C qemu-img info -f qcow2 --output=json --force-share /opt/stack/data/cinder/mnt/d62f60956437d5c0c7510a4a5f61a858/volume-e658ab2d-f94a-4626-b26b-46acfa82464c {{(pid=88279) execute /opt/stack/data/venv/lib/python3.12/site-packages/oslo_concurrency/processutils.py:440}}
Jul 25 02:36:15 devstack cinder-volume[88279]: DEBUG cinder.volume.manager [None req-604f4505-8bf5-4ca5-8d39-399fc9b762b3 tempest-BackendsCapabilitiesAdminTestsJSON-30557535 None] Obtained capabilities list: {'volume_backend_name': 'QuobyteHD', 'vendor_name': 'Open Source', 'driver_version': '1.2', 'storage_protocol': 'quobyte', 'total_capacity_gb': 1775.7577095031738, 'free_capacity_gb': 1775.7577095031738, 'reserved_percentage': 0, 'QoS_support': False, 'thin_provisioning_support': True, 'thick_provisioning_support': False, 'properties': {'thin_provisioning': {'title': 'Thin Provisioning', 'description': 'Sets thin provisioning.', 'type': 'boolean'}, 'compression': {'title': 'Compression', 'description': 'Enables compression.', 'type': 'boolean'}, 'qos': {'title': 'QoS', 'description': 'Enables QoS.', 'type': 'boolean'}, 'replication_enabled': {'title': 'Replication', 'description': 'Enables replication.', 'type': 'boolean'}}}. {{(pid=88279) get_capabilities /opt/stack/cinder/cinder/volume/manager.py:4830}}
Jul 25 02:36:15 devstack sudo[94395]: quobyte : PWD=/ ; USER=root ; COMMAND=/opt/stack/data/venv/bin/cinder-rootwrap /etc/cinder/rootwrap.conf env LC_ALL=C qemu-img info -f qcow2 --output=json --force-share /opt/stack/data/cinder/mnt/d62f60956437d5c0c7510a4a5f61a858/volume-e658ab2d-f94a-4626-b26b-46acfa82464c
Jul 25 02:36:15 devstack sudo[94395]: pam_unix(sudo:session): session opened for user root(uid=0) by (uid=1000)
Jul 25 02:36:15 devstack cinder-volume[88279]: DEBUG cinder.volume.manager [None req-80bc5635-075a-4e20-9dcd-74d9d5926e1f tempest-BackendsCapabilitiesAdminTestsJSON-30557535 None] Obtained capabilities list: {'volume_backend_name': 'QuobyteHD', 'vendor_name': 'Open Source', 'driver_version': '1.2', 'storage_protocol': 'quobyte', 'total_capacity_gb': 1775.7577095031738, 'free_capacity_gb': 1775.7577095031738, 'reserved_percentage': 0, 'QoS_support': False, 'thin_provisioning_support': True, 'thick_provisioning_support': False, 'properties': {'thin_provisioning': {'title': 'Thin Provisioning', 'description': 'Sets thin provisioning.', 'type': 'boolean'}, 'compression': {'title': 'Compression', 'description': 'Enables compression.', 'type': 'boolean'}, 'qos': {'title': 'QoS', 'description': 'Enables QoS.', 'type': 'boolean'}, 'replication_enabled': {'title': 'Replication', 'description': 'Enables replication.', 'type': 'boolean'}}}. {{(pid=88279) get_capabilities /opt/stack/cinder/cinder/volume/manager.py:4830}}
Jul 25 02:36:16 devstack sudo[94395]: pam_unix(sudo:session): session closed for user root
Jul 25 02:36:16 devstack cinder-volume[88279]: DEBUG oslo_concurrency.processutils [None req-9ada645f-3280-45d0-8492-c9259b0cbdd2 tempest-VolumesDeleteCascade-599046930 None] CMD "/opt/stack/data/venv/bin/python3.12 -m oslo_concurrency.prlimit --as=1073741824 --cpu=60 -- sudo cinder-rootwrap /etc/cinder/rootwrap.conf env LC_ALL=C qemu-img info -f qcow2 --output=json --force-share /opt/stack/data/cinder/mnt/d62f60956437d5c0c7510a4a5f61a858/volume-e658ab2d-f94a-4626-b26b-46acfa82464c" returned: 0 in 0.586s {{(pid=88279) execute /opt/stack/data/venv/lib/python3.12/site-packages/oslo_concurrency/processutils.py:468}}
Jul 25 02:36:16 devstack cinder-volume[88279]: DEBUG oslo_concurrency.processutils [None req-9ada645f-3280-45d0-8492-c9259b0cbdd2 tempest-VolumesDeleteCascade-599046930 None] Running cmd (subprocess): sudo cinder-rootwrap /etc/cinder/rootwrap.conf qemu-img commit -d /opt/stack/data/cinder/mnt/d62f60956437d5c0c7510a4a5f61a858/volume-e658ab2d-f94a-4626-b26b-46acfa82464c.89f93d99-ee73-4b8f-8848-70cd05a05b58 {{(pid=88279) execute /opt/stack/data/venv/lib/python3.12/site-packages/oslo_concurrency/processutils.py:440}}
Jul 25 02:36:16 devstack sudo[94421]: quobyte : PWD=/ ; USER=root ; COMMAND=/opt/stack/data/venv/bin/cinder-rootwrap /etc/cinder/rootwrap.conf qemu-img commit -d /opt/stack/data/cinder/mnt/d62f60956437d5c0c7510a4a5f61a858/volume-e658ab2d-f94a-4626-b26b-46acfa82464c.89f93d99-ee73-4b8f-8848-70cd05a05b58
Jul 25 02:36:16 devstack sudo[94421]: pam_unix(sudo:session): session opened for user root(uid=0) by (uid=1000)
Jul 25 02:36:16 devstack sudo[94421]: pam_unix(sudo:session): session closed for user root
Jul 25 02:36:16 devstack cinder-volume[88279]: DEBUG oslo_concurrency.processutils [None req-9ada645f-3280-45d0-8492-c9259b0cbdd2 tempest-VolumesDeleteCascade-599046930 None] CMD "sudo cinder-rootwrap /etc/cinder/rootwrap.conf qemu-img commit -d /opt/stack/data/cinder/mnt/d62f60956437d5c0c7510a4a5f61a858/volume-e658ab2d-f94a-4626-b26b-46acfa82464c.89f93d99-ee73-4b8f-8848-70cd05a05b58" returned: 0 in 0.621s {{(pid=88279) execute /opt/stack/data/venv/lib/python3.12/site-packages/oslo_concurrency/processutils.py:468}}
Jul 25 02:36:16 devstack cinder-volume[88279]: DEBUG oslo_concurrency.processutils [None req-9ada645f-3280-45d0-8492-c9259b0cbdd2 tempest-VolumesDeleteCascade-599046930 None] Running cmd (subprocess): sudo cinder-rootwrap /etc/cinder/rootwrap.conf rm -f /opt/stack/data/cinder/mnt/d62f60956437d5c0c7510a4a5f61a858/volume-e658ab2d-f94a-4626-b26b-46acfa82464c.89f93d99-ee73-4b8f-8848-70cd05a05b58 {{(pid=88279) execute /opt/stack/data/venv/lib/python3.12/site-packages/oslo_concurrency/processutils.py:440}}
Jul 25 02:36:16 devstack sudo[94445]: quobyte : PWD=/ ; USER=root ; COMMAND=/opt/stack/data/venv/bin/cinder-rootwrap /etc/cinder/rootwrap.conf rm -f /opt/stack/data/cinder/mnt/d62f60956437d5c0c7510a4a5f61a858/volume-e658ab2d-f94a-4626-b26b-46acfa82464c.89f93d99-ee73-4b8f-8848-70cd05a05b58
Jul 25 02:36:16 devstack sudo[94445]: pam_unix(sudo:session): session opened for user root(uid=0) by (uid=1000)
Jul 25 02:36:17 devstack sudo[94445]: pam_unix(sudo:session): session closed for user root
Jul 25 02:36:17 devstack cinder-volume[88279]: DEBUG oslo_concurrency.processutils [None req-9ada645f-3280-45d0-8492-c9259b0cbdd2 tempest-VolumesDeleteCascade-599046930 None] CMD "sudo cinder-rootwrap /etc/cinder/rootwrap.conf rm -f /opt/stack/data/cinder/mnt/d62f60956437d5c0c7510a4a5f61a858/volume-e658ab2d-f94a-4626-b26b-46acfa82464c.89f93d99-ee73-4b8f-8848-70cd05a05b58" returned: 0 in 0.450s {{(pid=88279) execute /opt/stack/data/venv/lib/python3.12/site-packages/oslo_concurrency/processutils.py:468}}
Jul 25 02:36:17 devstack cinder-volume[88279]: DEBUG oslo_concurrency.processutils [None req-9ada645f-3280-45d0-8492-c9259b0cbdd2 tempest-VolumesDeleteCascade-599046930 None] Running cmd (subprocess): sudo cinder-rootwrap /etc/cinder/rootwrap.conf qemu-img rebase -u -b volume-e658ab2d-f94a-4626-b26b-46acfa82464c /opt/stack/data/cinder/mnt/d62f60956437d5c0c7510a4a5f61a858/volume-e658ab2d-f94a-4626-b26b-46acfa82464c.abc87c83-f51e-4d4d-a353-c45dc6c6fb9f -F qcow2 {{(pid=88279) execute /opt/stack/data/venv/lib/python3.12/site-packages/oslo_concurrency/processutils.py:440}}
Jul 25 02:36:17 devstack sudo[94448]: quobyte : PWD=/ ; USER=root ; COMMAND=/opt/stack/data/venv/bin/cinder-rootwrap /etc/cinder/rootwrap.conf qemu-img rebase -u -b volume-e658ab2d-f94a-4626-b26b-46acfa82464c /opt/stack/data/cinder/mnt/d62f60956437d5c0c7510a4a5f61a858/volume-e658ab2d-f94a-4626-b26b-46acfa82464c.abc87c83-f51e-4d4d-a353-c45dc6c6fb9f -F qcow2
Jul 25 02:36:17 devstack sudo[94448]: pam_unix(sudo:session): session opened for user root(uid=0) by (uid=1000)
Jul 25 02:36:17 devstack sudo[94448]: pam_unix(sudo:session): session closed for user root
Jul 25 02:36:17 devstack cinder-volume[88279]: DEBUG oslo_concurrency.processutils [None req-9ada645f-3280-45d0-8492-c9259b0cbdd2 tempest-VolumesDeleteCascade-599046930 None] CMD "sudo cinder-rootwrap /etc/cinder/rootwrap.conf qemu-img rebase -u -b volume-e658ab2d-f94a-4626-b26b-46acfa82464c /opt/stack/data/cinder/mnt/d62f60956437d5c0c7510a4a5f61a858/volume-e658ab2d-f94a-4626-b26b-46acfa82464c.abc87c83-f51e-4d4d-a353-c45dc6c6fb9f -F qcow2" returned: 0 in 0.445s {{(pid=88279) execute /opt/stack/data/venv/lib/python3.12/site-packages/oslo_concurrency/processutils.py:468}}
Jul 25 02:36:17 devstack cinder-volume[88279]: DEBUG cinder.coordination [None req-9ada645f-3280-45d0-8492-c9259b0cbdd2 tempest-VolumesDeleteCascade-599046930 None] Lock "cinder-quobyte-89f93d99-ee73-4b8f-8848-70cd05a05b58" released by "_delete_snapshot" :: held 5.424s {{(pid=88279) __release /opt/stack/cinder/cinder/coordination.py:152}}
Jul 25 02:36:17 devstack cinder-volume[88279]: DEBUG cinder.coordination [None req-9ada645f-3280-45d0-8492-c9259b0cbdd2 tempest-VolumesDeleteCascade-599046930 None] Lock "cinder-quobyte-e658ab2d-f94a-4626-b26b-46acfa82464c" released by "delete_snapshot" :: held 5.467s {{(pid=88279) __release /opt/stack/cinder/cinder/coordination.py:152}}
Jul 25 02:36:17 devstack cinder-volume[88279]: DEBUG cinder.quota [None req-9ada645f-3280-45d0-8492-c9259b0cbdd2 tempest-VolumesDeleteCascade-599046930 None] Created reservations ['6516d188-d7bb-4a61-a4af-8f1599c1a5f1', '0d04793d-1cbb-4702-b193-477e553687e6', 'ac84b895-a470-49ca-bcb7-f5db540bc5d5', '4e6a4ac7-a35e-4ff2-85ec-018fe23696ee'] {{(pid=88279) reserve /opt/stack/cinder/cinder/quota.py:752}}
Jul 25 02:36:17 devstack cinder-volume[88279]: INFO cinder.volume.manager [None req-9ada645f-3280-45d0-8492-c9259b0cbdd2 tempest-VolumesDeleteCascade-599046930 None] Delete snapshot completed successfully.
Jul 25 02:36:17 devstack cinder-volume[88279]: DEBUG cinder.coordination [None req-9ada645f-3280-45d0-8492-c9259b0cbdd2 tempest-VolumesDeleteCascade-599046930 None] Lock "cinder-89f93d99-ee73-4b8f-8848-70cd05a05b58-delete_snapshot" released by "delete_snapshot" :: held 5.772s {{(pid=88279) __release /opt/stack/cinder/cinder/coordination.py:152}}
Jul 25 02:36:17 devstack cinder-volume[88279]: DEBUG cinder.coordination [None req-9ada645f-3280-45d0-8492-c9259b0cbdd2 tempest-VolumesDeleteCascade-599046930 None] Acquiring lock "cinder-abc87c83-f51e-4d4d-a353-c45dc6c6fb9f-delete_snapshot" by "delete_snapshot" {{(pid=88279) __acquire /opt/stack/cinder/cinder/coordination.py:138}}
Jul 25 02:36:17 devstack cinder-volume[88279]: DEBUG cinder.coordination [None req-9ada645f-3280-45d0-8492-c9259b0cbdd2 tempest-VolumesDeleteCascade-599046930 None] Lock "cinder-abc87c83-f51e-4d4d-a353-c45dc6c6fb9f-delete_snapshot" acquired by "delete_snapshot" :: waited 0.023s {{(pid=88279) __acquire /opt/stack/cinder/cinder/coordination.py:141}}
Jul 25 02:36:18 devstack cinder-volume[88279]: DEBUG cinder.coordination [None req-9ada645f-3280-45d0-8492-c9259b0cbdd2 tempest-VolumesDeleteCascade-599046930 None] Acquiring lock "cinder-quobyte-e658ab2d-f94a-4626-b26b-46acfa82464c" by "delete_snapshot" {{(pid=88279) __acquire /opt/stack/cinder/cinder/coordination.py:138}}
Jul 25 02:36:18 devstack cinder-volume[88279]: DEBUG cinder.coordination [None req-9ada645f-3280-45d0-8492-c9259b0cbdd2 tempest-VolumesDeleteCascade-599046930 None] Lock "cinder-quobyte-e658ab2d-f94a-4626-b26b-46acfa82464c" acquired by "delete_snapshot" :: waited 0.020s {{(pid=88279) __acquire /opt/stack/cinder/cinder/coordination.py:141}}
Jul 25 02:36:18 devstack cinder-volume[88279]: DEBUG cinder.coordination [None req-9ada645f-3280-45d0-8492-c9259b0cbdd2 tempest-VolumesDeleteCascade-599046930 None] Acquiring lock "cinder-quobyte-abc87c83-f51e-4d4d-a353-c45dc6c6fb9f" by "_delete_snapshot" {{(pid=88279) __acquire /opt/stack/cinder/cinder/coordination.py:138}}
