Sep 01 02:03:34 devstack cinder-volume[87404]: DEBUG oslo_concurrency.processutils [None req-c0f8dd70-6a73-492b-8d46-679b7d2d9d3c tempest-VolumesSnapshotListTestJSON-2098279371 None] Running cmd (subprocess): sudo cinder-rootwrap /etc/cinder/rootwrap.conf qemu-img create -f qcow2 -o preallocation=metadata /opt/stack/data/cinder/mnt/aec27673f7f8200bb582c584cd8345be/volume-958349fb-22eb-466e-a178-103f4af71fa8 1073741824 {{(pid=87404) execute /opt/stack/data/venv/lib/python3.12/site-packages/oslo_concurrency/processutils.py:440}}
Sep 01 02:03:34 devstack sudo[93765]: quobyte : PWD=/ ; USER=root ; COMMAND=/opt/stack/data/venv/bin/cinder-rootwrap /etc/cinder/rootwrap.conf qemu-img create -f qcow2 -o preallocation=metadata /opt/stack/data/cinder/mnt/aec27673f7f8200bb582c584cd8345be/volume-958349fb-22eb-466e-a178-103f4af71fa8 1073741824
Sep 01 02:03:34 devstack sudo[93765]: pam_unix(sudo:session): session opened for user root(uid=0) by (uid=1000)
Sep 01 02:03:34 devstack cinder-volume[87404]: DEBUG cinder.volume.flows.manager.create_volume [None req-2ca7bb66-d212-462e-8636-5d3046068c34 tempest-GroupSnapshotsV319Test-361412303 None] Volume reschedule parameters: True retry: {'num_attempts': 1, 'backends': ['devstack@QuobyteHD#QuobyteHD'], 'hosts': ['devstack@QuobyteHD#QuobyteHD']} {{(pid=87404) get_flow /opt/stack/cinder/cinder/volume/flows/manager/create_volume.py:1397}}
Sep 01 02:03:34 devstack cinder-volume[87404]: DEBUG cinder.volume.manager [None req-2ca7bb66-d212-462e-8636-5d3046068c34 tempest-GroupSnapshotsV319Test-361412303 None] Flow 'volume_create_manager' (69c98346-5f95-4a52-9fdf-d15273c9555b) transitioned into state 'RUNNING' from state 'PENDING' {{(pid=87404) _flow_receiver /opt/stack/data/venv/lib/python3.12/site-packages/taskflow/listeners/logging.py:160}}
Sep 01 02:03:34 devstack cinder-volume[87404]: DEBUG cinder.volume.manager [None req-2ca7bb66-d212-462e-8636-5d3046068c34 tempest-GroupSnapshotsV319Test-361412303 None] Task 'cinder.volume.flows.manager.create_volume.ExtractVolumeRefTask;volume:create' (b5a67e73-d2b8-4690-9257-0960f2c25e62) transitioned into state 'RUNNING' from state 'PENDING' {{(pid=87404) _task_receiver /opt/stack/data/venv/lib/python3.12/site-packages/taskflow/listeners/logging.py:242}}
Sep 01 02:03:34 devstack cinder-volume[87404]: DEBUG cinder.volume.manager [None req-2ca7bb66-d212-462e-8636-5d3046068c34 tempest-GroupSnapshotsV319Test-361412303 None] Task 'cinder.volume.flows.manager.create_volume.ExtractVolumeRefTask;volume:create' (b5a67e73-d2b8-4690-9257-0960f2c25e62) transitioned into state 'SUCCESS' from state 'RUNNING' with result 'Volume(_name_id=None,admin_metadata=,attach_status='detached',availability_zone='nova',bootable=False,cluster=,cluster_name=None,consistencygroup=,consistencygroup_id=None,created_at=2026-09-01T00:03:34Z,deleted=False,deleted_at=None,display_description=None,display_name='tempest-volume-65136338',ec2_id=None,encryption_key_id=None,glance_metadata=,group=,group_id=24bd5a80-f8cd-4f1b-a1ed-158c9650a163,host='devstack@QuobyteHD#QuobyteHD',id=1b97f392-b767-40a4-bede-b8ad916b001c,launched_at=None,metadata={},migration_status=None,multiattach=False,previous_status=None,project_id='886956f759534df98cde4820e29bf748',provider_auth=None,provider_geometry=None,provider_id=None,provider_location=None,replication_driver_data=None,replication_extended_status=None,replication_status=None,scheduled_at=2026-09-01T00:03:34Z,service_uuid=None,shared_targets=True,size=1,snapshot_id=None,snapshots=,source_volid=None,status='creating',terminated_at=None,updated_at=2026-09-01T00:03:34Z,use_quota=True,user_id='d1b43d2aa34344f4b35f54f2c95fc258',volume_attachment=VolumeAttachmentList,volume_type=VolumeType(026fb455-97b5-4caf-9c06-05d527461229),volume_type_id=026fb455-97b5-4caf-9c06-05d527461229)' {{(pid=87404) _task_receiver /opt/stack/data/venv/lib/python3.12/site-packages/taskflow/listeners/logging.py:218}}
Sep 01 02:03:34 devstack cinder-volume[87404]: DEBUG cinder.volume.manager [None req-2ca7bb66-d212-462e-8636-5d3046068c34 tempest-GroupSnapshotsV319Test-361412303 None] Task 'cinder.volume.flows.manager.create_volume.OnFailureRescheduleTask;volume:create' (5e911a5f-8455-4b52-ae07-53a8077a40e2) transitioned into state 'RUNNING' from state 'PENDING' {{(pid=87404) _task_receiver /opt/stack/data/venv/lib/python3.12/site-packages/taskflow/listeners/logging.py:242}}
Sep 01 02:03:34 devstack cinder-volume[87404]: DEBUG cinder.volume.manager [None req-2ca7bb66-d212-462e-8636-5d3046068c34 tempest-GroupSnapshotsV319Test-361412303 None] Task 'cinder.volume.flows.manager.create_volume.OnFailureRescheduleTask;volume:create' (5e911a5f-8455-4b52-ae07-53a8077a40e2) transitioned into state 'SUCCESS' from state 'RUNNING' with result 'None' {{(pid=87404) _task_receiver /opt/stack/data/venv/lib/python3.12/site-packages/taskflow/listeners/logging.py:218}}
Sep 01 02:03:34 devstack cinder-volume[87404]: DEBUG cinder.volume.manager [None req-2ca7bb66-d212-462e-8636-5d3046068c34 tempest-GroupSnapshotsV319Test-361412303 None] Task 'cinder.volume.flows.manager.create_volume.ExtractVolumeSpecTask;volume:create' (85ef836c-64dc-4dc2-80fa-a45f3c20b2de) transitioned into state 'RUNNING' from state 'PENDING' {{(pid=87404) _task_receiver /opt/stack/data/venv/lib/python3.12/site-packages/taskflow/listeners/logging.py:242}}
Sep 01 02:03:34 devstack cinder-volume[87404]: DEBUG cinder.volume.manager [None req-2ca7bb66-d212-462e-8636-5d3046068c34 tempest-GroupSnapshotsV319Test-361412303 None] Task 'cinder.volume.flows.manager.create_volume.ExtractVolumeSpecTask;volume:create' (85ef836c-64dc-4dc2-80fa-a45f3c20b2de) transitioned into state 'SUCCESS' from state 'RUNNING' with result '{'status': 'creating', 'type': 'raw', 'volume_id': '1b97f392-b767-40a4-bede-b8ad916b001c', 'volume_name': 'volume-1b97f392-b767-40a4-bede-b8ad916b001c', 'volume_size': 1}' {{(pid=87404) _task_receiver /opt/stack/data/venv/lib/python3.12/site-packages/taskflow/listeners/logging.py:218}}
Sep 01 02:03:34 devstack cinder-volume[87404]: DEBUG cinder.volume.manager [None req-2ca7bb66-d212-462e-8636-5d3046068c34 tempest-GroupSnapshotsV319Test-361412303 None] Task 'cinder.volume.flows.manager.create_volume.NotifyVolumeActionTask;volume:create, create.start' (69694bbc-9836-4204-a0bf-aacf1d387b2e) transitioned into state 'RUNNING' from state 'PENDING' {{(pid=87404) _task_receiver /opt/stack/data/venv/lib/python3.12/site-packages/taskflow/listeners/logging.py:242}}
Sep 01 02:03:34 devstack cinder-volume[87404]: DEBUG cinder.volume.manager [None req-2ca7bb66-d212-462e-8636-5d3046068c34 tempest-GroupSnapshotsV319Test-361412303 None] Task 'cinder.volume.flows.manager.create_volume.NotifyVolumeActionTask;volume:create, create.start' (69694bbc-9836-4204-a0bf-aacf1d387b2e) transitioned into state 'SUCCESS' from state 'RUNNING' with result 'None' {{(pid=87404) _task_receiver /opt/stack/data/venv/lib/python3.12/site-packages/taskflow/listeners/logging.py:218}}
Sep 01 02:03:34 devstack cinder-volume[87404]: DEBUG cinder.volume.manager [None req-2ca7bb66-d212-462e-8636-5d3046068c34 tempest-GroupSnapshotsV319Test-361412303 None] Task 'cinder.volume.flows.manager.create_volume.CreateVolumeFromSpecTask;volume:create' (6e4769c3-d8ea-4db4-b245-b7ca62f91c69) transitioned into state 'RUNNING' from state 'PENDING' {{(pid=87404) _task_receiver /opt/stack/data/venv/lib/python3.12/site-packages/taskflow/listeners/logging.py:242}}
Sep 01 02:03:34 devstack cinder-volume[87404]: INFO cinder.volume.flows.manager.create_volume [None req-2ca7bb66-d212-462e-8636-5d3046068c34 tempest-GroupSnapshotsV319Test-361412303 None] Volume 1b97f392-b767-40a4-bede-b8ad916b001c: being created as raw with specification: {'status': 'creating', 'volume_name': 'volume-1b97f392-b767-40a4-bede-b8ad916b001c', 'volume_size': 1}
Sep 01 02:03:34 devstack cinder-volume[87404]: DEBUG oslo_concurrency.lockutils [None req-2ca7bb66-d212-462e-8636-5d3046068c34 tempest-GroupSnapshotsV319Test-361412303 None] Acquiring lock "quobyte" by "cinder.volume.drivers.quobyte.QuobyteDriver.create_volume" {{(pid=87404) inner /opt/stack/data/venv/lib/python3.12/site-packages/oslo_concurrency/lockutils.py:512}}
Sep 01 02:03:34 devstack sudo[93765]: pam_unix(sudo:session): session closed for user root
Sep 01 02:03:34 devstack cinder-volume[87404]: DEBUG oslo_concurrency.processutils [None req-c0f8dd70-6a73-492b-8d46-679b7d2d9d3c tempest-VolumesSnapshotListTestJSON-2098279371 None] CMD "sudo cinder-rootwrap /etc/cinder/rootwrap.conf qemu-img create -f qcow2 -o preallocation=metadata /opt/stack/data/cinder/mnt/aec27673f7f8200bb582c584cd8345be/volume-958349fb-22eb-466e-a178-103f4af71fa8 1073741824" returned: 0 in 0.610s {{(pid=87404) execute /opt/stack/data/venv/lib/python3.12/site-packages/oslo_concurrency/processutils.py:468}}
Sep 01 02:03:34 devstack cinder-volume[87404]: DEBUG oslo_concurrency.processutils [None req-c0f8dd70-6a73-492b-8d46-679b7d2d9d3c tempest-VolumesSnapshotListTestJSON-2098279371 None] Running cmd (subprocess): sudo cinder-rootwrap /etc/cinder/rootwrap.conf chmod ugo+rw /opt/stack/data/cinder/mnt/aec27673f7f8200bb582c584cd8345be/volume-958349fb-22eb-466e-a178-103f4af71fa8 {{(pid=87404) execute /opt/stack/data/venv/lib/python3.12/site-packages/oslo_concurrency/processutils.py:440}}
Sep 01 02:03:34 devstack sudo[93772]: quobyte : PWD=/ ; USER=root ; COMMAND=/opt/stack/data/venv/bin/cinder-rootwrap /etc/cinder/rootwrap.conf chmod ugo+rw /opt/stack/data/cinder/mnt/aec27673f7f8200bb582c584cd8345be/volume-958349fb-22eb-466e-a178-103f4af71fa8
Sep 01 02:03:34 devstack sudo[93772]: pam_unix(sudo:session): session opened for user root(uid=0) by (uid=1000)
Sep 01 02:03:35 devstack sudo[93772]: pam_unix(sudo:session): session closed for user root
Sep 01 02:03:35 devstack cinder-volume[87404]: DEBUG oslo_concurrency.processutils [None req-c0f8dd70-6a73-492b-8d46-679b7d2d9d3c tempest-VolumesSnapshotListTestJSON-2098279371 None] CMD "sudo cinder-rootwrap /etc/cinder/rootwrap.conf chmod ugo+rw /opt/stack/data/cinder/mnt/aec27673f7f8200bb582c584cd8345be/volume-958349fb-22eb-466e-a178-103f4af71fa8" returned: 0 in 0.300s {{(pid=87404) execute /opt/stack/data/venv/lib/python3.12/site-packages/oslo_concurrency/processutils.py:468}}
Sep 01 02:03:35 devstack cinder-volume[87404]: DEBUG cinder.volume.drivers.quobyte [None req-c0f8dd70-6a73-492b-8d46-679b7d2d9d3c tempest-VolumesSnapshotListTestJSON-2098279371 None] <== create_volume: return (968ms) {'provider_location': 'osci02.corp.quobyte.com/cinder-vol-99b78ea5-99c9-46eb-8112-f08b8a1b8825'} {{(pid=87404) trace_logging_wrapper /opt/stack/cinder/cinder/volume/volume_utils.py:1522}}
Sep 01 02:03:35 devstack cinder-volume[87404]: DEBUG oslo_concurrency.lockutils [None req-c0f8dd70-6a73-492b-8d46-679b7d2d9d3c tempest-VolumesSnapshotListTestJSON-2098279371 None] Lock "quobyte" "released" by "cinder.volume.drivers.quobyte.QuobyteDriver.create_volume" :: held 0.975s {{(pid=87404) inner /opt/stack/data/venv/lib/python3.12/site-packages/oslo_concurrency/lockutils.py:544}}
Sep 01 02:03:35 devstack cinder-volume[87404]: DEBUG oslo_concurrency.lockutils [None req-2ca7bb66-d212-462e-8636-5d3046068c34 tempest-GroupSnapshotsV319Test-361412303 None] Lock "quobyte" acquired by "cinder.volume.drivers.quobyte.QuobyteDriver.create_volume" :: waited 0.693s {{(pid=87404) inner /opt/stack/data/venv/lib/python3.12/site-packages/oslo_concurrency/lockutils.py:525}}
Sep 01 02:03:35 devstack cinder-volume[87404]: DEBUG cinder.volume.drivers.quobyte [None req-2ca7bb66-d212-462e-8636-5d3046068c34 tempest-GroupSnapshotsV319Test-361412303 None] ==> create_volume: call "{'self': , 'volume': Volume(_name_id=None,admin_metadata=,attach_status='detached',availability_zone='nova',bootable=False,cluster=,cluster_name=None,consistencygroup=,consistencygroup_id=24bd5a80-f8cd-4f1b-a1ed-158c9650a163,created_at=2026-09-01T00:03:34Z,deleted=False,deleted_at=None,display_description=None,display_name='tempest-volume-65136338',ec2_id=None,encryption_key_id=None,glance_metadata=,group=,group_id=24bd5a80-f8cd-4f1b-a1ed-158c9650a163,host='devstack@QuobyteHD#QuobyteHD',id=1b97f392-b767-40a4-bede-b8ad916b001c,launched_at=None,metadata={},migration_status=None,multiattach=False,previous_status=None,project_id='886956f759534df98cde4820e29bf748',provider_auth=None,provider_geometry=None,provider_id=None,provider_location=None,replication_driver_data=None,replication_extended_status=None,replication_status=None,scheduled_at=2026-09-01T00:03:34Z,service_uuid=None,shared_targets=True,size=1,snapshot_id=None,snapshots=,source_volid=None,status='creating',terminated_at=None,updated_at=2026-09-01T00:03:34Z,use_quota=True,user_id='d1b43d2aa34344f4b35f54f2c95fc258',volume_attachment=VolumeAttachmentList,volume_type=VolumeType(026fb455-97b5-4caf-9c06-05d527461229),volume_type_id=026fb455-97b5-4caf-9c06-05d527461229)}" {{(pid=87404) trace_logging_wrapper /opt/stack/cinder/cinder/volume/volume_utils.py:1497}}
Sep 01 02:03:35 devstack cinder-volume[87404]: DEBUG cinder.volume.drivers.remotefs [None req-2ca7bb66-d212-462e-8636-5d3046068c34 tempest-GroupSnapshotsV319Test-361412303 None] Creating volume 1b97f392-b767-40a4-bede-b8ad916b001c {{(pid=87404) create_volume /opt/stack/cinder/cinder/volume/drivers/remotefs.py:292}}
Sep 01 02:03:35 devstack cinder-volume[87404]: DEBUG oslo_concurrency.lockutils [None req-2ca7bb66-d212-462e-8636-5d3046068c34 tempest-GroupSnapshotsV319Test-361412303 None] Acquiring lock "quobyte_ensure" by "cinder.volume.drivers.quobyte.QuobyteDriver._ensure_shares_mounted" {{(pid=87404) inner /opt/stack/data/venv/lib/python3.12/site-packages/oslo_concurrency/lockutils.py:512}}
Sep 01 02:03:35 devstack cinder-volume[87404]: DEBUG oslo_concurrency.lockutils [None req-2ca7bb66-d212-462e-8636-5d3046068c34 tempest-GroupSnapshotsV319Test-361412303 None] Lock "quobyte_ensure" acquired by "cinder.volume.drivers.quobyte.QuobyteDriver._ensure_shares_mounted" :: waited 0.000s {{(pid=87404) inner /opt/stack/data/venv/lib/python3.12/site-packages/oslo_concurrency/lockutils.py:525}}
Sep 01 02:03:35 devstack cinder-volume[87404]: DEBUG cinder.volume.drivers.quobyte [None req-2ca7bb66-d212-462e-8636-5d3046068c34 tempest-GroupSnapshotsV319Test-361412303 None] Quobyte Volume URL set to: {'osci02.corp.quobyte.com/cinder-vol-99b78ea5-99c9-46eb-8112-f08b8a1b8825': None} {{(pid=87404) _load_shares_config /opt/stack/cinder/cinder/volume/drivers/quobyte.py:662}}
Sep 01 02:03:35 devstack cinder-volume[87404]: DEBUG cinder.volume.drivers.quobyte [None req-2ca7bb66-d212-462e-8636-5d3046068c34 tempest-GroupSnapshotsV319Test-361412303 None] Available shares ['osci02.corp.quobyte.com/cinder-vol-99b78ea5-99c9-46eb-8112-f08b8a1b8825'] {{(pid=87404) _ensure_shares_mounted /opt/stack/cinder/cinder/volume/drivers/quobyte.py:692}}
Sep 01 02:03:35 devstack cinder-volume[87404]: DEBUG oslo_concurrency.lockutils [None req-2ca7bb66-d212-462e-8636-5d3046068c34 tempest-GroupSnapshotsV319Test-361412303 None] Lock "quobyte_ensure" "released" by "cinder.volume.drivers.quobyte.QuobyteDriver._ensure_shares_mounted" :: held 0.017s {{(pid=87404) inner /opt/stack/data/venv/lib/python3.12/site-packages/oslo_concurrency/lockutils.py:544}}
Sep 01 02:03:35 devstack cinder-volume[87404]: DEBUG cinder.volume.drivers.quobyte [None req-2ca7bb66-d212-462e-8636-5d3046068c34 tempest-GroupSnapshotsV319Test-361412303 None] Selected osci02.corp.quobyte.com/cinder-vol-99b78ea5-99c9-46eb-8112-f08b8a1b8825 as target Quobyte volume. {{(pid=87404) _find_share /opt/stack/cinder/cinder/volume/drivers/quobyte.py:713}}
Sep 01 02:03:35 devstack cinder-volume[87404]: INFO cinder.volume.drivers.remotefs [None req-2ca7bb66-d212-462e-8636-5d3046068c34 tempest-GroupSnapshotsV319Test-361412303 None] casted to osci02.corp.quobyte.com/cinder-vol-99b78ea5-99c9-46eb-8112-f08b8a1b8825
Sep 01 02:03:35 devstack cinder-volume[87404]: DEBUG oslo_concurrency.processutils [None req-2ca7bb66-d212-462e-8636-5d3046068c34 tempest-GroupSnapshotsV319Test-361412303 None] Running cmd (subprocess): sudo cinder-rootwrap /etc/cinder/rootwrap.conf qemu-img create -f qcow2 -o preallocation=metadata /opt/stack/data/cinder/mnt/aec27673f7f8200bb582c584cd8345be/volume-1b97f392-b767-40a4-bede-b8ad916b001c 1073741824 {{(pid=87404) execute /opt/stack/data/venv/lib/python3.12/site-packages/oslo_concurrency/processutils.py:440}}
Sep 01 02:03:35 devstack cinder-volume[87404]: DEBUG cinder.volume.manager [None req-c0f8dd70-6a73-492b-8d46-679b7d2d9d3c tempest-VolumesSnapshotListTestJSON-2098279371 None] Task 'cinder.volume.flows.manager.create_volume.CreateVolumeFromSpecTask;volume:create' (7d2da5ca-96f3-4437-8430-160f70273ab2) transitioned into state 'SUCCESS' from state 'RUNNING' with result '{'status': 'creating', 'volume_name': 'volume-958349fb-22eb-466e-a178-103f4af71fa8', 'volume_size': 1}' {{(pid=87404) _task_receiver /opt/stack/data/venv/lib/python3.12/site-packages/taskflow/listeners/logging.py:218}}
Sep 01 02:03:35 devstack sudo[93776]: quobyte : PWD=/ ; USER=root ; COMMAND=/opt/stack/data/venv/bin/cinder-rootwrap /etc/cinder/rootwrap.conf qemu-img create -f qcow2 -o preallocation=metadata /opt/stack/data/cinder/mnt/aec27673f7f8200bb582c584cd8345be/volume-1b97f392-b767-40a4-bede-b8ad916b001c 1073741824
Sep 01 02:03:35 devstack sudo[93776]: pam_unix(sudo:session): session opened for user root(uid=0) by (uid=1000)
Sep 01 02:03:35 devstack cinder-volume[87404]: DEBUG cinder.volume.manager [None req-c0f8dd70-6a73-492b-8d46-679b7d2d9d3c tempest-VolumesSnapshotListTestJSON-2098279371 None] Task 'cinder.volume.flows.manager.create_volume.CreateVolumeOnFinishTask;volume:create, create.end' (cbbbdff7-3714-491a-bc07-83c210f97955) transitioned into state 'RUNNING' from state 'PENDING' {{(pid=87404) _task_receiver /opt/stack/data/venv/lib/python3.12/site-packages/taskflow/listeners/logging.py:242}}
Sep 01 02:03:35 devstack cinder-volume[87404]: INFO cinder.volume.flows.manager.create_volume [None req-c0f8dd70-6a73-492b-8d46-679b7d2d9d3c tempest-VolumesSnapshotListTestJSON-2098279371 None] Volume volume-958349fb-22eb-466e-a178-103f4af71fa8 (958349fb-22eb-466e-a178-103f4af71fa8): created successfully
Sep 01 02:03:35 devstack cinder-volume[87404]: DEBUG cinder.volume.manager [None req-c0f8dd70-6a73-492b-8d46-679b7d2d9d3c tempest-VolumesSnapshotListTestJSON-2098279371 None] Task 'cinder.volume.flows.manager.create_volume.CreateVolumeOnFinishTask;volume:create, create.end' (cbbbdff7-3714-491a-bc07-83c210f97955) transitioned into state 'SUCCESS' from state 'RUNNING' with result 'None' {{(pid=87404) _task_receiver /opt/stack/data/venv/lib/python3.12/site-packages/taskflow/listeners/logging.py:218}}
Sep 01 02:03:35 devstack cinder-volume[87404]: DEBUG cinder.volume.manager [None req-c0f8dd70-6a73-492b-8d46-679b7d2d9d3c tempest-VolumesSnapshotListTestJSON-2098279371 None] Flow 'volume_create_manager' (ee24691a-3e1f-4173-915c-47f9360e995b) transitioned into state 'SUCCESS' from state 'RUNNING' {{(pid=87404) _flow_receiver /opt/stack/data/venv/lib/python3.12/site-packages/taskflow/listeners/logging.py:160}}
Sep 01 02:03:35 devstack cinder-volume[87404]: INFO cinder.volume.manager [None req-c0f8dd70-6a73-492b-8d46-679b7d2d9d3c tempest-VolumesSnapshotListTestJSON-2098279371 None] Created volume successfully.
Sep 01 02:03:35 devstack sudo[93776]: pam_unix(sudo:session): session closed for user root
Sep 01 02:03:35 devstack cinder-volume[87404]: DEBUG oslo_concurrency.processutils [None req-2ca7bb66-d212-462e-8636-5d3046068c34 tempest-GroupSnapshotsV319Test-361412303 None] CMD "sudo cinder-rootwrap /etc/cinder/rootwrap.conf qemu-img create -f qcow2 -o preallocation=metadata /opt/stack/data/cinder/mnt/aec27673f7f8200bb582c584cd8345be/volume-1b97f392-b767-40a4-bede-b8ad916b001c 1073741824" returned: 0 in 0.726s {{(pid=87404) execute /opt/stack/data/venv/lib/python3.12/site-packages/oslo_concurrency/processutils.py:468}}
Sep 01 02:03:36 devstack cinder-volume[87404]: DEBUG oslo_concurrency.processutils [None req-2ca7bb66-d212-462e-8636-5d3046068c34 tempest-GroupSnapshotsV319Test-361412303 None] Running cmd (subprocess): sudo cinder-rootwrap /etc/cinder/rootwrap.conf chmod ugo+rw /opt/stack/data/cinder/mnt/aec27673f7f8200bb582c584cd8345be/volume-1b97f392-b767-40a4-bede-b8ad916b001c {{(pid=87404) execute /opt/stack/data/venv/lib/python3.12/site-packages/oslo_concurrency/processutils.py:440}}
Sep 01 02:03:36 devstack sudo[93791]: quobyte : PWD=/ ; USER=root ; COMMAND=/opt/stack/data/venv/bin/cinder-rootwrap /etc/cinder/rootwrap.conf chmod ugo+rw /opt/stack/data/cinder/mnt/aec27673f7f8200bb582c584cd8345be/volume-1b97f392-b767-40a4-bede-b8ad916b001c
Sep 01 02:03:36 devstack sudo[93791]: pam_unix(sudo:session): session opened for user root(uid=0) by (uid=1000)
Sep 01 02:03:36 devstack cinder-volume[87404]: DEBUG oslo_concurrency.lockutils [None req-a3574cf4-3076-4f04-acfd-d1e205c09aae tempest-VolumesSnapshotListTestJSON-2098279371 None] Acquiring lock "quobyte" by "cinder.volume.drivers.quobyte.QuobyteDriver.create_snapshot" {{(pid=87404) inner /opt/stack/data/venv/lib/python3.12/site-packages/oslo_concurrency/lockutils.py:512}}
Sep 01 02:03:36 devstack sudo[93791]: pam_unix(sudo:session): session closed for user root
Sep 01 02:03:36 devstack cinder-volume[87404]: DEBUG oslo_concurrency.processutils [None req-2ca7bb66-d212-462e-8636-5d3046068c34 tempest-GroupSnapshotsV319Test-361412303 None] CMD "sudo cinder-rootwrap /etc/cinder/rootwrap.conf chmod ugo+rw /opt/stack/data/cinder/mnt/aec27673f7f8200bb582c584cd8345be/volume-1b97f392-b767-40a4-bede-b8ad916b001c" returned: 0 in 0.387s {{(pid=87404) execute /opt/stack/data/venv/lib/python3.12/site-packages/oslo_concurrency/processutils.py:468}}
Sep 01 02:03:36 devstack cinder-volume[87404]: DEBUG cinder.volume.drivers.quobyte [None req-2ca7bb66-d212-462e-8636-5d3046068c34 tempest-GroupSnapshotsV319Test-361412303 None] <== create_volume: return (1186ms) {'provider_location': 'osci02.corp.quobyte.com/cinder-vol-99b78ea5-99c9-46eb-8112-f08b8a1b8825'} {{(pid=87404) trace_logging_wrapper /opt/stack/cinder/cinder/volume/volume_utils.py:1522}}
Sep 01 02:03:36 devstack cinder-volume[87404]: DEBUG oslo_concurrency.lockutils [None req-2ca7bb66-d212-462e-8636-5d3046068c34 tempest-GroupSnapshotsV319Test-361412303 None] Lock "quobyte" "released" by "cinder.volume.drivers.quobyte.QuobyteDriver.create_volume" :: held 1.190s {{(pid=87404) inner /opt/stack/data/venv/lib/python3.12/site-packages/oslo_concurrency/lockutils.py:544}}
Sep 01 02:03:36 devstack cinder-volume[87404]: DEBUG oslo_concurrency.lockutils [None req-a3574cf4-3076-4f04-acfd-d1e205c09aae tempest-VolumesSnapshotListTestJSON-2098279371 None] Lock "quobyte" acquired by "cinder.volume.drivers.quobyte.QuobyteDriver.create_snapshot" :: waited 0.103s {{(pid=87404) inner /opt/stack/data/venv/lib/python3.12/site-packages/oslo_concurrency/lockutils.py:525}}
Sep 01 02:03:36 devstack cinder-volume[87404]: DEBUG cinder.volume.manager [None req-2ca7bb66-d212-462e-8636-5d3046068c34 tempest-GroupSnapshotsV319Test-361412303 None] Task 'cinder.volume.flows.manager.create_volume.CreateVolumeFromSpecTask;volume:create' (6e4769c3-d8ea-4db4-b245-b7ca62f91c69) transitioned into state 'SUCCESS' from state 'RUNNING' with result '{'status': 'creating', 'volume_name': 'volume-1b97f392-b767-40a4-bede-b8ad916b001c', 'volume_size': 1}' {{(pid=87404) _task_receiver /opt/stack/data/venv/lib/python3.12/site-packages/taskflow/listeners/logging.py:218}}
Sep 01 02:03:36 devstack cinder-volume[87404]: DEBUG cinder.volume.manager [None req-2ca7bb66-d212-462e-8636-5d3046068c34 tempest-GroupSnapshotsV319Test-361412303 None] Task 'cinder.volume.flows.manager.create_volume.CreateVolumeOnFinishTask;volume:create, create.end' (7c5192e4-9920-43e6-a704-1bf9002bd349) transitioned into state 'RUNNING' from state 'PENDING' {{(pid=87404) _task_receiver /opt/stack/data/venv/lib/python3.12/site-packages/taskflow/listeners/logging.py:242}}
Sep 01 02:03:36 devstack cinder-volume[87404]: DEBUG cinder.volume.drivers.remotefs [None req-a3574cf4-3076-4f04-acfd-d1e205c09aae tempest-VolumesSnapshotListTestJSON-2098279371 None] Creating offline snapshot 4c72e715-7eb1-413e-9f52-a2c0b14110e4 of volume 958349fb-22eb-466e-a178-103f4af71fa8 {{(pid=87404) _create_snapshot /opt/stack/cinder/cinder/volume/drivers/remotefs.py:1816}}
Sep 01 02:03:36 devstack cinder-volume[87404]: INFO cinder.volume.flows.manager.create_volume [None req-2ca7bb66-d212-462e-8636-5d3046068c34 tempest-GroupSnapshotsV319Test-361412303 None] Volume volume-1b97f392-b767-40a4-bede-b8ad916b001c (1b97f392-b767-40a4-bede-b8ad916b001c): created successfully
Sep 01 02:03:36 devstack cinder-volume[87404]: DEBUG cinder.volume.manager [None req-2ca7bb66-d212-462e-8636-5d3046068c34 tempest-GroupSnapshotsV319Test-361412303 None] Task 'cinder.volume.flows.manager.create_volume.CreateVolumeOnFinishTask;volume:create, create.end' (7c5192e4-9920-43e6-a704-1bf9002bd349) transitioned into state 'SUCCESS' from state 'RUNNING' with result 'None' {{(pid=87404) _task_receiver /opt/stack/data/venv/lib/python3.12/site-packages/taskflow/listeners/logging.py:218}}
Sep 01 02:03:36 devstack cinder-volume[87404]: DEBUG cinder.volume.manager [None req-2ca7bb66-d212-462e-8636-5d3046068c34 tempest-GroupSnapshotsV319Test-361412303 None] Flow 'volume_create_manager' (69c98346-5f95-4a52-9fdf-d15273c9555b) transitioned into state 'SUCCESS' from state 'RUNNING' {{(pid=87404) _flow_receiver /opt/stack/data/venv/lib/python3.12/site-packages/taskflow/listeners/logging.py:160}}
Sep 01 02:03:36 devstack cinder-volume[87404]: DEBUG oslo.privsep.daemon [-] privsep: reply[7cd21026-c983-4dae-acf4-97dd539334cb]: (4, 'qcow2') {{(pid=88995) _call_back /opt/stack/data/venv/lib/python3.12/site-packages/oslo_privsep/daemon.py:580}}
Sep 01 02:03:36 devstack cinder-volume[87404]: DEBUG oslo_concurrency.processutils [None req-a3574cf4-3076-4f04-acfd-d1e205c09aae tempest-VolumesSnapshotListTestJSON-2098279371 None] Running cmd (subprocess): /opt/stack/data/venv/bin/python3.12 -m oslo_concurrency.prlimit --as=1073741824 --cpu=60 -- sudo cinder-rootwrap /etc/cinder/rootwrap.conf env LC_ALL=C qemu-img info -f qcow2 --output=json --force-share /opt/stack/data/cinder/mnt/aec27673f7f8200bb582c584cd8345be/volume-958349fb-22eb-466e-a178-103f4af71fa8 {{(pid=87404) execute /opt/stack/data/venv/lib/python3.12/site-packages/oslo_concurrency/processutils.py:440}}
Sep 01 02:03:36 devstack cinder-volume[87404]: INFO cinder.volume.manager [None req-2ca7bb66-d212-462e-8636-5d3046068c34 tempest-GroupSnapshotsV319Test-361412303 None] Created volume successfully.
Sep 01 02:03:36 devstack sudo[93794]: quobyte : PWD=/ ; USER=root ; COMMAND=/opt/stack/data/venv/bin/cinder-rootwrap /etc/cinder/rootwrap.conf env LC_ALL=C qemu-img info -f qcow2 --output=json --force-share /opt/stack/data/cinder/mnt/aec27673f7f8200bb582c584cd8345be/volume-958349fb-22eb-466e-a178-103f4af71fa8
Sep 01 02:03:36 devstack sudo[93794]: pam_unix(sudo:session): session opened for user root(uid=0) by (uid=1000)
Sep 01 02:03:36 devstack sudo[93794]: pam_unix(sudo:session): session closed for user root
Sep 01 02:03:36 devstack cinder-volume[87404]: DEBUG oslo_concurrency.processutils [None req-a3574cf4-3076-4f04-acfd-d1e205c09aae tempest-VolumesSnapshotListTestJSON-2098279371 None] CMD "/opt/stack/data/venv/bin/python3.12 -m oslo_concurrency.prlimit --as=1073741824 --cpu=60 -- sudo cinder-rootwrap /etc/cinder/rootwrap.conf env LC_ALL=C qemu-img info -f qcow2 --output=json --force-share /opt/stack/data/cinder/mnt/aec27673f7f8200bb582c584cd8345be/volume-958349fb-22eb-466e-a178-103f4af71fa8" returned: 0 in 0.447s {{(pid=87404) execute /opt/stack/data/venv/lib/python3.12/site-packages/oslo_concurrency/processutils.py:468}}
Sep 01 02:03:36 devstack cinder-volume[87404]: DEBUG oslo_concurrency.processutils [None req-a3574cf4-3076-4f04-acfd-d1e205c09aae tempest-VolumesSnapshotListTestJSON-2098279371 None] Running cmd (subprocess): sudo cinder-rootwrap /etc/cinder/rootwrap.conf qemu-img create -f qcow2 -o backing_file=/opt/stack/data/cinder/mnt/aec27673f7f8200bb582c584cd8345be/volume-958349fb-22eb-466e-a178-103f4af71fa8,backing_fmt=qcow2 /opt/stack/data/cinder/mnt/aec27673f7f8200bb582c584cd8345be/volume-958349fb-22eb-466e-a178-103f4af71fa8.4c72e715-7eb1-413e-9f52-a2c0b14110e4 1G {{(pid=87404) execute /opt/stack/data/venv/lib/python3.12/site-packages/oslo_concurrency/processutils.py:440}}
Sep 01 02:03:36 devstack sudo[93799]: quobyte : PWD=/ ; USER=root ; COMMAND=/opt/stack/data/venv/bin/cinder-rootwrap /etc/cinder/rootwrap.conf qemu-img create -f qcow2 -o backing_file=/opt/stack/data/cinder/mnt/aec27673f7f8200bb582c584cd8345be/volume-958349fb-22eb-466e-a178-103f4af71fa8,backing_fmt=qcow2 /opt/stack/data/cinder/mnt/aec27673f7f8200bb582c584cd8345be/volume-958349fb-22eb-466e-a178-103f4af71fa8.4c72e715-7eb1-413e-9f52-a2c0b14110e4 1G
Sep 01 02:03:36 devstack sudo[93799]: pam_unix(sudo:session): session opened for user root(uid=0) by (uid=1000)
Sep 01 02:03:37 devstack cinder-volume[87404]: INFO cinder.volume.manager [None req-49c043b7-ac86-411e-a7fb-bc12fd6ef39e tempest-GroupSnapshotsV319Test-361412303 None] GroupSnapshot e5e0bc40-eba7-4d15-9453-970b57586be0: creating.
Sep 01 02:03:37 devstack cinder-volume[87404]: DEBUG cinder.volume.manager [None req-49c043b7-ac86-411e-a7fb-bc12fd6ef39e tempest-GroupSnapshotsV319Test-361412303 None] Group snapshot e5e0bc40-eba7-4d15-9453-970b57586be0: creating. {{(pid=87404) create_group_snapshot /opt/stack/cinder/cinder/volume/manager.py:4175}}
Sep 01 02:03:37 devstack cinder-volume[87404]: DEBUG oslo_concurrency.lockutils [None req-49c043b7-ac86-411e-a7fb-bc12fd6ef39e tempest-GroupSnapshotsV319Test-361412303 None] Acquiring lock "quobyte" by "cinder.volume.drivers.quobyte.QuobyteDriver.create_snapshot" {{(pid=87404) inner /opt/stack/data/venv/lib/python3.12/site-packages/oslo_concurrency/lockutils.py:512}}
Sep 01 02:03:37 devstack sudo[93799]: pam_unix(sudo:session): session closed for user root
Sep 01 02:03:37 devstack cinder-volume[87404]: DEBUG oslo_concurrency.processutils [None req-a3574cf4-3076-4f04-acfd-d1e205c09aae tempest-VolumesSnapshotListTestJSON-2098279371 None] CMD "sudo cinder-rootwrap /etc/cinder/rootwrap.conf qemu-img create -f qcow2 -o backing_file=/opt/stack/data/cinder/mnt/aec27673f7f8200bb582c584cd8345be/volume-958349fb-22eb-466e-a178-103f4af71fa8,backing_fmt=qcow2 /opt/stack/data/cinder/mnt/aec27673f7f8200bb582c584cd8345be/volume-958349fb-22eb-466e-a178-103f4af71fa8.4c72e715-7eb1-413e-9f52-a2c0b14110e4 1G" returned: 0 in 0.523s {{(pid=87404) execute /opt/stack/data/venv/lib/python3.12/site-packages/oslo_concurrency/processutils.py:468}}
Sep 01 02:03:37 devstack cinder-volume[87404]: DEBUG oslo_concurrency.processutils [None req-a3574cf4-3076-4f04-acfd-d1e205c09aae tempest-VolumesSnapshotListTestJSON-2098279371 None] Running cmd (subprocess): sudo cinder-rootwrap /etc/cinder/rootwrap.conf qemu-img rebase -u -b volume-958349fb-22eb-466e-a178-103f4af71fa8 -F qcow2 /opt/stack/data/cinder/mnt/aec27673f7f8200bb582c584cd8345be/volume-958349fb-22eb-466e-a178-103f4af71fa8.4c72e715-7eb1-413e-9f52-a2c0b14110e4 {{(pid=87404) execute /opt/stack/data/venv/lib/python3.12/site-packages/oslo_concurrency/processutils.py:440}}
Sep 01 02:03:37 devstack sudo[93805]: quobyte : PWD=/ ; USER=root ; COMMAND=/opt/stack/data/venv/bin/cinder-rootwrap /etc/cinder/rootwrap.conf qemu-img rebase -u -b volume-958349fb-22eb-466e-a178-103f4af71fa8 -F qcow2 /opt/stack/data/cinder/mnt/aec27673f7f8200bb582c584cd8345be/volume-958349fb-22eb-466e-a178-103f4af71fa8.4c72e715-7eb1-413e-9f52-a2c0b14110e4
Sep 01 02:03:37 devstack sudo[93805]: pam_unix(sudo:session): session opened for user root(uid=0) by (uid=1000)
Sep 01 02:03:37 devstack sudo[93805]: pam_unix(sudo:session): session closed for user root
Sep 01 02:03:37 devstack cinder-volume[87404]: DEBUG oslo_concurrency.processutils [None req-a3574cf4-3076-4f04-acfd-d1e205c09aae tempest-VolumesSnapshotListTestJSON-2098279371 None] CMD "sudo cinder-rootwrap /etc/cinder/rootwrap.conf qemu-img rebase -u -b volume-958349fb-22eb-466e-a178-103f4af71fa8 -F qcow2 /opt/stack/data/cinder/mnt/aec27673f7f8200bb582c584cd8345be/volume-958349fb-22eb-466e-a178-103f4af71fa8.4c72e715-7eb1-413e-9f52-a2c0b14110e4" returned: 0 in 0.331s {{(pid=87404) execute /opt/stack/data/venv/lib/python3.12/site-packages/oslo_concurrency/processutils.py:468}}
Sep 01 02:03:37 devstack cinder-volume[87404]: WARNING cinder.volume.drivers.remotefs [None req-a3574cf4-3076-4f04-acfd-d1e205c09aae tempest-VolumesSnapshotListTestJSON-2098279371 None] /opt/stack/data/cinder/mnt/aec27673f7f8200bb582c584cd8345be/volume-958349fb-22eb-466e-a178-103f4af71fa8.4c72e715-7eb1-413e-9f52-a2c0b14110e4 is being set with open permissions: ugo+rw
Sep 01 02:03:37 devstack cinder-volume[87404]: DEBUG oslo_concurrency.processutils [None req-a3574cf4-3076-4f04-acfd-d1e205c09aae tempest-VolumesSnapshotListTestJSON-2098279371 None] Running cmd (subprocess): sudo cinder-rootwrap /etc/cinder/rootwrap.conf chmod ugo+rw /opt/stack/data/cinder/mnt/aec27673f7f8200bb582c584cd8345be/volume-958349fb-22eb-466e-a178-103f4af71fa8.4c72e715-7eb1-413e-9f52-a2c0b14110e4 {{(pid=87404) execute /opt/stack/data/venv/lib/python3.12/site-packages/oslo_concurrency/processutils.py:440}}
Sep 01 02:03:37 devstack sudo[93810]: quobyte : PWD=/ ; USER=root ; COMMAND=/opt/stack/data/venv/bin/cinder-rootwrap /etc/cinder/rootwrap.conf chmod ugo+rw /opt/stack/data/cinder/mnt/aec27673f7f8200bb582c584cd8345be/volume-958349fb-22eb-466e-a178-103f4af71fa8.4c72e715-7eb1-413e-9f52-a2c0b14110e4
Sep 01 02:03:37 devstack sudo[93810]: pam_unix(sudo:session): session opened for user root(uid=0) by (uid=1000)
Sep 01 02:03:38 devstack sudo[93810]: pam_unix(sudo:session): session closed for user root
Sep 01 02:03:38 devstack cinder-volume[87404]: DEBUG oslo_concurrency.processutils [None req-a3574cf4-3076-4f04-acfd-d1e205c09aae tempest-VolumesSnapshotListTestJSON-2098279371 None] CMD "sudo cinder-rootwrap /etc/cinder/rootwrap.conf chmod ugo+rw /opt/stack/data/cinder/mnt/aec27673f7f8200bb582c584cd8345be/volume-958349fb-22eb-466e-a178-103f4af71fa8.4c72e715-7eb1-413e-9f52-a2c0b14110e4" returned: 0 in 0.289s {{(pid=87404) execute /opt/stack/data/venv/lib/python3.12/site-packages/oslo_concurrency/processutils.py:468}}
Sep 01 02:03:38 devstack cinder-volume[87404]: DEBUG oslo_concurrency.processutils [None req-a3574cf4-3076-4f04-acfd-d1e205c09aae tempest-VolumesSnapshotListTestJSON-2098279371 None] Running cmd (subprocess): sudo cinder-rootwrap /etc/cinder/rootwrap.conf truncate -s0 /opt/stack/data/cinder/mnt/aec27673f7f8200bb582c584cd8345be/volume-958349fb-22eb-466e-a178-103f4af71fa8.info {{(pid=87404) execute /opt/stack/data/venv/lib/python3.12/site-packages/oslo_concurrency/processutils.py:440}}
Sep 01 02:03:38 devstack sudo[93813]: quobyte : PWD=/ ; USER=root ; COMMAND=/opt/stack/data/venv/bin/cinder-rootwrap /etc/cinder/rootwrap.conf truncate -s0 /opt/stack/data/cinder/mnt/aec27673f7f8200bb582c584cd8345be/volume-958349fb-22eb-466e-a178-103f4af71fa8.info
Sep 01 02:03:38 devstack sudo[93813]: pam_unix(sudo:session): session opened for user root(uid=0) by (uid=1000)
Sep 01 02:03:38 devstack sudo[93813]: pam_unix(sudo:session): session closed for user root
Sep 01 02:03:38 devstack cinder-volume[87404]: DEBUG oslo_concurrency.processutils [None req-a3574cf4-3076-4f04-acfd-d1e205c09aae tempest-VolumesSnapshotListTestJSON-2098279371 None] CMD "sudo cinder-rootwrap /etc/cinder/rootwrap.conf truncate -s0 /opt/stack/data/cinder/mnt/aec27673f7f8200bb582c584cd8345be/volume-958349fb-22eb-466e-a178-103f4af71fa8.info" returned: 0 in 0.313s {{(pid=87404) execute /opt/stack/data/venv/lib/python3.12/site-packages/oslo_concurrency/processutils.py:468}}
Sep 01 02:03:38 devstack cinder-volume[87404]: WARNING cinder.volume.drivers.remotefs [None req-a3574cf4-3076-4f04-acfd-d1e205c09aae tempest-VolumesSnapshotListTestJSON-2098279371 None] /opt/stack/data/cinder/mnt/aec27673f7f8200bb582c584cd8345be/volume-958349fb-22eb-466e-a178-103f4af71fa8.info is being set with open permissions: ugo+rw
Sep 01 02:03:38 devstack cinder-volume[87404]: DEBUG oslo_concurrency.processutils [None req-a3574cf4-3076-4f04-acfd-d1e205c09aae tempest-VolumesSnapshotListTestJSON-2098279371 None] Running cmd (subprocess): sudo cinder-rootwrap /etc/cinder/rootwrap.conf chmod ugo+rw /opt/stack/data/cinder/mnt/aec27673f7f8200bb582c584cd8345be/volume-958349fb-22eb-466e-a178-103f4af71fa8.info {{(pid=87404) execute /opt/stack/data/venv/lib/python3.12/site-packages/oslo_concurrency/processutils.py:440}}
Sep 01 02:03:38 devstack sudo[93816]: quobyte : PWD=/ ; USER=root ; COMMAND=/opt/stack/data/venv/bin/cinder-rootwrap /etc/cinder/rootwrap.conf chmod ugo+rw /opt/stack/data/cinder/mnt/aec27673f7f8200bb582c584cd8345be/volume-958349fb-22eb-466e-a178-103f4af71fa8.info
Sep 01 02:03:38 devstack sudo[93816]: pam_unix(sudo:session): session opened for user root(uid=0) by (uid=1000)
Sep 01 02:03:38 devstack sudo[93816]: pam_unix(sudo:session): session closed for user root
Sep 01 02:03:38 devstack cinder-volume[87404]: DEBUG oslo_concurrency.processutils [None req-a3574cf4-3076-4f04-acfd-d1e205c09aae tempest-VolumesSnapshotListTestJSON-2098279371 None] CMD "sudo cinder-rootwrap /etc/cinder/rootwrap.conf chmod ugo+rw /opt/stack/data/cinder/mnt/aec27673f7f8200bb582c584cd8345be/volume-958349fb-22eb-466e-a178-103f4af71fa8.info" returned: 0 in 0.284s {{(pid=87404) execute /opt/stack/data/venv/lib/python3.12/site-packages/oslo_concurrency/processutils.py:468}}
Sep 01 02:03:38 devstack cinder-volume[87404]: DEBUG oslo_concurrency.lockutils [None req-a3574cf4-3076-4f04-acfd-d1e205c09aae tempest-VolumesSnapshotListTestJSON-2098279371 None] Lock "quobyte" "released" by "cinder.volume.drivers.quobyte.QuobyteDriver.create_snapshot" :: held 2.312s {{(pid=87404) inner /opt/stack/data/venv/lib/python3.12/site-packages/oslo_concurrency/lockutils.py:544}}
Sep 01 02:03:38 devstack cinder-volume[87404]: DEBUG oslo_concurrency.lockutils [None req-49c043b7-ac86-411e-a7fb-bc12fd6ef39e tempest-GroupSnapshotsV319Test-361412303 None] Lock "quobyte" acquired by "cinder.volume.drivers.quobyte.QuobyteDriver.create_snapshot" :: waited 1.473s {{(pid=87404) inner /opt/stack/data/venv/lib/python3.12/site-packages/oslo_concurrency/lockutils.py:525}}
Sep 01 02:03:38 devstack cinder-volume[87404]: DEBUG cinder.volume.drivers.remotefs [None req-49c043b7-ac86-411e-a7fb-bc12fd6ef39e tempest-GroupSnapshotsV319Test-361412303 None] Creating offline snapshot 3073ec51-2309-4751-8eaf-91c6f238f058 of volume 1b97f392-b767-40a4-bede-b8ad916b001c {{(pid=87404) _create_snapshot /opt/stack/cinder/cinder/volume/drivers/remotefs.py:1816}}
Sep 01 02:03:38 devstack cinder-volume[87404]: INFO cinder.volume.manager [None req-a3574cf4-3076-4f04-acfd-d1e205c09aae tempest-VolumesSnapshotListTestJSON-2098279371 None] Create snapshot completed successfully
Sep 01 02:03:38 devstack cinder-volume[87404]: DEBUG oslo.privsep.daemon [-] privsep: reply[6b9acb5e-4327-4866-9711-fc59f236197b]: (4, 'qcow2') {{(pid=88995) _call_back /opt/stack/data/venv/lib/python3.12/site-packages/oslo_privsep/daemon.py:580}}
Sep 01 02:03:38 devstack cinder-volume[87404]: DEBUG oslo_concurrency.processutils [None req-49c043b7-ac86-411e-a7fb-bc12fd6ef39e tempest-GroupSnapshotsV319Test-361412303 None] Running cmd (subprocess): /opt/stack/data/venv/bin/python3.12 -m oslo_concurrency.prlimit --as=1073741824 --cpu=60 -- sudo cinder-rootwrap /etc/cinder/rootwrap.conf env LC_ALL=C qemu-img info -f qcow2 --output=json --force-share /opt/stack/data/cinder/mnt/aec27673f7f8200bb582c584cd8345be/volume-1b97f392-b767-40a4-bede-b8ad916b001c {{(pid=87404) execute /opt/stack/data/venv/lib/python3.12/site-packages/oslo_concurrency/processutils.py:440}}
Sep 01 02:03:38 devstack sudo[93819]: quobyte : PWD=/ ; USER=root ; COMMAND=/opt/stack/data/venv/bin/cinder-rootwrap /etc/cinder/rootwrap.conf env LC_ALL=C qemu-img info -f qcow2 --output=json --force-share /opt/stack/data/cinder/mnt/aec27673f7f8200bb582c584cd8345be/volume-1b97f392-b767-40a4-bede-b8ad916b001c
Sep 01 02:03:38 devstack sudo[93819]: pam_unix(sudo:session): session opened for user root(uid=0) by (uid=1000)
Sep 01 02:03:39 devstack sudo[93819]: pam_unix(sudo:session): session closed for user root
Sep 01 02:03:39 devstack cinder-volume[87404]: DEBUG oslo_concurrency.processutils [None req-49c043b7-ac86-411e-a7fb-bc12fd6ef39e tempest-GroupSnapshotsV319Test-361412303 None] CMD "/opt/stack/data/venv/bin/python3.12 -m oslo_concurrency.prlimit --as=1073741824 --cpu=60 -- sudo cinder-rootwrap /etc/cinder/rootwrap.conf env LC_ALL=C qemu-img info -f qcow2 --output=json --force-share /opt/stack/data/cinder/mnt/aec27673f7f8200bb582c584cd8345be/volume-1b97f392-b767-40a4-bede-b8ad916b001c" returned: 0 in 0.423s {{(pid=87404) execute /opt/stack/data/venv/lib/python3.12/site-packages/oslo_concurrency/processutils.py:468}}
Sep 01 02:03:39 devstack cinder-volume[87404]: DEBUG oslo_concurrency.processutils [None req-49c043b7-ac86-411e-a7fb-bc12fd6ef39e tempest-GroupSnapshotsV319Test-361412303 None] Running cmd (subprocess): sudo cinder-rootwrap /etc/cinder/rootwrap.conf qemu-img create -f qcow2 -o backing_file=/opt/stack/data/cinder/mnt/aec27673f7f8200bb582c584cd8345be/volume-1b97f392-b767-40a4-bede-b8ad916b001c,backing_fmt=qcow2 /opt/stack/data/cinder/mnt/aec27673f7f8200bb582c584cd8345be/volume-1b97f392-b767-40a4-bede-b8ad916b001c.3073ec51-2309-4751-8eaf-91c6f238f058 1G {{(pid=87404) execute /opt/stack/data/venv/lib/python3.12/site-packages/oslo_concurrency/processutils.py:440}}
Sep 01 02:03:39 devstack sudo[93825]: quobyte : PWD=/ ; USER=root ; COMMAND=/opt/stack/data/venv/bin/cinder-rootwrap /etc/cinder/rootwrap.conf qemu-img create -f qcow2 -o backing_file=/opt/stack/data/cinder/mnt/aec27673f7f8200bb582c584cd8345be/volume-1b97f392-b767-40a4-bede-b8ad916b001c,backing_fmt=qcow2 /opt/stack/data/cinder/mnt/aec27673f7f8200bb582c584cd8345be/volume-1b97f392-b767-40a4-bede-b8ad916b001c.3073ec51-2309-4751-8eaf-91c6f238f058 1G
Sep 01 02:03:39 devstack sudo[93825]: pam_unix(sudo:session): session opened for user root(uid=0) by (uid=1000)
Sep 01 02:03:39 devstack cinder-volume[87404]: DEBUG oslo_concurrency.lockutils [None req-ed876ffd-31cd-4464-8ca1-239e5a10b8ea tempest-VolumesSnapshotListTestJSON-2098279371 None] Acquiring lock "quobyte" by "cinder.volume.drivers.quobyte.QuobyteDriver.create_snapshot" {{(pid=87404) inner /opt/stack/data/venv/lib/python3.12/site-packages/oslo_concurrency/lockutils.py:512}}
Sep 01 02:03:39 devstack sudo[93825]: pam_unix(sudo:session): session closed for user root
Sep 01 02:03:39 devstack cinder-volume[87404]: DEBUG oslo_concurrency.processutils [None req-49c043b7-ac86-411e-a7fb-bc12fd6ef39e tempest-GroupSnapshotsV319Test-361412303 None] CMD "sudo cinder-rootwrap /etc/cinder/rootwrap.conf qemu-img create -f qcow2 -o backing_file=/opt/stack/data/cinder/mnt/aec27673f7f8200bb582c584cd8345be/volume-1b97f392-b767-40a4-bede-b8ad916b001c,backing_fmt=qcow2 /opt/stack/data/cinder/mnt/aec27673f7f8200bb582c584cd8345be/volume-1b97f392-b767-40a4-bede-b8ad916b001c.3073ec51-2309-4751-8eaf-91c6f238f058 1G" returned: 0 in 0.534s {{(pid=87404) execute /opt/stack/data/venv/lib/python3.12/site-packages/oslo_concurrency/processutils.py:468}}
Sep 01 02:03:39 devstack cinder-volume[87404]: DEBUG oslo_concurrency.processutils [None req-49c043b7-ac86-411e-a7fb-bc12fd6ef39e tempest-GroupSnapshotsV319Test-361412303 None] Running cmd (subprocess): sudo cinder-rootwrap /etc/cinder/rootwrap.conf qemu-img rebase -u -b volume-1b97f392-b767-40a4-bede-b8ad916b001c -F qcow2 /opt/stack/data/cinder/mnt/aec27673f7f8200bb582c584cd8345be/volume-1b97f392-b767-40a4-bede-b8ad916b001c.3073ec51-2309-4751-8eaf-91c6f238f058 {{(pid=87404) execute /opt/stack/data/venv/lib/python3.12/site-packages/oslo_concurrency/processutils.py:440}}
Sep 01 02:03:39 devstack sudo[93831]: quobyte : PWD=/ ; USER=root ; COMMAND=/opt/stack/data/venv/bin/cinder-rootwrap /etc/cinder/rootwrap.conf qemu-img rebase -u -b volume-1b97f392-b767-40a4-bede-b8ad916b001c -F qcow2 /opt/stack/data/cinder/mnt/aec27673f7f8200bb582c584cd8345be/volume-1b97f392-b767-40a4-bede-b8ad916b001c.3073ec51-2309-4751-8eaf-91c6f238f058
Sep 01 02:03:39 devstack sudo[93831]: pam_unix(sudo:session): session opened for user root(uid=0) by (uid=1000)
Sep 01 02:03:40 devstack sudo[93831]: pam_unix(sudo:session): session closed for user root
Sep 01 02:03:40 devstack cinder-volume[87404]: DEBUG oslo_concurrency.processutils [None req-49c043b7-ac86-411e-a7fb-bc12fd6ef39e tempest-GroupSnapshotsV319Test-361412303 None] CMD "sudo cinder-rootwrap /etc/cinder/rootwrap.conf qemu-img rebase -u -b volume-1b97f392-b767-40a4-bede-b8ad916b001c -F qcow2 /opt/stack/data/cinder/mnt/aec27673f7f8200bb582c584cd8345be/volume-1b97f392-b767-40a4-bede-b8ad916b001c.3073ec51-2309-4751-8eaf-91c6f238f058" returned: 0 in 0.343s {{(pid=87404) execute /opt/stack/data/venv/lib/python3.12/site-packages/oslo_concurrency/processutils.py:468}}
Sep 01 02:03:40 devstack cinder-volume[87404]: WARNING cinder.volume.drivers.remotefs [None req-49c043b7-ac86-411e-a7fb-bc12fd6ef39e tempest-GroupSnapshotsV319Test-361412303 None] /opt/stack/data/cinder/mnt/aec27673f7f8200bb582c584cd8345be/volume-1b97f392-b767-40a4-bede-b8ad916b001c.3073ec51-2309-4751-8eaf-91c6f238f058 is being set with open permissions: ugo+rw: NotImplementedError
Sep 01 02:03:40 devstack cinder-volume[87404]: DEBUG oslo_concurrency.processutils [None req-49c043b7-ac86-411e-a7fb-bc12fd6ef39e tempest-GroupSnapshotsV319Test-361412303 None] Running cmd (subprocess): sudo cinder-rootwrap /etc/cinder/rootwrap.conf chmod ugo+rw /opt/stack/data/cinder/mnt/aec27673f7f8200bb582c584cd8345be/volume-1b97f392-b767-40a4-bede-b8ad916b001c.3073ec51-2309-4751-8eaf-91c6f238f058 {{(pid=87404) execute /opt/stack/data/venv/lib/python3.12/site-packages/oslo_concurrency/processutils.py:440}}
Sep 01 02:03:40 devstack sudo[93836]: quobyte : PWD=/ ; USER=root ; COMMAND=/opt/stack/data/venv/bin/cinder-rootwrap /etc/cinder/rootwrap.conf chmod ugo+rw /opt/stack/data/cinder/mnt/aec27673f7f8200bb582c584cd8345be/volume-1b97f392-b767-40a4-bede-b8ad916b001c.3073ec51-2309-4751-8eaf-91c6f238f058
Sep 01 02:03:40 devstack sudo[93836]: pam_unix(sudo:session): session opened for user root(uid=0) by (uid=1000)
Sep 01 02:03:40 devstack sudo[93836]: pam_unix(sudo:session): session closed for user root
Sep 01 02:03:40 devstack cinder-volume[87404]: DEBUG oslo_concurrency.processutils [None req-49c043b7-ac86-411e-a7fb-bc12fd6ef39e tempest-GroupSnapshotsV319Test-361412303 None] CMD "sudo cinder-rootwrap /etc/cinder/rootwrap.conf chmod ugo+rw /opt/stack/data/cinder/mnt/aec27673f7f8200bb582c584cd8345be/volume-1b97f392-b767-40a4-bede-b8ad916b001c.3073ec51-2309-4751-8eaf-91c6f238f058" returned: 0 in 0.296s {{(pid=87404) execute /opt/stack/data/venv/lib/python3.12/site-packages/oslo_concurrency/processutils.py:468}}
Sep 01 02:03:40 devstack cinder-volume[87404]: DEBUG oslo_concurrency.processutils [None req-49c043b7-ac86-411e-a7fb-bc12fd6ef39e tempest-GroupSnapshotsV319Test-361412303 None] Running cmd (subprocess): sudo cinder-rootwrap /etc/cinder/rootwrap.conf truncate -s0 /opt/stack/data/cinder/mnt/aec27673f7f8200bb582c584cd8345be/volume-1b97f392-b767-40a4-bede-b8ad916b001c.info {{(pid=87404) execute /opt/stack/data/venv/lib/python3.12/site-packages/oslo_concurrency/processutils.py:440}}
Sep 01 02:03:40 devstack sudo[93839]: quobyte : PWD=/ ; USER=root ; COMMAND=/opt/stack/data/venv/bin/cinder-rootwrap /etc/cinder/rootwrap.conf truncate -s0 /opt/stack/data/cinder/mnt/aec27673f7f8200bb582c584cd8345be/volume-1b97f392-b767-40a4-bede-b8ad916b001c.info
Sep 01 02:03:40 devstack sudo[93839]: pam_unix(sudo:session): session opened for user root(uid=0) by (uid=1000)
Sep 01 02:03:40 devstack sudo[93839]: pam_unix(sudo:session): session closed for user root
Sep 01 02:03:40 devstack cinder-volume[87404]: DEBUG oslo_concurrency.processutils [None req-49c043b7-ac86-411e-a7fb-bc12fd6ef39e tempest-GroupSnapshotsV319Test-361412303 None] CMD "sudo cinder-rootwrap /etc/cinder/rootwrap.conf truncate -s0 /opt/stack/data/cinder/mnt/aec27673f7f8200bb582c584cd8345be/volume-1b97f392-b767-40a4-bede-b8ad916b001c.info" returned: 0 in 0.299s {{(pid=87404) execute /opt/stack/data/venv/lib/python3.12/site-packages/oslo_concurrency/processutils.py:468}}
Sep 01 02:03:40 devstack cinder-volume[87404]: WARNING cinder.volume.drivers.remotefs [None req-49c043b7-ac86-411e-a7fb-bc12fd6ef39e tempest-GroupSnapshotsV319Test-361412303 None] /opt/stack/data/cinder/mnt/aec27673f7f8200bb582c584cd8345be/volume-1b97f392-b767-40a4-bede-b8ad916b001c.info is being set with open permissions: ugo+rw: NotImplementedError
Sep 01 02:03:40 devstack cinder-volume[87404]: DEBUG oslo_concurrency.processutils [None req-49c043b7-ac86-411e-a7fb-bc12fd6ef39e tempest-GroupSnapshotsV319Test-361412303 None] Running cmd (subprocess): sudo cinder-rootwrap /etc/cinder/rootwrap.conf chmod ugo+rw /opt/stack/data/cinder/mnt/aec27673f7f8200bb582c584cd8345be/volume-1b97f392-b767-40a4-bede-b8ad916b001c.info {{(pid=87404) execute /opt/stack/data/venv/lib/python3.12/site-packages/oslo_concurrency/processutils.py:440}}
Sep 01 02:03:40 devstack sudo[93842]: quobyte : PWD=/ ; USER=root ; COMMAND=/opt/stack/data/venv/bin/cinder-rootwrap /etc/cinder/rootwrap.conf chmod ugo+rw /opt/stack/data/cinder/mnt/aec27673f7f8200bb582c584cd8345be/volume-1b97f392-b767-40a4-bede-b8ad916b001c.info
Sep 01 02:03:40 devstack sudo[93842]: pam_unix(sudo:session): session opened for user root(uid=0) by (uid=1000)
Sep 01 02:03:41 devstack sudo[93842]: pam_unix(sudo:session): session closed for user root
