Jan 16 11:46:24 devstack cinder-volume[82419]: DEBUG oslo_concurrency.processutils [None req-92b88776-d2d1-4e4a-a8f9-2ee746d20d31 tempest-GroupSnapshotsTest-293083697 None] Running cmd (subprocess): sudo cinder-rootwrap /etc/cinder/rootwrap.conf qemu-img create -f qcow2 -o preallocation=metadata /opt/stack/data/cinder/mnt/6a70b3c113944f31dd247ca52f7ada6e/volume-ccfee8db-fc98-42dd-bdb0-71ff5d4a5074 1073741824 {{(pid=82419) execute /opt/stack/data/venv/lib/python3.10/site-packages/oslo_concurrency/processutils.py:349}}
Jan 16 11:46:24 devstack sudo[85461]: quobyte : PWD=/ ; USER=root ; COMMAND=/opt/stack/data/venv/bin/cinder-rootwrap /etc/cinder/rootwrap.conf qemu-img create -f qcow2 -o preallocation=metadata /opt/stack/data/cinder/mnt/6a70b3c113944f31dd247ca52f7ada6e/volume-ccfee8db-fc98-42dd-bdb0-71ff5d4a5074 1073741824
Jan 16 11:46:24 devstack sudo[85461]: pam_unix(sudo:session): session opened for user root(uid=0) by (uid=1000)
Jan 16 11:46:24 devstack sudo[85461]: pam_unix(sudo:session): session closed for user root
Jan 16 11:46:24 devstack cinder-volume[82419]: DEBUG oslo_concurrency.processutils [None req-92b88776-d2d1-4e4a-a8f9-2ee746d20d31 tempest-GroupSnapshotsTest-293083697 None] CMD "sudo cinder-rootwrap /etc/cinder/rootwrap.conf qemu-img create -f qcow2 -o preallocation=metadata /opt/stack/data/cinder/mnt/6a70b3c113944f31dd247ca52f7ada6e/volume-ccfee8db-fc98-42dd-bdb0-71ff5d4a5074 1073741824" returned: 0 in 0.769s {{(pid=82419) execute /opt/stack/data/venv/lib/python3.10/site-packages/oslo_concurrency/processutils.py:372}}
Jan 16 11:46:25 devstack cinder-volume[82419]: DEBUG oslo_concurrency.processutils [None req-92b88776-d2d1-4e4a-a8f9-2ee746d20d31 tempest-GroupSnapshotsTest-293083697 None] Running cmd (subprocess): sudo cinder-rootwrap /etc/cinder/rootwrap.conf chmod ugo+rw /opt/stack/data/cinder/mnt/6a70b3c113944f31dd247ca52f7ada6e/volume-ccfee8db-fc98-42dd-bdb0-71ff5d4a5074 {{(pid=82419) execute /opt/stack/data/venv/lib/python3.10/site-packages/oslo_concurrency/processutils.py:349}}
Jan 16 11:46:25 devstack sudo[85466]: quobyte : PWD=/ ; USER=root ; COMMAND=/opt/stack/data/venv/bin/cinder-rootwrap /etc/cinder/rootwrap.conf chmod ugo+rw /opt/stack/data/cinder/mnt/6a70b3c113944f31dd247ca52f7ada6e/volume-ccfee8db-fc98-42dd-bdb0-71ff5d4a5074
Jan 16 11:46:25 devstack sudo[85466]: pam_unix(sudo:session): session opened for user root(uid=0) by (uid=1000)
Jan 16 11:46:25 devstack sudo[85466]: pam_unix(sudo:session): session closed for user root
Jan 16 11:46:25 devstack cinder-volume[82419]: DEBUG oslo_concurrency.processutils [None req-92b88776-d2d1-4e4a-a8f9-2ee746d20d31 tempest-GroupSnapshotsTest-293083697 None] CMD "sudo cinder-rootwrap /etc/cinder/rootwrap.conf chmod ugo+rw /opt/stack/data/cinder/mnt/6a70b3c113944f31dd247ca52f7ada6e/volume-ccfee8db-fc98-42dd-bdb0-71ff5d4a5074" returned: 0 in 0.675s {{(pid=82419) execute /opt/stack/data/venv/lib/python3.10/site-packages/oslo_concurrency/processutils.py:372}}
Jan 16 11:46:25 devstack cinder-volume[82419]: DEBUG cinder.volume.drivers.quobyte [None req-92b88776-d2d1-4e4a-a8f9-2ee746d20d31 tempest-GroupSnapshotsTest-293083697 None] <== create_volume: return (1488ms) {'provider_location': 'osci02.corp.quobyte.com/cinder-vol-acaf9be0-5505-4b02-8bea-1b8a38afb185'} {{(pid=82419) trace_logging_wrapper /opt/stack/cinder/cinder/volume/volume_utils.py:1523}}
Jan 16 11:46:25 devstack cinder-volume[82419]: DEBUG oslo_concurrency.lockutils [None req-92b88776-d2d1-4e4a-a8f9-2ee746d20d31 tempest-GroupSnapshotsTest-293083697 None] Lock "quobyte" "released" by "cinder.volume.drivers.quobyte.QuobyteDriver.create_volume" :: held 1.492s {{(pid=82419) inner /opt/stack/data/venv/lib/python3.10/site-packages/oslo_concurrency/lockutils.py:424}}
Jan 16 11:46:25 devstack cinder-volume[82419]: DEBUG cinder.volume.manager [None req-92b88776-d2d1-4e4a-a8f9-2ee746d20d31 tempest-GroupSnapshotsTest-293083697 None] Task 'cinder.volume.flows.manager.create_volume.CreateVolumeFromSpecTask;volume:create' (01f2ed30-543e-44a1-9630-c9cbb88a9667) transitioned into state 'SUCCESS' from state 'RUNNING' with result '{'status': 'creating', 'volume_name': 'volume-ccfee8db-fc98-42dd-bdb0-71ff5d4a5074', 'volume_size': 1}' {{(pid=82419) _task_receiver /opt/stack/data/venv/lib/python3.10/site-packages/taskflow/listeners/logging.py:182}}
Jan 16 11:46:25 devstack cinder-volume[82419]: DEBUG cinder.volume.manager [None req-92b88776-d2d1-4e4a-a8f9-2ee746d20d31 tempest-GroupSnapshotsTest-293083697 None] Task 'cinder.volume.flows.manager.create_volume.CreateVolumeOnFinishTask;volume:create, create.end' (e206104d-c437-461d-90e8-bc1e837fee7f) transitioned into state 'RUNNING' from state 'PENDING' {{(pid=82419) _task_receiver /opt/stack/data/venv/lib/python3.10/site-packages/taskflow/listeners/logging.py:194}}
Jan 16 11:46:25 devstack cinder-volume[82419]: INFO cinder.volume.flows.manager.create_volume [None req-92b88776-d2d1-4e4a-a8f9-2ee746d20d31 tempest-GroupSnapshotsTest-293083697 None] Volume volume-ccfee8db-fc98-42dd-bdb0-71ff5d4a5074 (ccfee8db-fc98-42dd-bdb0-71ff5d4a5074): created successfully
Jan 16 11:46:25 devstack cinder-volume[82419]: DEBUG cinder.volume.manager [None req-92b88776-d2d1-4e4a-a8f9-2ee746d20d31 tempest-GroupSnapshotsTest-293083697 None] Task 'cinder.volume.flows.manager.create_volume.CreateVolumeOnFinishTask;volume:create, create.end' (e206104d-c437-461d-90e8-bc1e837fee7f) transitioned into state 'SUCCESS' from state 'RUNNING' with result 'None' {{(pid=82419) _task_receiver /opt/stack/data/venv/lib/python3.10/site-packages/taskflow/listeners/logging.py:182}}
Jan 16 11:46:25 devstack cinder-volume[82419]: DEBUG cinder.volume.manager [None req-92b88776-d2d1-4e4a-a8f9-2ee746d20d31 tempest-GroupSnapshotsTest-293083697 None] Flow 'volume_create_manager' (76e53124-a24d-49f8-80a8-ef9b71feeb2a) transitioned into state 'SUCCESS' from state 'RUNNING' {{(pid=82419) _flow_receiver /opt/stack/data/venv/lib/python3.10/site-packages/taskflow/listeners/logging.py:145}}
Jan 16 11:46:25 devstack cinder-volume[82419]: INFO cinder.volume.manager [None req-92b88776-d2d1-4e4a-a8f9-2ee746d20d31 tempest-GroupSnapshotsTest-293083697 None] Created volume successfully.
Jan 16 11:46:26 devstack cinder-volume[82419]: WARNING cinder.volume.volume_utils [None req-f6f49adc-9428-41c0-aa4f-bc3e4c088a01 tempest-GroupSnapshotsTest-293083697 None] Volume driver (QuobyteDriver 1.1.13) is currently unsupported and may be removed in the next release of OpenStack. Use at your own risk.
Jan 16 11:46:26 devstack cinder-volume[82419]: INFO cinder.volume.manager [None req-f6f49adc-9428-41c0-aa4f-bc3e4c088a01 tempest-GroupSnapshotsTest-293083697 None] Update group completed successfully.
Jan 16 11:46:27 devstack cinder-volume[82419]: WARNING cinder.volume.volume_utils [None req-f4668e83-5614-4745-8b90-f33beda71db4 tempest-GroupSnapshotsTest-293083697 None] Volume driver (QuobyteDriver 1.1.13) is currently unsupported and may be removed in the next release of OpenStack. Use at your own risk.
Jan 16 11:46:27 devstack cinder-volume[82419]: INFO cinder.volume.manager [None req-f4668e83-5614-4745-8b90-f33beda71db4 tempest-GroupSnapshotsTest-293083697 None] Update group completed successfully.
Jan 16 11:46:29 devstack cinder-volume[82419]: WARNING cinder.volume.volume_utils [None req-56bb6cc8-df6b-4f3b-b858-b5e8239d4373 tempest-GroupSnapshotsTest-293083697 None] Volume driver (QuobyteDriver 1.1.13) is currently unsupported and may be removed in the next release of OpenStack. Use at your own risk.
Jan 16 11:46:29 devstack cinder-volume[82419]: INFO cinder.volume.manager [None req-56bb6cc8-df6b-4f3b-b858-b5e8239d4373 tempest-GroupSnapshotsTest-293083697 None] Update group completed successfully.
Jan 16 11:46:30 devstack cinder-volume[82419]: WARNING cinder.volume.volume_utils [None req-e9e96b70-aef5-4124-bb04-f8d31fafeac2 tempest-GroupSnapshotsTest-293083697 None] Volume driver (QuobyteDriver 1.1.13) is currently unsupported and may be removed in the next release of OpenStack. Use at your own risk.
Jan 16 11:46:30 devstack cinder-volume[82419]: INFO cinder.volume.manager [None req-e9e96b70-aef5-4124-bb04-f8d31fafeac2 tempest-GroupSnapshotsTest-293083697 None] Update group completed successfully.
Jan 16 11:46:31 devstack cinder-volume[82419]: INFO cinder.volume.manager [None req-fa35e8f5-f218-4328-b446-5357c8472504 tempest-GroupSnapshotsTest-293083697 None] GroupSnapshot d09225a2-09e1-49b7-bcfb-371e49fda719: creating.
Jan 16 11:46:31 devstack cinder-volume[82419]: WARNING cinder.volume.volume_utils [None req-fa35e8f5-f218-4328-b446-5357c8472504 tempest-GroupSnapshotsTest-293083697 None] Volume driver (QuobyteDriver 1.1.13) is currently unsupported and may be removed in the next release of OpenStack. Use at your own risk.
Jan 16 11:46:31 devstack cinder-volume[82419]: DEBUG cinder.volume.manager [None req-fa35e8f5-f218-4328-b446-5357c8472504 tempest-GroupSnapshotsTest-293083697 None] Group snapshot d09225a2-09e1-49b7-bcfb-371e49fda719: creating. {{(pid=82419) create_group_snapshot /opt/stack/cinder/cinder/volume/manager.py:4144}}
Jan 16 11:46:31 devstack cinder-volume[82419]: DEBUG oslo_concurrency.lockutils [None req-fa35e8f5-f218-4328-b446-5357c8472504 tempest-GroupSnapshotsTest-293083697 None] Acquiring lock "quobyte" by "cinder.volume.drivers.quobyte.QuobyteDriver.create_snapshot" {{(pid=82419) inner /opt/stack/data/venv/lib/python3.10/site-packages/oslo_concurrency/lockutils.py:405}}
Jan 16 11:46:31 devstack cinder-volume[82419]: DEBUG oslo_concurrency.lockutils [None req-fa35e8f5-f218-4328-b446-5357c8472504 tempest-GroupSnapshotsTest-293083697 None] Lock "quobyte" acquired by "cinder.volume.drivers.quobyte.QuobyteDriver.create_snapshot" :: waited 0.001s {{(pid=82419) inner /opt/stack/data/venv/lib/python3.10/site-packages/oslo_concurrency/lockutils.py:410}}
Jan 16 11:46:31 devstack cinder-volume[82419]: DEBUG cinder.volume.drivers.remotefs [None req-fa35e8f5-f218-4328-b446-5357c8472504 tempest-GroupSnapshotsTest-293083697 None] Creating offline snapshot 0e247a0b-d63f-4513-9bdb-a24ea4e93ec2 of volume ccfee8db-fc98-42dd-bdb0-71ff5d4a5074 {{(pid=82419) _create_snapshot /opt/stack/cinder/cinder/volume/drivers/remotefs.py:1817}}
Jan 16 11:46:31 devstack cinder-volume[82419]: DEBUG oslo.privsep.daemon [-] privsep: reply[9da48174-c088-4a27-b372-622148ee61b1]: (4, 'qcow2') {{(pid=82928) _call_back /opt/stack/data/venv/lib/python3.10/site-packages/oslo_privsep/daemon.py:515}}
Jan 16 11:46:31 devstack cinder-volume[82419]: DEBUG oslo_concurrency.processutils [None req-fa35e8f5-f218-4328-b446-5357c8472504 tempest-GroupSnapshotsTest-293083697 None] Running cmd (subprocess): /opt/stack/data/venv/bin/python3.10 -m oslo_concurrency.prlimit --as=1073741824 --cpu=60 -- sudo cinder-rootwrap /etc/cinder/rootwrap.conf env LC_ALL=C qemu-img info -f qcow2 --output=json --force-share /opt/stack/data/cinder/mnt/6a70b3c113944f31dd247ca52f7ada6e/volume-ccfee8db-fc98-42dd-bdb0-71ff5d4a5074 {{(pid=82419) execute /opt/stack/data/venv/lib/python3.10/site-packages/oslo_concurrency/processutils.py:349}}
Jan 16 11:46:31 devstack sudo[85493]: quobyte : PWD=/ ; USER=root ; COMMAND=/opt/stack/data/venv/bin/cinder-rootwrap /etc/cinder/rootwrap.conf env LC_ALL=C qemu-img info -f qcow2 --output=json --force-share /opt/stack/data/cinder/mnt/6a70b3c113944f31dd247ca52f7ada6e/volume-ccfee8db-fc98-42dd-bdb0-71ff5d4a5074
Jan 16 11:46:31 devstack sudo[85493]: pam_unix(sudo:session): session opened for user root(uid=0) by (uid=1000)
Jan 16 11:46:32 devstack sudo[85493]: pam_unix(sudo:session): session closed for user root
Jan 16 11:46:32 devstack cinder-volume[82419]: DEBUG oslo_concurrency.processutils [None req-fa35e8f5-f218-4328-b446-5357c8472504 tempest-GroupSnapshotsTest-293083697 None] CMD "/opt/stack/data/venv/bin/python3.10 -m oslo_concurrency.prlimit --as=1073741824 --cpu=60 -- sudo cinder-rootwrap /etc/cinder/rootwrap.conf env LC_ALL=C qemu-img info -f qcow2 --output=json --force-share /opt/stack/data/cinder/mnt/6a70b3c113944f31dd247ca52f7ada6e/volume-ccfee8db-fc98-42dd-bdb0-71ff5d4a5074" returned: 0 in 0.779s {{(pid=82419) execute /opt/stack/data/venv/lib/python3.10/site-packages/oslo_concurrency/processutils.py:372}}
Jan 16 11:46:32 devstack cinder-volume[82419]: DEBUG oslo_concurrency.processutils [None req-fa35e8f5-f218-4328-b446-5357c8472504 tempest-GroupSnapshotsTest-293083697 None] Running cmd (subprocess): sudo cinder-rootwrap /etc/cinder/rootwrap.conf qemu-img create -f qcow2 -o backing_file=/opt/stack/data/cinder/mnt/6a70b3c113944f31dd247ca52f7ada6e/volume-ccfee8db-fc98-42dd-bdb0-71ff5d4a5074,backing_fmt=qcow2 /opt/stack/data/cinder/mnt/6a70b3c113944f31dd247ca52f7ada6e/volume-ccfee8db-fc98-42dd-bdb0-71ff5d4a5074.0e247a0b-d63f-4513-9bdb-a24ea4e93ec2 1G {{(pid=82419) execute /opt/stack/data/venv/lib/python3.10/site-packages/oslo_concurrency/processutils.py:349}}
Jan 16 11:46:32 devstack sudo[85503]: quobyte : PWD=/ ; USER=root ; COMMAND=/opt/stack/data/venv/bin/cinder-rootwrap /etc/cinder/rootwrap.conf qemu-img create -f qcow2 -o backing_file=/opt/stack/data/cinder/mnt/6a70b3c113944f31dd247ca52f7ada6e/volume-ccfee8db-fc98-42dd-bdb0-71ff5d4a5074,backing_fmt=qcow2 /opt/stack/data/cinder/mnt/6a70b3c113944f31dd247ca52f7ada6e/volume-ccfee8db-fc98-42dd-bdb0-71ff5d4a5074.0e247a0b-d63f-4513-9bdb-a24ea4e93ec2 1G
Jan 16 11:46:32 devstack sudo[85503]: pam_unix(sudo:session): session opened for user root(uid=0) by (uid=1000)
Jan 16 11:46:33 devstack sudo[85503]: pam_unix(sudo:session): session closed for user root
Jan 16 11:46:33 devstack cinder-volume[82419]: DEBUG oslo_concurrency.processutils [None req-fa35e8f5-f218-4328-b446-5357c8472504 tempest-GroupSnapshotsTest-293083697 None] CMD "sudo cinder-rootwrap /etc/cinder/rootwrap.conf qemu-img create -f qcow2 -o backing_file=/opt/stack/data/cinder/mnt/6a70b3c113944f31dd247ca52f7ada6e/volume-ccfee8db-fc98-42dd-bdb0-71ff5d4a5074,backing_fmt=qcow2 /opt/stack/data/cinder/mnt/6a70b3c113944f31dd247ca52f7ada6e/volume-ccfee8db-fc98-42dd-bdb0-71ff5d4a5074.0e247a0b-d63f-4513-9bdb-a24ea4e93ec2 1G" returned: 0 in 0.670s {{(pid=82419) execute /opt/stack/data/venv/lib/python3.10/site-packages/oslo_concurrency/processutils.py:372}}
Jan 16 11:46:33 devstack cinder-volume[82419]: DEBUG oslo_concurrency.processutils [None req-fa35e8f5-f218-4328-b446-5357c8472504 tempest-GroupSnapshotsTest-293083697 None] Running cmd (subprocess): sudo cinder-rootwrap /etc/cinder/rootwrap.conf qemu-img rebase -u -b volume-ccfee8db-fc98-42dd-bdb0-71ff5d4a5074 -F qcow2 /opt/stack/data/cinder/mnt/6a70b3c113944f31dd247ca52f7ada6e/volume-ccfee8db-fc98-42dd-bdb0-71ff5d4a5074.0e247a0b-d63f-4513-9bdb-a24ea4e93ec2 {{(pid=82419) execute /opt/stack/data/venv/lib/python3.10/site-packages/oslo_concurrency/processutils.py:349}}
Jan 16 11:46:33 devstack sudo[85515]: quobyte : PWD=/ ; USER=root ; COMMAND=/opt/stack/data/venv/bin/cinder-rootwrap /etc/cinder/rootwrap.conf qemu-img rebase -u -b volume-ccfee8db-fc98-42dd-bdb0-71ff5d4a5074 -F qcow2 /opt/stack/data/cinder/mnt/6a70b3c113944f31dd247ca52f7ada6e/volume-ccfee8db-fc98-42dd-bdb0-71ff5d4a5074.0e247a0b-d63f-4513-9bdb-a24ea4e93ec2
Jan 16 11:46:33 devstack sudo[85515]: pam_unix(sudo:session): session opened for user root(uid=0) by (uid=1000)
Jan 16 11:46:33 devstack sudo[85515]: pam_unix(sudo:session): session closed for user root
Jan 16 11:46:33 devstack cinder-volume[82419]: DEBUG oslo_concurrency.processutils [None req-fa35e8f5-f218-4328-b446-5357c8472504 tempest-GroupSnapshotsTest-293083697 None] CMD "sudo cinder-rootwrap /etc/cinder/rootwrap.conf qemu-img rebase -u -b volume-ccfee8db-fc98-42dd-bdb0-71ff5d4a5074 -F qcow2 /opt/stack/data/cinder/mnt/6a70b3c113944f31dd247ca52f7ada6e/volume-ccfee8db-fc98-42dd-bdb0-71ff5d4a5074.0e247a0b-d63f-4513-9bdb-a24ea4e93ec2" returned: 0 in 0.665s {{(pid=82419) execute /opt/stack/data/venv/lib/python3.10/site-packages/oslo_concurrency/processutils.py:372}}
Jan 16 11:46:33 devstack cinder-volume[82419]: WARNING cinder.volume.drivers.remotefs [None req-fa35e8f5-f218-4328-b446-5357c8472504 tempest-GroupSnapshotsTest-293083697 None] /opt/stack/data/cinder/mnt/6a70b3c113944f31dd247ca52f7ada6e/volume-ccfee8db-fc98-42dd-bdb0-71ff5d4a5074.0e247a0b-d63f-4513-9bdb-a24ea4e93ec2 is being set with open permissions: ugo+rw: NotImplementedError
Jan 16 11:46:33 devstack cinder-volume[82419]: DEBUG oslo_concurrency.processutils [None req-fa35e8f5-f218-4328-b446-5357c8472504 tempest-GroupSnapshotsTest-293083697 None] Running cmd (subprocess): sudo cinder-rootwrap /etc/cinder/rootwrap.conf chmod ugo+rw /opt/stack/data/cinder/mnt/6a70b3c113944f31dd247ca52f7ada6e/volume-ccfee8db-fc98-42dd-bdb0-71ff5d4a5074.0e247a0b-d63f-4513-9bdb-a24ea4e93ec2 {{(pid=82419) execute /opt/stack/data/venv/lib/python3.10/site-packages/oslo_concurrency/processutils.py:349}}
Jan 16 11:46:33 devstack sudo[85544]: quobyte : PWD=/ ; USER=root ; COMMAND=/opt/stack/data/venv/bin/cinder-rootwrap /etc/cinder/rootwrap.conf chmod ugo+rw /opt/stack/data/cinder/mnt/6a70b3c113944f31dd247ca52f7ada6e/volume-ccfee8db-fc98-42dd-bdb0-71ff5d4a5074.0e247a0b-d63f-4513-9bdb-a24ea4e93ec2
Jan 16 11:46:33 devstack sudo[85544]: pam_unix(sudo:session): session opened for user root(uid=0) by (uid=1000)
Jan 16 11:46:34 devstack cinder-volume[82419]: DEBUG oslo_service.periodic_task [None req-f7281ad2-65cf-405b-9b91-7c157afeeedc None None] Running periodic task VolumeManager.publish_service_capabilities {{(pid=82419) run_periodic_tasks /opt/stack/data/venv/lib/python3.10/site-packages/oslo_service/periodic_task.py:210}}
Jan 16 11:46:34 devstack cinder-volume[82419]: DEBUG oslo_concurrency.lockutils [None req-f7281ad2-65cf-405b-9b91-7c157afeeedc None None] Acquiring lock "quobyte_ensure" by "cinder.volume.drivers.quobyte.QuobyteDriver._ensure_shares_mounted" {{(pid=82419) inner /opt/stack/data/venv/lib/python3.10/site-packages/oslo_concurrency/lockutils.py:405}}
Jan 16 11:46:34 devstack cinder-volume[82419]: DEBUG oslo_concurrency.lockutils [None req-f7281ad2-65cf-405b-9b91-7c157afeeedc None None] Lock "quobyte_ensure" acquired by "cinder.volume.drivers.quobyte.QuobyteDriver._ensure_shares_mounted" :: waited 0.000s {{(pid=82419) inner /opt/stack/data/venv/lib/python3.10/site-packages/oslo_concurrency/lockutils.py:410}}
Jan 16 11:46:34 devstack cinder-volume[82419]: DEBUG cinder.volume.drivers.quobyte [None req-f7281ad2-65cf-405b-9b91-7c157afeeedc None None] Quobyte Volume URL set to: {'osci02.corp.quobyte.com/cinder-vol-acaf9be0-5505-4b02-8bea-1b8a38afb185': None} {{(pid=82419) _load_shares_config /opt/stack/cinder/cinder/volume/drivers/quobyte.py:611}}
Jan 16 11:46:34 devstack cinder-volume[82419]: DEBUG cinder.volume.drivers.quobyte [None req-f7281ad2-65cf-405b-9b91-7c157afeeedc None None] Available shares ['osci02.corp.quobyte.com/cinder-vol-acaf9be0-5505-4b02-8bea-1b8a38afb185'] {{(pid=82419) _ensure_shares_mounted /opt/stack/cinder/cinder/volume/drivers/quobyte.py:641}}
Jan 16 11:46:34 devstack cinder-volume[82419]: DEBUG oslo_concurrency.lockutils [None req-f7281ad2-65cf-405b-9b91-7c157afeeedc None None] Lock "quobyte_ensure" "released" by "cinder.volume.drivers.quobyte.QuobyteDriver._ensure_shares_mounted" :: held 0.005s {{(pid=82419) inner /opt/stack/data/venv/lib/python3.10/site-packages/oslo_concurrency/lockutils.py:424}}
Jan 16 11:46:34 devstack cinder-volume[82419]: DEBUG oslo_concurrency.processutils [None req-f7281ad2-65cf-405b-9b91-7c157afeeedc None None] Running cmd (subprocess): sudo cinder-rootwrap /etc/cinder/rootwrap.conf df --portability --block-size 1 /opt/stack/data/cinder/mnt/6a70b3c113944f31dd247ca52f7ada6e {{(pid=82419) execute /opt/stack/data/venv/lib/python3.10/site-packages/oslo_concurrency/processutils.py:349}}
Jan 16 11:46:34 devstack sudo[85588]: quobyte : PWD=/ ; USER=root ; COMMAND=/opt/stack/data/venv/bin/cinder-rootwrap /etc/cinder/rootwrap.conf df --portability --block-size 1 /opt/stack/data/cinder/mnt/6a70b3c113944f31dd247ca52f7ada6e
Jan 16 11:46:34 devstack sudo[85588]: pam_unix(sudo:session): session opened for user root(uid=0) by (uid=1000)
Jan 16 11:46:34 devstack sudo[85544]: pam_unix(sudo:session): session closed for user root
Jan 16 11:46:34 devstack cinder-volume[82419]: DEBUG oslo_concurrency.processutils [None req-fa35e8f5-f218-4328-b446-5357c8472504 tempest-GroupSnapshotsTest-293083697 None] CMD "sudo cinder-rootwrap /etc/cinder/rootwrap.conf chmod ugo+rw /opt/stack/data/cinder/mnt/6a70b3c113944f31dd247ca52f7ada6e/volume-ccfee8db-fc98-42dd-bdb0-71ff5d4a5074.0e247a0b-d63f-4513-9bdb-a24ea4e93ec2" returned: 0 in 1.179s {{(pid=82419) execute /opt/stack/data/venv/lib/python3.10/site-packages/oslo_concurrency/processutils.py:372}}
Jan 16 11:46:35 devstack cinder-volume[82419]: DEBUG oslo_concurrency.processutils [None req-fa35e8f5-f218-4328-b446-5357c8472504 tempest-GroupSnapshotsTest-293083697 None] Running cmd (subprocess): sudo cinder-rootwrap /etc/cinder/rootwrap.conf truncate -s0 /opt/stack/data/cinder/mnt/6a70b3c113944f31dd247ca52f7ada6e/volume-ccfee8db-fc98-42dd-bdb0-71ff5d4a5074.info {{(pid=82419) execute /opt/stack/data/venv/lib/python3.10/site-packages/oslo_concurrency/processutils.py:349}}
Jan 16 11:46:35 devstack sudo[85590]: quobyte : PWD=/ ; USER=root ; COMMAND=/opt/stack/data/venv/bin/cinder-rootwrap /etc/cinder/rootwrap.conf truncate -s0 /opt/stack/data/cinder/mnt/6a70b3c113944f31dd247ca52f7ada6e/volume-ccfee8db-fc98-42dd-bdb0-71ff5d4a5074.info
Jan 16 11:46:35 devstack sudo[85590]: pam_unix(sudo:session): session opened for user root(uid=0) by (uid=1000)
Jan 16 11:46:35 devstack sudo[85588]: pam_unix(sudo:session): session closed for user root
Jan 16 11:46:35 devstack cinder-volume[82419]: DEBUG oslo_concurrency.processutils [None req-f7281ad2-65cf-405b-9b91-7c157afeeedc None None] CMD "sudo cinder-rootwrap /etc/cinder/rootwrap.conf df --portability --block-size 1 /opt/stack/data/cinder/mnt/6a70b3c113944f31dd247ca52f7ada6e" returned: 0 in 1.064s {{(pid=82419) execute /opt/stack/data/venv/lib/python3.10/site-packages/oslo_concurrency/processutils.py:372}}
Jan 16 11:46:35 devstack cinder-volume[82419]: DEBUG cinder.manager [None req-f7281ad2-65cf-405b-9b91-7c157afeeedc None None] Notifying Schedulers of capabilities ... {{(pid=82419) _publish_service_capabilities /opt/stack/cinder/cinder/manager.py:202}}
Jan 16 11:46:36 devstack sudo[85590]: pam_unix(sudo:session): session closed for user root
Jan 16 11:46:36 devstack cinder-volume[82419]: DEBUG oslo_concurrency.processutils [None req-fa35e8f5-f218-4328-b446-5357c8472504 tempest-GroupSnapshotsTest-293083697 None] CMD "sudo cinder-rootwrap /etc/cinder/rootwrap.conf truncate -s0 /opt/stack/data/cinder/mnt/6a70b3c113944f31dd247ca52f7ada6e/volume-ccfee8db-fc98-42dd-bdb0-71ff5d4a5074.info" returned: 0 in 1.295s {{(pid=82419) execute /opt/stack/data/venv/lib/python3.10/site-packages/oslo_concurrency/processutils.py:372}}
Jan 16 11:46:36 devstack cinder-volume[82419]: WARNING cinder.volume.drivers.remotefs [None req-fa35e8f5-f218-4328-b446-5357c8472504 tempest-GroupSnapshotsTest-293083697 None] /opt/stack/data/cinder/mnt/6a70b3c113944f31dd247ca52f7ada6e/volume-ccfee8db-fc98-42dd-bdb0-71ff5d4a5074.info is being set with open permissions: ugo+rw: NotImplementedError
Jan 16 11:46:36 devstack cinder-volume[82419]: DEBUG oslo_concurrency.processutils [None req-fa35e8f5-f218-4328-b446-5357c8472504 tempest-GroupSnapshotsTest-293083697 None] Running cmd (subprocess): sudo cinder-rootwrap /etc/cinder/rootwrap.conf chmod ugo+rw /opt/stack/data/cinder/mnt/6a70b3c113944f31dd247ca52f7ada6e/volume-ccfee8db-fc98-42dd-bdb0-71ff5d4a5074.info {{(pid=82419) execute /opt/stack/data/venv/lib/python3.10/site-packages/oslo_concurrency/processutils.py:349}}
Jan 16 11:46:36 devstack sudo[85597]: quobyte : PWD=/ ; USER=root ; COMMAND=/opt/stack/data/venv/bin/cinder-rootwrap /etc/cinder/rootwrap.conf chmod ugo+rw /opt/stack/data/cinder/mnt/6a70b3c113944f31dd247ca52f7ada6e/volume-ccfee8db-fc98-42dd-bdb0-71ff5d4a5074.info
Jan 16 11:46:36 devstack sudo[85597]: pam_unix(sudo:session): session opened for user root(uid=0) by (uid=1000)
Jan 16 11:46:37 devstack sudo[85597]: pam_unix(sudo:session): session closed for user root
Jan 16 11:46:37 devstack cinder-volume[82419]: DEBUG oslo_concurrency.processutils [None req-fa35e8f5-f218-4328-b446-5357c8472504 tempest-GroupSnapshotsTest-293083697 None] CMD "sudo cinder-rootwrap /etc/cinder/rootwrap.conf chmod ugo+rw /opt/stack/data/cinder/mnt/6a70b3c113944f31dd247ca52f7ada6e/volume-ccfee8db-fc98-42dd-bdb0-71ff5d4a5074.info" returned: 0 in 1.002s {{(pid=82419) execute /opt/stack/data/venv/lib/python3.10/site-packages/oslo_concurrency/processutils.py:372}}
Jan 16 11:46:37 devstack cinder-volume[82419]: DEBUG oslo_concurrency.lockutils [None req-fa35e8f5-f218-4328-b446-5357c8472504 tempest-GroupSnapshotsTest-293083697 None] Lock "quobyte" "released" by "cinder.volume.drivers.quobyte.QuobyteDriver.create_snapshot" :: held 5.757s {{(pid=82419) inner /opt/stack/data/venv/lib/python3.10/site-packages/oslo_concurrency/lockutils.py:424}}
Jan 16 11:46:37 devstack cinder-volume[82419]: DEBUG oslo_concurrency.lockutils [None req-fa35e8f5-f218-4328-b446-5357c8472504 tempest-GroupSnapshotsTest-293083697 None] Acquiring lock "quobyte" by "cinder.volume.drivers.quobyte.QuobyteDriver.create_snapshot" {{(pid=82419) inner /opt/stack/data/venv/lib/python3.10/site-packages/oslo_concurrency/lockutils.py:405}}
Jan 16 11:46:37 devstack cinder-volume[82419]: DEBUG oslo_concurrency.lockutils [None req-fa35e8f5-f218-4328-b446-5357c8472504 tempest-GroupSnapshotsTest-293083697 None] Lock "quobyte" acquired by "cinder.volume.drivers.quobyte.QuobyteDriver.create_snapshot" :: waited 0.001s {{(pid=82419) inner /opt/stack/data/venv/lib/python3.10/site-packages/oslo_concurrency/lockutils.py:410}}
Jan 16 11:46:37 devstack cinder-volume[82419]: DEBUG cinder.volume.drivers.remotefs [None req-fa35e8f5-f218-4328-b446-5357c8472504 tempest-GroupSnapshotsTest-293083697 None] Creating offline snapshot aaf37dd3-0d1e-4262-b2de-dc3b64ecaf5d of volume d089d394-c93d-4ad9-83c0-40cad47914e3 {{(pid=82419) _create_snapshot /opt/stack/cinder/cinder/volume/drivers/remotefs.py:1817}}
Jan 16 11:46:37 devstack cinder-volume[82419]: DEBUG oslo.privsep.daemon [-] privsep: reply[917cfb48-6b12-459c-b521-4fc7f6b81713]: (4, 'qcow2') {{(pid=82928) _call_back /opt/stack/data/venv/lib/python3.10/site-packages/oslo_privsep/daemon.py:515}}
Jan 16 11:46:37 devstack cinder-volume[82419]: DEBUG oslo_concurrency.processutils [None req-fa35e8f5-f218-4328-b446-5357c8472504 tempest-GroupSnapshotsTest-293083697 None] Running cmd (subprocess): /opt/stack/data/venv/bin/python3.10 -m oslo_concurrency.prlimit --as=1073741824 --cpu=60 -- sudo cinder-rootwrap /etc/cinder/rootwrap.conf env LC_ALL=C qemu-img info -f qcow2 --output=json --force-share /opt/stack/data/cinder/mnt/6a70b3c113944f31dd247ca52f7ada6e/volume-d089d394-c93d-4ad9-83c0-40cad47914e3 {{(pid=82419) execute /opt/stack/data/venv/lib/python3.10/site-packages/oslo_concurrency/processutils.py:349}}
Jan 16 11:46:37 devstack sudo[85611]: quobyte : PWD=/ ; USER=root ; COMMAND=/opt/stack/data/venv/bin/cinder-rootwrap /etc/cinder/rootwrap.conf env LC_ALL=C qemu-img info -f qcow2 --output=json --force-share /opt/stack/data/cinder/mnt/6a70b3c113944f31dd247ca52f7ada6e/volume-d089d394-c93d-4ad9-83c0-40cad47914e3
Jan 16 11:46:37 devstack sudo[85611]: pam_unix(sudo:session): session opened for user root(uid=0) by (uid=1000)
Jan 16 11:46:38 devstack sudo[85611]: pam_unix(sudo:session): session closed for user root
Jan 16 11:46:38 devstack cinder-volume[82419]: DEBUG oslo_concurrency.processutils [None req-fa35e8f5-f218-4328-b446-5357c8472504 tempest-GroupSnapshotsTest-293083697 None] CMD "/opt/stack/data/venv/bin/python3.10 -m oslo_concurrency.prlimit --as=1073741824 --cpu=60 -- sudo cinder-rootwrap /etc/cinder/rootwrap.conf env LC_ALL=C qemu-img info -f qcow2 --output=json --force-share /opt/stack/data/cinder/mnt/6a70b3c113944f31dd247ca52f7ada6e/volume-d089d394-c93d-4ad9-83c0-40cad47914e3" returned: 0 in 1.448s {{(pid=82419) execute /opt/stack/data/venv/lib/python3.10/site-packages/oslo_concurrency/processutils.py:372}}
Jan 16 11:46:38 devstack cinder-volume[82419]: DEBUG oslo_concurrency.processutils [None req-fa35e8f5-f218-4328-b446-5357c8472504 tempest-GroupSnapshotsTest-293083697 None] Running cmd (subprocess): sudo cinder-rootwrap /etc/cinder/rootwrap.conf qemu-img create -f qcow2 -o backing_file=/opt/stack/data/cinder/mnt/6a70b3c113944f31dd247ca52f7ada6e/volume-d089d394-c93d-4ad9-83c0-40cad47914e3,backing_fmt=qcow2 /opt/stack/data/cinder/mnt/6a70b3c113944f31dd247ca52f7ada6e/volume-d089d394-c93d-4ad9-83c0-40cad47914e3.aaf37dd3-0d1e-4262-b2de-dc3b64ecaf5d 1G {{(pid=82419) execute /opt/stack/data/venv/lib/python3.10/site-packages/oslo_concurrency/processutils.py:349}}
Jan 16 11:46:38 devstack sudo[85634]: quobyte : PWD=/ ; USER=root ; COMMAND=/opt/stack/data/venv/bin/cinder-rootwrap /etc/cinder/rootwrap.conf qemu-img create -f qcow2 -o backing_file=/opt/stack/data/cinder/mnt/6a70b3c113944f31dd247ca52f7ada6e/volume-d089d394-c93d-4ad9-83c0-40cad47914e3,backing_fmt=qcow2 /opt/stack/data/cinder/mnt/6a70b3c113944f31dd247ca52f7ada6e/volume-d089d394-c93d-4ad9-83c0-40cad47914e3.aaf37dd3-0d1e-4262-b2de-dc3b64ecaf5d 1G
Jan 16 11:46:38 devstack sudo[85634]: pam_unix(sudo:session): session opened for user root(uid=0) by (uid=1000)
Jan 16 11:46:40 devstack sudo[85634]: pam_unix(sudo:session): session closed for user root
Jan 16 11:46:40 devstack cinder-volume[82419]: DEBUG oslo_concurrency.processutils [None req-fa35e8f5-f218-4328-b446-5357c8472504 tempest-GroupSnapshotsTest-293083697 None] CMD "sudo cinder-rootwrap /etc/cinder/rootwrap.conf qemu-img create -f qcow2 -o backing_file=/opt/stack/data/cinder/mnt/6a70b3c113944f31dd247ca52f7ada6e/volume-d089d394-c93d-4ad9-83c0-40cad47914e3,backing_fmt=qcow2 /opt/stack/data/cinder/mnt/6a70b3c113944f31dd247ca52f7ada6e/volume-d089d394-c93d-4ad9-83c0-40cad47914e3.aaf37dd3-0d1e-4262-b2de-dc3b64ecaf5d 1G" returned: 0 in 1.097s {{(pid=82419) execute /opt/stack/data/venv/lib/python3.10/site-packages/oslo_concurrency/processutils.py:372}}
Jan 16 11:46:40 devstack cinder-volume[82419]: DEBUG oslo_concurrency.processutils [None req-fa35e8f5-f218-4328-b446-5357c8472504 tempest-GroupSnapshotsTest-293083697 None] Running cmd (subprocess): sudo cinder-rootwrap /etc/cinder/rootwrap.conf qemu-img rebase -u -b volume-d089d394-c93d-4ad9-83c0-40cad47914e3 -F qcow2 /opt/stack/data/cinder/mnt/6a70b3c113944f31dd247ca52f7ada6e/volume-d089d394-c93d-4ad9-83c0-40cad47914e3.aaf37dd3-0d1e-4262-b2de-dc3b64ecaf5d {{(pid=82419) execute /opt/stack/data/venv/lib/python3.10/site-packages/oslo_concurrency/processutils.py:349}}
Jan 16 11:46:40 devstack sudo[85651]: quobyte : PWD=/ ; USER=root ; COMMAND=/opt/stack/data/venv/bin/cinder-rootwrap /etc/cinder/rootwrap.conf qemu-img rebase -u -b volume-d089d394-c93d-4ad9-83c0-40cad47914e3 -F qcow2 /opt/stack/data/cinder/mnt/6a70b3c113944f31dd247ca52f7ada6e/volume-d089d394-c93d-4ad9-83c0-40cad47914e3.aaf37dd3-0d1e-4262-b2de-dc3b64ecaf5d
Jan 16 11:46:40 devstack sudo[85651]: pam_unix(sudo:session): session opened for user root(uid=0) by (uid=1000)
Jan 16 11:46:40 devstack sudo[85651]: pam_unix(sudo:session): session closed for user root
Jan 16 11:46:40 devstack cinder-volume[82419]: DEBUG oslo_concurrency.processutils [None req-fa35e8f5-f218-4328-b446-5357c8472504 tempest-GroupSnapshotsTest-293083697 None] CMD "sudo cinder-rootwrap /etc/cinder/rootwrap.conf qemu-img rebase -u -b volume-d089d394-c93d-4ad9-83c0-40cad47914e3 -F qcow2 /opt/stack/data/cinder/mnt/6a70b3c113944f31dd247ca52f7ada6e/volume-d089d394-c93d-4ad9-83c0-40cad47914e3.aaf37dd3-0d1e-4262-b2de-dc3b64ecaf5d" returned: 0 in 0.672s {{(pid=82419) execute /opt/stack/data/venv/lib/python3.10/site-packages/oslo_concurrency/processutils.py:372}}
Jan 16 11:46:40 devstack cinder-volume[82419]: WARNING cinder.volume.drivers.remotefs [None req-fa35e8f5-f218-4328-b446-5357c8472504 tempest-GroupSnapshotsTest-293083697 None] /opt/stack/data/cinder/mnt/6a70b3c113944f31dd247ca52f7ada6e/volume-d089d394-c93d-4ad9-83c0-40cad47914e3.aaf37dd3-0d1e-4262-b2de-dc3b64ecaf5d is being set with open permissions: ugo+rw: NotImplementedError
Jan 16 11:46:40 devstack cinder-volume[82419]: DEBUG oslo_concurrency.processutils [None req-fa35e8f5-f218-4328-b446-5357c8472504 tempest-GroupSnapshotsTest-293083697 None] Running cmd (subprocess): sudo cinder-rootwrap /etc/cinder/rootwrap.conf chmod ugo+rw /opt/stack/data/cinder/mnt/6a70b3c113944f31dd247ca52f7ada6e/volume-d089d394-c93d-4ad9-83c0-40cad47914e3.aaf37dd3-0d1e-4262-b2de-dc3b64ecaf5d {{(pid=82419) execute /opt/stack/data/venv/lib/python3.10/site-packages/oslo_concurrency/processutils.py:349}}
Jan 16 11:46:40 devstack sudo[85656]: quobyte : PWD=/ ; USER=root ; COMMAND=/opt/stack/data/venv/bin/cinder-rootwrap /etc/cinder/rootwrap.conf chmod ugo+rw /opt/stack/data/cinder/mnt/6a70b3c113944f31dd247ca52f7ada6e/volume-d089d394-c93d-4ad9-83c0-40cad47914e3.aaf37dd3-0d1e-4262-b2de-dc3b64ecaf5d
Jan 16 11:46:40 devstack sudo[85656]: pam_unix(sudo:session): session opened for user root(uid=0) by (uid=1000)
Jan 16 11:46:41 devstack sudo[85656]: pam_unix(sudo:session): session closed for user root
Jan 16 11:46:41 devstack cinder-volume[82419]: DEBUG oslo_concurrency.processutils [None req-fa35e8f5-f218-4328-b446-5357c8472504 tempest-GroupSnapshotsTest-293083697 None] CMD "sudo cinder-rootwrap /etc/cinder/rootwrap.conf chmod ugo+rw /opt/stack/data/cinder/mnt/6a70b3c113944f31dd247ca52f7ada6e/volume-d089d394-c93d-4ad9-83c0-40cad47914e3.aaf37dd3-0d1e-4262-b2de-dc3b64ecaf5d" returned: 0 in 0.693s {{(pid=82419) execute /opt/stack/data/venv/lib/python3.10/site-packages/oslo_concurrency/processutils.py:372}}
Jan 16 11:46:41 devstack cinder-volume[82419]: DEBUG oslo_concurrency.processutils [None req-fa35e8f5-f218-4328-b446-5357c8472504 tempest-GroupSnapshotsTest-293083697 None] Running cmd (subprocess): sudo cinder-rootwrap /etc/cinder/rootwrap.conf truncate -s0 /opt/stack/data/cinder/mnt/6a70b3c113944f31dd247ca52f7ada6e/volume-d089d394-c93d-4ad9-83c0-40cad47914e3.info {{(pid=82419) execute /opt/stack/data/venv/lib/python3.10/site-packages/oslo_concurrency/processutils.py:349}}
Jan 16 11:46:41 devstack sudo[85661]: quobyte : PWD=/ ; USER=root ; COMMAND=/opt/stack/data/venv/bin/cinder-rootwrap /etc/cinder/rootwrap.conf truncate -s0 /opt/stack/data/cinder/mnt/6a70b3c113944f31dd247ca52f7ada6e/volume-d089d394-c93d-4ad9-83c0-40cad47914e3.info
Jan 16 11:46:41 devstack sudo[85661]: pam_unix(sudo:session): session opened for user root(uid=0) by (uid=1000)
Jan 16 11:46:42 devstack sudo[85661]: pam_unix(sudo:session): session closed for user root
Jan 16 11:46:42 devstack cinder-volume[82419]: DEBUG oslo_concurrency.processutils [None req-fa35e8f5-f218-4328-b446-5357c8472504 tempest-GroupSnapshotsTest-293083697 None] CMD "sudo cinder-rootwrap /etc/cinder/rootwrap.conf truncate -s0 /opt/stack/data/cinder/mnt/6a70b3c113944f31dd247ca52f7ada6e/volume-d089d394-c93d-4ad9-83c0-40cad47914e3.info" returned: 0 in 0.571s {{(pid=82419) execute /opt/stack/data/venv/lib/python3.10/site-packages/oslo_concurrency/processutils.py:372}}
Jan 16 11:46:42 devstack cinder-volume[82419]: WARNING cinder.volume.drivers.remotefs [None req-fa35e8f5-f218-4328-b446-5357c8472504 tempest-GroupSnapshotsTest-293083697 None] /opt/stack/data/cinder/mnt/6a70b3c113944f31dd247ca52f7ada6e/volume-d089d394-c93d-4ad9-83c0-40cad47914e3.info is being set with open permissions: ugo+rw: NotImplementedError
Jan 16 11:46:42 devstack cinder-volume[82419]: DEBUG oslo_concurrency.processutils [None req-fa35e8f5-f218-4328-b446-5357c8472504 tempest-GroupSnapshotsTest-293083697 None] Running cmd (subprocess): sudo cinder-rootwrap /etc/cinder/rootwrap.conf chmod ugo+rw /opt/stack/data/cinder/mnt/6a70b3c113944f31dd247ca52f7ada6e/volume-d089d394-c93d-4ad9-83c0-40cad47914e3.info {{(pid=82419) execute /opt/stack/data/venv/lib/python3.10/site-packages/oslo_concurrency/processutils.py:349}}
Jan 16 11:46:42 devstack sudo[85666]: quobyte : PWD=/ ; USER=root ; COMMAND=/opt/stack/data/venv/bin/cinder-rootwrap /etc/cinder/rootwrap.conf chmod ugo+rw /opt/stack/data/cinder/mnt/6a70b3c113944f31dd247ca52f7ada6e/volume-d089d394-c93d-4ad9-83c0-40cad47914e3.info
Jan 16 11:46:42 devstack sudo[85666]: pam_unix(sudo:session): session opened for user root(uid=0) by (uid=1000)
Jan 16 11:46:42 devstack sudo[85666]: pam_unix(sudo:session): session closed for user root
Jan 16 11:46:42 devstack cinder-volume[82419]: DEBUG oslo_concurrency.processutils [None req-fa35e8f5-f218-4328-b446-5357c8472504 tempest-GroupSnapshotsTest-293083697 None] CMD "sudo cinder-rootwrap /etc/cinder/rootwrap.conf chmod ugo+rw /opt/stack/data/cinder/mnt/6a70b3c113944f31dd247ca52f7ada6e/volume-d089d394-c93d-4ad9-83c0-40cad47914e3.info" returned: 0 in 0.513s {{(pid=82419) execute /opt/stack/data/venv/lib/python3.10/site-packages/oslo_concurrency/processutils.py:372}}
Jan 16 11:46:42 devstack cinder-volume[82419]: DEBUG oslo_concurrency.lockutils [None req-fa35e8f5-f218-4328-b446-5357c8472504 tempest-GroupSnapshotsTest-293083697 None] Lock "quobyte" "released" by "cinder.volume.drivers.quobyte.QuobyteDriver.create_snapshot" :: held 5.133s {{(pid=82419) inner /opt/stack/data/venv/lib/python3.10/site-packages/oslo_concurrency/lockutils.py:424}}
Jan 16 11:46:42 devstack cinder-volume[82419]: INFO cinder.volume.manager [None req-fa35e8f5-f218-4328-b446-5357c8472504 tempest-GroupSnapshotsTest-293083697 None] group_snapshot d09225a2-09e1-49b7-bcfb-371e49fda719: created successfully
Jan 16 11:46:43 devstack cinder-volume[82419]: INFO cinder.volume.manager [None req-98dcdc0b-c239-43c5-b1c9-81eaddde0caa tempest-GroupSnapshotsTest-293083697 None] group_snapshot d09225a2-09e1-49b7-bcfb-371e49fda719: deleting
Jan 16 11:46:43 devstack cinder-volume[82419]: WARNING cinder.volume.volume_utils [None req-98dcdc0b-c239-43c5-b1c9-81eaddde0caa tempest-GroupSnapshotsTest-293083697 None] Volume driver (QuobyteDriver 1.1.13) is currently unsupported and may be removed in the next release of OpenStack. Use at your own risk.
Jan 16 11:46:43 devstack cinder-volume[82419]: DEBUG cinder.volume.manager [None req-98dcdc0b-c239-43c5-b1c9-81eaddde0caa tempest-GroupSnapshotsTest-293083697 None] group_snapshot d09225a2-09e1-49b7-bcfb-371e49fda719: deleting {{(pid=82419) delete_group_snapshot /opt/stack/cinder/cinder/volume/manager.py:4319}}
Jan 16 11:46:43 devstack cinder-volume[82419]: DEBUG cinder.coordination [None req-98dcdc0b-c239-43c5-b1c9-81eaddde0caa tempest-GroupSnapshotsTest-293083697 None] Acquiring lock "cinder-quobyte-ccfee8db-fc98-42dd-bdb0-71ff5d4a5074" by "delete_snapshot" {{(pid=82419) __acquire /opt/stack/cinder/cinder/coordination.py:143}}
Jan 16 11:46:43 devstack cinder-volume[82419]: DEBUG cinder.coordination [None req-98dcdc0b-c239-43c5-b1c9-81eaddde0caa tempest-GroupSnapshotsTest-293083697 None] Lock "cinder-quobyte-ccfee8db-fc98-42dd-bdb0-71ff5d4a5074" acquired by "delete_snapshot" :: waited 0.012s {{(pid=82419) __acquire /opt/stack/cinder/cinder/coordination.py:146}}
Jan 16 11:46:43 devstack cinder-volume[82419]: DEBUG cinder.coordination [None req-98dcdc0b-c239-43c5-b1c9-81eaddde0caa tempest-GroupSnapshotsTest-293083697 None] Acquiring lock "cinder-quobyte-0e247a0b-d63f-4513-9bdb-a24ea4e93ec2" by "_delete_snapshot" {{(pid=82419) __acquire /opt/stack/cinder/cinder/coordination.py:143}}
Jan 16 11:46:43 devstack cinder-volume[82419]: DEBUG cinder.coordination [None req-98dcdc0b-c239-43c5-b1c9-81eaddde0caa tempest-GroupSnapshotsTest-293083697 None] Lock "cinder-quobyte-0e247a0b-d63f-4513-9bdb-a24ea4e93ec2" acquired by "_delete_snapshot" :: waited 0.009s {{(pid=82419) __acquire /opt/stack/cinder/cinder/coordination.py:146}}
Jan 16 11:46:43 devstack cinder-volume[82419]: DEBUG cinder.volume.drivers.remotefs [None req-98dcdc0b-c239-43c5-b1c9-81eaddde0caa tempest-GroupSnapshotsTest-293083697 None] Deleting offline snapshot 0e247a0b-d63f-4513-9bdb-a24ea4e93ec2 of volume ccfee8db-fc98-42dd-bdb0-71ff5d4a5074 {{(pid=82419) _delete_snapshot /opt/stack/cinder/cinder/volume/drivers/remotefs.py:1290}}
Jan 16 11:46:43 devstack cinder-volume[82419]: DEBUG cinder.volume.drivers.remotefs [None req-98dcdc0b-c239-43c5-b1c9-81eaddde0caa tempest-GroupSnapshotsTest-293083697 None] snapshot_file for this snap is: volume-ccfee8db-fc98-42dd-bdb0-71ff5d4a5074.0e247a0b-d63f-4513-9bdb-a24ea4e93ec2 {{(pid=82419) _delete_snapshot /opt/stack/cinder/cinder/volume/drivers/remotefs.py:1319}}
Jan 16 11:46:43 devstack cinder-volume[82419]: DEBUG oslo.privsep.daemon [-] privsep: reply[7621150b-49b1-40ce-99d6-d4ab78f3cf66]: (4, 'qcow2') {{(pid=82928) _call_back /opt/stack/data/venv/lib/python3.10/site-packages/oslo_privsep/daemon.py:515}}
Jan 16 11:46:43 devstack cinder-volume[82419]: DEBUG oslo_concurrency.processutils [None req-98dcdc0b-c239-43c5-b1c9-81eaddde0caa tempest-GroupSnapshotsTest-293083697 None] Running cmd (subprocess): /opt/stack/data/venv/bin/python3.10 -m oslo_concurrency.prlimit --as=1073741824 --cpu=60 -- sudo cinder-rootwrap /etc/cinder/rootwrap.conf env LC_ALL=C qemu-img info -f qcow2 --output=json --force-share /opt/stack/data/cinder/mnt/6a70b3c113944f31dd247ca52f7ada6e/volume-ccfee8db-fc98-42dd-bdb0-71ff5d4a5074.0e247a0b-d63f-4513-9bdb-a24ea4e93ec2 {{(pid=82419) execute /opt/stack/data/venv/lib/python3.10/site-packages/oslo_concurrency/processutils.py:349}}
Jan 16 11:46:43 devstack sudo[85672]: quobyte : PWD=/ ; USER=root ; COMMAND=/opt/stack/data/venv/bin/cinder-rootwrap /etc/cinder/rootwrap.conf env LC_ALL=C qemu-img info -f qcow2 --output=json --force-share /opt/stack/data/cinder/mnt/6a70b3c113944f31dd247ca52f7ada6e/volume-ccfee8db-fc98-42dd-bdb0-71ff5d4a5074.0e247a0b-d63f-4513-9bdb-a24ea4e93ec2
Jan 16 11:46:43 devstack sudo[85672]: pam_unix(sudo:session): session opened for user root(uid=0) by (uid=1000)
Jan 16 11:46:45 devstack sudo[85672]: pam_unix(sudo:session): session closed for user root
Jan 16 11:46:45 devstack cinder-volume[82419]: DEBUG oslo_concurrency.processutils [None req-98dcdc0b-c239-43c5-b1c9-81eaddde0caa tempest-GroupSnapshotsTest-293083697 None] CMD "/opt/stack/data/venv/bin/python3.10 -m oslo_concurrency.prlimit --as=1073741824 --cpu=60 -- sudo cinder-rootwrap /etc/cinder/rootwrap.conf env LC_ALL=C qemu-img info -f qcow2 --output=json --force-share /opt/stack/data/cinder/mnt/6a70b3c113944f31dd247ca52f7ada6e/volume-ccfee8db-fc98-42dd-bdb0-71ff5d4a5074.0e247a0b-d63f-4513-9bdb-a24ea4e93ec2" returned: 0 in 1.670s {{(pid=82419) execute /opt/stack/data/venv/lib/python3.10/site-packages/oslo_concurrency/processutils.py:372}}
Jan 16 11:46:45 devstack cinder-volume[82419]: DEBUG cinder.volume.drivers.remotefs [None req-98dcdc0b-c239-43c5-b1c9-81eaddde0caa tempest-GroupSnapshotsTest-293083697 None] Fetching qemu-img info with special backing_file_template: (/opt/stack/data/cinder/mnt/[0-9a-f]+/)?(volume-ccfee8db-fc98-42dd-bdb0-71ff5d4a5074(.(tmp-snap-)?[0-9a-f-]+)?|volume_from_snapshot_cache/(tmp-snap-)?[0-9a-f-]+(.(child-|parent-)[0-9a-f-]+)?)$ {{(pid=82419) _qemu_img_info_base /opt/stack/cinder/cinder/volume/drivers/remotefs.py:898}}
Jan 16 11:46:45 devstack cinder-volume[82419]: DEBUG oslo.privsep.daemon [-] privsep: reply[175d6341-6982-4460-8762-4431de753107]: (4, 'qcow2') {{(pid=82928) _call_back /opt/stack/data/venv/lib/python3.10/site-packages/oslo_privsep/daemon.py:515}}
Jan 16 11:46:45 devstack cinder-volume[82419]: DEBUG oslo_concurrency.processutils [None req-98dcdc0b-c239-43c5-b1c9-81eaddde0caa tempest-GroupSnapshotsTest-293083697 None] Running cmd (subprocess): /opt/stack/data/venv/bin/python3.10 -m oslo_concurrency.prlimit --as=1073741824 --cpu=60 -- sudo cinder-rootwrap /etc/cinder/rootwrap.conf env LC_ALL=C qemu-img info -f qcow2 --output=json --force-share /opt/stack/data/cinder/mnt/6a70b3c113944f31dd247ca52f7ada6e/volume-ccfee8db-fc98-42dd-bdb0-71ff5d4a5074 {{(pid=82419) execute /opt/stack/data/venv/lib/python3.10/site-packages/oslo_concurrency/processutils.py:349}}
Jan 16 11:46:45 devstack sudo[86029]: quobyte : PWD=/ ; USER=root ; COMMAND=/opt/stack/data/venv/bin/cinder-rootwrap /etc/cinder/rootwrap.conf env LC_ALL=C qemu-img info -f qcow2 --output=json --force-share /opt/stack/data/cinder/mnt/6a70b3c113944f31dd247ca52f7ada6e/volume-ccfee8db-fc98-42dd-bdb0-71ff5d4a5074
Jan 16 11:46:45 devstack sudo[86029]: pam_unix(sudo:session): session opened for user root(uid=0) by (uid=1000)
Jan 16 11:46:47 devstack sudo[86029]: pam_unix(sudo:session): session closed for user root
Jan 16 11:46:47 devstack cinder-volume[82419]: DEBUG oslo_concurrency.processutils [None req-98dcdc0b-c239-43c5-b1c9-81eaddde0caa tempest-GroupSnapshotsTest-293083697 None] CMD "/opt/stack/data/venv/bin/python3.10 -m oslo_concurrency.prlimit --as=1073741824 --cpu=60 -- sudo cinder-rootwrap /etc/cinder/rootwrap.conf env LC_ALL=C qemu-img info -f qcow2 --output=json --force-share /opt/stack/data/cinder/mnt/6a70b3c113944f31dd247ca52f7ada6e/volume-ccfee8db-fc98-42dd-bdb0-71ff5d4a5074" returned: 0 in 2.001s {{(pid=82419) execute /opt/stack/data/venv/lib/python3.10/site-packages/oslo_concurrency/processutils.py:372}}
Jan 16 11:46:47 devstack cinder-volume[82419]: DEBUG oslo_concurrency.processutils [None req-98dcdc0b-c239-43c5-b1c9-81eaddde0caa tempest-GroupSnapshotsTest-293083697 None] Running cmd (subprocess): sudo cinder-rootwrap /etc/cinder/rootwrap.conf qemu-img commit -d /opt/stack/data/cinder/mnt/6a70b3c113944f31dd247ca52f7ada6e/volume-ccfee8db-fc98-42dd-bdb0-71ff5d4a5074.0e247a0b-d63f-4513-9bdb-a24ea4e93ec2 {{(pid=82419) execute /opt/stack/data/venv/lib/python3.10/site-packages/oslo_concurrency/processutils.py:349}}
Jan 16 11:46:47 devstack sudo[86235]: quobyte : PWD=/ ; USER=root ; COMMAND=/opt/stack/data/venv/bin/cinder-rootwrap /etc/cinder/rootwrap.conf qemu-img commit -d /opt/stack/data/cinder/mnt/6a70b3c113944f31dd247ca52f7ada6e/volume-ccfee8db-fc98-42dd-bdb0-71ff5d4a5074.0e247a0b-d63f-4513-9bdb-a24ea4e93ec2
Jan 16 11:46:47 devstack sudo[86235]: pam_unix(sudo:session): session opened for user root(uid=0) by (uid=1000)
Jan 16 11:46:48 devstack sudo[86235]: pam_unix(sudo:session): session closed for user root
Jan 16 11:46:48 devstack cinder-volume[82419]: DEBUG oslo_concurrency.processutils [None req-98dcdc0b-c239-43c5-b1c9-81eaddde0caa tempest-GroupSnapshotsTest-293083697 None] CMD "sudo cinder-rootwrap /etc/cinder/rootwrap.conf qemu-img commit -d /opt/stack/data/cinder/mnt/6a70b3c113944f31dd247ca52f7ada6e/volume-ccfee8db-fc98-42dd-bdb0-71ff5d4a5074.0e247a0b-d63f-4513-9bdb-a24ea4e93ec2" returned: 0 in 0.894s {{(pid=82419) execute /opt/stack/data/venv/lib/python3.10/site-packages/oslo_concurrency/processutils.py:372}}
Jan 16 11:46:48 devstack cinder-volume[82419]: DEBUG oslo_concurrency.processutils [None req-98dcdc0b-c239-43c5-b1c9-81eaddde0caa tempest-GroupSnapshotsTest-293083697 None] Running cmd (subprocess): sudo cinder-rootwrap /etc/cinder/rootwrap.conf rm -f /opt/stack/data/cinder/mnt/6a70b3c113944f31dd247ca52f7ada6e/volume-ccfee8db-fc98-42dd-bdb0-71ff5d4a5074.0e247a0b-d63f-4513-9bdb-a24ea4e93ec2 {{(pid=82419) execute /opt/stack/data/venv/lib/python3.10/site-packages/oslo_concurrency/processutils.py:349}}
Jan 16 11:46:48 devstack sudo[86249]: quobyte : PWD=/ ; USER=root ; COMMAND=/opt/stack/data/venv/bin/cinder-rootwrap /etc/cinder/rootwrap.conf rm -f /opt/stack/data/cinder/mnt/6a70b3c113944f31dd247ca52f7ada6e/volume-ccfee8db-fc98-42dd-bdb0-71ff5d4a5074.0e247a0b-d63f-4513-9bdb-a24ea4e93ec2
Jan 16 11:46:48 devstack sudo[86249]: pam_unix(sudo:session): session opened for user root(uid=0) by (uid=1000)
Jan 16 11:46:48 devstack sudo[86249]: pam_unix(sudo:session): session closed for user root
Jan 16 11:46:48 devstack cinder-volume[82419]: DEBUG oslo_concurrency.processutils [None req-98dcdc0b-c239-43c5-b1c9-81eaddde0caa tempest-GroupSnapshotsTest-293083697 None] CMD "sudo cinder-rootwrap /etc/cinder/rootwrap.conf rm -f /opt/stack/data/cinder/mnt/6a70b3c113944f31dd247ca52f7ada6e/volume-ccfee8db-fc98-42dd-bdb0-71ff5d4a5074.0e247a0b-d63f-4513-9bdb-a24ea4e93ec2" returned: 0 in 0.733s {{(pid=82419) execute /opt/stack/data/venv/lib/python3.10/site-packages/oslo_concurrency/processutils.py:372}}
Jan 16 11:46:48 devstack cinder-volume[82419]: DEBUG cinder.coordination [None req-98dcdc0b-c239-43c5-b1c9-81eaddde0caa tempest-GroupSnapshotsTest-293083697 None] Lock "cinder-quobyte-0e247a0b-d63f-4513-9bdb-a24ea4e93ec2" released by "_delete_snapshot" :: held 5.448s {{(pid=82419) __release /opt/stack/cinder/cinder/coordination.py:157}}
Jan 16 11:46:48 devstack cinder-volume[82419]: DEBUG cinder.coordination [None req-98dcdc0b-c239-43c5-b1c9-81eaddde0caa tempest-GroupSnapshotsTest-293083697 None] Lock "cinder-quobyte-ccfee8db-fc98-42dd-bdb0-71ff5d4a5074" released by "delete_snapshot" :: held 5.463s {{(pid=82419) __release /opt/stack/cinder/cinder/coordination.py:157}}
Jan 16 11:46:48 devstack cinder-volume[82419]: DEBUG dbcounter [-] [82419] Writing DB stats cinder:SELECT=74,cinder:UPDATE=57,cinder:INSERT=11,cinder:DELETE=3 {{(pid=82419) stat_writer /opt/stack/data/venv/lib/python3.10/site-packages/dbcounter.py:115}}
Jan 16 11:46:48 devstack cinder-volume[82419]: DEBUG cinder.coordination [None req-98dcdc0b-c239-43c5-b1c9-81eaddde0caa tempest-GroupSnapshotsTest-293083697 None] Acquiring lock "cinder-quobyte-d089d394-c93d-4ad9-83c0-40cad47914e3" by "delete_snapshot" {{(pid=82419) __acquire /opt/stack/cinder/cinder/coordination.py:143}}
Jan 16 11:46:48 devstack cinder-volume[82419]: DEBUG cinder.coordination [None req-98dcdc0b-c239-43c5-b1c9-81eaddde0caa tempest-GroupSnapshotsTest-293083697 None] Lock "cinder-quobyte-d089d394-c93d-4ad9-83c0-40cad47914e3" acquired by "delete_snapshot" :: waited 0.025s {{(pid=82419) __acquire /opt/stack/cinder/cinder/coordination.py:146}}
