Jul 09 16:24:33 devstack devstack@g-api.service[76414]: DEBUG glance.common.config [None req-4eb3ed4d-bc13-4a6a-a392-8db9887ea086 None None] barbican_service_user.split_loggers = False {{(pid=76414) log_opt_values /opt/stack/data/venv/lib/python3.12/site-packages/oslo_config/cfg.py:3253}}
Jul 09 16:24:33 devstack devstack@g-api.service[76414]: DEBUG glance.common.config [None req-4eb3ed4d-bc13-4a6a-a392-8db9887ea086 None None] barbican_service_user.timeout = None {{(pid=76414) log_opt_values /opt/stack/data/venv/lib/python3.12/site-packages/oslo_config/cfg.py:3253}}
Jul 09 16:24:33 devstack devstack@g-api.service[76414]: DEBUG glance.common.config [None req-4eb3ed4d-bc13-4a6a-a392-8db9887ea086 None None] database.asyncio_connection = **** {{(pid=76414) log_opt_values /opt/stack/data/venv/lib/python3.12/site-packages/oslo_config/cfg.py:3253}}
Jul 09 16:24:33 devstack devstack@g-api.service[76414]: DEBUG glance.common.config [None req-4eb3ed4d-bc13-4a6a-a392-8db9887ea086 None None] database.asyncio_slave_connection = **** {{(pid=76414) log_opt_values /opt/stack/data/venv/lib/python3.12/site-packages/oslo_config/cfg.py:3253}}
Jul 09 16:24:33 devstack devstack@g-api.service[76414]: DEBUG glance.common.config [None req-4eb3ed4d-bc13-4a6a-a392-8db9887ea086 None None] database.backend = sqlalchemy {{(pid=76414) log_opt_values /opt/stack/data/venv/lib/python3.12/site-packages/oslo_config/cfg.py:3253}}
Jul 09 16:24:33 devstack devstack@g-api.service[76414]: DEBUG glance.common.config [None req-4eb3ed4d-bc13-4a6a-a392-8db9887ea086 None None] database.connection = **** {{(pid=76414) log_opt_values /opt/stack/data/venv/lib/python3.12/site-packages/oslo_config/cfg.py:3253}}
Jul 09 16:24:33 devstack devstack@g-api.service[76414]: DEBUG glance.common.config [None req-4eb3ed4d-bc13-4a6a-a392-8db9887ea086 None None] database.connection_debug = 0 {{(pid=76414) log_opt_values /opt/stack/data/venv/lib/python3.12/site-packages/oslo_config/cfg.py:3253}}
Jul 09 16:24:33 devstack devstack@g-api.service[76414]: DEBUG glance.common.config [None req-4eb3ed4d-bc13-4a6a-a392-8db9887ea086 None None] database.connection_parameters = {{(pid=76414) log_opt_values /opt/stack/data/venv/lib/python3.12/site-packages/oslo_config/cfg.py:3253}}
Jul 09 16:24:33 devstack devstack@g-api.service[76414]: DEBUG glance.common.config [None req-4eb3ed4d-bc13-4a6a-a392-8db9887ea086 None None] database.connection_recycle_time = 3600 {{(pid=76414) log_opt_values /opt/stack/data/venv/lib/python3.12/site-packages/oslo_config/cfg.py:3253}}
Jul 09 16:24:33 devstack devstack@g-api.service[76414]: DEBUG glance.common.config [None req-4eb3ed4d-bc13-4a6a-a392-8db9887ea086 None None] database.connection_trace = False {{(pid=76414) log_opt_values /opt/stack/data/venv/lib/python3.12/site-packages/oslo_config/cfg.py:3253}}
Jul 09 16:24:33 devstack devstack@g-api.service[76414]: DEBUG glance.common.config [None req-4eb3ed4d-bc13-4a6a-a392-8db9887ea086 None None] database.db_inc_retry_interval = True {{(pid=76414) log_opt_values /opt/stack/data/venv/lib/python3.12/site-packages/oslo_config/cfg.py:3253}}
Jul 09 16:24:33 devstack devstack@g-api.service[76414]: DEBUG glance.common.config [None req-4eb3ed4d-bc13-4a6a-a392-8db9887ea086 None None] database.db_max_retries = 20 {{(pid=76414) log_opt_values /opt/stack/data/venv/lib/python3.12/site-packages/oslo_config/cfg.py:3253}}
Jul 09 16:24:33 devstack devstack@g-api.service[76414]: DEBUG glance.common.config [None req-4eb3ed4d-bc13-4a6a-a392-8db9887ea086 None None] database.db_max_retry_interval = 10 {{(pid=76414) log_opt_values /opt/stack/data/venv/lib/python3.12/site-packages/oslo_config/cfg.py:3253}}
Jul 09 16:24:33 devstack devstack@g-api.service[76414]: DEBUG glance.common.config [None req-4eb3ed4d-bc13-4a6a-a392-8db9887ea086 None None] database.db_retry_interval = 1 {{(pid=76414) log_opt_values /opt/stack/data/venv/lib/python3.12/site-packages/oslo_config/cfg.py:3253}}
Jul 09 16:24:33 devstack devstack@g-api.service[76414]: DEBUG glance.common.config [None req-4eb3ed4d-bc13-4a6a-a392-8db9887ea086 None None] database.max_overflow = 50 {{(pid=76414) log_opt_values /opt/stack/data/venv/lib/python3.12/site-packages/oslo_config/cfg.py:3253}}
Jul 09 16:24:33 devstack devstack@g-api.service[76414]: DEBUG glance.common.config [None req-4eb3ed4d-bc13-4a6a-a392-8db9887ea086 None None] database.max_pool_size = 5 {{(pid=76414) log_opt_values /opt/stack/data/venv/lib/python3.12/site-packages/oslo_config/cfg.py:3253}}
Jul 09 16:24:33 devstack devstack@g-api.service[76414]: DEBUG glance.common.config [None req-4eb3ed4d-bc13-4a6a-a392-8db9887ea086 None None] database.max_retries = 10 {{(pid=76414) log_opt_values /opt/stack/data/venv/lib/python3.12/site-packages/oslo_config/cfg.py:3253}}
Jul 09 16:24:33 devstack devstack@g-api.service[76414]: DEBUG glance.common.config [None req-4eb3ed4d-bc13-4a6a-a392-8db9887ea086 None None] database.mysql_sql_mode = TRADITIONAL {{(pid=76414) log_opt_values /opt/stack/data/venv/lib/python3.12/site-packages/oslo_config/cfg.py:3253}}
Jul 09 16:24:33 devstack devstack@g-api.service[76414]: DEBUG glance.common.config [None req-4eb3ed4d-bc13-4a6a-a392-8db9887ea086 None None] database.mysql_wsrep_sync_wait = None {{(pid=76414) log_opt_values /opt/stack/data/venv/lib/python3.12/site-packages/oslo_config/cfg.py:3253}}
Jul 09 16:24:33 devstack devstack@g-api.service[76414]: DEBUG glance.common.config [None req-4eb3ed4d-bc13-4a6a-a392-8db9887ea086 None None] database.pool_timeout = None {{(pid=76414) log_opt_values /opt/stack/data/venv/lib/python3.12/site-packages/oslo_config/cfg.py:3253}}
Jul 09 16:24:33 devstack devstack@g-api.service[76414]: DEBUG glance.common.config [None req-4eb3ed4d-bc13-4a6a-a392-8db9887ea086 None None] database.retry_interval = 10 {{(pid=76414) log_opt_values /opt/stack/data/venv/lib/python3.12/site-packages/oslo_config/cfg.py:3253}}
Jul 09 16:24:33 devstack devstack@g-api.service[76414]: DEBUG glance.common.config [None req-4eb3ed4d-bc13-4a6a-a392-8db9887ea086 None None] database.slave_connection = **** {{(pid=76414) log_opt_values /opt/stack/data/venv/lib/python3.12/site-packages/oslo_config/cfg.py:3253}}
Jul 09 16:24:33 devstack devstack@g-api.service[76414]: DEBUG glance.common.config [None req-4eb3ed4d-bc13-4a6a-a392-8db9887ea086 None None] database.sqlite_synchronous = True {{(pid=76414) log_opt_values /opt/stack/data/venv/lib/python3.12/site-packages/oslo_config/cfg.py:3253}}
Jul 09 16:24:33 devstack devstack@g-api.service[76414]: DEBUG glance.common.config [None req-4eb3ed4d-bc13-4a6a-a392-8db9887ea086 None None] database.synchronous_reader = True {{(pid=76414) log_opt_values /opt/stack/data/venv/lib/python3.12/site-packages/oslo_config/cfg.py:3253}}
Jul 09 16:24:33 devstack devstack@g-api.service[76414]: DEBUG glance.common.config [None req-4eb3ed4d-bc13-4a6a-a392-8db9887ea086 None None] database.use_db_reconnect = False {{(pid=76414) log_opt_values /opt/stack/data/venv/lib/python3.12/site-packages/oslo_config/cfg.py:3253}}
Jul 09 16:24:33 devstack devstack@g-api.service[76414]: DEBUG glance.common.config [None req-4eb3ed4d-bc13-4a6a-a392-8db9887ea086 None None] healthcheck.allowed_source_ranges = [] {{(pid=76414) log_opt_values /opt/stack/data/venv/lib/python3.12/site-packages/oslo_config/cfg.py:3253}}
Jul 09 16:24:33 devstack devstack@g-api.service[76414]: DEBUG glance.common.config [None req-4eb3ed4d-bc13-4a6a-a392-8db9887ea086 None None] healthcheck.backends = ['disable_by_file'] {{(pid=76414) log_opt_values /opt/stack/data/venv/lib/python3.12/site-packages/oslo_config/cfg.py:3253}}
Jul 09 16:24:33 devstack devstack@g-api.service[76414]: DEBUG glance.common.config [None req-4eb3ed4d-bc13-4a6a-a392-8db9887ea086 None None] healthcheck.detailed = False {{(pid=76414) log_opt_values /opt/stack/data/venv/lib/python3.12/site-packages/oslo_config/cfg.py:3253}}
Jul 09 16:24:33 devstack devstack@g-api.service[76414]: DEBUG glance.common.config [None req-4eb3ed4d-bc13-4a6a-a392-8db9887ea086 None None] healthcheck.disable_by_file_path = None {{(pid=76414) log_opt_values /opt/stack/data/venv/lib/python3.12/site-packages/oslo_config/cfg.py:3253}}
Jul 09 16:24:33 devstack devstack@g-api.service[76414]: DEBUG glance.common.config [None req-4eb3ed4d-bc13-4a6a-a392-8db9887ea086 None None] healthcheck.ignore_proxied_requests = False {{(pid=76414) log_opt_values /opt/stack/data/venv/lib/python3.12/site-packages/oslo_config/cfg.py:3253}}
Jul 09 16:24:33 devstack devstack@g-api.service[76414]: DEBUG glance.common.config [None req-4eb3ed4d-bc13-4a6a-a392-8db9887ea086 None None] ******************************************************************************** {{(pid=76414) log_opt_values /opt/stack/data/venv/lib/python3.12/site-packages/oslo_config/cfg.py:3260}}
Jul 09 16:24:33 devstack devstack@g-api.service[76414]: WSGI app 0 (mountpoint='') ready in 5 seconds on interpreter 0x7c72dc4a4668 pid: 76414 (default app)
Jul 09 16:24:37 devstack devstack@g-api.service[76413]: DEBUG glance.api.middleware.version_negotiation [None req-532fbc6c-03ef-43fa-8250-4e845fc54b91 None None] Determining version of request: GET / Accept: application/json {{(pid=76413) process_request /opt/stack/glance/glance/api/middleware/version_negotiation.py:44}}
Jul 09 16:24:37 devstack devstack@g-api.service[76413]: DEBUG glance.api.middleware.version_negotiation [None req-532fbc6c-03ef-43fa-8250-4e845fc54b91 None None] Using url versioning {{(pid=76413) process_request /opt/stack/glance/glance/api/middleware/version_negotiation.py:57}}
Jul 09 16:24:37 devstack devstack@g-api.service[76413]: DEBUG glance.api.middleware.version_negotiation [None req-532fbc6c-03ef-43fa-8250-4e845fc54b91 None None] Unknown version. Returning version choices. {{(pid=76413) process_request /opt/stack/glance/glance/api/middleware/version_negotiation.py:64}}
Jul 09 16:24:37 devstack devstack@g-api.service[76413]: [pid: 76413|app: 0|req: 2/2] 127.0.0.1 () {34 vars in 516 bytes} [Thu Jul 9 16:24:37 2026] GET / => generated 1557 bytes in 6 msecs (HTTP/1.1 300) 3 headers in 106 bytes (1 switches on core 0)
Jul 09 16:24:37 devstack devstack@g-api.service[76414]: DEBUG glance.api.middleware.version_negotiation [None req-4eb3ed4d-bc13-4a6a-a392-8db9887ea086 None None] Determining version of request: POST /v2/images Accept: */* {{(pid=76414) process_request /opt/stack/glance/glance/api/middleware/version_negotiation.py:44}}
Jul 09 16:24:37 devstack devstack@g-api.service[76414]: DEBUG glance.api.middleware.version_negotiation [None req-4eb3ed4d-bc13-4a6a-a392-8db9887ea086 None None] Using url versioning {{(pid=76414) process_request /opt/stack/glance/glance/api/middleware/version_negotiation.py:57}}
Jul 09 16:24:37 devstack devstack@g-api.service[76414]: DEBUG glance.api.middleware.version_negotiation [None req-4eb3ed4d-bc13-4a6a-a392-8db9887ea086 None None] Matched version: v2 {{(pid=76414) process_request /opt/stack/glance/glance/api/middleware/version_negotiation.py:69}}
Jul 09 16:24:37 devstack devstack@g-api.service[76414]: DEBUG glance.api.middleware.version_negotiation [None req-4eb3ed4d-bc13-4a6a-a392-8db9887ea086 None None] new path /v2/images {{(pid=76414) process_request /opt/stack/glance/glance/api/middleware/version_negotiation.py:70}}
Jul 09 16:24:38 devstack devstack@g-api.service[76414]: [pid: 76414|app: 0|req: 1/3] 127.0.0.1 () {40 vars in 779 bytes} [Thu Jul 9 16:24:37 2026] POST /v2/images => generated 807 bytes in 1168 msecs (HTTP/1.1 201) 6 headers in 314 bytes (1 switches on core 0)
Jul 09 16:24:38 devstack devstack@g-api.service[76413]: DEBUG glance.api.middleware.version_negotiation [None req-532fbc6c-03ef-43fa-8250-4e845fc54b91 None None] Determining version of request: PUT /v2/images/de3c03b3-c1ea-429a-9d20-5eaeb1379637/file Accept: {{(pid=76413) process_request /opt/stack/glance/glance/api/middleware/version_negotiation.py:44}}
Jul 09 16:24:38 devstack devstack@g-api.service[76413]: DEBUG glance.api.middleware.version_negotiation [None req-532fbc6c-03ef-43fa-8250-4e845fc54b91 None None] Using url versioning {{(pid=76413) process_request /opt/stack/glance/glance/api/middleware/version_negotiation.py:57}}
Jul 09 16:24:38 devstack devstack@g-api.service[76413]: DEBUG glance.api.middleware.version_negotiation [None req-532fbc6c-03ef-43fa-8250-4e845fc54b91 None None] Matched version: v2 {{(pid=76413) process_request /opt/stack/glance/glance/api/middleware/version_negotiation.py:69}}
Jul 09 16:24:38 devstack devstack@g-api.service[76413]: DEBUG glance.api.middleware.version_negotiation [None req-532fbc6c-03ef-43fa-8250-4e845fc54b91 None None] new path /v2/images/de3c03b3-c1ea-429a-9d20-5eaeb1379637/file {{(pid=76413) process_request /opt/stack/glance/glance/api/middleware/version_negotiation.py:70}}
Jul 09 16:24:39 devstack devstack@g-api.service[76413]: INFO glance.api.v2.image_data [None req-6ad1b5d9-6bb8-4876-bf3b-047777c61087 admin admin] Unable to create trust: no such option collect_timing in group [keystone_authtoken] Use the existing user token.
Jul 09 16:24:40 devstack devstack@g-api.service[76413]: DEBUG glance.location [None req-6ad1b5d9-6bb8-4876-bf3b-047777c61087 admin admin] Enabling in-flight format inspection for qcow2 {{(pid=76413) set_data /opt/stack/glance/glance/location.py:596}}
Jul 09 16:24:40 devstack devstack@g-api.service[76413]: DEBUG oslo_utils.imageutils.format_inspector [None req-6ad1b5d9-6bb8-4876-bf3b-047777c61087 admin admin] Format inspector for vmdk does not match, excluding from consideration (Signature KDMV not found: b'QFI\xfb') {{(pid=76413) _process_chunk /opt/stack/data/venv/lib/python3.12/site-packages/oslo_utils/imageutils/format_inspector.py:1758}}
Jul 09 16:24:40 devstack devstack@g-api.service[76413]: DEBUG oslo_utils.imageutils.format_inspector [None req-6ad1b5d9-6bb8-4876-bf3b-047777c61087 admin admin] Format inspector for vhdx does not match, excluding from consideration (Region signature not found at 30000) {{(pid=76413) _process_chunk /opt/stack/data/venv/lib/python3.12/site-packages/oslo_utils/imageutils/format_inspector.py:1758}}
Jul 09 16:24:40 devstack devstack@g-api.service[76413]: DEBUG glance_store._drivers.filesystem [None req-6ad1b5d9-6bb8-4876-bf3b-047777c61087 admin admin] Wrote 21692416 bytes to /opt/stack/data/glance/images/de3c03b3-c1ea-429a-9d20-5eaeb1379637 with checksum 87617e24a5e30cb3b87fda8c0764838f and multihash 9a9bce0083a00939ec17c11febbfc767aa211aaa54f51e75c5a8b271a9b5637c77205a518b7a2007cb391d23cceb01e0e4e8d64832317151bc85b734b92a7be0 {{(pid=76413) add /opt/stack/data/venv/lib/python3.12/site-packages/glance_store/_drivers/filesystem.py:899}}
Jul 09 16:24:40 devstack devstack@g-api.service[76413]: INFO glance.location [None req-6ad1b5d9-6bb8-4876-bf3b-047777c61087 admin admin] Image format matched and virtual size computed: 117440512
Jul 09 16:24:40 devstack devstack@g-api.service[76413]: DEBUG glance_store.backend [None req-6ad1b5d9-6bb8-4876-bf3b-047777c61087 admin admin] Skipping store.set_acls... not implemented. {{(pid=76413) set_acls /opt/stack/data/venv/lib/python3.12/site-packages/glance_store/backend.py:507}}
Jul 09 16:24:40 devstack devstack@g-api.service[76413]: [pid: 76413|app: 0|req: 3/4] 127.0.0.1 () {40 vars in 872 bytes} [Thu Jul 9 16:24:38 2026] PUT /v2/images/de3c03b3-c1ea-429a-9d20-5eaeb1379637/file => generated 0 bytes in 1860 msecs (HTTP/1.1 204) 4 headers in 171 bytes (1 switches on core 0)
Jul 09 16:24:40 devstack devstack@g-api.service[76414]: DEBUG glance.api.middleware.version_negotiation [None req-3781526a-031e-4692-bef6-50b7e2d27a54 admin admin] Determining version of request: GET /v2/images/de3c03b3-c1ea-429a-9d20-5eaeb1379637 Accept: */* {{(pid=76414) process_request /opt/stack/glance/glance/api/middleware/version_negotiation.py:44}}
Jul 09 16:24:40 devstack devstack@g-api.service[76414]: DEBUG glance.api.middleware.version_negotiation [None req-3781526a-031e-4692-bef6-50b7e2d27a54 admin admin] Using url versioning {{(pid=76414) process_request /opt/stack/glance/glance/api/middleware/version_negotiation.py:57}}
Jul 09 16:24:40 devstack devstack@g-api.service[76414]: DEBUG glance.api.middleware.version_negotiation [None req-3781526a-031e-4692-bef6-50b7e2d27a54 admin admin] Matched version: v2 {{(pid=76414) process_request /opt/stack/glance/glance/api/middleware/version_negotiation.py:69}}
Jul 09 16:24:40 devstack devstack@g-api.service[76414]: DEBUG glance.api.middleware.version_negotiation [None req-3781526a-031e-4692-bef6-50b7e2d27a54 admin admin] new path /v2/images/de3c03b3-c1ea-429a-9d20-5eaeb1379637 {{(pid=76414) process_request /opt/stack/glance/glance/api/middleware/version_negotiation.py:70}}
Jul 09 16:24:40 devstack devstack@g-api.service[76414]: [pid: 76414|app: 0|req: 2/5] 127.0.0.1 () {36 vars in 799 bytes} [Thu Jul 9 16:24:40 2026] GET /v2/images/de3c03b3-c1ea-429a-9d20-5eaeb1379637 => generated 976 bytes in 26 msecs (HTTP/1.1 200) 4 headers in 157 bytes (1 switches on core 0)
Jul 09 16:24:50 devstack devstack@g-api.service[76413]: DEBUG dbcounter [-] [76413] Writing DB stats glance:INSERT=5,glance:SELECT=16,glance:UPDATE=2 {{(pid=76413) stat_writer /opt/stack/data/venv/lib/python3.12/site-packages/dbcounter.py:115}}
Jul 09 16:24:50 devstack devstack@g-api.service[76414]: DEBUG dbcounter [-] [76414] Writing DB stats glance:INSERT=9,glance:SELECT=6 {{(pid=76414) stat_writer /opt/stack/data/venv/lib/python3.12/site-packages/dbcounter.py:115}}
Jul 09 16:25:28 devstack devstack@g-api.service[76413]: DEBUG glance.api.middleware.version_negotiation [None req-6ad1b5d9-6bb8-4876-bf3b-047777c61087 admin admin] Determining version of request: GET / Accept: application/json {{(pid=76413) process_request /opt/stack/glance/glance/api/middleware/version_negotiation.py:44}}
Jul 09 16:25:28 devstack devstack@g-api.service[76413]: DEBUG glance.api.middleware.version_negotiation [None req-6ad1b5d9-6bb8-4876-bf3b-047777c61087 admin admin] Using url versioning {{(pid=76413) process_request /opt/stack/glance/glance/api/middleware/version_negotiation.py:57}}
Jul 09 16:25:28 devstack devstack@g-api.service[76413]: DEBUG glance.api.middleware.version_negotiation [None req-6ad1b5d9-6bb8-4876-bf3b-047777c61087 admin admin] Unknown version. Returning version choices. {{(pid=76413) process_request /opt/stack/glance/glance/api/middleware/version_negotiation.py:64}}
Jul 09 16:25:28 devstack devstack@g-api.service[76413]: [pid: 76413|app: 0|req: 4/6] 127.0.0.1 () {34 vars in 516 bytes} [Thu Jul 9 16:25:28 2026] GET / => generated 1557 bytes in 4 msecs (HTTP/1.1 300) 3 headers in 106 bytes (1 switches on core 0)
Jul 09 16:25:28 devstack devstack@g-api.service[76414]: DEBUG glance.api.middleware.version_negotiation [None req-d1ad46f2-63fa-42ca-a6a0-3b50c9080b40 admin admin] Determining version of request: GET /v2/images Accept: application/json {{(pid=76414) process_request /opt/stack/glance/glance/api/middleware/version_negotiation.py:44}}
Jul 09 16:25:28 devstack devstack@g-api.service[76414]: DEBUG glance.api.middleware.version_negotiation [None req-d1ad46f2-63fa-42ca-a6a0-3b50c9080b40 admin admin] Using url versioning {{(pid=76414) process_request /opt/stack/glance/glance/api/middleware/version_negotiation.py:57}}
Jul 09 16:25:28 devstack devstack@g-api.service[76414]: DEBUG glance.api.middleware.version_negotiation [None req-d1ad46f2-63fa-42ca-a6a0-3b50c9080b40 admin admin] Matched version: v2 {{(pid=76414) process_request /opt/stack/glance/glance/api/middleware/version_negotiation.py:69}}
Jul 09 16:25:28 devstack devstack@g-api.service[76414]: DEBUG glance.api.middleware.version_negotiation [None req-d1ad46f2-63fa-42ca-a6a0-3b50c9080b40 admin admin] new path /v2/images {{(pid=76414) process_request /opt/stack/glance/glance/api/middleware/version_negotiation.py:70}}
Jul 09 16:25:28 devstack devstack@g-api.service[76414]: [pid: 76414|app: 0|req: 3/7] 127.0.0.1 () {36 vars in 738 bytes} [Thu Jul 9 16:25:28 2026] GET /v2/images => generated 1045 bytes in 83 msecs (HTTP/1.1 200) 4 headers in 158 bytes (1 switches on core 0)
Jul 09 16:25:38 devstack devstack@g-api.service[76414]: DEBUG dbcounter [-] [76414] Writing DB stats glance:SELECT=1 {{(pid=76414) stat_writer /opt/stack/data/venv/lib/python3.12/site-packages/dbcounter.py:115}}
Jul 09 16:25:38 devstack devstack@g-api.service[76413]: DEBUG glance.api.middleware.version_negotiation [None req-6ad1b5d9-6bb8-4876-bf3b-047777c61087 admin admin] Determining version of request: GET / Accept: application/json {{(pid=76413) process_request /opt/stack/glance/glance/api/middleware/version_negotiation.py:44}}
Jul 09 16:25:38 devstack devstack@g-api.service[76413]: DEBUG glance.api.middleware.version_negotiation [None req-6ad1b5d9-6bb8-4876-bf3b-047777c61087 admin admin] Using url versioning {{(pid=76413) process_request /opt/stack/glance/glance/api/middleware/version_negotiation.py:57}}
Jul 09 16:25:38 devstack devstack@g-api.service[76413]: DEBUG glance.api.middleware.version_negotiation [None req-6ad1b5d9-6bb8-4876-bf3b-047777c61087 admin admin] Unknown version. Returning version choices. {{(pid=76413) process_request /opt/stack/glance/glance/api/middleware/version_negotiation.py:64}}
Jul 09 16:25:38 devstack devstack@g-api.service[76413]: [pid: 76413|app: 0|req: 5/8] 127.0.0.1 () {34 vars in 516 bytes} [Thu Jul 9 16:25:38 2026] GET / => generated 1557 bytes in 3 msecs (HTTP/1.1 300) 3 headers in 106 bytes (1 switches on core 0)
Jul 09 16:25:38 devstack devstack@g-api.service[76414]: DEBUG glance.api.middleware.version_negotiation [None req-32236823-fa35-4928-b4a7-f08174e7a7d7 admin admin] Determining version of request: GET /v2/images/de3c03b3-c1ea-429a-9d20-5eaeb1379637 Accept: */* {{(pid=76414) process_request /opt/stack/glance/glance/api/middleware/version_negotiation.py:44}}
Jul 09 16:25:38 devstack devstack@g-api.service[76414]: DEBUG glance.api.middleware.version_negotiation [None req-32236823-fa35-4928-b4a7-f08174e7a7d7 admin admin] Using url versioning {{(pid=76414) process_request /opt/stack/glance/glance/api/middleware/version_negotiation.py:57}}
Jul 09 16:25:38 devstack devstack@g-api.service[76414]: DEBUG glance.api.middleware.version_negotiation [None req-32236823-fa35-4928-b4a7-f08174e7a7d7 admin admin] Matched version: v2 {{(pid=76414) process_request /opt/stack/glance/glance/api/middleware/version_negotiation.py:69}}
Jul 09 16:25:38 devstack devstack@g-api.service[76414]: DEBUG glance.api.middleware.version_negotiation [None req-32236823-fa35-4928-b4a7-f08174e7a7d7 admin admin] new path /v2/images/de3c03b3-c1ea-429a-9d20-5eaeb1379637 {{(pid=76414) process_request /opt/stack/glance/glance/api/middleware/version_negotiation.py:70}}
Jul 09 16:25:38 devstack devstack@g-api.service[76414]: [pid: 76414|app: 0|req: 4/9] 127.0.0.1 () {36 vars in 799 bytes} [Thu Jul 9 16:25:38 2026] GET /v2/images/de3c03b3-c1ea-429a-9d20-5eaeb1379637 => generated 976 bytes in 69 msecs (HTTP/1.1 200) 4 headers in 157 bytes (1 switches on core 0)
Jul 09 16:25:45 devstack devstack@g-api.service[76413]: DEBUG glance.api.middleware.version_negotiation [None req-6ad1b5d9-6bb8-4876-bf3b-047777c61087 admin admin] Determining version of request: GET / Accept: application/json {{(pid=76413) process_request /opt/stack/glance/glance/api/middleware/version_negotiation.py:44}}
Jul 09 16:25:45 devstack devstack@g-api.service[76413]: DEBUG glance.api.middleware.version_negotiation [None req-6ad1b5d9-6bb8-4876-bf3b-047777c61087 admin admin] Using url versioning {{(pid=76413) process_request /opt/stack/glance/glance/api/middleware/version_negotiation.py:57}}
Jul 09 16:25:45 devstack devstack@g-api.service[76413]: DEBUG glance.api.middleware.version_negotiation [None req-6ad1b5d9-6bb8-4876-bf3b-047777c61087 admin admin] Unknown version. Returning version choices. {{(pid=76413) process_request /opt/stack/glance/glance/api/middleware/version_negotiation.py:64}}
Jul 09 16:25:45 devstack devstack@g-api.service[76413]: [pid: 76413|app: 0|req: 6/10] 127.0.0.1 () {34 vars in 516 bytes} [Thu Jul 9 16:25:45 2026] GET / => generated 1557 bytes in 2 msecs (HTTP/1.1 300) 3 headers in 106 bytes (1 switches on core 0)
Jul 09 16:25:45 devstack devstack@g-api.service[76414]: DEBUG glance.api.middleware.version_negotiation [None req-adf788c3-2af1-4631-a2ef-9a436ed05a06 admin admin] Determining version of request: GET /v2/images/de3c03b3-c1ea-429a-9d20-5eaeb1379637 Accept: */* {{(pid=76414) process_request /opt/stack/glance/glance/api/middleware/version_negotiation.py:44}}
Jul 09 16:25:45 devstack devstack@g-api.service[76414]: DEBUG glance.api.middleware.version_negotiation [None req-adf788c3-2af1-4631-a2ef-9a436ed05a06 admin admin] Using url versioning {{(pid=76414) process_request /opt/stack/glance/glance/api/middleware/version_negotiation.py:57}}
Jul 09 16:25:45 devstack devstack@g-api.service[76414]: DEBUG glance.api.middleware.version_negotiation [None req-adf788c3-2af1-4631-a2ef-9a436ed05a06 admin admin] Matched version: v2 {{(pid=76414) process_request /opt/stack/glance/glance/api/middleware/version_negotiation.py:69}}
Jul 09 16:25:45 devstack devstack@g-api.service[76414]: DEBUG glance.api.middleware.version_negotiation [None req-adf788c3-2af1-4631-a2ef-9a436ed05a06 admin admin] new path /v2/images/de3c03b3-c1ea-429a-9d20-5eaeb1379637 {{(pid=76414) process_request /opt/stack/glance/glance/api/middleware/version_negotiation.py:70}}
Jul 09 16:25:45 devstack devstack@g-api.service[76414]: [pid: 76414|app: 0|req: 5/11] 127.0.0.1 () {36 vars in 799 bytes} [Thu Jul 9 16:25:45 2026] GET /v2/images/de3c03b3-c1ea-429a-9d20-5eaeb1379637 => generated 976 bytes in 71 msecs (HTTP/1.1 200) 4 headers in 157 bytes (1 switches on core 0)
Jul 09 16:25:55 devstack devstack@g-api.service[76414]: DEBUG dbcounter [-] [76414] Writing DB stats glance:SELECT=4 {{(pid=76414) stat_writer /opt/stack/data/venv/lib/python3.12/site-packages/dbcounter.py:115}}
Jul 09 16:27:01 devstack devstack@g-api.service[76413]: DEBUG glance.api.middleware.version_negotiation [None req-6ad1b5d9-6bb8-4876-bf3b-047777c61087 admin admin] Determining version of request: GET / Accept: application/json {{(pid=76413) process_request /opt/stack/glance/glance/api/middleware/version_negotiation.py:44}}
Jul 09 16:27:01 devstack devstack@g-api.service[76413]: DEBUG glance.api.middleware.version_negotiation [None req-6ad1b5d9-6bb8-4876-bf3b-047777c61087 admin admin] Using url versioning {{(pid=76413) process_request /opt/stack/glance/glance/api/middleware/version_negotiation.py:57}}
Jul 09 16:27:01 devstack devstack@g-api.service[76413]: DEBUG glance.api.middleware.version_negotiation [None req-6ad1b5d9-6bb8-4876-bf3b-047777c61087 admin admin] Unknown version. Returning version choices. {{(pid=76413) process_request /opt/stack/glance/glance/api/middleware/version_negotiation.py:64}}
Jul 09 16:27:01 devstack devstack@g-api.service[76413]: [pid: 76413|app: 0|req: 7/12] 127.0.0.1 () {36 vars in 485 bytes} [Thu Jul 9 16:27:01 2026] GET / => generated 1557 bytes in 2 msecs (HTTP/1.1 300) 3 headers in 106 bytes (1 switches on core 0)
Jul 09 16:29:51 devstack devstack@g-api.service[76414]: DEBUG glance.api.middleware.version_negotiation [None req-220363ec-b2d1-43a8-aec1-9f937d19740a admin admin] Determining version of request: GET / Accept: application/json {{(pid=76414) process_request /opt/stack/glance/glance/api/middleware/version_negotiation.py:44}}
Jul 09 16:29:51 devstack devstack@g-api.service[76414]: DEBUG glance.api.middleware.version_negotiation [None req-220363ec-b2d1-43a8-aec1-9f937d19740a admin admin] Using url versioning {{(pid=76414) process_request /opt/stack/glance/glance/api/middleware/version_negotiation.py:57}}
Jul 09 16:29:51 devstack devstack@g-api.service[76414]: DEBUG glance.api.middleware.version_negotiation [None req-220363ec-b2d1-43a8-aec1-9f937d19740a admin admin] Unknown version. Returning version choices. {{(pid=76414) process_request /opt/stack/glance/glance/api/middleware/version_negotiation.py:64}}
Jul 09 16:29:51 devstack devstack@g-api.service[76414]: [pid: 76414|app: 0|req: 6/13] 127.0.0.1 () {34 vars in 502 bytes} [Thu Jul 9 16:29:51 2026] GET / => generated 1557 bytes in 4 msecs (HTTP/1.1 300) 3 headers in 106 bytes (1 switches on core 0)
Jul 09 16:29:51 devstack devstack@g-api.service[76413]: DEBUG glance.api.middleware.version_negotiation [None req-6ad1b5d9-6bb8-4876-bf3b-047777c61087 admin admin] Determining version of request: GET /v2/images/de3c03b3-c1ea-429a-9d20-5eaeb1379637 Accept: */* {{(pid=76413) process_request /opt/stack/glance/glance/api/middleware/version_negotiation.py:44}}
Jul 09 16:29:51 devstack devstack@g-api.service[76413]: DEBUG glance.api.middleware.version_negotiation [None req-6ad1b5d9-6bb8-4876-bf3b-047777c61087 admin admin] Using url versioning {{(pid=76413) process_request /opt/stack/glance/glance/api/middleware/version_negotiation.py:57}}
Jul 09 16:29:51 devstack devstack@g-api.service[76413]: DEBUG glance.api.middleware.version_negotiation [None req-6ad1b5d9-6bb8-4876-bf3b-047777c61087 admin admin] Matched version: v2 {{(pid=76413) process_request /opt/stack/glance/glance/api/middleware/version_negotiation.py:69}}
Jul 09 16:29:51 devstack devstack@g-api.service[76413]: DEBUG glance.api.middleware.version_negotiation [None req-6ad1b5d9-6bb8-4876-bf3b-047777c61087 admin admin] new path /v2/images/de3c03b3-c1ea-429a-9d20-5eaeb1379637 {{(pid=76413) process_request /opt/stack/glance/glance/api/middleware/version_negotiation.py:70}}
Jul 09 16:29:51 devstack devstack@g-api.service[76413]: [pid: 76413|app: 0|req: 8/14] 127.0.0.1 () {42 vars in 1058 bytes} [Thu Jul 9 16:29:51 2026] GET /v2/images/de3c03b3-c1ea-429a-9d20-5eaeb1379637 => generated 976 bytes in 414 msecs (HTTP/1.1 200) 4 headers in 157 bytes (1 switches on core 0)
Jul 09 16:29:51 devstack devstack@g-api.service[76414]: DEBUG glance.api.middleware.version_negotiation [None req-220363ec-b2d1-43a8-aec1-9f937d19740a admin admin] Determining version of request: GET /v2/schemas/image Accept: */* {{(pid=76414) process_request /opt/stack/glance/glance/api/middleware/version_negotiation.py:44}}
Jul 09 16:29:51 devstack devstack@g-api.service[76414]: DEBUG glance.api.middleware.version_negotiation [None req-220363ec-b2d1-43a8-aec1-9f937d19740a admin admin] Using url versioning {{(pid=76414) process_request /opt/stack/glance/glance/api/middleware/version_negotiation.py:57}}
Jul 09 16:29:51 devstack devstack@g-api.service[76414]: DEBUG glance.api.middleware.version_negotiation [None req-220363ec-b2d1-43a8-aec1-9f937d19740a admin admin] Matched version: v2 {{(pid=76414) process_request /opt/stack/glance/glance/api/middleware/version_negotiation.py:69}}
Jul 09 16:29:51 devstack devstack@g-api.service[76414]: DEBUG glance.api.middleware.version_negotiation [None req-220363ec-b2d1-43a8-aec1-9f937d19740a admin admin] new path /v2/schemas/image {{(pid=76414) process_request /opt/stack/glance/glance/api/middleware/version_negotiation.py:70}}
Jul 09 16:29:51 devstack devstack@g-api.service[76414]: [pid: 76414|app: 0|req: 7/15] 127.0.0.1 () {42 vars in 998 bytes} [Thu Jul 9 16:29:51 2026] GET /v2/schemas/image => generated 6083 bytes in 11 msecs (HTTP/1.1 200) 4 headers in 158 bytes (1 switches on core 0)
Jul 09 16:30:01 devstack devstack@g-api.service[76413]: DEBUG dbcounter [-] [76413] Writing DB stats glance:SELECT=2 {{(pid=76413) stat_writer /opt/stack/data/venv/lib/python3.12/site-packages/dbcounter.py:115}}
Jul 09 16:30:13 devstack devstack@g-api.service[76413]: DEBUG glance.api.middleware.version_negotiation [None req-f4d3a706-b4f9-4222-8708-a6a76439e8ad tempest-ServerRescueNegativeTestJSON-810469890 tempest-ServerRescueNegativeTestJSON-810469890-project-member] Determining version of request: GET /v2/images/de3c03b3-c1ea-429a-9d20-5eaeb1379637 Accept: */* {{(pid=76413) process_request /opt/stack/glance/glance/api/middleware/version_negotiation.py:44}}
Jul 09 16:30:13 devstack devstack@g-api.service[76413]: DEBUG glance.api.middleware.version_negotiation [None req-f4d3a706-b4f9-4222-8708-a6a76439e8ad tempest-ServerRescueNegativeTestJSON-810469890 tempest-ServerRescueNegativeTestJSON-810469890-project-member] Using url versioning {{(pid=76413) process_request /opt/stack/glance/glance/api/middleware/version_negotiation.py:57}}
Jul 09 16:30:13 devstack devstack@g-api.service[76413]: DEBUG glance.api.middleware.version_negotiation [None req-f4d3a706-b4f9-4222-8708-a6a76439e8ad tempest-ServerRescueNegativeTestJSON-810469890 tempest-ServerRescueNegativeTestJSON-810469890-project-member] Matched version: v2 {{(pid=76413) process_request /opt/stack/glance/glance/api/middleware/version_negotiation.py:69}}
Jul 09 16:30:13 devstack devstack@g-api.service[76413]: DEBUG glance.api.middleware.version_negotiation [None req-f4d3a706-b4f9-4222-8708-a6a76439e8ad tempest-ServerRescueNegativeTestJSON-810469890 tempest-ServerRescueNegativeTestJSON-810469890-project-member] new path /v2/images/de3c03b3-c1ea-429a-9d20-5eaeb1379637 {{(pid=76413) process_request /opt/stack/glance/glance/api/middleware/version_negotiation.py:70}}
Jul 09 16:30:14 devstack devstack@g-api.service[76413]: [pid: 76413|app: 0|req: 9/16] 127.0.0.1 () {42 vars in 1058 bytes} [Thu Jul 9 16:30:13 2026] GET /v2/images/de3c03b3-c1ea-429a-9d20-5eaeb1379637 => generated 976 bytes in 29 msecs (HTTP/1.1 200) 4 headers in 157 bytes (1 switches on core 0)
Jul 09 16:30:14 devstack devstack@g-api.service[76414]: DEBUG glance.api.middleware.version_negotiation [None req-f4d3a706-b4f9-4222-8708-a6a76439e8ad tempest-ServerRescueNegativeTestJSON-810469890 tempest-ServerRescueNegativeTestJSON-810469890-project-member] Determining version of request: GET /v2/schemas/image Accept: */* {{(pid=76414) process_request /opt/stack/glance/glance/api/middleware/version_negotiation.py:44}}
Jul 09 16:30:14 devstack devstack@g-api.service[76414]: DEBUG glance.api.middleware.version_negotiation [None req-f4d3a706-b4f9-4222-8708-a6a76439e8ad tempest-ServerRescueNegativeTestJSON-810469890 tempest-ServerRescueNegativeTestJSON-810469890-project-member] Using url versioning {{(pid=76414) process_request /opt/stack/glance/glance/api/middleware/version_negotiation.py:57}}
Jul 09 16:30:14 devstack devstack@g-api.service[76414]: DEBUG glance.api.middleware.version_negotiation [None req-f4d3a706-b4f9-4222-8708-a6a76439e8ad tempest-ServerRescueNegativeTestJSON-810469890 tempest-ServerRescueNegativeTestJSON-810469890-project-member] Matched version: v2 {{(pid=76414) process_request /opt/stack/glance/glance/api/middleware/version_negotiation.py:69}}
Jul 09 16:30:14 devstack devstack@g-api.service[76414]: DEBUG glance.api.middleware.version_negotiation [None req-f4d3a706-b4f9-4222-8708-a6a76439e8ad tempest-ServerRescueNegativeTestJSON-810469890 tempest-ServerRescueNegativeTestJSON-810469890-project-member] new path /v2/schemas/image {{(pid=76414) process_request /opt/stack/glance/glance/api/middleware/version_negotiation.py:70}}
Jul 09 16:30:14 devstack devstack@g-api.service[76414]: [pid: 76414|app: 0|req: 8/17] 127.0.0.1 () {42 vars in 998 bytes} [Thu Jul 9 16:30:14 2026] GET /v2/schemas/image => generated 6083 bytes in 10 msecs (HTTP/1.1 200) 4 headers in 158 bytes (1 switches on core 0)
Jul 09 16:30:20 devstack devstack@g-api.service[76413]: DEBUG glance.api.middleware.version_negotiation [None req-215d0aad-7194-4b1e-b31a-150c6625c433 tempest-ServerRescueNegativeTestJSON-810469890 tempest-ServerRescueNegativeTestJSON-810469890-project-member] Determining version of request: GET /v2/images/de3c03b3-c1ea-429a-9d20-5eaeb1379637 Accept: */* {{(pid=76413) process_request /opt/stack/glance/glance/api/middleware/version_negotiation.py:44}}
Jul 09 16:30:20 devstack devstack@g-api.service[76413]: DEBUG glance.api.middleware.version_negotiation [None req-215d0aad-7194-4b1e-b31a-150c6625c433 tempest-ServerRescueNegativeTestJSON-810469890 tempest-ServerRescueNegativeTestJSON-810469890-project-member] Using url versioning {{(pid=76413) process_request /opt/stack/glance/glance/api/middleware/version_negotiation.py:57}}
Jul 09 16:30:20 devstack devstack@g-api.service[76413]: DEBUG glance.api.middleware.version_negotiation [None req-215d0aad-7194-4b1e-b31a-150c6625c433 tempest-ServerRescueNegativeTestJSON-810469890 tempest-ServerRescueNegativeTestJSON-810469890-project-member] Matched version: v2 {{(pid=76413) process_request /opt/stack/glance/glance/api/middleware/version_negotiation.py:69}}
Jul 09 16:30:20 devstack devstack@g-api.service[76413]: DEBUG glance.api.middleware.version_negotiation [None req-215d0aad-7194-4b1e-b31a-150c6625c433 tempest-ServerRescueNegativeTestJSON-810469890 tempest-ServerRescueNegativeTestJSON-810469890-project-member] new path /v2/images/de3c03b3-c1ea-429a-9d20-5eaeb1379637 {{(pid=76413) process_request /opt/stack/glance/glance/api/middleware/version_negotiation.py:70}}
Jul 09 16:30:20 devstack devstack@g-api.service[76413]: [pid: 76413|app: 0|req: 10/18] 127.0.0.1 () {42 vars in 1058 bytes} [Thu Jul 9 16:30:20 2026] GET /v2/images/de3c03b3-c1ea-429a-9d20-5eaeb1379637 => generated 976 bytes in 33 msecs (HTTP/1.1 200) 4 headers in 157 bytes (1 switches on core 0)
Jul 09 16:30:20 devstack devstack@g-api.service[76414]: DEBUG glance.api.middleware.version_negotiation [None req-215d0aad-7194-4b1e-b31a-150c6625c433 tempest-ServerRescueNegativeTestJSON-810469890 tempest-ServerRescueNegativeTestJSON-810469890-project-member] Determining version of request: GET /v2/images/de3c03b3-c1ea-429a-9d20-5eaeb1379637/file Accept: */* {{(pid=76414) process_request /opt/stack/glance/glance/api/middleware/version_negotiation.py:44}}
Jul 09 16:30:20 devstack devstack@g-api.service[76414]: DEBUG glance.api.middleware.version_negotiation [None req-215d0aad-7194-4b1e-b31a-150c6625c433 tempest-ServerRescueNegativeTestJSON-810469890 tempest-ServerRescueNegativeTestJSON-810469890-project-member] Using url versioning {{(pid=76414) process_request /opt/stack/glance/glance/api/middleware/version_negotiation.py:57}}
Jul 09 16:30:20 devstack devstack@g-api.service[76414]: DEBUG glance.api.middleware.version_negotiation [None req-215d0aad-7194-4b1e-b31a-150c6625c433 tempest-ServerRescueNegativeTestJSON-810469890 tempest-ServerRescueNegativeTestJSON-810469890-project-member] Matched version: v2 {{(pid=76414) process_request /opt/stack/glance/glance/api/middleware/version_negotiation.py:69}}
Jul 09 16:30:20 devstack devstack@g-api.service[76414]: DEBUG glance.api.middleware.version_negotiation [None req-215d0aad-7194-4b1e-b31a-150c6625c433 tempest-ServerRescueNegativeTestJSON-810469890 tempest-ServerRescueNegativeTestJSON-810469890-project-member] new path /v2/images/de3c03b3-c1ea-429a-9d20-5eaeb1379637/file {{(pid=76414) process_request /opt/stack/glance/glance/api/middleware/version_negotiation.py:70}}
Jul 09 16:30:20 devstack devstack@g-api.service[76414]: DEBUG glance_store._drivers.filesystem [None req-f4d3a706-b4f9-4222-8708-a6a76439e8ad tempest-ServerRescueNegativeTestJSON-810469890 tempest-ServerRescueNegativeTestJSON-810469890-project-member] Found image at /opt/stack/data/glance/images/de3c03b3-c1ea-429a-9d20-5eaeb1379637. Returning in ChunkedFile. {{(pid=76414) get /opt/stack/data/venv/lib/python3.12/site-packages/glance_store/_drivers/filesystem.py:724}}
Jul 09 16:30:20 devstack devstack@g-api.service[76414]: DEBUG glance.image_cache [None req-f4d3a706-b4f9-4222-8708-a6a76439e8ad tempest-ServerRescueNegativeTestJSON-810469890 tempest-ServerRescueNegativeTestJSON-810469890-project-member] Tee'ing image 'de3c03b3-c1ea-429a-9d20-5eaeb1379637' into cache {{(pid=76414) get_caching_iter /opt/stack/glance/glance/image_cache/__init__.py:356}}
Jul 09 16:30:21 devstack devstack@g-api.service[76414]: DEBUG glance.image_cache.drivers.centralized_db [None req-f4d3a706-b4f9-4222-8708-a6a76439e8ad tempest-ServerRescueNegativeTestJSON-810469890 tempest-ServerRescueNegativeTestJSON-810469890-project-member] Fetch finished, moving '/opt/stack/data/glance/cache/incomplete/de3c03b3-c1ea-429a-9d20-5eaeb1379637' to '/opt/stack/data/glance/cache/de3c03b3-c1ea-429a-9d20-5eaeb1379637' {{(pid=76414) commit /opt/stack/glance/glance/image_cache/drivers/centralized_db.py:243}}
Jul 09 16:30:21 devstack devstack@g-api.service[76414]: DEBUG glance.image_cache.drivers.centralized_db [None req-f4d3a706-b4f9-4222-8708-a6a76439e8ad tempest-ServerRescueNegativeTestJSON-810469890 tempest-ServerRescueNegativeTestJSON-810469890-project-member] Image cached successfully. {{(pid=76414) commit /opt/stack/glance/glance/image_cache/drivers/centralized_db.py:258}}
Jul 09 16:30:21 devstack devstack@g-api.service[76414]: [pid: 76414|app: 0|req: 9/19] 127.0.0.1 () {42 vars in 1068 bytes} [Thu Jul 9 16:30:20 2026] GET /v2/images/de3c03b3-c1ea-429a-9d20-5eaeb1379637/file => generated 21692416 bytes in 635 msecs (HTTP/1.1 200) 4 headers in 191 bytes (336 switches on core 0)
Jul 09 16:30:21 devstack devstack@g-api.service[76413]: DEBUG glance.api.middleware.version_negotiation [None req-f4d3a706-b4f9-4222-8708-a6a76439e8ad tempest-ServerRescueNegativeTestJSON-810469890 tempest-ServerRescueNegativeTestJSON-810469890-project-member] Determining version of request: GET /v2/images/de3c03b3-c1ea-429a-9d20-5eaeb1379637 Accept: */* {{(pid=76413) process_request /opt/stack/glance/glance/api/middleware/version_negotiation.py:44}}
Jul 09 16:30:21 devstack devstack@g-api.service[76413]: DEBUG glance.api.middleware.version_negotiation [None req-f4d3a706-b4f9-4222-8708-a6a76439e8ad tempest-ServerRescueNegativeTestJSON-810469890 tempest-ServerRescueNegativeTestJSON-810469890-project-member] Using url versioning {{(pid=76413) process_request /opt/stack/glance/glance/api/middleware/version_negotiation.py:57}}
Jul 09 16:30:21 devstack devstack@g-api.service[76413]: DEBUG glance.api.middleware.version_negotiation [None req-f4d3a706-b4f9-4222-8708-a6a76439e8ad tempest-ServerRescueNegativeTestJSON-810469890 tempest-ServerRescueNegativeTestJSON-810469890-project-member] Matched version: v2 {{(pid=76413) process_request /opt/stack/glance/glance/api/middleware/version_negotiation.py:69}}
Jul 09 16:30:21 devstack devstack@g-api.service[76413]: DEBUG glance.api.middleware.version_negotiation [None req-f4d3a706-b4f9-4222-8708-a6a76439e8ad tempest-ServerRescueNegativeTestJSON-810469890 tempest-ServerRescueNegativeTestJSON-810469890-project-member] new path /v2/images/de3c03b3-c1ea-429a-9d20-5eaeb1379637 {{(pid=76413) process_request /opt/stack/glance/glance/api/middleware/version_negotiation.py:70}}
Jul 09 16:30:21 devstack devstack@g-api.service[76413]: [pid: 76413|app: 0|req: 11/20] 127.0.0.1 () {42 vars in 1058 bytes} [Thu Jul 9 16:30:21 2026] GET /v2/images/de3c03b3-c1ea-429a-9d20-5eaeb1379637 => generated 976 bytes in 33 msecs (HTTP/1.1 200) 4 headers in 157 bytes (1 switches on core 0)
Jul 09 16:30:21 devstack devstack@g-api.service[76414]: DEBUG glance.api.middleware.version_negotiation [None req-f4d3a706-b4f9-4222-8708-a6a76439e8ad tempest-ServerRescueNegativeTestJSON-810469890 tempest-ServerRescueNegativeTestJSON-810469890-project-member] Determining version of request: GET /v2/schemas/image Accept: */* {{(pid=76414) process_request /opt/stack/glance/glance/api/middleware/version_negotiation.py:44}}
Jul 09 16:30:21 devstack devstack@g-api.service[76414]: DEBUG glance.api.middleware.version_negotiation [None req-f4d3a706-b4f9-4222-8708-a6a76439e8ad tempest-ServerRescueNegativeTestJSON-810469890 tempest-ServerRescueNegativeTestJSON-810469890-project-member] Using url versioning {{(pid=76414) process_request /opt/stack/glance/glance/api/middleware/version_negotiation.py:57}}
Jul 09 16:30:21 devstack devstack@g-api.service[76414]: DEBUG glance.api.middleware.version_negotiation [None req-f4d3a706-b4f9-4222-8708-a6a76439e8ad tempest-ServerRescueNegativeTestJSON-810469890 tempest-ServerRescueNegativeTestJSON-810469890-project-member] Matched version: v2 {{(pid=76414) process_request /opt/stack/glance/glance/api/middleware/version_negotiation.py:69}}
Jul 09 16:30:21 devstack devstack@g-api.service[76414]: DEBUG glance.api.middleware.version_negotiation [None req-f4d3a706-b4f9-4222-8708-a6a76439e8ad tempest-ServerRescueNegativeTestJSON-810469890 tempest-ServerRescueNegativeTestJSON-810469890-project-member] new path /v2/schemas/image {{(pid=76414) process_request /opt/stack/glance/glance/api/middleware/version_negotiation.py:70}}
Jul 09 16:30:21 devstack devstack@g-api.service[76414]: [pid: 76414|app: 0|req: 10/21] 127.0.0.1 () {42 vars in 998 bytes} [Thu Jul 9 16:30:21 2026] GET /v2/schemas/image => generated 6083 bytes in 12 msecs (HTTP/1.1 200) 4 headers in 158 bytes (1 switches on core 0)
Jul 09 16:30:29 devstack devstack@g-api.service[76413]: DEBUG glance.api.middleware.version_negotiation [None req-f4d3a706-b4f9-4222-8708-a6a76439e8ad tempest-ServerRescueNegativeTestJSON-810469890 tempest-ServerRescueNegativeTestJSON-810469890-project-member] Determining version of request: GET / Accept: application/json {{(pid=76413) process_request /opt/stack/glance/glance/api/middleware/version_negotiation.py:44}}
Jul 09 16:30:29 devstack devstack@g-api.service[76413]: DEBUG glance.api.middleware.version_negotiation [None req-f4d3a706-b4f9-4222-8708-a6a76439e8ad tempest-ServerRescueNegativeTestJSON-810469890 tempest-ServerRescueNegativeTestJSON-810469890-project-member] Using url versioning {{(pid=76413) process_request /opt/stack/glance/glance/api/middleware/version_negotiation.py:57}}
Jul 09 16:30:29 devstack devstack@g-api.service[76413]: DEBUG glance.api.middleware.version_negotiation [None req-f4d3a706-b4f9-4222-8708-a6a76439e8ad tempest-ServerRescueNegativeTestJSON-810469890 tempest-ServerRescueNegativeTestJSON-810469890-project-member] Unknown version. Returning version choices. {{(pid=76413) process_request /opt/stack/glance/glance/api/middleware/version_negotiation.py:64}}
Jul 09 16:30:29 devstack devstack@g-api.service[76413]: [pid: 76413|app: 0|req: 12/22] 127.0.0.1 () {34 vars in 502 bytes} [Thu Jul 9 16:30:29 2026] GET / => generated 1557 bytes in 4 msecs (HTTP/1.1 300) 3 headers in 106 bytes (1 switches on core 0)
Jul 09 16:30:29 devstack devstack@g-api.service[76414]: DEBUG glance.api.middleware.version_negotiation [None req-f4d3a706-b4f9-4222-8708-a6a76439e8ad tempest-ServerRescueNegativeTestJSON-810469890 tempest-ServerRescueNegativeTestJSON-810469890-project-member] Determining version of request: GET /v2/images/de3c03b3-c1ea-429a-9d20-5eaeb1379637 Accept: */* {{(pid=76414) process_request /opt/stack/glance/glance/api/middleware/version_negotiation.py:44}}
Jul 09 16:30:29 devstack devstack@g-api.service[76414]: DEBUG glance.api.middleware.version_negotiation [None req-f4d3a706-b4f9-4222-8708-a6a76439e8ad tempest-ServerRescueNegativeTestJSON-810469890 tempest-ServerRescueNegativeTestJSON-810469890-project-member] Using url versioning {{(pid=76414) process_request /opt/stack/glance/glance/api/middleware/version_negotiation.py:57}}
Jul 09 16:30:29 devstack devstack@g-api.service[76414]: DEBUG glance.api.middleware.version_negotiation [None req-f4d3a706-b4f9-4222-8708-a6a76439e8ad tempest-ServerRescueNegativeTestJSON-810469890 tempest-ServerRescueNegativeTestJSON-810469890-project-member] Matched version: v2 {{(pid=76414) process_request /opt/stack/glance/glance/api/middleware/version_negotiation.py:69}}
Jul 09 16:30:29 devstack devstack@g-api.service[76414]: DEBUG glance.api.middleware.version_negotiation [None req-f4d3a706-b4f9-4222-8708-a6a76439e8ad tempest-ServerRescueNegativeTestJSON-810469890 tempest-ServerRescueNegativeTestJSON-810469890-project-member] new path /v2/images/de3c03b3-c1ea-429a-9d20-5eaeb1379637 {{(pid=76414) process_request /opt/stack/glance/glance/api/middleware/version_negotiation.py:70}}
Jul 09 16:30:29 devstack devstack@g-api.service[76414]: [pid: 76414|app: 0|req: 11/23] 127.0.0.1 () {42 vars in 1058 bytes} [Thu Jul 9 16:30:29 2026] GET /v2/images/de3c03b3-c1ea-429a-9d20-5eaeb1379637 => generated 976 bytes in 52 msecs (HTTP/1.1 200) 4 headers in 157 bytes (1 switches on core 0)
Jul 09 16:30:29 devstack devstack@g-api.service[76413]: DEBUG glance.api.middleware.version_negotiation [None req-f4d3a706-b4f9-4222-8708-a6a76439e8ad tempest-ServerRescueNegativeTestJSON-810469890 tempest-ServerRescueNegativeTestJSON-810469890-project-member] Determining version of request: GET /v2/schemas/image Accept: */* {{(pid=76413) process_request /opt/stack/glance/glance/api/middleware/version_negotiation.py:44}}
Jul 09 16:30:29 devstack devstack@g-api.service[76413]: DEBUG glance.api.middleware.version_negotiation [None req-f4d3a706-b4f9-4222-8708-a6a76439e8ad tempest-ServerRescueNegativeTestJSON-810469890 tempest-ServerRescueNegativeTestJSON-810469890-project-member] Using url versioning {{(pid=76413) process_request /opt/stack/glance/glance/api/middleware/version_negotiation.py:57}}
Jul 09 16:30:29 devstack devstack@g-api.service[76413]: DEBUG glance.api.middleware.version_negotiation [None req-f4d3a706-b4f9-4222-8708-a6a76439e8ad tempest-ServerRescueNegativeTestJSON-810469890 tempest-ServerRescueNegativeTestJSON-810469890-project-member] Matched version: v2 {{(pid=76413) process_request /opt/stack/glance/glance/api/middleware/version_negotiation.py:69}}
Jul 09 16:30:29 devstack devstack@g-api.service[76413]: DEBUG glance.api.middleware.version_negotiation [None req-f4d3a706-b4f9-4222-8708-a6a76439e8ad tempest-ServerRescueNegativeTestJSON-810469890 tempest-ServerRescueNegativeTestJSON-810469890-project-member] new path /v2/schemas/image {{(pid=76413) process_request /opt/stack/glance/glance/api/middleware/version_negotiation.py:70}}
Jul 09 16:30:29 devstack devstack@g-api.service[76413]: [pid: 76413|app: 0|req: 13/24] 127.0.0.1 () {42 vars in 998 bytes} [Thu Jul 9 16:30:29 2026] GET /v2/schemas/image => generated 6083 bytes in 11 msecs (HTTP/1.1 200) 4 headers in 158 bytes (1 switches on core 0)
Jul 09 16:30:31 devstack devstack@g-api.service[76413]: DEBUG dbcounter [-] [76413] Writing DB stats glance:SELECT=6 {{(pid=76413) stat_writer /opt/stack/data/venv/lib/python3.12/site-packages/dbcounter.py:115}}
