Jul 18 06:03:08 devstack cinder-volume[87750]: DEBUG cinder.volume.manager [None req-cce46093-67d3-4246-881a-c4a521d11286 tempest-GroupSnapshotsTest-473363618 None] Flow 'volume_create_manager' (5e9707fb-5e70-4cab-aba6-ffdf820023ce) transitioned into state 'SUCCESS' from state 'RUNNING' {{(pid=87750) _flow_receiver /opt/stack/data/venv/lib/python3.12/site-packages/taskflow/listeners/logging.py:160}}
Jul 18 06:03:08 devstack cinder-volume[87750]: INFO cinder.volume.manager [None req-cce46093-67d3-4246-881a-c4a521d11286 tempest-GroupSnapshotsTest-473363618 None] Created volume successfully.
Jul 18 06:03:08 devstack cinder-volume[87750]: DEBUG cinder.volume.manager [req-0ee83778-ef39-4542-87c4-46f2bd13888b req-7af083a8-0439-47f8-bc01-4cfc3e327880 tempest-AttachVolumeNegativeTest-277769288 None] Connection info returned from driver {'export': 'osci02.corp.quobyte.com/cinder-vol-98c9322e-5b64-4057-8ab6-d852d6110b3d', 'name': 'volume-5179df10-95c2-4e4a-879e-7d244e43d7f9', 'options': None, 'format': 'qcow2', 'qos_specs': None, 'access_mode': 'rw', 'encrypted': False, 'cacheable': False, 'driver_volume_type': 'quobyte', 'mount_point_base': '/opt/stack/data/cinder/mnt', 'attachment_id': '2ab914c9-b393-4775-a711-1a83193e9079', 'enforce_multipath': True} {{(pid=87750) _connection_create /opt/stack/cinder/cinder/volume/manager.py:4924}}
Jul 18 06:03:08 devstack cinder-volume[87750]: INFO cinder.volume.manager [req-0ee83778-ef39-4542-87c4-46f2bd13888b req-7af083a8-0439-47f8-bc01-4cfc3e327880 tempest-AttachVolumeNegativeTest-277769288 None] attachment_update completed successfully.
Jul 18 06:03:08 devstack sudo[94750]: pam_unix(sudo:session): session closed for user root
Jul 18 06:03:08 devstack cinder-volume[87750]: DEBUG oslo_concurrency.processutils [None req-7e7d0762-9073-4d7b-9740-4d06b9f75016 tempest-VolumesSnapshotTestJSON-894130153 None] CMD "sudo cinder-rootwrap /etc/cinder/rootwrap.conf qemu-img create -f qcow2 -o preallocation=metadata /opt/stack/data/cinder/mnt/b1faef70df339aea71e9e946841b64a6/volume-b7fe3761-8dd4-449a-8f93-4048df668471 1073741824" returned: 0 in 0.627s {{(pid=87750) execute /opt/stack/data/venv/lib/python3.12/site-packages/oslo_concurrency/processutils.py:468}}
Jul 18 06:03:08 devstack cinder-volume[87750]: DEBUG cinder.volume.flows.manager.create_volume [None req-7fa0cdd1-a525-4b7e-ad0c-4b0c6854e7a1 tempest-AttachVolumeTestJSON-231829717 None] Volume reschedule parameters: True retry: {'num_attempts': 1, 'backends': ['devstack@QuobyteHD#QuobyteHD'], 'hosts': ['devstack@QuobyteHD#QuobyteHD']} {{(pid=87750) get_flow /opt/stack/cinder/cinder/volume/flows/manager/create_volume.py:1397}}
Jul 18 06:03:08 devstack cinder-volume[87750]: DEBUG cinder.volume.manager [None req-7fa0cdd1-a525-4b7e-ad0c-4b0c6854e7a1 tempest-AttachVolumeTestJSON-231829717 None] Flow 'volume_create_manager' (ce58afcb-ac55-4bd4-bb4a-22411ed7cb4a) transitioned into state 'RUNNING' from state 'PENDING' {{(pid=87750) _flow_receiver /opt/stack/data/venv/lib/python3.12/site-packages/taskflow/listeners/logging.py:160}}
Jul 18 06:03:08 devstack cinder-volume[87750]: DEBUG cinder.volume.manager [None req-7fa0cdd1-a525-4b7e-ad0c-4b0c6854e7a1 tempest-AttachVolumeTestJSON-231829717 None] Task 'cinder.volume.flows.manager.create_volume.ExtractVolumeRefTask;volume:create' (fdd5d4e4-a568-47dd-86a6-95d7dc30008e) transitioned into state 'RUNNING' from state 'PENDING' {{(pid=87750) _task_receiver /opt/stack/data/venv/lib/python3.12/site-packages/taskflow/listeners/logging.py:242}}
Jul 18 06:03:08 devstack cinder-volume[87750]: DEBUG cinder.volume.manager [None req-7fa0cdd1-a525-4b7e-ad0c-4b0c6854e7a1 tempest-AttachVolumeTestJSON-231829717 None] Task 'cinder.volume.flows.manager.create_volume.ExtractVolumeRefTask;volume:create' (fdd5d4e4-a568-47dd-86a6-95d7dc30008e) transitioned into state 'SUCCESS' from state 'RUNNING' with result 'Volume(_name_id=None,admin_metadata=,attach_status='detached',availability_zone='nova',bootable=False,cluster=,cluster_name=None,consistencygroup=,consistencygroup_id=None,created_at=2026-07-18T04:03:08Z,deleted=False,deleted_at=None,display_description=None,display_name='tempest-AttachVolumeTestJSON-volume-1031979040',ec2_id=None,encryption_key_id=None,glance_metadata=,group=,group_id=None,host='devstack@QuobyteHD#QuobyteHD',id=014ebdd1-88bd-4b5b-b1b0-fb5a5e3b9fc1,launched_at=None,metadata={},migration_status=None,multiattach=False,previous_status=None,project_id='2a32090ce18545ca93124d5855db211d',provider_auth=None,provider_geometry=None,provider_id=None,provider_location=None,replication_driver_data=None,replication_extended_status=None,replication_status=None,scheduled_at=2026-07-18T04:03:09Z,service_uuid=None,shared_targets=True,size=1,snapshot_id=None,snapshots=,source_volid=None,status='creating',terminated_at=None,updated_at=2026-07-18T04:03:09Z,use_quota=True,user_id='a4ae47bb938247beb2444e763edb58f2',volume_attachment=VolumeAttachmentList,volume_type=VolumeType(d49e67b0-b58e-4446-9ff9-4806130ee8c6),volume_type_id=d49e67b0-b58e-4446-9ff9-4806130ee8c6)' {{(pid=87750) _task_receiver /opt/stack/data/venv/lib/python3.12/site-packages/taskflow/listeners/logging.py:218}}
Jul 18 06:03:08 devstack cinder-volume[87750]: DEBUG cinder.volume.manager [None req-7fa0cdd1-a525-4b7e-ad0c-4b0c6854e7a1 tempest-AttachVolumeTestJSON-231829717 None] Task 'cinder.volume.flows.manager.create_volume.OnFailureRescheduleTask;volume:create' (999f581d-5312-49cb-bac6-a4da7ed84b0f) transitioned into state 'RUNNING' from state 'PENDING' {{(pid=87750) _task_receiver /opt/stack/data/venv/lib/python3.12/site-packages/taskflow/listeners/logging.py:242}}
Jul 18 06:03:08 devstack cinder-volume[87750]: DEBUG cinder.volume.manager [None req-7fa0cdd1-a525-4b7e-ad0c-4b0c6854e7a1 tempest-AttachVolumeTestJSON-231829717 None] Task 'cinder.volume.flows.manager.create_volume.OnFailureRescheduleTask;volume:create' (999f581d-5312-49cb-bac6-a4da7ed84b0f) transitioned into state 'SUCCESS' from state 'RUNNING' with result 'None' {{(pid=87750) _task_receiver /opt/stack/data/venv/lib/python3.12/site-packages/taskflow/listeners/logging.py:218}}
Jul 18 06:03:08 devstack cinder-volume[87750]: DEBUG cinder.volume.manager [None req-7fa0cdd1-a525-4b7e-ad0c-4b0c6854e7a1 tempest-AttachVolumeTestJSON-231829717 None] Task 'cinder.volume.flows.manager.create_volume.ExtractVolumeSpecTask;volume:create' (fd00f6d7-4bc9-4dd7-a17e-bb95b3bc994b) transitioned into state 'RUNNING' from state 'PENDING' {{(pid=87750) _task_receiver /opt/stack/data/venv/lib/python3.12/site-packages/taskflow/listeners/logging.py:242}}
Jul 18 06:03:08 devstack cinder-volume[87750]: DEBUG cinder.volume.manager [None req-7fa0cdd1-a525-4b7e-ad0c-4b0c6854e7a1 tempest-AttachVolumeTestJSON-231829717 None] Task 'cinder.volume.flows.manager.create_volume.ExtractVolumeSpecTask;volume:create' (fd00f6d7-4bc9-4dd7-a17e-bb95b3bc994b) transitioned into state 'SUCCESS' from state 'RUNNING' with result '{'status': 'creating', 'type': 'raw', 'volume_id': '014ebdd1-88bd-4b5b-b1b0-fb5a5e3b9fc1', 'volume_name': 'volume-014ebdd1-88bd-4b5b-b1b0-fb5a5e3b9fc1', 'volume_size': 1}' {{(pid=87750) _task_receiver /opt/stack/data/venv/lib/python3.12/site-packages/taskflow/listeners/logging.py:218}}
Jul 18 06:03:08 devstack cinder-volume[87750]: DEBUG cinder.volume.manager [None req-7fa0cdd1-a525-4b7e-ad0c-4b0c6854e7a1 tempest-AttachVolumeTestJSON-231829717 None] Task 'cinder.volume.flows.manager.create_volume.NotifyVolumeActionTask;volume:create, create.start' (e4b72bf1-a3de-45c4-9dba-f00ef7283da6) transitioned into state 'RUNNING' from state 'PENDING' {{(pid=87750) _task_receiver /opt/stack/data/venv/lib/python3.12/site-packages/taskflow/listeners/logging.py:242}}
Jul 18 06:03:08 devstack cinder-volume[87750]: DEBUG cinder.volume.manager [None req-7fa0cdd1-a525-4b7e-ad0c-4b0c6854e7a1 tempest-AttachVolumeTestJSON-231829717 None] Task 'cinder.volume.flows.manager.create_volume.NotifyVolumeActionTask;volume:create, create.start' (e4b72bf1-a3de-45c4-9dba-f00ef7283da6) transitioned into state 'SUCCESS' from state 'RUNNING' with result 'None' {{(pid=87750) _task_receiver /opt/stack/data/venv/lib/python3.12/site-packages/taskflow/listeners/logging.py:218}}
Jul 18 06:03:08 devstack cinder-volume[87750]: DEBUG cinder.volume.manager [None req-7fa0cdd1-a525-4b7e-ad0c-4b0c6854e7a1 tempest-AttachVolumeTestJSON-231829717 None] Task 'cinder.volume.flows.manager.create_volume.CreateVolumeFromSpecTask;volume:create' (455b43a8-517d-491d-9b7a-be24ca960724) transitioned into state 'RUNNING' from state 'PENDING' {{(pid=87750) _task_receiver /opt/stack/data/venv/lib/python3.12/site-packages/taskflow/listeners/logging.py:242}}
Jul 18 06:03:08 devstack cinder-volume[87750]: INFO cinder.volume.flows.manager.create_volume [None req-7fa0cdd1-a525-4b7e-ad0c-4b0c6854e7a1 tempest-AttachVolumeTestJSON-231829717 None] Volume 014ebdd1-88bd-4b5b-b1b0-fb5a5e3b9fc1: being created as raw with specification: {'status': 'creating', 'volume_name': 'volume-014ebdd1-88bd-4b5b-b1b0-fb5a5e3b9fc1', 'volume_size': 1}
Jul 18 06:03:08 devstack cinder-volume[87750]: DEBUG oslo_concurrency.lockutils [None req-7fa0cdd1-a525-4b7e-ad0c-4b0c6854e7a1 tempest-AttachVolumeTestJSON-231829717 None] Acquiring lock "quobyte" by "cinder.volume.drivers.quobyte.QuobyteDriver.create_volume" {{(pid=87750) inner /opt/stack/data/venv/lib/python3.12/site-packages/oslo_concurrency/lockutils.py:512}}
Jul 18 06:03:08 devstack cinder-volume[87750]: INFO cinder.volume.manager [None req-2447be27-7e6f-4372-80d0-bbade49c39c2 tempest-GroupSnapshotsTest-473363618 None] GroupSnapshot 74d19a20-3fe0-41c9-8fca-18c6cfff947a: creating.
Jul 18 06:03:08 devstack cinder-volume[87750]: DEBUG oslo_concurrency.processutils [None req-7e7d0762-9073-4d7b-9740-4d06b9f75016 tempest-VolumesSnapshotTestJSON-894130153 None] Running cmd (subprocess): sudo cinder-rootwrap /etc/cinder/rootwrap.conf chmod ugo+rw /opt/stack/data/cinder/mnt/b1faef70df339aea71e9e946841b64a6/volume-b7fe3761-8dd4-449a-8f93-4048df668471 {{(pid=87750) execute /opt/stack/data/venv/lib/python3.12/site-packages/oslo_concurrency/processutils.py:440}}
Jul 18 06:03:08 devstack cinder-volume[87750]: DEBUG cinder.volume.manager [None req-2447be27-7e6f-4372-80d0-bbade49c39c2 tempest-GroupSnapshotsTest-473363618 None] Group snapshot 74d19a20-3fe0-41c9-8fca-18c6cfff947a: creating. {{(pid=87750) create_group_snapshot /opt/stack/cinder/cinder/volume/manager.py:4175}}
Jul 18 06:03:08 devstack sudo[95137]: quobyte : PWD=/ ; USER=root ; COMMAND=/opt/stack/data/venv/bin/cinder-rootwrap /etc/cinder/rootwrap.conf chmod ugo+rw /opt/stack/data/cinder/mnt/b1faef70df339aea71e9e946841b64a6/volume-b7fe3761-8dd4-449a-8f93-4048df668471
Jul 18 06:03:08 devstack sudo[95137]: pam_unix(sudo:session): session opened for user root(uid=0) by (uid=1000)
Jul 18 06:03:08 devstack cinder-volume[87750]: DEBUG oslo_concurrency.lockutils [None req-2447be27-7e6f-4372-80d0-bbade49c39c2 tempest-GroupSnapshotsTest-473363618 None] Acquiring lock "quobyte" by "cinder.volume.drivers.quobyte.QuobyteDriver.create_snapshot" {{(pid=87750) inner /opt/stack/data/venv/lib/python3.12/site-packages/oslo_concurrency/lockutils.py:512}}
Jul 18 06:03:09 devstack sudo[95137]: pam_unix(sudo:session): session closed for user root
Jul 18 06:03:09 devstack cinder-volume[87750]: DEBUG oslo_concurrency.processutils [None req-7e7d0762-9073-4d7b-9740-4d06b9f75016 tempest-VolumesSnapshotTestJSON-894130153 None] CMD "sudo cinder-rootwrap /etc/cinder/rootwrap.conf chmod ugo+rw /opt/stack/data/cinder/mnt/b1faef70df339aea71e9e946841b64a6/volume-b7fe3761-8dd4-449a-8f93-4048df668471" returned: 0 in 0.294s {{(pid=87750) execute /opt/stack/data/venv/lib/python3.12/site-packages/oslo_concurrency/processutils.py:468}}
Jul 18 06:03:09 devstack cinder-volume[87750]: DEBUG cinder.volume.drivers.quobyte [None req-7e7d0762-9073-4d7b-9740-4d06b9f75016 tempest-VolumesSnapshotTestJSON-894130153 None] <== create_volume: return (1103ms) {'provider_location': 'osci02.corp.quobyte.com/cinder-vol-98c9322e-5b64-4057-8ab6-d852d6110b3d'} {{(pid=87750) trace_logging_wrapper /opt/stack/cinder/cinder/volume/volume_utils.py:1522}}
Jul 18 06:03:09 devstack cinder-volume[87750]: DEBUG oslo_concurrency.lockutils [None req-7e7d0762-9073-4d7b-9740-4d06b9f75016 tempest-VolumesSnapshotTestJSON-894130153 None] Lock "quobyte" "released" by "cinder.volume.drivers.quobyte.QuobyteDriver.create_volume" :: held 1.106s {{(pid=87750) inner /opt/stack/data/venv/lib/python3.12/site-packages/oslo_concurrency/lockutils.py:544}}
Jul 18 06:03:09 devstack cinder-volume[87750]: DEBUG oslo_concurrency.lockutils [None req-7fa0cdd1-a525-4b7e-ad0c-4b0c6854e7a1 tempest-AttachVolumeTestJSON-231829717 None] Lock "quobyte" acquired by "cinder.volume.drivers.quobyte.QuobyteDriver.create_volume" :: waited 0.312s {{(pid=87750) inner /opt/stack/data/venv/lib/python3.12/site-packages/oslo_concurrency/lockutils.py:525}}
Jul 18 06:03:09 devstack cinder-volume[87750]: DEBUG cinder.volume.drivers.quobyte [None req-7fa0cdd1-a525-4b7e-ad0c-4b0c6854e7a1 tempest-AttachVolumeTestJSON-231829717 None] ==> create_volume: call "{'self': , 'volume': Volume(_name_id=None,admin_metadata=,attach_status='detached',availability_zone='nova',bootable=False,cluster=,cluster_name=None,consistencygroup=,consistencygroup_id=None,created_at=2026-07-18T04:03:08Z,deleted=False,deleted_at=None,display_description=None,display_name='tempest-AttachVolumeTestJSON-volume-1031979040',ec2_id=None,encryption_key_id=None,glance_metadata=,group=,group_id=None,host='devstack@QuobyteHD#QuobyteHD',id=014ebdd1-88bd-4b5b-b1b0-fb5a5e3b9fc1,launched_at=None,metadata={},migration_status=None,multiattach=False,previous_status=None,project_id='2a32090ce18545ca93124d5855db211d',provider_auth=None,provider_geometry=None,provider_id=None,provider_location=None,replication_driver_data=None,replication_extended_status=None,replication_status=None,scheduled_at=2026-07-18T04:03:09Z,service_uuid=None,shared_targets=True,size=1,snapshot_id=None,snapshots=,source_volid=None,status='creating',terminated_at=None,updated_at=2026-07-18T04:03:09Z,use_quota=True,user_id='a4ae47bb938247beb2444e763edb58f2',volume_attachment=VolumeAttachmentList,volume_type=VolumeType(d49e67b0-b58e-4446-9ff9-4806130ee8c6),volume_type_id=d49e67b0-b58e-4446-9ff9-4806130ee8c6)}" {{(pid=87750) trace_logging_wrapper /opt/stack/cinder/cinder/volume/volume_utils.py:1497}}
Jul 18 06:03:09 devstack cinder-volume[87750]: DEBUG cinder.volume.drivers.remotefs [None req-7fa0cdd1-a525-4b7e-ad0c-4b0c6854e7a1 tempest-AttachVolumeTestJSON-231829717 None] Creating volume 014ebdd1-88bd-4b5b-b1b0-fb5a5e3b9fc1 {{(pid=87750) create_volume /opt/stack/cinder/cinder/volume/drivers/remotefs.py:292}}
Jul 18 06:03:09 devstack cinder-volume[87750]: DEBUG oslo_concurrency.lockutils [None req-7fa0cdd1-a525-4b7e-ad0c-4b0c6854e7a1 tempest-AttachVolumeTestJSON-231829717 None] Acquiring lock "quobyte_ensure" by "cinder.volume.drivers.quobyte.QuobyteDriver._ensure_shares_mounted" {{(pid=87750) inner /opt/stack/data/venv/lib/python3.12/site-packages/oslo_concurrency/lockutils.py:512}}
Jul 18 06:03:09 devstack cinder-volume[87750]: DEBUG oslo_concurrency.lockutils [None req-7fa0cdd1-a525-4b7e-ad0c-4b0c6854e7a1 tempest-AttachVolumeTestJSON-231829717 None] Lock "quobyte_ensure" acquired by "cinder.volume.drivers.quobyte.QuobyteDriver._ensure_shares_mounted" :: waited 0.000s {{(pid=87750) inner /opt/stack/data/venv/lib/python3.12/site-packages/oslo_concurrency/lockutils.py:525}}
Jul 18 06:03:09 devstack cinder-volume[87750]: DEBUG cinder.volume.drivers.quobyte [None req-7fa0cdd1-a525-4b7e-ad0c-4b0c6854e7a1 tempest-AttachVolumeTestJSON-231829717 None] Quobyte Volume URL set to: {'osci02.corp.quobyte.com/cinder-vol-98c9322e-5b64-4057-8ab6-d852d6110b3d': None} {{(pid=87750) _load_shares_config /opt/stack/cinder/cinder/volume/drivers/quobyte.py:651}}
Jul 18 06:03:09 devstack cinder-volume[87750]: DEBUG cinder.volume.drivers.quobyte [None req-7fa0cdd1-a525-4b7e-ad0c-4b0c6854e7a1 tempest-AttachVolumeTestJSON-231829717 None] Available shares ['osci02.corp.quobyte.com/cinder-vol-98c9322e-5b64-4057-8ab6-d852d6110b3d'] {{(pid=87750) _ensure_shares_mounted /opt/stack/cinder/cinder/volume/drivers/quobyte.py:681}}
Jul 18 06:03:09 devstack cinder-volume[87750]: DEBUG oslo_concurrency.lockutils [None req-7fa0cdd1-a525-4b7e-ad0c-4b0c6854e7a1 tempest-AttachVolumeTestJSON-231829717 None] Lock "quobyte_ensure" "released" by "cinder.volume.drivers.quobyte.QuobyteDriver._ensure_shares_mounted" :: held 0.005s {{(pid=87750) inner /opt/stack/data/venv/lib/python3.12/site-packages/oslo_concurrency/lockutils.py:544}}
Jul 18 06:03:09 devstack cinder-volume[87750]: DEBUG cinder.volume.drivers.quobyte [None req-7fa0cdd1-a525-4b7e-ad0c-4b0c6854e7a1 tempest-AttachVolumeTestJSON-231829717 None] Selected osci02.corp.quobyte.com/cinder-vol-98c9322e-5b64-4057-8ab6-d852d6110b3d as target Quobyte volume. {{(pid=87750) _find_share /opt/stack/cinder/cinder/volume/drivers/quobyte.py:702}}
Jul 18 06:03:09 devstack cinder-volume[87750]: INFO cinder.volume.drivers.remotefs [None req-7fa0cdd1-a525-4b7e-ad0c-4b0c6854e7a1 tempest-AttachVolumeTestJSON-231829717 None] casted to osci02.corp.quobyte.com/cinder-vol-98c9322e-5b64-4057-8ab6-d852d6110b3d
Jul 18 06:03:09 devstack cinder-volume[87750]: DEBUG oslo_concurrency.processutils [None req-7fa0cdd1-a525-4b7e-ad0c-4b0c6854e7a1 tempest-AttachVolumeTestJSON-231829717 None] Running cmd (subprocess): sudo cinder-rootwrap /etc/cinder/rootwrap.conf qemu-img create -f qcow2 -o preallocation=metadata /opt/stack/data/cinder/mnt/b1faef70df339aea71e9e946841b64a6/volume-014ebdd1-88bd-4b5b-b1b0-fb5a5e3b9fc1 1073741824 {{(pid=87750) execute /opt/stack/data/venv/lib/python3.12/site-packages/oslo_concurrency/processutils.py:440}}
Jul 18 06:03:09 devstack cinder-volume[87750]: DEBUG cinder.volume.manager [None req-7e7d0762-9073-4d7b-9740-4d06b9f75016 tempest-VolumesSnapshotTestJSON-894130153 None] Task 'cinder.volume.flows.manager.create_volume.CreateVolumeFromSpecTask;volume:create' (542745e6-2dfe-4978-a080-17fba8ced946) transitioned into state 'SUCCESS' from state 'RUNNING' with result '{'status': 'creating', 'volume_name': 'volume-b7fe3761-8dd4-449a-8f93-4048df668471', 'volume_size': 1}' {{(pid=87750) _task_receiver /opt/stack/data/venv/lib/python3.12/site-packages/taskflow/listeners/logging.py:218}}
Jul 18 06:03:09 devstack sudo[95140]: quobyte : PWD=/ ; USER=root ; COMMAND=/opt/stack/data/venv/bin/cinder-rootwrap /etc/cinder/rootwrap.conf qemu-img create -f qcow2 -o preallocation=metadata /opt/stack/data/cinder/mnt/b1faef70df339aea71e9e946841b64a6/volume-014ebdd1-88bd-4b5b-b1b0-fb5a5e3b9fc1 1073741824
Jul 18 06:03:09 devstack sudo[95140]: pam_unix(sudo:session): session opened for user root(uid=0) by (uid=1000)
Jul 18 06:03:09 devstack cinder-volume[87750]: DEBUG cinder.volume.manager [None req-7e7d0762-9073-4d7b-9740-4d06b9f75016 tempest-VolumesSnapshotTestJSON-894130153 None] Task 'cinder.volume.flows.manager.create_volume.CreateVolumeOnFinishTask;volume:create, create.end' (887399b6-9c1f-4c21-b841-6de72a2eede4) transitioned into state 'RUNNING' from state 'PENDING' {{(pid=87750) _task_receiver /opt/stack/data/venv/lib/python3.12/site-packages/taskflow/listeners/logging.py:242}}
Jul 18 06:03:09 devstack cinder-volume[87750]: INFO cinder.volume.flows.manager.create_volume [None req-7e7d0762-9073-4d7b-9740-4d06b9f75016 tempest-VolumesSnapshotTestJSON-894130153 None] Volume volume-b7fe3761-8dd4-449a-8f93-4048df668471 (b7fe3761-8dd4-449a-8f93-4048df668471): created successfully
Jul 18 06:03:09 devstack cinder-volume[87750]: DEBUG cinder.volume.manager [None req-7e7d0762-9073-4d7b-9740-4d06b9f75016 tempest-VolumesSnapshotTestJSON-894130153 None] Task 'cinder.volume.flows.manager.create_volume.CreateVolumeOnFinishTask;volume:create, create.end' (887399b6-9c1f-4c21-b841-6de72a2eede4) transitioned into state 'SUCCESS' from state 'RUNNING' with result 'None' {{(pid=87750) _task_receiver /opt/stack/data/venv/lib/python3.12/site-packages/taskflow/listeners/logging.py:218}}
Jul 18 06:03:09 devstack cinder-volume[87750]: DEBUG cinder.volume.manager [None req-7e7d0762-9073-4d7b-9740-4d06b9f75016 tempest-VolumesSnapshotTestJSON-894130153 None] Flow 'volume_create_manager' (1d2645b3-2ac9-4cfd-b0f9-6914338e3b05) transitioned into state 'SUCCESS' from state 'RUNNING' {{(pid=87750) _flow_receiver /opt/stack/data/venv/lib/python3.12/site-packages/taskflow/listeners/logging.py:160}}
Jul 18 06:03:09 devstack cinder-volume[87750]: INFO cinder.volume.manager [None req-7e7d0762-9073-4d7b-9740-4d06b9f75016 tempest-VolumesSnapshotTestJSON-894130153 None] Created volume successfully.
Jul 18 06:03:09 devstack sudo[95140]: pam_unix(sudo:session): session closed for user root
Jul 18 06:03:09 devstack cinder-volume[87750]: DEBUG oslo_concurrency.processutils [None req-7fa0cdd1-a525-4b7e-ad0c-4b0c6854e7a1 tempest-AttachVolumeTestJSON-231829717 None] CMD "sudo cinder-rootwrap /etc/cinder/rootwrap.conf qemu-img create -f qcow2 -o preallocation=metadata /opt/stack/data/cinder/mnt/b1faef70df339aea71e9e946841b64a6/volume-014ebdd1-88bd-4b5b-b1b0-fb5a5e3b9fc1 1073741824" returned: 0 in 0.402s {{(pid=87750) execute /opt/stack/data/venv/lib/python3.12/site-packages/oslo_concurrency/processutils.py:468}}
Jul 18 06:03:09 devstack cinder-volume[87750]: DEBUG oslo_concurrency.processutils [None req-7fa0cdd1-a525-4b7e-ad0c-4b0c6854e7a1 tempest-AttachVolumeTestJSON-231829717 None] Running cmd (subprocess): sudo cinder-rootwrap /etc/cinder/rootwrap.conf chmod ugo+rw /opt/stack/data/cinder/mnt/b1faef70df339aea71e9e946841b64a6/volume-014ebdd1-88bd-4b5b-b1b0-fb5a5e3b9fc1 {{(pid=87750) execute /opt/stack/data/venv/lib/python3.12/site-packages/oslo_concurrency/processutils.py:440}}
Jul 18 06:03:09 devstack sudo[95146]: quobyte : PWD=/ ; USER=root ; COMMAND=/opt/stack/data/venv/bin/cinder-rootwrap /etc/cinder/rootwrap.conf chmod ugo+rw /opt/stack/data/cinder/mnt/b1faef70df339aea71e9e946841b64a6/volume-014ebdd1-88bd-4b5b-b1b0-fb5a5e3b9fc1
Jul 18 06:03:09 devstack sudo[95146]: pam_unix(sudo:session): session opened for user root(uid=0) by (uid=1000)
Jul 18 06:03:09 devstack sudo[95146]: pam_unix(sudo:session): session closed for user root
Jul 18 06:03:09 devstack cinder-volume[87750]: DEBUG oslo_concurrency.processutils [None req-7fa0cdd1-a525-4b7e-ad0c-4b0c6854e7a1 tempest-AttachVolumeTestJSON-231829717 None] CMD "sudo cinder-rootwrap /etc/cinder/rootwrap.conf chmod ugo+rw /opt/stack/data/cinder/mnt/b1faef70df339aea71e9e946841b64a6/volume-014ebdd1-88bd-4b5b-b1b0-fb5a5e3b9fc1" returned: 0 in 0.268s {{(pid=87750) execute /opt/stack/data/venv/lib/python3.12/site-packages/oslo_concurrency/processutils.py:468}}
Jul 18 06:03:09 devstack cinder-volume[87750]: DEBUG cinder.volume.drivers.quobyte [None req-7fa0cdd1-a525-4b7e-ad0c-4b0c6854e7a1 tempest-AttachVolumeTestJSON-231829717 None] <== create_volume: return (717ms) {'provider_location': 'osci02.corp.quobyte.com/cinder-vol-98c9322e-5b64-4057-8ab6-d852d6110b3d'} {{(pid=87750) trace_logging_wrapper /opt/stack/cinder/cinder/volume/volume_utils.py:1522}}
Jul 18 06:03:09 devstack cinder-volume[87750]: DEBUG oslo_concurrency.lockutils [None req-7fa0cdd1-a525-4b7e-ad0c-4b0c6854e7a1 tempest-AttachVolumeTestJSON-231829717 None] Lock "quobyte" "released" by "cinder.volume.drivers.quobyte.QuobyteDriver.create_volume" :: held 0.720s {{(pid=87750) inner /opt/stack/data/venv/lib/python3.12/site-packages/oslo_concurrency/lockutils.py:544}}
Jul 18 06:03:09 devstack cinder-volume[87750]: DEBUG oslo_concurrency.lockutils [None req-47c4949f-3305-481c-b631-54a319e759ce tempest-VolumesSnapshotTestJSON-894130153 None] Acquiring lock "quobyte" by "cinder.volume.drivers.quobyte.QuobyteDriver.create_snapshot" {{(pid=87750) inner /opt/stack/data/venv/lib/python3.12/site-packages/oslo_concurrency/lockutils.py:512}}
Jul 18 06:03:09 devstack cinder-volume[87750]: DEBUG oslo_concurrency.lockutils [None req-47c4949f-3305-481c-b631-54a319e759ce tempest-VolumesSnapshotTestJSON-894130153 None] Lock "quobyte" acquired by "cinder.volume.drivers.quobyte.QuobyteDriver.create_snapshot" :: waited 0.001s {{(pid=87750) inner /opt/stack/data/venv/lib/python3.12/site-packages/oslo_concurrency/lockutils.py:525}}
Jul 18 06:03:09 devstack cinder-volume[87750]: DEBUG cinder.volume.manager [None req-7fa0cdd1-a525-4b7e-ad0c-4b0c6854e7a1 tempest-AttachVolumeTestJSON-231829717 None] Task 'cinder.volume.flows.manager.create_volume.CreateVolumeFromSpecTask;volume:create' (455b43a8-517d-491d-9b7a-be24ca960724) transitioned into state 'SUCCESS' from state 'RUNNING' with result '{'status': 'creating', 'volume_name': 'volume-014ebdd1-88bd-4b5b-b1b0-fb5a5e3b9fc1', 'volume_size': 1}' {{(pid=87750) _task_receiver /opt/stack/data/venv/lib/python3.12/site-packages/taskflow/listeners/logging.py:218}}
Jul 18 06:03:09 devstack cinder-volume[87750]: DEBUG cinder.volume.manager [None req-7fa0cdd1-a525-4b7e-ad0c-4b0c6854e7a1 tempest-AttachVolumeTestJSON-231829717 None] Task 'cinder.volume.flows.manager.create_volume.CreateVolumeOnFinishTask;volume:create, create.end' (deb804c8-46ba-4dc3-a70e-5200cc2190d1) transitioned into state 'RUNNING' from state 'PENDING' {{(pid=87750) _task_receiver /opt/stack/data/venv/lib/python3.12/site-packages/taskflow/listeners/logging.py:242}}
Jul 18 06:03:09 devstack cinder-volume[87750]: DEBUG cinder.volume.drivers.remotefs [None req-47c4949f-3305-481c-b631-54a319e759ce tempest-VolumesSnapshotTestJSON-894130153 None] Creating offline snapshot 8f59750c-6b6a-4233-a373-86501e97a9ce of volume b7fe3761-8dd4-449a-8f93-4048df668471 {{(pid=87750) _create_snapshot /opt/stack/cinder/cinder/volume/drivers/remotefs.py:1816}}
Jul 18 06:03:09 devstack cinder-volume[87750]: INFO cinder.volume.flows.manager.create_volume [None req-7fa0cdd1-a525-4b7e-ad0c-4b0c6854e7a1 tempest-AttachVolumeTestJSON-231829717 None] Volume volume-014ebdd1-88bd-4b5b-b1b0-fb5a5e3b9fc1 (014ebdd1-88bd-4b5b-b1b0-fb5a5e3b9fc1): created successfully
Jul 18 06:03:09 devstack cinder-volume[87750]: DEBUG cinder.volume.manager [None req-7fa0cdd1-a525-4b7e-ad0c-4b0c6854e7a1 tempest-AttachVolumeTestJSON-231829717 None] Task 'cinder.volume.flows.manager.create_volume.CreateVolumeOnFinishTask;volume:create, create.end' (deb804c8-46ba-4dc3-a70e-5200cc2190d1) transitioned into state 'SUCCESS' from state 'RUNNING' with result 'None' {{(pid=87750) _task_receiver /opt/stack/data/venv/lib/python3.12/site-packages/taskflow/listeners/logging.py:218}}
Jul 18 06:03:09 devstack cinder-volume[87750]: DEBUG cinder.volume.manager [None req-7fa0cdd1-a525-4b7e-ad0c-4b0c6854e7a1 tempest-AttachVolumeTestJSON-231829717 None] Flow 'volume_create_manager' (ce58afcb-ac55-4bd4-bb4a-22411ed7cb4a) transitioned into state 'SUCCESS' from state 'RUNNING' {{(pid=87750) _flow_receiver /opt/stack/data/venv/lib/python3.12/site-packages/taskflow/listeners/logging.py:160}}
Jul 18 06:03:09 devstack cinder-volume[87750]: DEBUG oslo.privsep.daemon [-] privsep: reply[0515684b-ec91-43b7-93ae-2e3ff3ff18ba]: (4, 'qcow2') {{(pid=89203) _call_back /opt/stack/data/venv/lib/python3.12/site-packages/oslo_privsep/daemon.py:580}}
Jul 18 06:03:09 devstack cinder-volume[87750]: DEBUG oslo_concurrency.processutils [None req-47c4949f-3305-481c-b631-54a319e759ce tempest-VolumesSnapshotTestJSON-894130153 None] Running cmd (subprocess): /opt/stack/data/venv/bin/python3.12 -m oslo_concurrency.prlimit --as=1073741824 --cpu=60 -- sudo cinder-rootwrap /etc/cinder/rootwrap.conf env LC_ALL=C qemu-img info -f qcow2 --output=json --force-share /opt/stack/data/cinder/mnt/b1faef70df339aea71e9e946841b64a6/volume-b7fe3761-8dd4-449a-8f93-4048df668471 {{(pid=87750) execute /opt/stack/data/venv/lib/python3.12/site-packages/oslo_concurrency/processutils.py:440}}
Jul 18 06:03:09 devstack cinder-volume[87750]: INFO cinder.volume.manager [None req-7fa0cdd1-a525-4b7e-ad0c-4b0c6854e7a1 tempest-AttachVolumeTestJSON-231829717 None] Created volume successfully.
Jul 18 06:03:09 devstack sudo[95149]: quobyte : PWD=/ ; USER=root ; COMMAND=/opt/stack/data/venv/bin/cinder-rootwrap /etc/cinder/rootwrap.conf env LC_ALL=C qemu-img info -f qcow2 --output=json --force-share /opt/stack/data/cinder/mnt/b1faef70df339aea71e9e946841b64a6/volume-b7fe3761-8dd4-449a-8f93-4048df668471
Jul 18 06:03:09 devstack sudo[95149]: pam_unix(sudo:session): session opened for user root(uid=0) by (uid=1000)
Jul 18 06:03:10 devstack sudo[95149]: pam_unix(sudo:session): session closed for user root
Jul 18 06:03:10 devstack cinder-volume[87750]: DEBUG oslo_concurrency.processutils [None req-47c4949f-3305-481c-b631-54a319e759ce tempest-VolumesSnapshotTestJSON-894130153 None] CMD "/opt/stack/data/venv/bin/python3.12 -m oslo_concurrency.prlimit --as=1073741824 --cpu=60 -- sudo cinder-rootwrap /etc/cinder/rootwrap.conf env LC_ALL=C qemu-img info -f qcow2 --output=json --force-share /opt/stack/data/cinder/mnt/b1faef70df339aea71e9e946841b64a6/volume-b7fe3761-8dd4-449a-8f93-4048df668471" returned: 0 in 0.361s {{(pid=87750) execute /opt/stack/data/venv/lib/python3.12/site-packages/oslo_concurrency/processutils.py:468}}
Jul 18 06:03:10 devstack cinder-volume[87750]: DEBUG oslo_concurrency.processutils [None req-47c4949f-3305-481c-b631-54a319e759ce tempest-VolumesSnapshotTestJSON-894130153 None] Running cmd (subprocess): sudo cinder-rootwrap /etc/cinder/rootwrap.conf qemu-img create -f qcow2 -o backing_file=/opt/stack/data/cinder/mnt/b1faef70df339aea71e9e946841b64a6/volume-b7fe3761-8dd4-449a-8f93-4048df668471,backing_fmt=qcow2 /opt/stack/data/cinder/mnt/b1faef70df339aea71e9e946841b64a6/volume-b7fe3761-8dd4-449a-8f93-4048df668471.8f59750c-6b6a-4233-a373-86501e97a9ce 1G {{(pid=87750) execute /opt/stack/data/venv/lib/python3.12/site-packages/oslo_concurrency/processutils.py:440}}
Jul 18 06:03:10 devstack sudo[95154]: quobyte : PWD=/ ; USER=root ; COMMAND=/opt/stack/data/venv/bin/cinder-rootwrap /etc/cinder/rootwrap.conf qemu-img create -f qcow2 -o backing_file=/opt/stack/data/cinder/mnt/b1faef70df339aea71e9e946841b64a6/volume-b7fe3761-8dd4-449a-8f93-4048df668471,backing_fmt=qcow2 /opt/stack/data/cinder/mnt/b1faef70df339aea71e9e946841b64a6/volume-b7fe3761-8dd4-449a-8f93-4048df668471.8f59750c-6b6a-4233-a373-86501e97a9ce 1G
Jul 18 06:03:10 devstack sudo[95154]: pam_unix(sudo:session): session opened for user root(uid=0) by (uid=1000)
Jul 18 06:03:10 devstack sudo[95154]: pam_unix(sudo:session): session closed for user root
Jul 18 06:03:10 devstack cinder-volume[87750]: DEBUG oslo_concurrency.processutils [None req-47c4949f-3305-481c-b631-54a319e759ce tempest-VolumesSnapshotTestJSON-894130153 None] CMD "sudo cinder-rootwrap /etc/cinder/rootwrap.conf qemu-img create -f qcow2 -o backing_file=/opt/stack/data/cinder/mnt/b1faef70df339aea71e9e946841b64a6/volume-b7fe3761-8dd4-449a-8f93-4048df668471,backing_fmt=qcow2 /opt/stack/data/cinder/mnt/b1faef70df339aea71e9e946841b64a6/volume-b7fe3761-8dd4-449a-8f93-4048df668471.8f59750c-6b6a-4233-a373-86501e97a9ce 1G" returned: 0 in 0.464s {{(pid=87750) execute /opt/stack/data/venv/lib/python3.12/site-packages/oslo_concurrency/processutils.py:468}}
Jul 18 06:03:10 devstack cinder-volume[87750]: DEBUG oslo_concurrency.processutils [None req-47c4949f-3305-481c-b631-54a319e759ce tempest-VolumesSnapshotTestJSON-894130153 None] Running cmd (subprocess): sudo cinder-rootwrap /etc/cinder/rootwrap.conf qemu-img rebase -u -b volume-b7fe3761-8dd4-449a-8f93-4048df668471 -F qcow2 /opt/stack/data/cinder/mnt/b1faef70df339aea71e9e946841b64a6/volume-b7fe3761-8dd4-449a-8f93-4048df668471.8f59750c-6b6a-4233-a373-86501e97a9ce {{(pid=87750) execute /opt/stack/data/venv/lib/python3.12/site-packages/oslo_concurrency/processutils.py:440}}
Jul 18 06:03:10 devstack sudo[95162]: quobyte : PWD=/ ; USER=root ; COMMAND=/opt/stack/data/venv/bin/cinder-rootwrap /etc/cinder/rootwrap.conf qemu-img rebase -u -b volume-b7fe3761-8dd4-449a-8f93-4048df668471 -F qcow2 /opt/stack/data/cinder/mnt/b1faef70df339aea71e9e946841b64a6/volume-b7fe3761-8dd4-449a-8f93-4048df668471.8f59750c-6b6a-4233-a373-86501e97a9ce
Jul 18 06:03:10 devstack sudo[95162]: pam_unix(sudo:session): session opened for user root(uid=0) by (uid=1000)
Jul 18 06:03:11 devstack sudo[95162]: pam_unix(sudo:session): session closed for user root
Jul 18 06:03:11 devstack cinder-volume[87750]: DEBUG oslo_concurrency.processutils [None req-47c4949f-3305-481c-b631-54a319e759ce tempest-VolumesSnapshotTestJSON-894130153 None] CMD "sudo cinder-rootwrap /etc/cinder/rootwrap.conf qemu-img rebase -u -b volume-b7fe3761-8dd4-449a-8f93-4048df668471 -F qcow2 /opt/stack/data/cinder/mnt/b1faef70df339aea71e9e946841b64a6/volume-b7fe3761-8dd4-449a-8f93-4048df668471.8f59750c-6b6a-4233-a373-86501e97a9ce" returned: 0 in 0.378s {{(pid=87750) execute /opt/stack/data/venv/lib/python3.12/site-packages/oslo_concurrency/processutils.py:468}}
Jul 18 06:03:11 devstack cinder-volume[87750]: WARNING cinder.volume.drivers.remotefs [None req-47c4949f-3305-481c-b631-54a319e759ce tempest-VolumesSnapshotTestJSON-894130153 None] /opt/stack/data/cinder/mnt/b1faef70df339aea71e9e946841b64a6/volume-b7fe3761-8dd4-449a-8f93-4048df668471.8f59750c-6b6a-4233-a373-86501e97a9ce is being set with open permissions: ugo+rw
Jul 18 06:03:11 devstack cinder-volume[87750]: DEBUG oslo_concurrency.processutils [None req-47c4949f-3305-481c-b631-54a319e759ce tempest-VolumesSnapshotTestJSON-894130153 None] Running cmd (subprocess): sudo cinder-rootwrap /etc/cinder/rootwrap.conf chmod ugo+rw /opt/stack/data/cinder/mnt/b1faef70df339aea71e9e946841b64a6/volume-b7fe3761-8dd4-449a-8f93-4048df668471.8f59750c-6b6a-4233-a373-86501e97a9ce {{(pid=87750) execute /opt/stack/data/venv/lib/python3.12/site-packages/oslo_concurrency/processutils.py:440}}
Jul 18 06:03:11 devstack sudo[95172]: quobyte : PWD=/ ; USER=root ; COMMAND=/opt/stack/data/venv/bin/cinder-rootwrap /etc/cinder/rootwrap.conf chmod ugo+rw /opt/stack/data/cinder/mnt/b1faef70df339aea71e9e946841b64a6/volume-b7fe3761-8dd4-449a-8f93-4048df668471.8f59750c-6b6a-4233-a373-86501e97a9ce
Jul 18 06:03:11 devstack sudo[95172]: pam_unix(sudo:session): session opened for user root(uid=0) by (uid=1000)
Jul 18 06:03:11 devstack sudo[95172]: pam_unix(sudo:session): session closed for user root
Jul 18 06:03:11 devstack cinder-volume[87750]: DEBUG oslo_concurrency.processutils [None req-47c4949f-3305-481c-b631-54a319e759ce tempest-VolumesSnapshotTestJSON-894130153 None] CMD "sudo cinder-rootwrap /etc/cinder/rootwrap.conf chmod ugo+rw /opt/stack/data/cinder/mnt/b1faef70df339aea71e9e946841b64a6/volume-b7fe3761-8dd4-449a-8f93-4048df668471.8f59750c-6b6a-4233-a373-86501e97a9ce" returned: 0 in 0.302s {{(pid=87750) execute /opt/stack/data/venv/lib/python3.12/site-packages/oslo_concurrency/processutils.py:468}}
Jul 18 06:03:11 devstack cinder-volume[87750]: DEBUG oslo_concurrency.processutils [None req-47c4949f-3305-481c-b631-54a319e759ce tempest-VolumesSnapshotTestJSON-894130153 None] Running cmd (subprocess): sudo cinder-rootwrap /etc/cinder/rootwrap.conf truncate -s0 /opt/stack/data/cinder/mnt/b1faef70df339aea71e9e946841b64a6/volume-b7fe3761-8dd4-449a-8f93-4048df668471.info {{(pid=87750) execute /opt/stack/data/venv/lib/python3.12/site-packages/oslo_concurrency/processutils.py:440}}
Jul 18 06:03:11 devstack sudo[95184]: quobyte : PWD=/ ; USER=root ; COMMAND=/opt/stack/data/venv/bin/cinder-rootwrap /etc/cinder/rootwrap.conf truncate -s0 /opt/stack/data/cinder/mnt/b1faef70df339aea71e9e946841b64a6/volume-b7fe3761-8dd4-449a-8f93-4048df668471.info
Jul 18 06:03:11 devstack sudo[95184]: pam_unix(sudo:session): session opened for user root(uid=0) by (uid=1000)
Jul 18 06:03:11 devstack cinder-volume[87750]: DEBUG oslo_concurrency.lockutils [req-fda52c95-37b0-4c03-bdf0-ca013a69e75c req-c9dbc13e-5c17-4f36-b733-052796d4389b tempest-AttachVolumeTestJSON-231829717 None] Acquiring lock "quobyte" by "cinder.volume.drivers.quobyte.QuobyteDriver.initialize_connection" {{(pid=87750) inner /opt/stack/data/venv/lib/python3.12/site-packages/oslo_concurrency/lockutils.py:512}}
Jul 18 06:03:11 devstack sudo[95184]: pam_unix(sudo:session): session closed for user root
Jul 18 06:03:11 devstack cinder-volume[87750]: DEBUG oslo_concurrency.processutils [None req-47c4949f-3305-481c-b631-54a319e759ce tempest-VolumesSnapshotTestJSON-894130153 None] CMD "sudo cinder-rootwrap /etc/cinder/rootwrap.conf truncate -s0 /opt/stack/data/cinder/mnt/b1faef70df339aea71e9e946841b64a6/volume-b7fe3761-8dd4-449a-8f93-4048df668471.info" returned: 0 in 0.260s {{(pid=87750) execute /opt/stack/data/venv/lib/python3.12/site-packages/oslo_concurrency/processutils.py:468}}
Jul 18 06:03:11 devstack cinder-volume[87750]: WARNING cinder.volume.drivers.remotefs [None req-47c4949f-3305-481c-b631-54a319e759ce tempest-VolumesSnapshotTestJSON-894130153 None] /opt/stack/data/cinder/mnt/b1faef70df339aea71e9e946841b64a6/volume-b7fe3761-8dd4-449a-8f93-4048df668471.info is being set with open permissions: ugo+rw
Jul 18 06:03:11 devstack cinder-volume[87750]: DEBUG oslo_concurrency.processutils [None req-47c4949f-3305-481c-b631-54a319e759ce tempest-VolumesSnapshotTestJSON-894130153 None] Running cmd (subprocess): sudo cinder-rootwrap /etc/cinder/rootwrap.conf chmod ugo+rw /opt/stack/data/cinder/mnt/b1faef70df339aea71e9e946841b64a6/volume-b7fe3761-8dd4-449a-8f93-4048df668471.info {{(pid=87750) execute /opt/stack/data/venv/lib/python3.12/site-packages/oslo_concurrency/processutils.py:440}}
Jul 18 06:03:11 devstack sudo[95187]: quobyte : PWD=/ ; USER=root ; COMMAND=/opt/stack/data/venv/bin/cinder-rootwrap /etc/cinder/rootwrap.conf chmod ugo+rw /opt/stack/data/cinder/mnt/b1faef70df339aea71e9e946841b64a6/volume-b7fe3761-8dd4-449a-8f93-4048df668471.info
Jul 18 06:03:11 devstack sudo[95187]: pam_unix(sudo:session): session opened for user root(uid=0) by (uid=1000)
Jul 18 06:03:11 devstack sudo[95187]: pam_unix(sudo:session): session closed for user root
Jul 18 06:03:11 devstack cinder-volume[87750]: DEBUG oslo_concurrency.processutils [None req-47c4949f-3305-481c-b631-54a319e759ce tempest-VolumesSnapshotTestJSON-894130153 None] CMD "sudo cinder-rootwrap /etc/cinder/rootwrap.conf chmod ugo+rw /opt/stack/data/cinder/mnt/b1faef70df339aea71e9e946841b64a6/volume-b7fe3761-8dd4-449a-8f93-4048df668471.info" returned: 0 in 0.254s {{(pid=87750) execute /opt/stack/data/venv/lib/python3.12/site-packages/oslo_concurrency/processutils.py:468}}
Jul 18 06:03:11 devstack cinder-volume[87750]: DEBUG oslo_concurrency.lockutils [None req-47c4949f-3305-481c-b631-54a319e759ce tempest-VolumesSnapshotTestJSON-894130153 None] Lock "quobyte" "released" by "cinder.volume.drivers.quobyte.QuobyteDriver.create_snapshot" :: held 2.138s {{(pid=87750) inner /opt/stack/data/venv/lib/python3.12/site-packages/oslo_concurrency/lockutils.py:544}}
Jul 18 06:03:11 devstack cinder-volume[87750]: DEBUG oslo_concurrency.lockutils [None req-2447be27-7e6f-4372-80d0-bbade49c39c2 tempest-GroupSnapshotsTest-473363618 None] Lock "quobyte" acquired by "cinder.volume.drivers.quobyte.QuobyteDriver.create_snapshot" :: waited 3.111s {{(pid=87750) inner /opt/stack/data/venv/lib/python3.12/site-packages/oslo_concurrency/lockutils.py:525}}
Jul 18 06:03:11 devstack cinder-volume[87750]: DEBUG cinder.volume.drivers.remotefs [None req-2447be27-7e6f-4372-80d0-bbade49c39c2 tempest-GroupSnapshotsTest-473363618 None] Creating offline snapshot d1bca2f1-8fc0-4398-8012-d4ddbff9410d of volume dfc82358-0afe-4b91-9e74-7fa6ac1c66de {{(pid=87750) _create_snapshot /opt/stack/cinder/cinder/volume/drivers/remotefs.py:1816}}
Jul 18 06:03:11 devstack cinder-volume[87750]: DEBUG oslo.privsep.daemon [-] privsep: reply[1ec9276e-be94-4f46-90e2-3ab836b43f68]: (4, 'qcow2') {{(pid=89203) _call_back /opt/stack/data/venv/lib/python3.12/site-packages/oslo_privsep/daemon.py:580}}
Jul 18 06:03:11 devstack cinder-volume[87750]: DEBUG oslo_concurrency.processutils [None req-2447be27-7e6f-4372-80d0-bbade49c39c2 tempest-GroupSnapshotsTest-473363618 None] Running cmd (subprocess): /opt/stack/data/venv/bin/python3.12 -m oslo_concurrency.prlimit --as=1073741824 --cpu=60 -- sudo cinder-rootwrap /etc/cinder/rootwrap.conf env LC_ALL=C qemu-img info -f qcow2 --output=json --force-share /opt/stack/data/cinder/mnt/b1faef70df339aea71e9e946841b64a6/volume-dfc82358-0afe-4b91-9e74-7fa6ac1c66de {{(pid=87750) execute /opt/stack/data/venv/lib/python3.12/site-packages/oslo_concurrency/processutils.py:440}}
Jul 18 06:03:12 devstack cinder-volume[87750]: INFO cinder.volume.manager [None req-47c4949f-3305-481c-b631-54a319e759ce tempest-VolumesSnapshotTestJSON-894130153 None] Create snapshot completed successfully
Jul 18 06:03:12 devstack sudo[95190]: quobyte : PWD=/ ; USER=root ; COMMAND=/opt/stack/data/venv/bin/cinder-rootwrap /etc/cinder/rootwrap.conf env LC_ALL=C qemu-img info -f qcow2 --output=json --force-share /opt/stack/data/cinder/mnt/b1faef70df339aea71e9e946841b64a6/volume-dfc82358-0afe-4b91-9e74-7fa6ac1c66de
Jul 18 06:03:12 devstack sudo[95190]: pam_unix(sudo:session): session opened for user root(uid=0) by (uid=1000)
Jul 18 06:03:12 devstack sudo[95190]: pam_unix(sudo:session): session closed for user root
Jul 18 06:03:12 devstack cinder-volume[87750]: DEBUG oslo_concurrency.processutils [None req-2447be27-7e6f-4372-80d0-bbade49c39c2 tempest-GroupSnapshotsTest-473363618 None] CMD "/opt/stack/data/venv/bin/python3.12 -m oslo_concurrency.prlimit --as=1073741824 --cpu=60 -- sudo cinder-rootwrap /etc/cinder/rootwrap.conf env LC_ALL=C qemu-img info -f qcow2 --output=json --force-share /opt/stack/data/cinder/mnt/b1faef70df339aea71e9e946841b64a6/volume-dfc82358-0afe-4b91-9e74-7fa6ac1c66de" returned: 0 in 0.393s {{(pid=87750) execute /opt/stack/data/venv/lib/python3.12/site-packages/oslo_concurrency/processutils.py:468}}
Jul 18 06:03:12 devstack cinder-volume[87750]: DEBUG oslo_concurrency.processutils [None req-2447be27-7e6f-4372-80d0-bbade49c39c2 tempest-GroupSnapshotsTest-473363618 None] Running cmd (subprocess): sudo cinder-rootwrap /etc/cinder/rootwrap.conf qemu-img create -f qcow2 -o backing_file=/opt/stack/data/cinder/mnt/b1faef70df339aea71e9e946841b64a6/volume-dfc82358-0afe-4b91-9e74-7fa6ac1c66de,backing_fmt=qcow2 /opt/stack/data/cinder/mnt/b1faef70df339aea71e9e946841b64a6/volume-dfc82358-0afe-4b91-9e74-7fa6ac1c66de.d1bca2f1-8fc0-4398-8012-d4ddbff9410d 1G {{(pid=87750) execute /opt/stack/data/venv/lib/python3.12/site-packages/oslo_concurrency/processutils.py:440}}
Jul 18 06:03:12 devstack sudo[95195]: quobyte : PWD=/ ; USER=root ; COMMAND=/opt/stack/data/venv/bin/cinder-rootwrap /etc/cinder/rootwrap.conf qemu-img create -f qcow2 -o backing_file=/opt/stack/data/cinder/mnt/b1faef70df339aea71e9e946841b64a6/volume-dfc82358-0afe-4b91-9e74-7fa6ac1c66de,backing_fmt=qcow2 /opt/stack/data/cinder/mnt/b1faef70df339aea71e9e946841b64a6/volume-dfc82358-0afe-4b91-9e74-7fa6ac1c66de.d1bca2f1-8fc0-4398-8012-d4ddbff9410d 1G
Jul 18 06:03:12 devstack sudo[95195]: pam_unix(sudo:session): session opened for user root(uid=0) by (uid=1000)
Jul 18 06:03:12 devstack sudo[95195]: pam_unix(sudo:session): session closed for user root
Jul 18 06:03:12 devstack cinder-volume[87750]: DEBUG oslo_concurrency.processutils [None req-2447be27-7e6f-4372-80d0-bbade49c39c2 tempest-GroupSnapshotsTest-473363618 None] CMD "sudo cinder-rootwrap /etc/cinder/rootwrap.conf qemu-img create -f qcow2 -o backing_file=/opt/stack/data/cinder/mnt/b1faef70df339aea71e9e946841b64a6/volume-dfc82358-0afe-4b91-9e74-7fa6ac1c66de,backing_fmt=qcow2 /opt/stack/data/cinder/mnt/b1faef70df339aea71e9e946841b64a6/volume-dfc82358-0afe-4b91-9e74-7fa6ac1c66de.d1bca2f1-8fc0-4398-8012-d4ddbff9410d 1G" returned: 0 in 0.433s {{(pid=87750) execute /opt/stack/data/venv/lib/python3.12/site-packages/oslo_concurrency/processutils.py:468}}
Jul 18 06:03:12 devstack cinder-volume[87750]: DEBUG oslo_concurrency.processutils [None req-2447be27-7e6f-4372-80d0-bbade49c39c2 tempest-GroupSnapshotsTest-473363618 None] Running cmd (subprocess): sudo cinder-rootwrap /etc/cinder/rootwrap.conf qemu-img rebase -u -b volume-dfc82358-0afe-4b91-9e74-7fa6ac1c66de -F qcow2 /opt/stack/data/cinder/mnt/b1faef70df339aea71e9e946841b64a6/volume-dfc82358-0afe-4b91-9e74-7fa6ac1c66de.d1bca2f1-8fc0-4398-8012-d4ddbff9410d {{(pid=87750) execute /opt/stack/data/venv/lib/python3.12/site-packages/oslo_concurrency/processutils.py:440}}
Jul 18 06:03:12 devstack sudo[95200]: quobyte : PWD=/ ; USER=root ; COMMAND=/opt/stack/data/venv/bin/cinder-rootwrap /etc/cinder/rootwrap.conf qemu-img rebase -u -b volume-dfc82358-0afe-4b91-9e74-7fa6ac1c66de -F qcow2 /opt/stack/data/cinder/mnt/b1faef70df339aea71e9e946841b64a6/volume-dfc82358-0afe-4b91-9e74-7fa6ac1c66de.d1bca2f1-8fc0-4398-8012-d4ddbff9410d
Jul 18 06:03:12 devstack sudo[95200]: pam_unix(sudo:session): session opened for user root(uid=0) by (uid=1000)
Jul 18 06:03:13 devstack sudo[95200]: pam_unix(sudo:session): session closed for user root
Jul 18 06:03:13 devstack cinder-volume[87750]: DEBUG oslo_concurrency.processutils [None req-2447be27-7e6f-4372-80d0-bbade49c39c2 tempest-GroupSnapshotsTest-473363618 None] CMD "sudo cinder-rootwrap /etc/cinder/rootwrap.conf qemu-img rebase -u -b volume-dfc82358-0afe-4b91-9e74-7fa6ac1c66de -F qcow2 /opt/stack/data/cinder/mnt/b1faef70df339aea71e9e946841b64a6/volume-dfc82358-0afe-4b91-9e74-7fa6ac1c66de.d1bca2f1-8fc0-4398-8012-d4ddbff9410d" returned: 0 in 0.360s {{(pid=87750) execute /opt/stack/data/venv/lib/python3.12/site-packages/oslo_concurrency/processutils.py:468}}
Jul 18 06:03:13 devstack cinder-volume[87750]: WARNING cinder.volume.drivers.remotefs [None req-2447be27-7e6f-4372-80d0-bbade49c39c2 tempest-GroupSnapshotsTest-473363618 None] /opt/stack/data/cinder/mnt/b1faef70df339aea71e9e946841b64a6/volume-dfc82358-0afe-4b91-9e74-7fa6ac1c66de.d1bca2f1-8fc0-4398-8012-d4ddbff9410d is being set with open permissions: ugo+rw: NotImplementedError
Jul 18 06:03:13 devstack cinder-volume[87750]: DEBUG oslo_concurrency.processutils [None req-2447be27-7e6f-4372-80d0-bbade49c39c2 tempest-GroupSnapshotsTest-473363618 None] Running cmd (subprocess): sudo cinder-rootwrap /etc/cinder/rootwrap.conf chmod ugo+rw /opt/stack/data/cinder/mnt/b1faef70df339aea71e9e946841b64a6/volume-dfc82358-0afe-4b91-9e74-7fa6ac1c66de.d1bca2f1-8fc0-4398-8012-d4ddbff9410d {{(pid=87750) execute /opt/stack/data/venv/lib/python3.12/site-packages/oslo_concurrency/processutils.py:440}}
Jul 18 06:03:13 devstack sudo[95209]: quobyte : PWD=/ ; USER=root ; COMMAND=/opt/stack/data/venv/bin/cinder-rootwrap /etc/cinder/rootwrap.conf chmod ugo+rw /opt/stack/data/cinder/mnt/b1faef70df339aea71e9e946841b64a6/volume-dfc82358-0afe-4b91-9e74-7fa6ac1c66de.d1bca2f1-8fc0-4398-8012-d4ddbff9410d
Jul 18 06:03:13 devstack sudo[95209]: pam_unix(sudo:session): session opened for user root(uid=0) by (uid=1000)
Jul 18 06:03:13 devstack sudo[95209]: pam_unix(sudo:session): session closed for user root
Jul 18 06:03:13 devstack cinder-volume[87750]: DEBUG oslo_concurrency.processutils [None req-2447be27-7e6f-4372-80d0-bbade49c39c2 tempest-GroupSnapshotsTest-473363618 None] CMD "sudo cinder-rootwrap /etc/cinder/rootwrap.conf chmod ugo+rw /opt/stack/data/cinder/mnt/b1faef70df339aea71e9e946841b64a6/volume-dfc82358-0afe-4b91-9e74-7fa6ac1c66de.d1bca2f1-8fc0-4398-8012-d4ddbff9410d" returned: 0 in 0.293s {{(pid=87750) execute /opt/stack/data/venv/lib/python3.12/site-packages/oslo_concurrency/processutils.py:468}}
Jul 18 06:03:13 devstack cinder-volume[87750]: DEBUG oslo_concurrency.processutils [None req-2447be27-7e6f-4372-80d0-bbade49c39c2 tempest-GroupSnapshotsTest-473363618 None] Running cmd (subprocess): sudo cinder-rootwrap /etc/cinder/rootwrap.conf truncate -s0 /opt/stack/data/cinder/mnt/b1faef70df339aea71e9e946841b64a6/volume-dfc82358-0afe-4b91-9e74-7fa6ac1c66de.info {{(pid=87750) execute /opt/stack/data/venv/lib/python3.12/site-packages/oslo_concurrency/processutils.py:440}}
Jul 18 06:03:13 devstack sudo[95212]: quobyte : PWD=/ ; USER=root ; COMMAND=/opt/stack/data/venv/bin/cinder-rootwrap /etc/cinder/rootwrap.conf truncate -s0 /opt/stack/data/cinder/mnt/b1faef70df339aea71e9e946841b64a6/volume-dfc82358-0afe-4b91-9e74-7fa6ac1c66de.info
Jul 18 06:03:13 devstack sudo[95212]: pam_unix(sudo:session): session opened for user root(uid=0) by (uid=1000)
Jul 18 06:03:13 devstack cinder-volume[87750]: DEBUG cinder.volume.flows.manager.create_volume [None req-86e3c9d3-e53a-4c05-a6da-03e44fd75347 tempest-VolumesSnapshotTestJSON-894130153 None] Volume reschedule parameters: True retry: {'num_attempts': 1, 'backends': ['devstack@QuobyteHD#QuobyteHD'], 'hosts': ['devstack@QuobyteHD#QuobyteHD']} {{(pid=87750) get_flow /opt/stack/cinder/cinder/volume/flows/manager/create_volume.py:1397}}
Jul 18 06:03:13 devstack cinder-volume[87750]: DEBUG cinder.volume.manager [None req-86e3c9d3-e53a-4c05-a6da-03e44fd75347 tempest-VolumesSnapshotTestJSON-894130153 None] Flow 'volume_create_manager' (2dc582b6-5daa-4b58-a75b-dd0d24913310) transitioned into state 'RUNNING' from state 'PENDING' {{(pid=87750) _flow_receiver /opt/stack/data/venv/lib/python3.12/site-packages/taskflow/listeners/logging.py:160}}
Jul 18 06:03:13 devstack cinder-volume[87750]: DEBUG cinder.volume.manager [None req-86e3c9d3-e53a-4c05-a6da-03e44fd75347 tempest-VolumesSnapshotTestJSON-894130153 None] Task 'cinder.volume.flows.manager.create_volume.ExtractVolumeRefTask;volume:create' (87bd0448-13cb-4c68-8623-48fc832fa877) transitioned into state 'RUNNING' from state 'PENDING' {{(pid=87750) _task_receiver /opt/stack/data/venv/lib/python3.12/site-packages/taskflow/listeners/logging.py:242}}
