Jul 18 06:02:54 devstack cinder-volume[87750]: DEBUG oslo_concurrency.processutils [None req-4258a6ed-a28f-40dc-a40e-97a01e12f80d tempest-GroupSnapshotsTest-473363618 None] Running cmd (subprocess): sudo cinder-rootwrap /etc/cinder/rootwrap.conf chmod ugo+rw /opt/stack/data/cinder/mnt/b1faef70df339aea71e9e946841b64a6/volume-adfb5196-7029-44ba-97c1-b60395b605a7.8dd314ad-8260-4ff8-ba70-de5cafb06160 {{(pid=87750) execute /opt/stack/data/venv/lib/python3.12/site-packages/oslo_concurrency/processutils.py:440}}
Jul 18 06:02:54 devstack sudo[94548]: quobyte : PWD=/ ; USER=root ; COMMAND=/opt/stack/data/venv/bin/cinder-rootwrap /etc/cinder/rootwrap.conf chmod ugo+rw /opt/stack/data/cinder/mnt/b1faef70df339aea71e9e946841b64a6/volume-adfb5196-7029-44ba-97c1-b60395b605a7.8dd314ad-8260-4ff8-ba70-de5cafb06160
Jul 18 06:02:54 devstack sudo[94548]: pam_unix(sudo:session): session opened for user root(uid=0) by (uid=1000)
Jul 18 06:02:55 devstack sudo[94548]: pam_unix(sudo:session): session closed for user root
Jul 18 06:02:55 devstack cinder-volume[87750]: DEBUG oslo_concurrency.processutils [None req-4258a6ed-a28f-40dc-a40e-97a01e12f80d tempest-GroupSnapshotsTest-473363618 None] CMD "sudo cinder-rootwrap /etc/cinder/rootwrap.conf chmod ugo+rw /opt/stack/data/cinder/mnt/b1faef70df339aea71e9e946841b64a6/volume-adfb5196-7029-44ba-97c1-b60395b605a7.8dd314ad-8260-4ff8-ba70-de5cafb06160" returned: 0 in 0.365s {{(pid=87750) execute /opt/stack/data/venv/lib/python3.12/site-packages/oslo_concurrency/processutils.py:468}}
Jul 18 06:02:55 devstack cinder-volume[87750]: DEBUG oslo_concurrency.processutils [None req-4258a6ed-a28f-40dc-a40e-97a01e12f80d tempest-GroupSnapshotsTest-473363618 None] Running cmd (subprocess): sudo cinder-rootwrap /etc/cinder/rootwrap.conf truncate -s0 /opt/stack/data/cinder/mnt/b1faef70df339aea71e9e946841b64a6/volume-adfb5196-7029-44ba-97c1-b60395b605a7.info {{(pid=87750) execute /opt/stack/data/venv/lib/python3.12/site-packages/oslo_concurrency/processutils.py:440}}
Jul 18 06:02:55 devstack sudo[94551]: quobyte : PWD=/ ; USER=root ; COMMAND=/opt/stack/data/venv/bin/cinder-rootwrap /etc/cinder/rootwrap.conf truncate -s0 /opt/stack/data/cinder/mnt/b1faef70df339aea71e9e946841b64a6/volume-adfb5196-7029-44ba-97c1-b60395b605a7.info
Jul 18 06:02:55 devstack sudo[94551]: pam_unix(sudo:session): session opened for user root(uid=0) by (uid=1000)
Jul 18 06:02:55 devstack sudo[94551]: pam_unix(sudo:session): session closed for user root
Jul 18 06:02:55 devstack cinder-volume[87750]: DEBUG oslo_concurrency.processutils [None req-4258a6ed-a28f-40dc-a40e-97a01e12f80d tempest-GroupSnapshotsTest-473363618 None] CMD "sudo cinder-rootwrap /etc/cinder/rootwrap.conf truncate -s0 /opt/stack/data/cinder/mnt/b1faef70df339aea71e9e946841b64a6/volume-adfb5196-7029-44ba-97c1-b60395b605a7.info" returned: 0 in 0.314s {{(pid=87750) execute /opt/stack/data/venv/lib/python3.12/site-packages/oslo_concurrency/processutils.py:468}}
Jul 18 06:02:55 devstack cinder-volume[87750]: WARNING cinder.volume.drivers.remotefs [None req-4258a6ed-a28f-40dc-a40e-97a01e12f80d tempest-GroupSnapshotsTest-473363618 None] /opt/stack/data/cinder/mnt/b1faef70df339aea71e9e946841b64a6/volume-adfb5196-7029-44ba-97c1-b60395b605a7.info is being set with open permissions: ugo+rw: NotImplementedError
Jul 18 06:02:55 devstack cinder-volume[87750]: DEBUG oslo_concurrency.processutils [None req-4258a6ed-a28f-40dc-a40e-97a01e12f80d tempest-GroupSnapshotsTest-473363618 None] Running cmd (subprocess): sudo cinder-rootwrap /etc/cinder/rootwrap.conf chmod ugo+rw /opt/stack/data/cinder/mnt/b1faef70df339aea71e9e946841b64a6/volume-adfb5196-7029-44ba-97c1-b60395b605a7.info {{(pid=87750) execute /opt/stack/data/venv/lib/python3.12/site-packages/oslo_concurrency/processutils.py:440}}
Jul 18 06:02:55 devstack sudo[94554]: quobyte : PWD=/ ; USER=root ; COMMAND=/opt/stack/data/venv/bin/cinder-rootwrap /etc/cinder/rootwrap.conf chmod ugo+rw /opt/stack/data/cinder/mnt/b1faef70df339aea71e9e946841b64a6/volume-adfb5196-7029-44ba-97c1-b60395b605a7.info
Jul 18 06:02:55 devstack sudo[94554]: pam_unix(sudo:session): session opened for user root(uid=0) by (uid=1000)
Jul 18 06:02:55 devstack cinder-volume[87750]: DEBUG cinder.volume.flows.manager.create_volume [None req-7232de84-7339-4434-9c93-9e311ccaee37 tempest-VolumesSnapshotTestJSON-894130153 None] Volume reschedule parameters: True retry: {'num_attempts': 1, 'backends': ['devstack@QuobyteHD#QuobyteHD'], 'hosts': ['devstack@QuobyteHD#QuobyteHD']} {{(pid=87750) get_flow /opt/stack/cinder/cinder/volume/flows/manager/create_volume.py:1397}}
Jul 18 06:02:55 devstack sudo[94554]: pam_unix(sudo:session): session closed for user root
Jul 18 06:02:55 devstack cinder-volume[87750]: DEBUG cinder.volume.manager [None req-7232de84-7339-4434-9c93-9e311ccaee37 tempest-VolumesSnapshotTestJSON-894130153 None] Flow 'volume_create_manager' (0eeb8f26-0e93-447b-bbcf-42b13dc55bbb) transitioned into state 'RUNNING' from state 'PENDING' {{(pid=87750) _flow_receiver /opt/stack/data/venv/lib/python3.12/site-packages/taskflow/listeners/logging.py:160}}
Jul 18 06:02:55 devstack cinder-volume[87750]: DEBUG cinder.volume.manager [None req-7232de84-7339-4434-9c93-9e311ccaee37 tempest-VolumesSnapshotTestJSON-894130153 None] Task 'cinder.volume.flows.manager.create_volume.ExtractVolumeRefTask;volume:create' (d0a2c934-0cf3-4e54-9538-252adc23be28) transitioned into state 'RUNNING' from state 'PENDING' {{(pid=87750) _task_receiver /opt/stack/data/venv/lib/python3.12/site-packages/taskflow/listeners/logging.py:242}}
Jul 18 06:02:55 devstack cinder-volume[87750]: DEBUG oslo_concurrency.processutils [None req-4258a6ed-a28f-40dc-a40e-97a01e12f80d tempest-GroupSnapshotsTest-473363618 None] CMD "sudo cinder-rootwrap /etc/cinder/rootwrap.conf chmod ugo+rw /opt/stack/data/cinder/mnt/b1faef70df339aea71e9e946841b64a6/volume-adfb5196-7029-44ba-97c1-b60395b605a7.info" returned: 0 in 0.358s {{(pid=87750) execute /opt/stack/data/venv/lib/python3.12/site-packages/oslo_concurrency/processutils.py:468}}
Jul 18 06:02:55 devstack cinder-volume[87750]: DEBUG oslo_concurrency.lockutils [None req-4258a6ed-a28f-40dc-a40e-97a01e12f80d tempest-GroupSnapshotsTest-473363618 None] Lock "quobyte" "released" by "cinder.volume.drivers.quobyte.QuobyteDriver.create_snapshot" :: held 2.859s {{(pid=87750) inner /opt/stack/data/venv/lib/python3.12/site-packages/oslo_concurrency/lockutils.py:544}}
Jul 18 06:02:55 devstack cinder-volume[87750]: DEBUG oslo_concurrency.lockutils [None req-4258a6ed-a28f-40dc-a40e-97a01e12f80d tempest-GroupSnapshotsTest-473363618 None] Acquiring lock "quobyte" by "cinder.volume.drivers.quobyte.QuobyteDriver.create_snapshot" {{(pid=87750) inner /opt/stack/data/venv/lib/python3.12/site-packages/oslo_concurrency/lockutils.py:512}}
Jul 18 06:02:55 devstack cinder-volume[87750]: DEBUG oslo_concurrency.lockutils [None req-4258a6ed-a28f-40dc-a40e-97a01e12f80d tempest-GroupSnapshotsTest-473363618 None] Lock "quobyte" acquired by "cinder.volume.drivers.quobyte.QuobyteDriver.create_snapshot" :: waited 0.000s {{(pid=87750) inner /opt/stack/data/venv/lib/python3.12/site-packages/oslo_concurrency/lockutils.py:525}}
Jul 18 06:02:55 devstack cinder-volume[87750]: DEBUG cinder.volume.manager [None req-7232de84-7339-4434-9c93-9e311ccaee37 tempest-VolumesSnapshotTestJSON-894130153 None] Task 'cinder.volume.flows.manager.create_volume.ExtractVolumeRefTask;volume:create' (d0a2c934-0cf3-4e54-9538-252adc23be28) transitioned into state 'SUCCESS' from state 'RUNNING' with result 'Volume(_name_id=None,admin_metadata=,attach_status='detached',availability_zone='nova',bootable=False,cluster=,cluster_name=None,consistencygroup=,consistencygroup_id=None,created_at=2026-07-18T04:02:55Z,deleted=False,deleted_at=None,display_description=None,display_name='tempest-VolumesSnapshotTestJSON-Volume-714666626',ec2_id=None,encryption_key_id=None,glance_metadata=,group=,group_id=None,host='devstack@QuobyteHD#QuobyteHD',id=003813d4-dabb-4133-92f3-f821ae406b03,launched_at=None,metadata={},migration_status=None,multiattach=False,previous_status=None,project_id='91acdb7963874c87a0a062c81397b32b',provider_auth=None,provider_geometry=None,provider_id=None,provider_location=None,replication_driver_data=None,replication_extended_status=None,replication_status=None,scheduled_at=2026-07-18T04:02:56Z,service_uuid=None,shared_targets=True,size=1,snapshot_id=None,snapshots=,source_volid=None,status='creating',terminated_at=None,updated_at=2026-07-18T04:02:56Z,use_quota=True,user_id='95ca91576b6a44af89312044e561dfde',volume_attachment=VolumeAttachmentList,volume_type=VolumeType(d49e67b0-b58e-4446-9ff9-4806130ee8c6),volume_type_id=d49e67b0-b58e-4446-9ff9-4806130ee8c6)' {{(pid=87750) _task_receiver /opt/stack/data/venv/lib/python3.12/site-packages/taskflow/listeners/logging.py:218}}
Jul 18 06:02:55 devstack cinder-volume[87750]: DEBUG cinder.volume.manager [None req-7232de84-7339-4434-9c93-9e311ccaee37 tempest-VolumesSnapshotTestJSON-894130153 None] Task 'cinder.volume.flows.manager.create_volume.OnFailureRescheduleTask;volume:create' (893daa5e-2aea-4e5c-befe-88ec34cba6ab) transitioned into state 'RUNNING' from state 'PENDING' {{(pid=87750) _task_receiver /opt/stack/data/venv/lib/python3.12/site-packages/taskflow/listeners/logging.py:242}}
Jul 18 06:02:55 devstack cinder-volume[87750]: DEBUG cinder.volume.manager [None req-7232de84-7339-4434-9c93-9e311ccaee37 tempest-VolumesSnapshotTestJSON-894130153 None] Task 'cinder.volume.flows.manager.create_volume.OnFailureRescheduleTask;volume:create' (893daa5e-2aea-4e5c-befe-88ec34cba6ab) transitioned into state 'SUCCESS' from state 'RUNNING' with result 'None' {{(pid=87750) _task_receiver /opt/stack/data/venv/lib/python3.12/site-packages/taskflow/listeners/logging.py:218}}
Jul 18 06:02:55 devstack cinder-volume[87750]: DEBUG cinder.volume.manager [None req-7232de84-7339-4434-9c93-9e311ccaee37 tempest-VolumesSnapshotTestJSON-894130153 None] Task 'cinder.volume.flows.manager.create_volume.ExtractVolumeSpecTask;volume:create' (fa253f87-e21f-4250-848e-88b9078f3cba) transitioned into state 'RUNNING' from state 'PENDING' {{(pid=87750) _task_receiver /opt/stack/data/venv/lib/python3.12/site-packages/taskflow/listeners/logging.py:242}}
Jul 18 06:02:55 devstack cinder-volume[87750]: DEBUG cinder.volume.manager [None req-7232de84-7339-4434-9c93-9e311ccaee37 tempest-VolumesSnapshotTestJSON-894130153 None] Task 'cinder.volume.flows.manager.create_volume.ExtractVolumeSpecTask;volume:create' (fa253f87-e21f-4250-848e-88b9078f3cba) transitioned into state 'SUCCESS' from state 'RUNNING' with result '{'status': 'creating', 'type': 'raw', 'volume_id': '003813d4-dabb-4133-92f3-f821ae406b03', 'volume_name': 'volume-003813d4-dabb-4133-92f3-f821ae406b03', 'volume_size': 1}' {{(pid=87750) _task_receiver /opt/stack/data/venv/lib/python3.12/site-packages/taskflow/listeners/logging.py:218}}
Jul 18 06:02:55 devstack cinder-volume[87750]: DEBUG cinder.volume.manager [None req-7232de84-7339-4434-9c93-9e311ccaee37 tempest-VolumesSnapshotTestJSON-894130153 None] Task 'cinder.volume.flows.manager.create_volume.NotifyVolumeActionTask;volume:create, create.start' (9aafd8dc-2440-4052-935a-3c2280ca0aaf) transitioned into state 'RUNNING' from state 'PENDING' {{(pid=87750) _task_receiver /opt/stack/data/venv/lib/python3.12/site-packages/taskflow/listeners/logging.py:242}}
Jul 18 06:02:55 devstack cinder-volume[87750]: DEBUG cinder.volume.manager [None req-7232de84-7339-4434-9c93-9e311ccaee37 tempest-VolumesSnapshotTestJSON-894130153 None] Task 'cinder.volume.flows.manager.create_volume.NotifyVolumeActionTask;volume:create, create.start' (9aafd8dc-2440-4052-935a-3c2280ca0aaf) transitioned into state 'SUCCESS' from state 'RUNNING' with result 'None' {{(pid=87750) _task_receiver /opt/stack/data/venv/lib/python3.12/site-packages/taskflow/listeners/logging.py:218}}
Jul 18 06:02:55 devstack cinder-volume[87750]: DEBUG cinder.volume.manager [None req-7232de84-7339-4434-9c93-9e311ccaee37 tempest-VolumesSnapshotTestJSON-894130153 None] Task 'cinder.volume.flows.manager.create_volume.CreateVolumeFromSpecTask;volume:create' (4de46212-f585-4e04-aa71-9dae45e636b3) transitioned into state 'RUNNING' from state 'PENDING' {{(pid=87750) _task_receiver /opt/stack/data/venv/lib/python3.12/site-packages/taskflow/listeners/logging.py:242}}
Jul 18 06:02:55 devstack cinder-volume[87750]: INFO cinder.volume.flows.manager.create_volume [None req-7232de84-7339-4434-9c93-9e311ccaee37 tempest-VolumesSnapshotTestJSON-894130153 None] Volume 003813d4-dabb-4133-92f3-f821ae406b03: being created as raw with specification: {'status': 'creating', 'volume_name': 'volume-003813d4-dabb-4133-92f3-f821ae406b03', 'volume_size': 1}
Jul 18 06:02:55 devstack cinder-volume[87750]: DEBUG oslo_concurrency.lockutils [None req-7232de84-7339-4434-9c93-9e311ccaee37 tempest-VolumesSnapshotTestJSON-894130153 None] Acquiring lock "quobyte" by "cinder.volume.drivers.quobyte.QuobyteDriver.create_volume" {{(pid=87750) inner /opt/stack/data/venv/lib/python3.12/site-packages/oslo_concurrency/lockutils.py:512}}
Jul 18 06:02:55 devstack cinder-volume[87750]: DEBUG cinder.volume.drivers.remotefs [None req-4258a6ed-a28f-40dc-a40e-97a01e12f80d tempest-GroupSnapshotsTest-473363618 None] Creating offline snapshot f0b8988f-3faf-495c-9068-3d1257d87fcf of volume 91931a5c-289c-44d9-84fc-6cc048080d64 {{(pid=87750) _create_snapshot /opt/stack/cinder/cinder/volume/drivers/remotefs.py:1816}}
Jul 18 06:02:55 devstack cinder-volume[87750]: DEBUG oslo.privsep.daemon [-] privsep: reply[b77db237-c4a4-4fdf-9721-469e19440919]: (4, 'qcow2') {{(pid=89203) _call_back /opt/stack/data/venv/lib/python3.12/site-packages/oslo_privsep/daemon.py:580}}
Jul 18 06:02:55 devstack cinder-volume[87750]: DEBUG oslo_concurrency.processutils [None req-4258a6ed-a28f-40dc-a40e-97a01e12f80d tempest-GroupSnapshotsTest-473363618 None] Running cmd (subprocess): /opt/stack/data/venv/bin/python3.12 -m oslo_concurrency.prlimit --as=1073741824 --cpu=60 -- sudo cinder-rootwrap /etc/cinder/rootwrap.conf env LC_ALL=C qemu-img info -f qcow2 --output=json --force-share /opt/stack/data/cinder/mnt/b1faef70df339aea71e9e946841b64a6/volume-91931a5c-289c-44d9-84fc-6cc048080d64 {{(pid=87750) execute /opt/stack/data/venv/lib/python3.12/site-packages/oslo_concurrency/processutils.py:440}}
Jul 18 06:02:55 devstack sudo[94557]: quobyte : PWD=/ ; USER=root ; COMMAND=/opt/stack/data/venv/bin/cinder-rootwrap /etc/cinder/rootwrap.conf env LC_ALL=C qemu-img info -f qcow2 --output=json --force-share /opt/stack/data/cinder/mnt/b1faef70df339aea71e9e946841b64a6/volume-91931a5c-289c-44d9-84fc-6cc048080d64
Jul 18 06:02:55 devstack sudo[94557]: pam_unix(sudo:session): session opened for user root(uid=0) by (uid=1000)
Jul 18 06:02:56 devstack sudo[94557]: pam_unix(sudo:session): session closed for user root
Jul 18 06:02:56 devstack cinder-volume[87750]: DEBUG oslo_concurrency.processutils [None req-4258a6ed-a28f-40dc-a40e-97a01e12f80d tempest-GroupSnapshotsTest-473363618 None] CMD "/opt/stack/data/venv/bin/python3.12 -m oslo_concurrency.prlimit --as=1073741824 --cpu=60 -- sudo cinder-rootwrap /etc/cinder/rootwrap.conf env LC_ALL=C qemu-img info -f qcow2 --output=json --force-share /opt/stack/data/cinder/mnt/b1faef70df339aea71e9e946841b64a6/volume-91931a5c-289c-44d9-84fc-6cc048080d64" returned: 0 in 0.395s {{(pid=87750) execute /opt/stack/data/venv/lib/python3.12/site-packages/oslo_concurrency/processutils.py:468}}
Jul 18 06:02:56 devstack cinder-volume[87750]: DEBUG oslo_concurrency.processutils [None req-4258a6ed-a28f-40dc-a40e-97a01e12f80d tempest-GroupSnapshotsTest-473363618 None] Running cmd (subprocess): sudo cinder-rootwrap /etc/cinder/rootwrap.conf qemu-img create -f qcow2 -o backing_file=/opt/stack/data/cinder/mnt/b1faef70df339aea71e9e946841b64a6/volume-91931a5c-289c-44d9-84fc-6cc048080d64,backing_fmt=qcow2 /opt/stack/data/cinder/mnt/b1faef70df339aea71e9e946841b64a6/volume-91931a5c-289c-44d9-84fc-6cc048080d64.f0b8988f-3faf-495c-9068-3d1257d87fcf 1G {{(pid=87750) execute /opt/stack/data/venv/lib/python3.12/site-packages/oslo_concurrency/processutils.py:440}}
Jul 18 06:02:56 devstack sudo[94562]: quobyte : PWD=/ ; USER=root ; COMMAND=/opt/stack/data/venv/bin/cinder-rootwrap /etc/cinder/rootwrap.conf qemu-img create -f qcow2 -o backing_file=/opt/stack/data/cinder/mnt/b1faef70df339aea71e9e946841b64a6/volume-91931a5c-289c-44d9-84fc-6cc048080d64,backing_fmt=qcow2 /opt/stack/data/cinder/mnt/b1faef70df339aea71e9e946841b64a6/volume-91931a5c-289c-44d9-84fc-6cc048080d64.f0b8988f-3faf-495c-9068-3d1257d87fcf 1G
Jul 18 06:02:56 devstack sudo[94562]: pam_unix(sudo:session): session opened for user root(uid=0) by (uid=1000)
Jul 18 06:02:56 devstack sudo[94562]: pam_unix(sudo:session): session closed for user root
Jul 18 06:02:56 devstack cinder-volume[87750]: DEBUG oslo_concurrency.processutils [None req-4258a6ed-a28f-40dc-a40e-97a01e12f80d tempest-GroupSnapshotsTest-473363618 None] CMD "sudo cinder-rootwrap /etc/cinder/rootwrap.conf qemu-img create -f qcow2 -o backing_file=/opt/stack/data/cinder/mnt/b1faef70df339aea71e9e946841b64a6/volume-91931a5c-289c-44d9-84fc-6cc048080d64,backing_fmt=qcow2 /opt/stack/data/cinder/mnt/b1faef70df339aea71e9e946841b64a6/volume-91931a5c-289c-44d9-84fc-6cc048080d64.f0b8988f-3faf-495c-9068-3d1257d87fcf 1G" returned: 0 in 0.418s {{(pid=87750) execute /opt/stack/data/venv/lib/python3.12/site-packages/oslo_concurrency/processutils.py:468}}
Jul 18 06:02:56 devstack cinder-volume[87750]: DEBUG oslo_concurrency.processutils [None req-4258a6ed-a28f-40dc-a40e-97a01e12f80d tempest-GroupSnapshotsTest-473363618 None] Running cmd (subprocess): sudo cinder-rootwrap /etc/cinder/rootwrap.conf qemu-img rebase -u -b volume-91931a5c-289c-44d9-84fc-6cc048080d64 -F qcow2 /opt/stack/data/cinder/mnt/b1faef70df339aea71e9e946841b64a6/volume-91931a5c-289c-44d9-84fc-6cc048080d64.f0b8988f-3faf-495c-9068-3d1257d87fcf {{(pid=87750) execute /opt/stack/data/venv/lib/python3.12/site-packages/oslo_concurrency/processutils.py:440}}
Jul 18 06:02:56 devstack sudo[94567]: quobyte : PWD=/ ; USER=root ; COMMAND=/opt/stack/data/venv/bin/cinder-rootwrap /etc/cinder/rootwrap.conf qemu-img rebase -u -b volume-91931a5c-289c-44d9-84fc-6cc048080d64 -F qcow2 /opt/stack/data/cinder/mnt/b1faef70df339aea71e9e946841b64a6/volume-91931a5c-289c-44d9-84fc-6cc048080d64.f0b8988f-3faf-495c-9068-3d1257d87fcf
Jul 18 06:02:56 devstack sudo[94567]: pam_unix(sudo:session): session opened for user root(uid=0) by (uid=1000)
Jul 18 06:02:56 devstack sudo[94567]: pam_unix(sudo:session): session closed for user root
Jul 18 06:02:56 devstack cinder-volume[87750]: DEBUG oslo_concurrency.processutils [None req-4258a6ed-a28f-40dc-a40e-97a01e12f80d tempest-GroupSnapshotsTest-473363618 None] CMD "sudo cinder-rootwrap /etc/cinder/rootwrap.conf qemu-img rebase -u -b volume-91931a5c-289c-44d9-84fc-6cc048080d64 -F qcow2 /opt/stack/data/cinder/mnt/b1faef70df339aea71e9e946841b64a6/volume-91931a5c-289c-44d9-84fc-6cc048080d64.f0b8988f-3faf-495c-9068-3d1257d87fcf" returned: 0 in 0.279s {{(pid=87750) execute /opt/stack/data/venv/lib/python3.12/site-packages/oslo_concurrency/processutils.py:468}}
Jul 18 06:02:56 devstack cinder-volume[87750]: WARNING cinder.volume.drivers.remotefs [None req-4258a6ed-a28f-40dc-a40e-97a01e12f80d tempest-GroupSnapshotsTest-473363618 None] /opt/stack/data/cinder/mnt/b1faef70df339aea71e9e946841b64a6/volume-91931a5c-289c-44d9-84fc-6cc048080d64.f0b8988f-3faf-495c-9068-3d1257d87fcf is being set with open permissions: ugo+rw: NotImplementedError
Jul 18 06:02:56 devstack cinder-volume[87750]: DEBUG oslo_concurrency.processutils [None req-4258a6ed-a28f-40dc-a40e-97a01e12f80d tempest-GroupSnapshotsTest-473363618 None] Running cmd (subprocess): sudo cinder-rootwrap /etc/cinder/rootwrap.conf chmod ugo+rw /opt/stack/data/cinder/mnt/b1faef70df339aea71e9e946841b64a6/volume-91931a5c-289c-44d9-84fc-6cc048080d64.f0b8988f-3faf-495c-9068-3d1257d87fcf {{(pid=87750) execute /opt/stack/data/venv/lib/python3.12/site-packages/oslo_concurrency/processutils.py:440}}
Jul 18 06:02:56 devstack sudo[94572]: quobyte : PWD=/ ; USER=root ; COMMAND=/opt/stack/data/venv/bin/cinder-rootwrap /etc/cinder/rootwrap.conf chmod ugo+rw /opt/stack/data/cinder/mnt/b1faef70df339aea71e9e946841b64a6/volume-91931a5c-289c-44d9-84fc-6cc048080d64.f0b8988f-3faf-495c-9068-3d1257d87fcf
Jul 18 06:02:56 devstack sudo[94572]: pam_unix(sudo:session): session opened for user root(uid=0) by (uid=1000)
Jul 18 06:02:57 devstack sudo[94572]: pam_unix(sudo:session): session closed for user root
Jul 18 06:02:57 devstack cinder-volume[87750]: DEBUG oslo_concurrency.processutils [None req-4258a6ed-a28f-40dc-a40e-97a01e12f80d tempest-GroupSnapshotsTest-473363618 None] CMD "sudo cinder-rootwrap /etc/cinder/rootwrap.conf chmod ugo+rw /opt/stack/data/cinder/mnt/b1faef70df339aea71e9e946841b64a6/volume-91931a5c-289c-44d9-84fc-6cc048080d64.f0b8988f-3faf-495c-9068-3d1257d87fcf" returned: 0 in 0.257s {{(pid=87750) execute /opt/stack/data/venv/lib/python3.12/site-packages/oslo_concurrency/processutils.py:468}}
Jul 18 06:02:57 devstack cinder-volume[87750]: DEBUG oslo_concurrency.processutils [None req-4258a6ed-a28f-40dc-a40e-97a01e12f80d tempest-GroupSnapshotsTest-473363618 None] Running cmd (subprocess): sudo cinder-rootwrap /etc/cinder/rootwrap.conf truncate -s0 /opt/stack/data/cinder/mnt/b1faef70df339aea71e9e946841b64a6/volume-91931a5c-289c-44d9-84fc-6cc048080d64.info {{(pid=87750) execute /opt/stack/data/venv/lib/python3.12/site-packages/oslo_concurrency/processutils.py:440}}
Jul 18 06:02:57 devstack sudo[94581]: quobyte : PWD=/ ; USER=root ; COMMAND=/opt/stack/data/venv/bin/cinder-rootwrap /etc/cinder/rootwrap.conf truncate -s0 /opt/stack/data/cinder/mnt/b1faef70df339aea71e9e946841b64a6/volume-91931a5c-289c-44d9-84fc-6cc048080d64.info
Jul 18 06:02:57 devstack sudo[94581]: pam_unix(sudo:session): session opened for user root(uid=0) by (uid=1000)
Jul 18 06:02:57 devstack sudo[94581]: pam_unix(sudo:session): session closed for user root
Jul 18 06:02:57 devstack cinder-volume[87750]: DEBUG oslo_concurrency.processutils [None req-4258a6ed-a28f-40dc-a40e-97a01e12f80d tempest-GroupSnapshotsTest-473363618 None] CMD "sudo cinder-rootwrap /etc/cinder/rootwrap.conf truncate -s0 /opt/stack/data/cinder/mnt/b1faef70df339aea71e9e946841b64a6/volume-91931a5c-289c-44d9-84fc-6cc048080d64.info" returned: 0 in 0.281s {{(pid=87750) execute /opt/stack/data/venv/lib/python3.12/site-packages/oslo_concurrency/processutils.py:468}}
Jul 18 06:02:57 devstack cinder-volume[87750]: WARNING cinder.volume.drivers.remotefs [None req-4258a6ed-a28f-40dc-a40e-97a01e12f80d tempest-GroupSnapshotsTest-473363618 None] /opt/stack/data/cinder/mnt/b1faef70df339aea71e9e946841b64a6/volume-91931a5c-289c-44d9-84fc-6cc048080d64.info is being set with open permissions: ugo+rw: NotImplementedError
Jul 18 06:02:57 devstack cinder-volume[87750]: DEBUG oslo_concurrency.processutils [None req-4258a6ed-a28f-40dc-a40e-97a01e12f80d tempest-GroupSnapshotsTest-473363618 None] Running cmd (subprocess): sudo cinder-rootwrap /etc/cinder/rootwrap.conf chmod ugo+rw /opt/stack/data/cinder/mnt/b1faef70df339aea71e9e946841b64a6/volume-91931a5c-289c-44d9-84fc-6cc048080d64.info {{(pid=87750) execute /opt/stack/data/venv/lib/python3.12/site-packages/oslo_concurrency/processutils.py:440}}
Jul 18 06:02:57 devstack sudo[94585]: quobyte : PWD=/ ; USER=root ; COMMAND=/opt/stack/data/venv/bin/cinder-rootwrap /etc/cinder/rootwrap.conf chmod ugo+rw /opt/stack/data/cinder/mnt/b1faef70df339aea71e9e946841b64a6/volume-91931a5c-289c-44d9-84fc-6cc048080d64.info
Jul 18 06:02:57 devstack sudo[94585]: pam_unix(sudo:session): session opened for user root(uid=0) by (uid=1000)
Jul 18 06:02:57 devstack sudo[94585]: pam_unix(sudo:session): session closed for user root
Jul 18 06:02:57 devstack cinder-volume[87750]: DEBUG oslo_concurrency.processutils [None req-4258a6ed-a28f-40dc-a40e-97a01e12f80d tempest-GroupSnapshotsTest-473363618 None] CMD "sudo cinder-rootwrap /etc/cinder/rootwrap.conf chmod ugo+rw /opt/stack/data/cinder/mnt/b1faef70df339aea71e9e946841b64a6/volume-91931a5c-289c-44d9-84fc-6cc048080d64.info" returned: 0 in 0.271s {{(pid=87750) execute /opt/stack/data/venv/lib/python3.12/site-packages/oslo_concurrency/processutils.py:468}}
Jul 18 06:02:57 devstack cinder-volume[87750]: DEBUG oslo_concurrency.lockutils [None req-4258a6ed-a28f-40dc-a40e-97a01e12f80d tempest-GroupSnapshotsTest-473363618 None] Lock "quobyte" "released" by "cinder.volume.drivers.quobyte.QuobyteDriver.create_snapshot" :: held 2.041s {{(pid=87750) inner /opt/stack/data/venv/lib/python3.12/site-packages/oslo_concurrency/lockutils.py:544}}
Jul 18 06:02:57 devstack cinder-volume[87750]: DEBUG oslo_concurrency.lockutils [None req-7232de84-7339-4434-9c93-9e311ccaee37 tempest-VolumesSnapshotTestJSON-894130153 None] Lock "quobyte" acquired by "cinder.volume.drivers.quobyte.QuobyteDriver.create_volume" :: waited 1.990s {{(pid=87750) inner /opt/stack/data/venv/lib/python3.12/site-packages/oslo_concurrency/lockutils.py:525}}
Jul 18 06:02:57 devstack cinder-volume[87750]: DEBUG cinder.volume.drivers.quobyte [None req-7232de84-7339-4434-9c93-9e311ccaee37 tempest-VolumesSnapshotTestJSON-894130153 None] ==> create_volume: call "{'self': , 'volume': Volume(_name_id=None,admin_metadata=,attach_status='detached',availability_zone='nova',bootable=False,cluster=,cluster_name=None,consistencygroup=,consistencygroup_id=None,created_at=2026-07-18T04:02:55Z,deleted=False,deleted_at=None,display_description=None,display_name='tempest-VolumesSnapshotTestJSON-Volume-714666626',ec2_id=None,encryption_key_id=None,glance_metadata=,group=,group_id=None,host='devstack@QuobyteHD#QuobyteHD',id=003813d4-dabb-4133-92f3-f821ae406b03,launched_at=None,metadata={},migration_status=None,multiattach=False,previous_status=None,project_id='91acdb7963874c87a0a062c81397b32b',provider_auth=None,provider_geometry=None,provider_id=None,provider_location=None,replication_driver_data=None,replication_extended_status=None,replication_status=None,scheduled_at=2026-07-18T04:02:56Z,service_uuid=None,shared_targets=True,size=1,snapshot_id=None,snapshots=,source_volid=None,status='creating',terminated_at=None,updated_at=2026-07-18T04:02:56Z,use_quota=True,user_id='95ca91576b6a44af89312044e561dfde',volume_attachment=VolumeAttachmentList,volume_type=VolumeType(d49e67b0-b58e-4446-9ff9-4806130ee8c6),volume_type_id=d49e67b0-b58e-4446-9ff9-4806130ee8c6)}" {{(pid=87750) trace_logging_wrapper /opt/stack/cinder/cinder/volume/volume_utils.py:1497}}
Jul 18 06:02:57 devstack cinder-volume[87750]: DEBUG cinder.volume.drivers.remotefs [None req-7232de84-7339-4434-9c93-9e311ccaee37 tempest-VolumesSnapshotTestJSON-894130153 None] Creating volume 003813d4-dabb-4133-92f3-f821ae406b03 {{(pid=87750) create_volume /opt/stack/cinder/cinder/volume/drivers/remotefs.py:292}}
Jul 18 06:02:57 devstack cinder-volume[87750]: DEBUG oslo_concurrency.lockutils [None req-7232de84-7339-4434-9c93-9e311ccaee37 tempest-VolumesSnapshotTestJSON-894130153 None] Acquiring lock "quobyte_ensure" by "cinder.volume.drivers.quobyte.QuobyteDriver._ensure_shares_mounted" {{(pid=87750) inner /opt/stack/data/venv/lib/python3.12/site-packages/oslo_concurrency/lockutils.py:512}}
Jul 18 06:02:57 devstack cinder-volume[87750]: DEBUG oslo_concurrency.lockutils [None req-7232de84-7339-4434-9c93-9e311ccaee37 tempest-VolumesSnapshotTestJSON-894130153 None] Lock "quobyte_ensure" acquired by "cinder.volume.drivers.quobyte.QuobyteDriver._ensure_shares_mounted" :: waited 0.000s {{(pid=87750) inner /opt/stack/data/venv/lib/python3.12/site-packages/oslo_concurrency/lockutils.py:525}}
Jul 18 06:02:57 devstack cinder-volume[87750]: DEBUG cinder.volume.drivers.quobyte [None req-7232de84-7339-4434-9c93-9e311ccaee37 tempest-VolumesSnapshotTestJSON-894130153 None] Quobyte Volume URL set to: {'osci02.corp.quobyte.com/cinder-vol-98c9322e-5b64-4057-8ab6-d852d6110b3d': None} {{(pid=87750) _load_shares_config /opt/stack/cinder/cinder/volume/drivers/quobyte.py:651}}
Jul 18 06:02:57 devstack cinder-volume[87750]: DEBUG cinder.volume.drivers.quobyte [None req-7232de84-7339-4434-9c93-9e311ccaee37 tempest-VolumesSnapshotTestJSON-894130153 None] Available shares ['osci02.corp.quobyte.com/cinder-vol-98c9322e-5b64-4057-8ab6-d852d6110b3d'] {{(pid=87750) _ensure_shares_mounted /opt/stack/cinder/cinder/volume/drivers/quobyte.py:681}}
Jul 18 06:02:57 devstack cinder-volume[87750]: DEBUG oslo_concurrency.lockutils [None req-7232de84-7339-4434-9c93-9e311ccaee37 tempest-VolumesSnapshotTestJSON-894130153 None] Lock "quobyte_ensure" "released" by "cinder.volume.drivers.quobyte.QuobyteDriver._ensure_shares_mounted" :: held 0.006s {{(pid=87750) inner /opt/stack/data/venv/lib/python3.12/site-packages/oslo_concurrency/lockutils.py:544}}
Jul 18 06:02:57 devstack cinder-volume[87750]: DEBUG cinder.volume.drivers.quobyte [None req-7232de84-7339-4434-9c93-9e311ccaee37 tempest-VolumesSnapshotTestJSON-894130153 None] Selected osci02.corp.quobyte.com/cinder-vol-98c9322e-5b64-4057-8ab6-d852d6110b3d as target Quobyte volume. {{(pid=87750) _find_share /opt/stack/cinder/cinder/volume/drivers/quobyte.py:702}}
Jul 18 06:02:57 devstack cinder-volume[87750]: INFO cinder.volume.drivers.remotefs [None req-7232de84-7339-4434-9c93-9e311ccaee37 tempest-VolumesSnapshotTestJSON-894130153 None] casted to osci02.corp.quobyte.com/cinder-vol-98c9322e-5b64-4057-8ab6-d852d6110b3d
Jul 18 06:02:57 devstack cinder-volume[87750]: DEBUG oslo_concurrency.processutils [None req-7232de84-7339-4434-9c93-9e311ccaee37 tempest-VolumesSnapshotTestJSON-894130153 None] Running cmd (subprocess): sudo cinder-rootwrap /etc/cinder/rootwrap.conf qemu-img create -f qcow2 -o preallocation=metadata /opt/stack/data/cinder/mnt/b1faef70df339aea71e9e946841b64a6/volume-003813d4-dabb-4133-92f3-f821ae406b03 1073741824 {{(pid=87750) execute /opt/stack/data/venv/lib/python3.12/site-packages/oslo_concurrency/processutils.py:440}}
Jul 18 06:02:57 devstack sudo[94589]: quobyte : PWD=/ ; USER=root ; COMMAND=/opt/stack/data/venv/bin/cinder-rootwrap /etc/cinder/rootwrap.conf qemu-img create -f qcow2 -o preallocation=metadata /opt/stack/data/cinder/mnt/b1faef70df339aea71e9e946841b64a6/volume-003813d4-dabb-4133-92f3-f821ae406b03 1073741824
Jul 18 06:02:57 devstack sudo[94589]: pam_unix(sudo:session): session opened for user root(uid=0) by (uid=1000)
Jul 18 06:02:57 devstack cinder-volume[87750]: INFO cinder.volume.manager [None req-4258a6ed-a28f-40dc-a40e-97a01e12f80d tempest-GroupSnapshotsTest-473363618 None] group_snapshot ef1c6f3e-3e17-426b-a8a5-42d82a63c322: created successfully
Jul 18 06:02:58 devstack sudo[94589]: pam_unix(sudo:session): session closed for user root
Jul 18 06:02:58 devstack cinder-volume[87750]: DEBUG oslo_concurrency.processutils [None req-7232de84-7339-4434-9c93-9e311ccaee37 tempest-VolumesSnapshotTestJSON-894130153 None] CMD "sudo cinder-rootwrap /etc/cinder/rootwrap.conf qemu-img create -f qcow2 -o preallocation=metadata /opt/stack/data/cinder/mnt/b1faef70df339aea71e9e946841b64a6/volume-003813d4-dabb-4133-92f3-f821ae406b03 1073741824" returned: 0 in 0.541s {{(pid=87750) execute /opt/stack/data/venv/lib/python3.12/site-packages/oslo_concurrency/processutils.py:468}}
Jul 18 06:02:58 devstack cinder-volume[87750]: INFO cinder.volume.manager [None req-7ab300a8-76ad-4e83-be2d-890618f3df8f tempest-GroupSnapshotsTest-473363618 None] group_snapshot ef1c6f3e-3e17-426b-a8a5-42d82a63c322: deleting
Jul 18 06:02:58 devstack cinder-volume[87750]: DEBUG cinder.volume.manager [None req-7ab300a8-76ad-4e83-be2d-890618f3df8f tempest-GroupSnapshotsTest-473363618 None] group_snapshot ef1c6f3e-3e17-426b-a8a5-42d82a63c322: deleting {{(pid=87750) delete_group_snapshot /opt/stack/cinder/cinder/volume/manager.py:4350}}
Jul 18 06:02:58 devstack cinder-volume[87750]: DEBUG oslo_concurrency.processutils [None req-7232de84-7339-4434-9c93-9e311ccaee37 tempest-VolumesSnapshotTestJSON-894130153 None] Running cmd (subprocess): sudo cinder-rootwrap /etc/cinder/rootwrap.conf chmod ugo+rw /opt/stack/data/cinder/mnt/b1faef70df339aea71e9e946841b64a6/volume-003813d4-dabb-4133-92f3-f821ae406b03 {{(pid=87750) execute /opt/stack/data/venv/lib/python3.12/site-packages/oslo_concurrency/processutils.py:440}}
Jul 18 06:02:58 devstack sudo[94613]: quobyte : PWD=/ ; USER=root ; COMMAND=/opt/stack/data/venv/bin/cinder-rootwrap /etc/cinder/rootwrap.conf chmod ugo+rw /opt/stack/data/cinder/mnt/b1faef70df339aea71e9e946841b64a6/volume-003813d4-dabb-4133-92f3-f821ae406b03
Jul 18 06:02:58 devstack sudo[94613]: pam_unix(sudo:session): session opened for user root(uid=0) by (uid=1000)
Jul 18 06:02:58 devstack cinder-volume[87750]: DEBUG cinder.coordination [None req-7ab300a8-76ad-4e83-be2d-890618f3df8f tempest-GroupSnapshotsTest-473363618 None] Acquiring lock "cinder-quobyte-adfb5196-7029-44ba-97c1-b60395b605a7" by "delete_snapshot" {{(pid=87750) __acquire /opt/stack/cinder/cinder/coordination.py:138}}
Jul 18 06:02:58 devstack cinder-volume[87750]: DEBUG cinder.coordination [None req-7ab300a8-76ad-4e83-be2d-890618f3df8f tempest-GroupSnapshotsTest-473363618 None] Lock "cinder-quobyte-adfb5196-7029-44ba-97c1-b60395b605a7" acquired by "delete_snapshot" :: waited 0.023s {{(pid=87750) __acquire /opt/stack/cinder/cinder/coordination.py:141}}
Jul 18 06:02:58 devstack cinder-volume[87750]: DEBUG cinder.coordination [None req-7ab300a8-76ad-4e83-be2d-890618f3df8f tempest-GroupSnapshotsTest-473363618 None] Acquiring lock "cinder-quobyte-8dd314ad-8260-4ff8-ba70-de5cafb06160" by "_delete_snapshot" {{(pid=87750) __acquire /opt/stack/cinder/cinder/coordination.py:138}}
Jul 18 06:02:58 devstack cinder-volume[87750]: DEBUG cinder.coordination [None req-7ab300a8-76ad-4e83-be2d-890618f3df8f tempest-GroupSnapshotsTest-473363618 None] Lock "cinder-quobyte-8dd314ad-8260-4ff8-ba70-de5cafb06160" acquired by "_delete_snapshot" :: waited 0.024s {{(pid=87750) __acquire /opt/stack/cinder/cinder/coordination.py:141}}
Jul 18 06:02:58 devstack cinder-volume[87750]: DEBUG cinder.volume.drivers.remotefs [None req-7ab300a8-76ad-4e83-be2d-890618f3df8f tempest-GroupSnapshotsTest-473363618 None] Deleting offline snapshot 8dd314ad-8260-4ff8-ba70-de5cafb06160 of volume adfb5196-7029-44ba-97c1-b60395b605a7 {{(pid=87750) _delete_snapshot /opt/stack/cinder/cinder/volume/drivers/remotefs.py:1288}}
Jul 18 06:02:58 devstack cinder-volume[87750]: DEBUG cinder.volume.drivers.remotefs [None req-7ab300a8-76ad-4e83-be2d-890618f3df8f tempest-GroupSnapshotsTest-473363618 None] snapshot_file for this snap is: volume-adfb5196-7029-44ba-97c1-b60395b605a7.8dd314ad-8260-4ff8-ba70-de5cafb06160 {{(pid=87750) _delete_snapshot /opt/stack/cinder/cinder/volume/drivers/remotefs.py:1317}}
Jul 18 06:02:58 devstack cinder-volume[87750]: DEBUG oslo.privsep.daemon [-] privsep: reply[cb9a5e43-9e2b-4d10-8b70-254bb376132f]: (4, 'qcow2') {{(pid=89203) _call_back /opt/stack/data/venv/lib/python3.12/site-packages/oslo_privsep/daemon.py:580}}
Jul 18 06:02:58 devstack cinder-volume[87750]: DEBUG oslo_concurrency.processutils [None req-7ab300a8-76ad-4e83-be2d-890618f3df8f tempest-GroupSnapshotsTest-473363618 None] Running cmd (subprocess): /opt/stack/data/venv/bin/python3.12 -m oslo_concurrency.prlimit --as=1073741824 --cpu=60 -- sudo cinder-rootwrap /etc/cinder/rootwrap.conf env LC_ALL=C qemu-img info -f qcow2 --output=json --force-share /opt/stack/data/cinder/mnt/b1faef70df339aea71e9e946841b64a6/volume-adfb5196-7029-44ba-97c1-b60395b605a7.8dd314ad-8260-4ff8-ba70-de5cafb06160 {{(pid=87750) execute /opt/stack/data/venv/lib/python3.12/site-packages/oslo_concurrency/processutils.py:440}}
Jul 18 06:02:58 devstack sudo[94615]: quobyte : PWD=/ ; USER=root ; COMMAND=/opt/stack/data/venv/bin/cinder-rootwrap /etc/cinder/rootwrap.conf env LC_ALL=C qemu-img info -f qcow2 --output=json --force-share /opt/stack/data/cinder/mnt/b1faef70df339aea71e9e946841b64a6/volume-adfb5196-7029-44ba-97c1-b60395b605a7.8dd314ad-8260-4ff8-ba70-de5cafb06160
Jul 18 06:02:58 devstack sudo[94615]: pam_unix(sudo:session): session opened for user root(uid=0) by (uid=1000)
Jul 18 06:02:58 devstack sudo[94613]: pam_unix(sudo:session): session closed for user root
Jul 18 06:02:58 devstack cinder-volume[87750]: DEBUG oslo_concurrency.processutils [None req-7232de84-7339-4434-9c93-9e311ccaee37 tempest-VolumesSnapshotTestJSON-894130153 None] CMD "sudo cinder-rootwrap /etc/cinder/rootwrap.conf chmod ugo+rw /opt/stack/data/cinder/mnt/b1faef70df339aea71e9e946841b64a6/volume-003813d4-dabb-4133-92f3-f821ae406b03" returned: 0 in 0.308s {{(pid=87750) execute /opt/stack/data/venv/lib/python3.12/site-packages/oslo_concurrency/processutils.py:468}}
Jul 18 06:02:58 devstack cinder-volume[87750]: DEBUG cinder.volume.drivers.quobyte [None req-7232de84-7339-4434-9c93-9e311ccaee37 tempest-VolumesSnapshotTestJSON-894130153 None] <== create_volume: return (916ms) {'provider_location': 'osci02.corp.quobyte.com/cinder-vol-98c9322e-5b64-4057-8ab6-d852d6110b3d'} {{(pid=87750) trace_logging_wrapper /opt/stack/cinder/cinder/volume/volume_utils.py:1522}}
Jul 18 06:02:58 devstack cinder-volume[87750]: DEBUG oslo_concurrency.lockutils [None req-7232de84-7339-4434-9c93-9e311ccaee37 tempest-VolumesSnapshotTestJSON-894130153 None] Lock "quobyte" "released" by "cinder.volume.drivers.quobyte.QuobyteDriver.create_volume" :: held 0.920s {{(pid=87750) inner /opt/stack/data/venv/lib/python3.12/site-packages/oslo_concurrency/lockutils.py:544}}
Jul 18 06:02:58 devstack cinder-volume[87750]: DEBUG cinder.volume.manager [None req-7232de84-7339-4434-9c93-9e311ccaee37 tempest-VolumesSnapshotTestJSON-894130153 None] Task 'cinder.volume.flows.manager.create_volume.CreateVolumeFromSpecTask;volume:create' (4de46212-f585-4e04-aa71-9dae45e636b3) transitioned into state 'SUCCESS' from state 'RUNNING' with result '{'status': 'creating', 'volume_name': 'volume-003813d4-dabb-4133-92f3-f821ae406b03', 'volume_size': 1}' {{(pid=87750) _task_receiver /opt/stack/data/venv/lib/python3.12/site-packages/taskflow/listeners/logging.py:218}}
Jul 18 06:02:58 devstack cinder-volume[87750]: DEBUG cinder.volume.manager [None req-7232de84-7339-4434-9c93-9e311ccaee37 tempest-VolumesSnapshotTestJSON-894130153 None] Task 'cinder.volume.flows.manager.create_volume.CreateVolumeOnFinishTask;volume:create, create.end' (c164ed10-1bef-483f-848b-4a3452c47f3b) transitioned into state 'RUNNING' from state 'PENDING' {{(pid=87750) _task_receiver /opt/stack/data/venv/lib/python3.12/site-packages/taskflow/listeners/logging.py:242}}
Jul 18 06:02:58 devstack cinder-volume[87750]: DEBUG dbcounter [-] [87750] Writing DB stats cinder:UPDATE=132,cinder:SELECT=121,cinder:INSERT=37,cinder:DELETE=12 {{(pid=87750) stat_writer /opt/stack/data/venv/lib/python3.12/site-packages/dbcounter.py:115}}
Jul 18 06:02:58 devstack cinder-volume[87750]: INFO cinder.volume.flows.manager.create_volume [None req-7232de84-7339-4434-9c93-9e311ccaee37 tempest-VolumesSnapshotTestJSON-894130153 None] Volume volume-003813d4-dabb-4133-92f3-f821ae406b03 (003813d4-dabb-4133-92f3-f821ae406b03): created successfully
Jul 18 06:02:58 devstack cinder-volume[87750]: DEBUG cinder.volume.manager [None req-7232de84-7339-4434-9c93-9e311ccaee37 tempest-VolumesSnapshotTestJSON-894130153 None] Task 'cinder.volume.flows.manager.create_volume.CreateVolumeOnFinishTask;volume:create, create.end' (c164ed10-1bef-483f-848b-4a3452c47f3b) transitioned into state 'SUCCESS' from state 'RUNNING' with result 'None' {{(pid=87750) _task_receiver /opt/stack/data/venv/lib/python3.12/site-packages/taskflow/listeners/logging.py:218}}
Jul 18 06:02:58 devstack cinder-volume[87750]: DEBUG cinder.volume.manager [None req-7232de84-7339-4434-9c93-9e311ccaee37 tempest-VolumesSnapshotTestJSON-894130153 None] Flow 'volume_create_manager' (0eeb8f26-0e93-447b-bbcf-42b13dc55bbb) transitioned into state 'SUCCESS' from state 'RUNNING' {{(pid=87750) _flow_receiver /opt/stack/data/venv/lib/python3.12/site-packages/taskflow/listeners/logging.py:160}}
Jul 18 06:02:58 devstack cinder-volume[87750]: INFO cinder.volume.manager [None req-7232de84-7339-4434-9c93-9e311ccaee37 tempest-VolumesSnapshotTestJSON-894130153 None] Created volume successfully.
Jul 18 06:02:58 devstack sudo[94615]: pam_unix(sudo:session): session closed for user root
Jul 18 06:02:58 devstack cinder-volume[87750]: DEBUG oslo_concurrency.processutils [None req-7ab300a8-76ad-4e83-be2d-890618f3df8f tempest-GroupSnapshotsTest-473363618 None] CMD "/opt/stack/data/venv/bin/python3.12 -m oslo_concurrency.prlimit --as=1073741824 --cpu=60 -- sudo cinder-rootwrap /etc/cinder/rootwrap.conf env LC_ALL=C qemu-img info -f qcow2 --output=json --force-share /opt/stack/data/cinder/mnt/b1faef70df339aea71e9e946841b64a6/volume-adfb5196-7029-44ba-97c1-b60395b605a7.8dd314ad-8260-4ff8-ba70-de5cafb06160" returned: 0 in 0.389s {{(pid=87750) execute /opt/stack/data/venv/lib/python3.12/site-packages/oslo_concurrency/processutils.py:468}}
Jul 18 06:02:58 devstack cinder-volume[87750]: DEBUG cinder.volume.drivers.remotefs [None req-7ab300a8-76ad-4e83-be2d-890618f3df8f tempest-GroupSnapshotsTest-473363618 None] Fetching qemu-img info with special backing_file_template: (/opt/stack/data/cinder/mnt/[0-9a-f]+/)?(volume-adfb5196-7029-44ba-97c1-b60395b605a7(.(tmp-snap-)?[0-9a-f-]+)?|volume_from_snapshot_cache/(tmp-snap-)?[0-9a-f-]+(.(child-|parent-)[0-9a-f-]+)?)$ {{(pid=87750) _qemu_img_info_base /opt/stack/cinder/cinder/volume/drivers/remotefs.py:896}}
Jul 18 06:02:58 devstack cinder-volume[87750]: DEBUG oslo.privsep.daemon [-] privsep: reply[dacf55b1-b254-4dfe-a866-d850b1ff9b85]: (4, 'qcow2') {{(pid=89203) _call_back /opt/stack/data/venv/lib/python3.12/site-packages/oslo_privsep/daemon.py:580}}
Jul 18 06:02:58 devstack cinder-volume[87750]: DEBUG oslo_concurrency.processutils [None req-7ab300a8-76ad-4e83-be2d-890618f3df8f tempest-GroupSnapshotsTest-473363618 None] Running cmd (subprocess): /opt/stack/data/venv/bin/python3.12 -m oslo_concurrency.prlimit --as=1073741824 --cpu=60 -- sudo cinder-rootwrap /etc/cinder/rootwrap.conf env LC_ALL=C qemu-img info -f qcow2 --output=json --force-share /opt/stack/data/cinder/mnt/b1faef70df339aea71e9e946841b64a6/volume-adfb5196-7029-44ba-97c1-b60395b605a7 {{(pid=87750) execute /opt/stack/data/venv/lib/python3.12/site-packages/oslo_concurrency/processutils.py:440}}
Jul 18 06:02:59 devstack sudo[94621]: quobyte : PWD=/ ; USER=root ; COMMAND=/opt/stack/data/venv/bin/cinder-rootwrap /etc/cinder/rootwrap.conf env LC_ALL=C qemu-img info -f qcow2 --output=json --force-share /opt/stack/data/cinder/mnt/b1faef70df339aea71e9e946841b64a6/volume-adfb5196-7029-44ba-97c1-b60395b605a7
Jul 18 06:02:59 devstack sudo[94621]: pam_unix(sudo:session): session opened for user root(uid=0) by (uid=1000)
Jul 18 06:02:59 devstack sudo[94621]: pam_unix(sudo:session): session closed for user root
Jul 18 06:02:59 devstack cinder-volume[87750]: DEBUG oslo_concurrency.processutils [None req-7ab300a8-76ad-4e83-be2d-890618f3df8f tempest-GroupSnapshotsTest-473363618 None] CMD "/opt/stack/data/venv/bin/python3.12 -m oslo_concurrency.prlimit --as=1073741824 --cpu=60 -- sudo cinder-rootwrap /etc/cinder/rootwrap.conf env LC_ALL=C qemu-img info -f qcow2 --output=json --force-share /opt/stack/data/cinder/mnt/b1faef70df339aea71e9e946841b64a6/volume-adfb5196-7029-44ba-97c1-b60395b605a7" returned: 0 in 0.341s {{(pid=87750) execute /opt/stack/data/venv/lib/python3.12/site-packages/oslo_concurrency/processutils.py:468}}
Jul 18 06:02:59 devstack cinder-volume[87750]: DEBUG oslo_concurrency.processutils [None req-7ab300a8-76ad-4e83-be2d-890618f3df8f tempest-GroupSnapshotsTest-473363618 None] Running cmd (subprocess): sudo cinder-rootwrap /etc/cinder/rootwrap.conf qemu-img commit -d /opt/stack/data/cinder/mnt/b1faef70df339aea71e9e946841b64a6/volume-adfb5196-7029-44ba-97c1-b60395b605a7.8dd314ad-8260-4ff8-ba70-de5cafb06160 {{(pid=87750) execute /opt/stack/data/venv/lib/python3.12/site-packages/oslo_concurrency/processutils.py:440}}
Jul 18 06:02:59 devstack sudo[94626]: quobyte : PWD=/ ; USER=root ; COMMAND=/opt/stack/data/venv/bin/cinder-rootwrap /etc/cinder/rootwrap.conf qemu-img commit -d /opt/stack/data/cinder/mnt/b1faef70df339aea71e9e946841b64a6/volume-adfb5196-7029-44ba-97c1-b60395b605a7.8dd314ad-8260-4ff8-ba70-de5cafb06160
Jul 18 06:02:59 devstack sudo[94626]: pam_unix(sudo:session): session opened for user root(uid=0) by (uid=1000)
Jul 18 06:02:59 devstack sudo[94626]: pam_unix(sudo:session): session closed for user root
Jul 18 06:02:59 devstack cinder-volume[87750]: DEBUG oslo_concurrency.processutils [None req-7ab300a8-76ad-4e83-be2d-890618f3df8f tempest-GroupSnapshotsTest-473363618 None] CMD "sudo cinder-rootwrap /etc/cinder/rootwrap.conf qemu-img commit -d /opt/stack/data/cinder/mnt/b1faef70df339aea71e9e946841b64a6/volume-adfb5196-7029-44ba-97c1-b60395b605a7.8dd314ad-8260-4ff8-ba70-de5cafb06160" returned: 0 in 0.335s {{(pid=87750) execute /opt/stack/data/venv/lib/python3.12/site-packages/oslo_concurrency/processutils.py:468}}
Jul 18 06:02:59 devstack cinder-volume[87750]: DEBUG oslo_concurrency.processutils [None req-7ab300a8-76ad-4e83-be2d-890618f3df8f tempest-GroupSnapshotsTest-473363618 None] Running cmd (subprocess): sudo cinder-rootwrap /etc/cinder/rootwrap.conf rm -f /opt/stack/data/cinder/mnt/b1faef70df339aea71e9e946841b64a6/volume-adfb5196-7029-44ba-97c1-b60395b605a7.8dd314ad-8260-4ff8-ba70-de5cafb06160 {{(pid=87750) execute /opt/stack/data/venv/lib/python3.12/site-packages/oslo_concurrency/processutils.py:440}}
Jul 18 06:02:59 devstack sudo[94631]: quobyte : PWD=/ ; USER=root ; COMMAND=/opt/stack/data/venv/bin/cinder-rootwrap /etc/cinder/rootwrap.conf rm -f /opt/stack/data/cinder/mnt/b1faef70df339aea71e9e946841b64a6/volume-adfb5196-7029-44ba-97c1-b60395b605a7.8dd314ad-8260-4ff8-ba70-de5cafb06160
Jul 18 06:02:59 devstack sudo[94631]: pam_unix(sudo:session): session opened for user root(uid=0) by (uid=1000)
Jul 18 06:02:59 devstack sudo[94631]: pam_unix(sudo:session): session closed for user root
Jul 18 06:02:59 devstack cinder-volume[87750]: DEBUG oslo_concurrency.processutils [None req-7ab300a8-76ad-4e83-be2d-890618f3df8f tempest-GroupSnapshotsTest-473363618 None] CMD "sudo cinder-rootwrap /etc/cinder/rootwrap.conf rm -f /opt/stack/data/cinder/mnt/b1faef70df339aea71e9e946841b64a6/volume-adfb5196-7029-44ba-97c1-b60395b605a7.8dd314ad-8260-4ff8-ba70-de5cafb06160" returned: 0 in 0.266s {{(pid=87750) execute /opt/stack/data/venv/lib/python3.12/site-packages/oslo_concurrency/processutils.py:468}}
Jul 18 06:02:59 devstack cinder-volume[87750]: DEBUG cinder.coordination [None req-7ab300a8-76ad-4e83-be2d-890618f3df8f tempest-GroupSnapshotsTest-473363618 None] Lock "cinder-quobyte-8dd314ad-8260-4ff8-ba70-de5cafb06160" released by "_delete_snapshot" :: held 1.442s {{(pid=87750) __release /opt/stack/cinder/cinder/coordination.py:152}}
Jul 18 06:02:59 devstack cinder-volume[87750]: DEBUG cinder.coordination [None req-7ab300a8-76ad-4e83-be2d-890618f3df8f tempest-GroupSnapshotsTest-473363618 None] Lock "cinder-quobyte-adfb5196-7029-44ba-97c1-b60395b605a7" released by "delete_snapshot" :: held 1.475s {{(pid=87750) __release /opt/stack/cinder/cinder/coordination.py:152}}
Jul 18 06:02:59 devstack cinder-volume[87750]: DEBUG dbcounter [-] [87750] Writing DB stats cinder:SELECT=108,cinder:UPDATE=118,cinder:DELETE=4,cinder:INSERT=30 {{(pid=87750) stat_writer /opt/stack/data/venv/lib/python3.12/site-packages/dbcounter.py:115}}
Jul 18 06:02:59 devstack cinder-volume[87750]: DEBUG cinder.coordination [None req-7ab300a8-76ad-4e83-be2d-890618f3df8f tempest-GroupSnapshotsTest-473363618 None] Acquiring lock "cinder-quobyte-91931a5c-289c-44d9-84fc-6cc048080d64" by "delete_snapshot" {{(pid=87750) __acquire /opt/stack/cinder/cinder/coordination.py:138}}
Jul 18 06:02:59 devstack cinder-volume[87750]: DEBUG cinder.coordination [None req-7ab300a8-76ad-4e83-be2d-890618f3df8f tempest-GroupSnapshotsTest-473363618 None] Lock "cinder-quobyte-91931a5c-289c-44d9-84fc-6cc048080d64" acquired by "delete_snapshot" :: waited 0.020s {{(pid=87750) __acquire /opt/stack/cinder/cinder/coordination.py:141}}
Jul 18 06:02:59 devstack cinder-volume[87750]: DEBUG cinder.coordination [None req-7ab300a8-76ad-4e83-be2d-890618f3df8f tempest-GroupSnapshotsTest-473363618 None] Acquiring lock "cinder-quobyte-f0b8988f-3faf-495c-9068-3d1257d87fcf" by "_delete_snapshot" {{(pid=87750) __acquire /opt/stack/cinder/cinder/coordination.py:138}}
Jul 18 06:03:00 devstack cinder-volume[87750]: DEBUG cinder.coordination [None req-7ab300a8-76ad-4e83-be2d-890618f3df8f tempest-GroupSnapshotsTest-473363618 None] Lock "cinder-quobyte-f0b8988f-3faf-495c-9068-3d1257d87fcf" acquired by "_delete_snapshot" :: waited 0.019s {{(pid=87750) __acquire /opt/stack/cinder/cinder/coordination.py:141}}
Jul 18 06:03:00 devstack cinder-volume[87750]: DEBUG cinder.volume.drivers.remotefs [None req-7ab300a8-76ad-4e83-be2d-890618f3df8f tempest-GroupSnapshotsTest-473363618 None] Deleting offline snapshot f0b8988f-3faf-495c-9068-3d1257d87fcf of volume 91931a5c-289c-44d9-84fc-6cc048080d64 {{(pid=87750) _delete_snapshot /opt/stack/cinder/cinder/volume/drivers/remotefs.py:1288}}
Jul 18 06:03:00 devstack cinder-volume[87750]: DEBUG cinder.volume.drivers.remotefs [None req-7ab300a8-76ad-4e83-be2d-890618f3df8f tempest-GroupSnapshotsTest-473363618 None] snapshot_file for this snap is: volume-91931a5c-289c-44d9-84fc-6cc048080d64.f0b8988f-3faf-495c-9068-3d1257d87fcf {{(pid=87750) _delete_snapshot /opt/stack/cinder/cinder/volume/drivers/remotefs.py:1317}}
Jul 18 06:03:00 devstack cinder-volume[87750]: DEBUG oslo.privsep.daemon [-] privsep: reply[2fd27922-64b6-4e9e-aa87-4e179ed7a162]: (4, 'qcow2') {{(pid=89203) _call_back /opt/stack/data/venv/lib/python3.12/site-packages/oslo_privsep/daemon.py:580}}
