Feb 25 15:55:12 devstack devstack@c-api.service[82887]: DEBUG cinder.volume.api [req-af9046a4-f39e-4c20-a0f2-e09a035fb307 req-e4bfdf72-3a44-424f-afdf-335bd14de5ca tempest-VolumesTestJSON-729561228 tempest-VolumesTestJSON-729561228-project-member] Searching by: MultiDict([('no_migration_targets', True)]). {{(pid=82887) get_all /opt/stack/cinder/cinder/volume/api.py:663}}
Feb 25 15:55:12 devstack devstack@c-api.service[82887]: INFO cinder.volume.api [req-af9046a4-f39e-4c20-a0f2-e09a035fb307 req-e4bfdf72-3a44-424f-afdf-335bd14de5ca tempest-VolumesTestJSON-729561228 tempest-VolumesTestJSON-729561228-project-member] Get all volumes completed successfully.
Feb 25 15:55:12 devstack devstack@c-api.service[82887]: /opt/stack/data/venv/lib/python3.10/site-packages/oslo_context/context.py:101: DeprecationWarning: Policy enforcement is depending on the value of is_admin. This key is deprecated. Please update your policy file to use the standard policy values.
Feb 25 15:55:12 devstack devstack@c-api.service[82887]: warnings.warn(
Feb 25 15:55:12 devstack devstack@c-api.service[82887]: INFO cinder.api.openstack.wsgi [req-af9046a4-f39e-4c20-a0f2-e09a035fb307 req-e4bfdf72-3a44-424f-afdf-335bd14de5ca tempest-VolumesTestJSON-729561228 tempest-VolumesTestJSON-729561228-project-member] http://192.168.122.165/volume/v3/volumes/detail returned with HTTP 200
Feb 25 15:55:12 devstack devstack@c-api.service[82887]: [pid: 82887|app: 0|req: 91/182] 192.168.122.165 () {64 vars in 1494 bytes} [Wed Feb 25 15:55:12 2026] GET /volume/v3/volumes/detail => generated 2568 bytes in 41 msecs (HTTP/1.1 200) 7 headers in 286 bytes (1 switches on core 0)
Feb 25 15:55:12 devstack devstack@c-api.service[82888]: DEBUG cinder.api.middleware.request_id [req-e9c94235-a248-4516-b4ba-5a1315c83630 req-97cb5940-dbb8-4c69-bbf3-9300aabf21df None None] RequestId filter calling following filter/app {{(pid=82888) _context_setter /opt/stack/cinder/cinder/api/middleware/request_id.py:62}}
Feb 25 15:55:12 devstack devstack@c-api.service[82888]: INFO cinder.api.openstack.wsgi [req-e9c94235-a248-4516-b4ba-5a1315c83630 req-97cb5940-dbb8-4c69-bbf3-9300aabf21df tempest-VolumesTestJSON-729561228 tempest-VolumesTestJSON-729561228-project-member] GET http://192.168.122.165/volume/v3/volumes/detail
Feb 25 15:55:12 devstack devstack@c-api.service[82888]: DEBUG cinder.api.openstack.wsgi [req-e9c94235-a248-4516-b4ba-5a1315c83630 req-97cb5940-dbb8-4c69-bbf3-9300aabf21df tempest-VolumesTestJSON-729561228 tempest-VolumesTestJSON-729561228-project-member] Empty body provided in request {{(pid=82888) get_body /opt/stack/cinder/cinder/api/openstack/wsgi.py:725}}
Feb 25 15:55:12 devstack devstack@c-api.service[82888]: DEBUG cinder.api.openstack.wsgi [req-e9c94235-a248-4516-b4ba-5a1315c83630 req-97cb5940-dbb8-4c69-bbf3-9300aabf21df tempest-VolumesTestJSON-729561228 tempest-VolumesTestJSON-729561228-project-member] Calling method 'detail' {{(pid=82888) _process_stack /opt/stack/cinder/cinder/api/openstack/wsgi.py:878}}
Feb 25 15:55:12 devstack devstack@c-api.service[82888]: DEBUG cinder.api.api_utils [req-e9c94235-a248-4516-b4ba-5a1315c83630 req-97cb5940-dbb8-4c69-bbf3-9300aabf21df tempest-VolumesTestJSON-729561228 tempest-VolumesTestJSON-729561228-project-member] Removing options '' from query. {{(pid=82888) remove_invalid_filter_options /opt/stack/cinder/cinder/api/api_utils.py:81}}
Feb 25 15:55:12 devstack devstack@c-api.service[82888]: DEBUG cinder.volume.api [req-e9c94235-a248-4516-b4ba-5a1315c83630 req-97cb5940-dbb8-4c69-bbf3-9300aabf21df tempest-VolumesTestJSON-729561228 tempest-VolumesTestJSON-729561228-project-member] Searching by: MultiDict([('no_migration_targets', True)]). {{(pid=82888) get_all /opt/stack/cinder/cinder/volume/api.py:663}}
Feb 25 15:55:12 devstack devstack@c-api.service[82888]: INFO cinder.volume.api [req-e9c94235-a248-4516-b4ba-5a1315c83630 req-97cb5940-dbb8-4c69-bbf3-9300aabf21df tempest-VolumesTestJSON-729561228 tempest-VolumesTestJSON-729561228-project-member] Get all volumes completed successfully.
Feb 25 15:55:12 devstack devstack@c-api.service[82888]: /opt/stack/data/venv/lib/python3.10/site-packages/oslo_context/context.py:101: DeprecationWarning: Policy enforcement is depending on the value of is_admin. This key is deprecated. Please update your policy file to use the standard policy values.
Feb 25 15:55:12 devstack devstack@c-api.service[82888]: warnings.warn(
Feb 25 15:55:12 devstack devstack@c-api.service[82888]: INFO cinder.api.openstack.wsgi [req-e9c94235-a248-4516-b4ba-5a1315c83630 req-97cb5940-dbb8-4c69-bbf3-9300aabf21df tempest-VolumesTestJSON-729561228 tempest-VolumesTestJSON-729561228-project-member] http://192.168.122.165/volume/v3/volumes/detail returned with HTTP 200
Feb 25 15:55:12 devstack devstack@c-api.service[82888]: [pid: 82888|app: 0|req: 92/183] 192.168.122.165 () {64 vars in 1494 bytes} [Wed Feb 25 15:55:12 2026] GET /volume/v3/volumes/detail => generated 2568 bytes in 33 msecs (HTTP/1.1 200) 7 headers in 286 bytes (1 switches on core 0)
Feb 25 15:55:12 devstack devstack@c-api.service[82887]: DEBUG cinder.api.middleware.request_id [req-896c7a84-089f-452b-8e76-681c5e468bbd req-15978ac6-ced0-48f5-a6e2-0390032b762f None None] RequestId filter calling following filter/app {{(pid=82887) _context_setter /opt/stack/cinder/cinder/api/middleware/request_id.py:62}}
Feb 25 15:55:12 devstack devstack@c-api.service[82887]: INFO cinder.api.openstack.wsgi [req-896c7a84-089f-452b-8e76-681c5e468bbd req-15978ac6-ced0-48f5-a6e2-0390032b762f tempest-VolumesTestJSON-729561228 tempest-VolumesTestJSON-729561228-project-member] GET http://192.168.122.165/volume/v3/volumes/detail
Feb 25 15:55:12 devstack devstack@c-api.service[82887]: DEBUG cinder.api.openstack.wsgi [req-896c7a84-089f-452b-8e76-681c5e468bbd req-15978ac6-ced0-48f5-a6e2-0390032b762f tempest-VolumesTestJSON-729561228 tempest-VolumesTestJSON-729561228-project-member] Empty body provided in request {{(pid=82887) get_body /opt/stack/cinder/cinder/api/openstack/wsgi.py:725}}
Feb 25 15:55:12 devstack devstack@c-api.service[82887]: DEBUG cinder.api.openstack.wsgi [req-896c7a84-089f-452b-8e76-681c5e468bbd req-15978ac6-ced0-48f5-a6e2-0390032b762f tempest-VolumesTestJSON-729561228 tempest-VolumesTestJSON-729561228-project-member] Calling method 'detail' {{(pid=82887) _process_stack /opt/stack/cinder/cinder/api/openstack/wsgi.py:878}}
Feb 25 15:55:12 devstack devstack@c-api.service[82887]: DEBUG cinder.api.api_utils [req-896c7a84-089f-452b-8e76-681c5e468bbd req-15978ac6-ced0-48f5-a6e2-0390032b762f tempest-VolumesTestJSON-729561228 tempest-VolumesTestJSON-729561228-project-member] Removing options '' from query. {{(pid=82887) remove_invalid_filter_options /opt/stack/cinder/cinder/api/api_utils.py:81}}
Feb 25 15:55:12 devstack devstack@c-api.service[82887]: DEBUG cinder.volume.api [req-896c7a84-089f-452b-8e76-681c5e468bbd req-15978ac6-ced0-48f5-a6e2-0390032b762f tempest-VolumesTestJSON-729561228 tempest-VolumesTestJSON-729561228-project-member] Searching by: MultiDict([('no_migration_targets', True)]). {{(pid=82887) get_all /opt/stack/cinder/cinder/volume/api.py:663}}
Feb 25 15:55:12 devstack devstack@c-api.service[82887]: INFO cinder.volume.api [req-896c7a84-089f-452b-8e76-681c5e468bbd req-15978ac6-ced0-48f5-a6e2-0390032b762f tempest-VolumesTestJSON-729561228 tempest-VolumesTestJSON-729561228-project-member] Get all volumes completed successfully.
Feb 25 15:55:12 devstack devstack@c-api.service[82887]: /opt/stack/data/venv/lib/python3.10/site-packages/oslo_context/context.py:101: DeprecationWarning: Policy enforcement is depending on the value of is_admin. This key is deprecated. Please update your policy file to use the standard policy values.
Feb 25 15:55:12 devstack devstack@c-api.service[82887]: warnings.warn(
Feb 25 15:55:12 devstack devstack@c-api.service[82887]: INFO cinder.api.openstack.wsgi [req-896c7a84-089f-452b-8e76-681c5e468bbd req-15978ac6-ced0-48f5-a6e2-0390032b762f tempest-VolumesTestJSON-729561228 tempest-VolumesTestJSON-729561228-project-member] http://192.168.122.165/volume/v3/volumes/detail returned with HTTP 200
Feb 25 15:55:12 devstack devstack@c-api.service[82887]: [pid: 82887|app: 0|req: 92/184] 192.168.122.165 () {64 vars in 1494 bytes} [Wed Feb 25 15:55:12 2026] GET /volume/v3/volumes/detail => generated 2568 bytes in 38 msecs (HTTP/1.1 200) 7 headers in 286 bytes (1 switches on core 0)
Feb 25 15:55:12 devstack devstack@c-api.service[82888]: DEBUG cinder.api.middleware.request_id [req-c77a680e-9b82-4b00-927e-2c5433902cb7 req-89cb6009-4299-40f3-bb2b-f1c65b96cfef None None] RequestId filter calling following filter/app {{(pid=82888) _context_setter /opt/stack/cinder/cinder/api/middleware/request_id.py:62}}
Feb 25 15:55:12 devstack devstack@c-api.service[82888]: INFO cinder.api.openstack.wsgi [req-c77a680e-9b82-4b00-927e-2c5433902cb7 req-89cb6009-4299-40f3-bb2b-f1c65b96cfef tempest-VolumesTestJSON-729561228 tempest-VolumesTestJSON-729561228-project-member] GET http://192.168.122.165/volume/v3/volumes/detail
Feb 25 15:55:12 devstack devstack@c-api.service[82888]: DEBUG cinder.api.openstack.wsgi [req-c77a680e-9b82-4b00-927e-2c5433902cb7 req-89cb6009-4299-40f3-bb2b-f1c65b96cfef tempest-VolumesTestJSON-729561228 tempest-VolumesTestJSON-729561228-project-member] Empty body provided in request {{(pid=82888) get_body /opt/stack/cinder/cinder/api/openstack/wsgi.py:725}}
Feb 25 15:55:12 devstack devstack@c-api.service[82888]: DEBUG cinder.api.openstack.wsgi [req-c77a680e-9b82-4b00-927e-2c5433902cb7 req-89cb6009-4299-40f3-bb2b-f1c65b96cfef tempest-VolumesTestJSON-729561228 tempest-VolumesTestJSON-729561228-project-member] Calling method 'detail' {{(pid=82888) _process_stack /opt/stack/cinder/cinder/api/openstack/wsgi.py:878}}
Feb 25 15:55:12 devstack devstack@c-api.service[82888]: DEBUG cinder.api.api_utils [req-c77a680e-9b82-4b00-927e-2c5433902cb7 req-89cb6009-4299-40f3-bb2b-f1c65b96cfef tempest-VolumesTestJSON-729561228 tempest-VolumesTestJSON-729561228-project-member] Removing options '' from query. {{(pid=82888) remove_invalid_filter_options /opt/stack/cinder/cinder/api/api_utils.py:81}}
Feb 25 15:55:12 devstack devstack@c-api.service[82888]: DEBUG cinder.volume.api [req-c77a680e-9b82-4b00-927e-2c5433902cb7 req-89cb6009-4299-40f3-bb2b-f1c65b96cfef tempest-VolumesTestJSON-729561228 tempest-VolumesTestJSON-729561228-project-member] Searching by: MultiDict([('no_migration_targets', True)]). {{(pid=82888) get_all /opt/stack/cinder/cinder/volume/api.py:663}}
Feb 25 15:55:12 devstack devstack@c-api.service[82887]: DEBUG cinder.api.middleware.request_id [None req-dede40ab-3572-491f-86b7-86450da6efba None None] RequestId filter calling following filter/app {{(pid=82887) _context_setter /opt/stack/cinder/cinder/api/middleware/request_id.py:62}}
Feb 25 15:55:12 devstack devstack@c-api.service[82887]: INFO cinder.api.openstack.wsgi [None req-dede40ab-3572-491f-86b7-86450da6efba tempest-GroupSnapshotsTest-2007772920 tempest-GroupSnapshotsTest-2007772920-project-member] GET http://192.168.122.165/volume/v3/volumes/ca0b6747-6f30-47de-887a-5b03ad8507de
Feb 25 15:55:12 devstack devstack@c-api.service[82887]: DEBUG cinder.api.openstack.wsgi [None req-dede40ab-3572-491f-86b7-86450da6efba tempest-GroupSnapshotsTest-2007772920 tempest-GroupSnapshotsTest-2007772920-project-member] Empty body provided in request {{(pid=82887) get_body /opt/stack/cinder/cinder/api/openstack/wsgi.py:725}}
Feb 25 15:55:12 devstack devstack@c-api.service[82887]: DEBUG cinder.api.openstack.wsgi [None req-dede40ab-3572-491f-86b7-86450da6efba tempest-GroupSnapshotsTest-2007772920 tempest-GroupSnapshotsTest-2007772920-project-member] Calling method 'show' {{(pid=82887) _process_stack /opt/stack/cinder/cinder/api/openstack/wsgi.py:878}}
Feb 25 15:55:12 devstack devstack@c-api.service[82888]: INFO cinder.volume.api [req-c77a680e-9b82-4b00-927e-2c5433902cb7 req-89cb6009-4299-40f3-bb2b-f1c65b96cfef tempest-VolumesTestJSON-729561228 tempest-VolumesTestJSON-729561228-project-member] Get all volumes completed successfully.
Feb 25 15:55:12 devstack devstack@c-api.service[82888]: /opt/stack/data/venv/lib/python3.10/site-packages/oslo_context/context.py:101: DeprecationWarning: Policy enforcement is depending on the value of is_admin. This key is deprecated. Please update your policy file to use the standard policy values.
Feb 25 15:55:12 devstack devstack@c-api.service[82888]: warnings.warn(
Feb 25 15:55:12 devstack devstack@c-api.service[82887]: INFO cinder.api.openstack.wsgi [None req-dede40ab-3572-491f-86b7-86450da6efba tempest-GroupSnapshotsTest-2007772920 tempest-GroupSnapshotsTest-2007772920-project-member] http://192.168.122.165/volume/v3/volumes/ca0b6747-6f30-47de-887a-5b03ad8507de returned with HTTP 404
Feb 25 15:55:12 devstack devstack@c-api.service[82887]: [pid: 82887|app: 0|req: 93/185] 192.168.122.165 () {64 vars in 1370 bytes} [Wed Feb 25 15:55:12 2026] GET /volume/v3/volumes/ca0b6747-6f30-47de-887a-5b03ad8507de => generated 109 bytes in 17 msecs (HTTP/1.1 404) 7 headers in 293 bytes (1 switches on core 0)
Feb 25 15:55:12 devstack devstack@c-api.service[82887]: DEBUG cinder.api.middleware.request_id [None req-098458bf-6203-4f0a-a958-86e4c5ccf0d7 None None] RequestId filter calling following filter/app {{(pid=82887) _context_setter /opt/stack/cinder/cinder/api/middleware/request_id.py:62}}
Feb 25 15:55:12 devstack devstack@c-api.service[82888]: INFO cinder.api.openstack.wsgi [req-c77a680e-9b82-4b00-927e-2c5433902cb7 req-89cb6009-4299-40f3-bb2b-f1c65b96cfef tempest-VolumesTestJSON-729561228 tempest-VolumesTestJSON-729561228-project-member] http://192.168.122.165/volume/v3/volumes/detail returned with HTTP 200
Feb 25 15:55:12 devstack devstack@c-api.service[82888]: [pid: 82888|app: 0|req: 93/186] 192.168.122.165 () {64 vars in 1494 bytes} [Wed Feb 25 15:55:12 2026] GET /volume/v3/volumes/detail => generated 2568 bytes in 48 msecs (HTTP/1.1 200) 7 headers in 286 bytes (1 switches on core 0)
Feb 25 15:55:12 devstack devstack@c-api.service[82887]: INFO cinder.api.openstack.wsgi [None req-098458bf-6203-4f0a-a958-86e4c5ccf0d7 tempest-GroupSnapshotsTest-2007772920 tempest-GroupSnapshotsTest-2007772920-project-member] GET http://192.168.122.165/volume/v3/groups/880836ea-c4fb-4891-9137-242376ed8333
Feb 25 15:55:12 devstack devstack@c-api.service[82887]: DEBUG cinder.api.openstack.wsgi [None req-098458bf-6203-4f0a-a958-86e4c5ccf0d7 tempest-GroupSnapshotsTest-2007772920 tempest-GroupSnapshotsTest-2007772920-project-member] Empty body provided in request {{(pid=82887) get_body /opt/stack/cinder/cinder/api/openstack/wsgi.py:725}}
Feb 25 15:55:12 devstack devstack@c-api.service[82887]: DEBUG cinder.api.openstack.wsgi [None req-098458bf-6203-4f0a-a958-86e4c5ccf0d7 tempest-GroupSnapshotsTest-2007772920 tempest-GroupSnapshotsTest-2007772920-project-member] Calling method 'version_select' {{(pid=82887) _process_stack /opt/stack/cinder/cinder/api/openstack/wsgi.py:878}}
Feb 25 15:55:12 devstack devstack@c-api.service[82887]: DEBUG cinder.api.v3.groups [None req-098458bf-6203-4f0a-a958-86e4c5ccf0d7 tempest-GroupSnapshotsTest-2007772920 tempest-GroupSnapshotsTest-2007772920-project-member] show called for member 880836ea-c4fb-4891-9137-242376ed8333 {{(pid=82887) show /opt/stack/cinder/cinder/api/v3/groups.py:58}}
Feb 25 15:55:12 devstack devstack@c-api.service[82887]: INFO cinder.api.openstack.wsgi [None req-098458bf-6203-4f0a-a958-86e4c5ccf0d7 tempest-GroupSnapshotsTest-2007772920 tempest-GroupSnapshotsTest-2007772920-project-member] http://192.168.122.165/volume/v3/groups/880836ea-c4fb-4891-9137-242376ed8333 returned with HTTP 404
Feb 25 15:55:12 devstack devstack@c-api.service[82887]: [pid: 82887|app: 0|req: 94/187] 192.168.122.165 () {64 vars in 1367 bytes} [Wed Feb 25 15:55:12 2026] GET /volume/v3/groups/880836ea-c4fb-4891-9137-242376ed8333 => generated 108 bytes in 25 msecs (HTTP/1.1 404) 7 headers in 293 bytes (1 switches on core 0)
Feb 25 15:55:12 devstack devstack@c-api.service[82888]: DEBUG cinder.api.middleware.request_id [None req-114072e1-3108-4e7d-866c-3eb9dbc1f3b7 None None] RequestId filter calling following filter/app {{(pid=82888) _context_setter /opt/stack/cinder/cinder/api/middleware/request_id.py:62}}
Feb 25 15:55:12 devstack devstack@c-api.service[82887]: DEBUG cinder.api.middleware.request_id [req-97cc467a-3a2f-4d88-b8b1-3986bb89f13b req-6b7db773-4de9-4bf1-b89f-d6370ebcee20 None None] RequestId filter calling following filter/app {{(pid=82887) _context_setter /opt/stack/cinder/cinder/api/middleware/request_id.py:62}}
Feb 25 15:55:12 devstack devstack@c-api.service[82888]: INFO cinder.api.openstack.wsgi [None req-114072e1-3108-4e7d-866c-3eb9dbc1f3b7 tempest-GroupSnapshotsTest-233581051 tempest-GroupSnapshotsTest-233581051-project-admin] DELETE http://192.168.122.165/volume/v3/group_types/d81979c1-8cb9-4713-b8d2-14bd0dc2217d
Feb 25 15:55:12 devstack devstack@c-api.service[82888]: DEBUG cinder.api.openstack.wsgi [None req-114072e1-3108-4e7d-866c-3eb9dbc1f3b7 tempest-GroupSnapshotsTest-233581051 tempest-GroupSnapshotsTest-233581051-project-admin] Empty body provided in request {{(pid=82888) get_body /opt/stack/cinder/cinder/api/openstack/wsgi.py:725}}
Feb 25 15:55:12 devstack devstack@c-api.service[82888]: DEBUG cinder.api.openstack.wsgi [None req-114072e1-3108-4e7d-866c-3eb9dbc1f3b7 tempest-GroupSnapshotsTest-233581051 tempest-GroupSnapshotsTest-233581051-project-admin] Calling method 'version_select' {{(pid=82888) _process_stack /opt/stack/cinder/cinder/api/openstack/wsgi.py:878}}
Feb 25 15:55:12 devstack devstack@c-api.service[82887]: INFO cinder.api.openstack.wsgi [req-97cc467a-3a2f-4d88-b8b1-3986bb89f13b req-6b7db773-4de9-4bf1-b89f-d6370ebcee20 tempest-VolumesTestJSON-729561228 tempest-VolumesTestJSON-729561228-project-member] GET http://192.168.122.165/volume/v3/volumes/detail
Feb 25 15:55:12 devstack devstack@c-api.service[82887]: DEBUG cinder.api.openstack.wsgi [req-97cc467a-3a2f-4d88-b8b1-3986bb89f13b req-6b7db773-4de9-4bf1-b89f-d6370ebcee20 tempest-VolumesTestJSON-729561228 tempest-VolumesTestJSON-729561228-project-member] Empty body provided in request {{(pid=82887) get_body /opt/stack/cinder/cinder/api/openstack/wsgi.py:725}}
Feb 25 15:55:12 devstack devstack@c-api.service[82887]: DEBUG cinder.api.openstack.wsgi [req-97cc467a-3a2f-4d88-b8b1-3986bb89f13b req-6b7db773-4de9-4bf1-b89f-d6370ebcee20 tempest-VolumesTestJSON-729561228 tempest-VolumesTestJSON-729561228-project-member] Calling method 'detail' {{(pid=82887) _process_stack /opt/stack/cinder/cinder/api/openstack/wsgi.py:878}}
Feb 25 15:55:12 devstack devstack@c-api.service[82887]: DEBUG cinder.api.api_utils [req-97cc467a-3a2f-4d88-b8b1-3986bb89f13b req-6b7db773-4de9-4bf1-b89f-d6370ebcee20 tempest-VolumesTestJSON-729561228 tempest-VolumesTestJSON-729561228-project-member] Removing options '' from query. {{(pid=82887) remove_invalid_filter_options /opt/stack/cinder/cinder/api/api_utils.py:81}}
Feb 25 15:55:12 devstack devstack@c-api.service[82887]: DEBUG cinder.volume.api [req-97cc467a-3a2f-4d88-b8b1-3986bb89f13b req-6b7db773-4de9-4bf1-b89f-d6370ebcee20 tempest-VolumesTestJSON-729561228 tempest-VolumesTestJSON-729561228-project-member] Searching by: MultiDict([('no_migration_targets', True)]). {{(pid=82887) get_all /opt/stack/cinder/cinder/volume/api.py:663}}
Feb 25 15:55:12 devstack devstack@c-api.service[82887]: INFO cinder.volume.api [req-97cc467a-3a2f-4d88-b8b1-3986bb89f13b req-6b7db773-4de9-4bf1-b89f-d6370ebcee20 tempest-VolumesTestJSON-729561228 tempest-VolumesTestJSON-729561228-project-member] Get all volumes completed successfully.
Feb 25 15:55:12 devstack devstack@c-api.service[82887]: /opt/stack/data/venv/lib/python3.10/site-packages/oslo_context/context.py:101: DeprecationWarning: Policy enforcement is depending on the value of is_admin. This key is deprecated. Please update your policy file to use the standard policy values.
Feb 25 15:55:12 devstack devstack@c-api.service[82887]: warnings.warn(
Feb 25 15:55:12 devstack devstack@c-api.service[82888]: INFO cinder.api.openstack.wsgi [None req-114072e1-3108-4e7d-866c-3eb9dbc1f3b7 tempest-GroupSnapshotsTest-233581051 tempest-GroupSnapshotsTest-233581051-project-admin] http://192.168.122.165/volume/v3/group_types/d81979c1-8cb9-4713-b8d2-14bd0dc2217d returned with HTTP 202
Feb 25 15:55:12 devstack devstack@c-api.service[82888]: [pid: 82888|app: 0|req: 94/188] 192.168.122.165 () {64 vars in 1385 bytes} [Wed Feb 25 15:55:12 2026] DELETE /volume/v3/group_types/d81979c1-8cb9-4713-b8d2-14bd0dc2217d => generated 0 bytes in 31 msecs (HTTP/1.1 202) 6 headers in 234 bytes (1 switches on core 0)
Feb 25 15:55:12 devstack devstack@c-api.service[82888]: DEBUG cinder.api.middleware.request_id [None req-3a542292-a5c3-406a-a905-e6106488b7a8 None None] RequestId filter calling following filter/app {{(pid=82888) _context_setter /opt/stack/cinder/cinder/api/middleware/request_id.py:62}}
Feb 25 15:55:12 devstack devstack@c-api.service[82888]: INFO cinder.api.openstack.wsgi [None req-3a542292-a5c3-406a-a905-e6106488b7a8 tempest-GroupSnapshotsTest-233581051 tempest-GroupSnapshotsTest-233581051-project-admin] DELETE http://192.168.122.165/volume/v3/types/28229952-0d13-46b5-a6c2-043bbb245082
Feb 25 15:55:12 devstack devstack@c-api.service[82888]: DEBUG cinder.api.openstack.wsgi [None req-3a542292-a5c3-406a-a905-e6106488b7a8 tempest-GroupSnapshotsTest-233581051 tempest-GroupSnapshotsTest-233581051-project-admin] Empty body provided in request {{(pid=82888) get_body /opt/stack/cinder/cinder/api/openstack/wsgi.py:725}}
Feb 25 15:55:12 devstack devstack@c-api.service[82888]: DEBUG cinder.api.openstack.wsgi [None req-3a542292-a5c3-406a-a905-e6106488b7a8 tempest-GroupSnapshotsTest-233581051 tempest-GroupSnapshotsTest-233581051-project-admin] Calling method '_delete' {{(pid=82888) _process_stack /opt/stack/cinder/cinder/api/openstack/wsgi.py:878}}
Feb 25 15:55:12 devstack devstack@c-api.service[82887]: INFO cinder.api.openstack.wsgi [req-97cc467a-3a2f-4d88-b8b1-3986bb89f13b req-6b7db773-4de9-4bf1-b89f-d6370ebcee20 tempest-VolumesTestJSON-729561228 tempest-VolumesTestJSON-729561228-project-member] http://192.168.122.165/volume/v3/volumes/detail returned with HTTP 200
Feb 25 15:55:12 devstack devstack@c-api.service[82887]: [pid: 82887|app: 0|req: 95/189] 192.168.122.165 () {64 vars in 1494 bytes} [Wed Feb 25 15:55:12 2026] GET /volume/v3/volumes/detail => generated 2568 bytes in 37 msecs (HTTP/1.1 200) 7 headers in 286 bytes (1 switches on core 0)
Feb 25 15:55:12 devstack devstack@c-api.service[82887]: DEBUG cinder.api.middleware.request_id [req-a7150550-9808-46b8-9f53-0f8735275df4 req-e353d821-bc57-4476-ac23-324a8ab8c9d1 None None] RequestId filter calling following filter/app {{(pid=82887) _context_setter /opt/stack/cinder/cinder/api/middleware/request_id.py:62}}
Feb 25 15:55:12 devstack devstack@c-api.service[82887]: INFO cinder.api.openstack.wsgi [req-a7150550-9808-46b8-9f53-0f8735275df4 req-e353d821-bc57-4476-ac23-324a8ab8c9d1 tempest-VolumesTestJSON-729561228 tempest-VolumesTestJSON-729561228-project-member] GET http://192.168.122.165/volume/v3/volumes/detail
Feb 25 15:55:12 devstack devstack@c-api.service[82887]: DEBUG cinder.api.openstack.wsgi [req-a7150550-9808-46b8-9f53-0f8735275df4 req-e353d821-bc57-4476-ac23-324a8ab8c9d1 tempest-VolumesTestJSON-729561228 tempest-VolumesTestJSON-729561228-project-member] Empty body provided in request {{(pid=82887) get_body /opt/stack/cinder/cinder/api/openstack/wsgi.py:725}}
Feb 25 15:55:12 devstack devstack@c-api.service[82887]: DEBUG cinder.api.openstack.wsgi [req-a7150550-9808-46b8-9f53-0f8735275df4 req-e353d821-bc57-4476-ac23-324a8ab8c9d1 tempest-VolumesTestJSON-729561228 tempest-VolumesTestJSON-729561228-project-member] Calling method 'detail' {{(pid=82887) _process_stack /opt/stack/cinder/cinder/api/openstack/wsgi.py:878}}
Feb 25 15:55:12 devstack devstack@c-api.service[82887]: DEBUG cinder.api.api_utils [req-a7150550-9808-46b8-9f53-0f8735275df4 req-e353d821-bc57-4476-ac23-324a8ab8c9d1 tempest-VolumesTestJSON-729561228 tempest-VolumesTestJSON-729561228-project-member] Removing options '' from query. {{(pid=82887) remove_invalid_filter_options /opt/stack/cinder/cinder/api/api_utils.py:81}}
Feb 25 15:55:12 devstack devstack@c-api.service[82887]: DEBUG cinder.volume.api [req-a7150550-9808-46b8-9f53-0f8735275df4 req-e353d821-bc57-4476-ac23-324a8ab8c9d1 tempest-VolumesTestJSON-729561228 tempest-VolumesTestJSON-729561228-project-member] Searching by: MultiDict([('no_migration_targets', True)]). {{(pid=82887) get_all /opt/stack/cinder/cinder/volume/api.py:663}}
Feb 25 15:55:12 devstack devstack@c-api.service[82887]: INFO cinder.volume.api [req-a7150550-9808-46b8-9f53-0f8735275df4 req-e353d821-bc57-4476-ac23-324a8ab8c9d1 tempest-VolumesTestJSON-729561228 tempest-VolumesTestJSON-729561228-project-member] Get all volumes completed successfully.
Feb 25 15:55:12 devstack devstack@c-api.service[82887]: /opt/stack/data/venv/lib/python3.10/site-packages/oslo_context/context.py:101: DeprecationWarning: Policy enforcement is depending on the value of is_admin. This key is deprecated. Please update your policy file to use the standard policy values.
Feb 25 15:55:12 devstack devstack@c-api.service[82887]: warnings.warn(
Feb 25 15:55:12 devstack devstack@c-api.service[82887]: INFO cinder.api.openstack.wsgi [req-a7150550-9808-46b8-9f53-0f8735275df4 req-e353d821-bc57-4476-ac23-324a8ab8c9d1 tempest-VolumesTestJSON-729561228 tempest-VolumesTestJSON-729561228-project-member] http://192.168.122.165/volume/v3/volumes/detail returned with HTTP 200
Feb 25 15:55:12 devstack devstack@c-api.service[82887]: [pid: 82887|app: 0|req: 96/190] 192.168.122.165 () {64 vars in 1494 bytes} [Wed Feb 25 15:55:12 2026] GET /volume/v3/volumes/detail => generated 2568 bytes in 34 msecs (HTTP/1.1 200) 7 headers in 286 bytes (1 switches on core 0)
Feb 25 15:55:12 devstack devstack@c-api.service[82888]: INFO cinder.api.openstack.wsgi [None req-3a542292-a5c3-406a-a905-e6106488b7a8 tempest-GroupSnapshotsTest-233581051 tempest-GroupSnapshotsTest-233581051-project-admin] http://192.168.122.165/volume/v3/types/28229952-0d13-46b5-a6c2-043bbb245082 returned with HTTP 202
Feb 25 15:55:12 devstack devstack@c-api.service[82888]: [pid: 82888|app: 0|req: 95/191] 192.168.122.165 () {62 vars in 1326 bytes} [Wed Feb 25 15:55:12 2026] DELETE /volume/v3/types/28229952-0d13-46b5-a6c2-043bbb245082 => generated 0 bytes in 67 msecs (HTTP/1.1 202) 6 headers in 233 bytes (1 switches on core 0)
Feb 25 15:55:12 devstack devstack@c-api.service[82887]: DEBUG cinder.api.middleware.request_id [None req-286f9158-4b63-4149-8534-b65aa7866644 None None] RequestId filter calling following filter/app {{(pid=82887) _context_setter /opt/stack/cinder/cinder/api/middleware/request_id.py:62}}
Feb 25 15:55:12 devstack devstack@c-api.service[82887]: INFO cinder.api.openstack.wsgi [None req-286f9158-4b63-4149-8534-b65aa7866644 tempest-GroupSnapshotsTest-233581051 tempest-GroupSnapshotsTest-233581051-project-admin] GET http://192.168.122.165/volume/v3/types/28229952-0d13-46b5-a6c2-043bbb245082
Feb 25 15:55:12 devstack devstack@c-api.service[82887]: DEBUG cinder.api.openstack.wsgi [None req-286f9158-4b63-4149-8534-b65aa7866644 tempest-GroupSnapshotsTest-233581051 tempest-GroupSnapshotsTest-233581051-project-admin] Empty body provided in request {{(pid=82887) get_body /opt/stack/cinder/cinder/api/openstack/wsgi.py:725}}
Feb 25 15:55:12 devstack devstack@c-api.service[82887]: DEBUG cinder.api.openstack.wsgi [None req-286f9158-4b63-4149-8534-b65aa7866644 tempest-GroupSnapshotsTest-233581051 tempest-GroupSnapshotsTest-233581051-project-admin] Calling method 'show' {{(pid=82887) _process_stack /opt/stack/cinder/cinder/api/openstack/wsgi.py:878}}
Feb 25 15:55:12 devstack devstack@c-api.service[82887]: INFO cinder.api.openstack.wsgi [None req-286f9158-4b63-4149-8534-b65aa7866644 tempest-GroupSnapshotsTest-233581051 tempest-GroupSnapshotsTest-233581051-project-admin] http://192.168.122.165/volume/v3/types/28229952-0d13-46b5-a6c2-043bbb245082 returned with HTTP 404
Feb 25 15:55:12 devstack devstack@c-api.service[82887]: [pid: 82887|app: 0|req: 97/192] 192.168.122.165 () {62 vars in 1323 bytes} [Wed Feb 25 15:55:12 2026] GET /volume/v3/types/28229952-0d13-46b5-a6c2-043bbb245082 => generated 114 bytes in 18 msecs (HTTP/1.1 404) 7 headers in 292 bytes (1 switches on core 0)
Feb 25 15:55:12 devstack devstack@c-api.service[82888]: DEBUG cinder.api.middleware.request_id [req-d7344d90-ff08-447c-ab49-3ee4c84fc2a7 req-91a0b2f6-575a-462d-a5bd-0f93339fb9c4 None None] RequestId filter calling following filter/app {{(pid=82888) _context_setter /opt/stack/cinder/cinder/api/middleware/request_id.py:62}}
Feb 25 15:55:12 devstack devstack@c-api.service[82887]: DEBUG cinder.api.middleware.request_id [None req-a4f92792-5ef4-4890-93d5-b2221f1e5013 None None] RequestId filter calling following filter/app {{(pid=82887) _context_setter /opt/stack/cinder/cinder/api/middleware/request_id.py:62}}
Feb 25 15:55:12 devstack devstack@c-api.service[82888]: INFO cinder.api.openstack.wsgi [req-d7344d90-ff08-447c-ab49-3ee4c84fc2a7 req-91a0b2f6-575a-462d-a5bd-0f93339fb9c4 tempest-VolumesTestJSON-729561228 tempest-VolumesTestJSON-729561228-project-member] GET http://192.168.122.165/volume/v3/volumes/detail
Feb 25 15:55:12 devstack devstack@c-api.service[82888]: DEBUG cinder.api.openstack.wsgi [req-d7344d90-ff08-447c-ab49-3ee4c84fc2a7 req-91a0b2f6-575a-462d-a5bd-0f93339fb9c4 tempest-VolumesTestJSON-729561228 tempest-VolumesTestJSON-729561228-project-member] Empty body provided in request {{(pid=82888) get_body /opt/stack/cinder/cinder/api/openstack/wsgi.py:725}}
Feb 25 15:55:12 devstack devstack@c-api.service[82888]: DEBUG cinder.api.openstack.wsgi [req-d7344d90-ff08-447c-ab49-3ee4c84fc2a7 req-91a0b2f6-575a-462d-a5bd-0f93339fb9c4 tempest-VolumesTestJSON-729561228 tempest-VolumesTestJSON-729561228-project-member] Calling method 'detail' {{(pid=82888) _process_stack /opt/stack/cinder/cinder/api/openstack/wsgi.py:878}}
Feb 25 15:55:12 devstack devstack@c-api.service[82888]: DEBUG cinder.api.api_utils [req-d7344d90-ff08-447c-ab49-3ee4c84fc2a7 req-91a0b2f6-575a-462d-a5bd-0f93339fb9c4 tempest-VolumesTestJSON-729561228 tempest-VolumesTestJSON-729561228-project-member] Removing options '' from query. {{(pid=82888) remove_invalid_filter_options /opt/stack/cinder/cinder/api/api_utils.py:81}}
Feb 25 15:55:12 devstack devstack@c-api.service[82888]: DEBUG cinder.volume.api [req-d7344d90-ff08-447c-ab49-3ee4c84fc2a7 req-91a0b2f6-575a-462d-a5bd-0f93339fb9c4 tempest-VolumesTestJSON-729561228 tempest-VolumesTestJSON-729561228-project-member] Searching by: MultiDict([('no_migration_targets', True)]). {{(pid=82888) get_all /opt/stack/cinder/cinder/volume/api.py:663}}
Feb 25 15:55:12 devstack devstack@c-api.service[82887]: INFO cinder.api.openstack.wsgi [None req-a4f92792-5ef4-4890-93d5-b2221f1e5013 tempest-GroupSnapshotsTest-233581051 tempest-GroupSnapshotsTest-233581051-project-admin] POST http://192.168.122.165/volume/v3/types
Feb 25 15:55:12 devstack devstack@c-api.service[82887]: DEBUG cinder.api.openstack.wsgi [None req-a4f92792-5ef4-4890-93d5-b2221f1e5013 tempest-GroupSnapshotsTest-233581051 tempest-GroupSnapshotsTest-233581051-project-admin] Action: 'create', calling method: _create, body: {"volume_type": {"name": "tempest-GroupSnapshotsTest-volume-type-1747227833"}} {{(pid=82887) _process_stack /opt/stack/cinder/cinder/api/openstack/wsgi.py:876}}
Feb 25 15:55:12 devstack devstack@c-api.service[82888]: INFO cinder.volume.api [req-d7344d90-ff08-447c-ab49-3ee4c84fc2a7 req-91a0b2f6-575a-462d-a5bd-0f93339fb9c4 tempest-VolumesTestJSON-729561228 tempest-VolumesTestJSON-729561228-project-member] Get all volumes completed successfully.
Feb 25 15:55:12 devstack devstack@c-api.service[82888]: /opt/stack/data/venv/lib/python3.10/site-packages/oslo_context/context.py:101: DeprecationWarning: Policy enforcement is depending on the value of is_admin. This key is deprecated. Please update your policy file to use the standard policy values.
Feb 25 15:55:12 devstack devstack@c-api.service[82888]: warnings.warn(
Feb 25 15:55:12 devstack devstack@c-api.service[82888]: INFO cinder.api.openstack.wsgi [req-d7344d90-ff08-447c-ab49-3ee4c84fc2a7 req-91a0b2f6-575a-462d-a5bd-0f93339fb9c4 tempest-VolumesTestJSON-729561228 tempest-VolumesTestJSON-729561228-project-member] http://192.168.122.165/volume/v3/volumes/detail returned with HTTP 200
Feb 25 15:55:12 devstack devstack@c-api.service[82888]: [pid: 82888|app: 0|req: 96/193] 192.168.122.165 () {64 vars in 1494 bytes} [Wed Feb 25 15:55:12 2026] GET /volume/v3/volumes/detail => generated 2568 bytes in 32 msecs (HTTP/1.1 200) 7 headers in 286 bytes (1 switches on core 0)
Feb 25 15:55:12 devstack devstack@c-api.service[82887]: INFO cinder.api.openstack.wsgi [None req-a4f92792-5ef4-4890-93d5-b2221f1e5013 tempest-GroupSnapshotsTest-233581051 tempest-GroupSnapshotsTest-233581051-project-admin] http://192.168.122.165/volume/v3/types returned with HTTP 200
Feb 25 15:55:12 devstack devstack@c-api.service[82887]: [pid: 82887|app: 0|req: 98/194] 192.168.122.165 () {64 vars in 1233 bytes} [Wed Feb 25 15:55:12 2026] POST /volume/v3/types => generated 224 bytes in 33 msecs (HTTP/1.1 200) 7 headers in 285 bytes (1 switches on core 0)
Feb 25 15:55:12 devstack devstack@c-api.service[82888]: DEBUG cinder.api.middleware.request_id [None req-07faaac1-e5e0-48d1-836d-e5fad9cdcf05 None None] RequestId filter calling following filter/app {{(pid=82888) _context_setter /opt/stack/cinder/cinder/api/middleware/request_id.py:62}}
Feb 25 15:55:12 devstack devstack@c-api.service[82887]: DEBUG cinder.api.middleware.request_id [None req-5e162ccb-590b-4e3c-9b61-972cdb421f6e None None] RequestId filter calling following filter/app {{(pid=82887) _context_setter /opt/stack/cinder/cinder/api/middleware/request_id.py:62}}
Feb 25 15:55:12 devstack devstack@c-api.service[82888]: INFO cinder.api.openstack.wsgi [None req-07faaac1-e5e0-48d1-836d-e5fad9cdcf05 tempest-GroupSnapshotsTest-233581051 tempest-GroupSnapshotsTest-233581051-project-admin] POST http://192.168.122.165/volume/v3/group_types
Feb 25 15:55:12 devstack devstack@c-api.service[82888]: DEBUG cinder.api.openstack.wsgi [None req-07faaac1-e5e0-48d1-836d-e5fad9cdcf05 tempest-GroupSnapshotsTest-233581051 tempest-GroupSnapshotsTest-233581051-project-admin] Action: 'create', calling method: version_select, body: {"group_type": {"name": "tempest-GroupSnapshotsTest-group-type-1298554624"}} {{(pid=82888) _process_stack /opt/stack/cinder/cinder/api/openstack/wsgi.py:876}}
Feb 25 15:55:12 devstack devstack@c-api.service[82887]: INFO cinder.api.openstack.wsgi [None req-5e162ccb-590b-4e3c-9b61-972cdb421f6e tempest-VolumesTestJSON-729561228 tempest-VolumesTestJSON-729561228-project-member] DELETE http://192.168.122.165/volume/v3/volumes/c206a768-b16a-43c4-bc78-4705e1269d88
Feb 25 15:55:12 devstack devstack@c-api.service[82887]: DEBUG cinder.api.openstack.wsgi [None req-5e162ccb-590b-4e3c-9b61-972cdb421f6e tempest-VolumesTestJSON-729561228 tempest-VolumesTestJSON-729561228-project-member] Empty body provided in request {{(pid=82887) get_body /opt/stack/cinder/cinder/api/openstack/wsgi.py:725}}
Feb 25 15:55:12 devstack devstack@c-api.service[82887]: DEBUG cinder.api.openstack.wsgi [None req-5e162ccb-590b-4e3c-9b61-972cdb421f6e tempest-VolumesTestJSON-729561228 tempest-VolumesTestJSON-729561228-project-member] Calling method 'delete' {{(pid=82887) _process_stack /opt/stack/cinder/cinder/api/openstack/wsgi.py:878}}
Feb 25 15:55:12 devstack devstack@c-api.service[82887]: INFO cinder.api.v3.volumes [None req-5e162ccb-590b-4e3c-9b61-972cdb421f6e tempest-VolumesTestJSON-729561228 tempest-VolumesTestJSON-729561228-project-member] Delete volume with id: c206a768-b16a-43c4-bc78-4705e1269d88
Feb 25 15:55:12 devstack devstack@c-api.service[82887]: /opt/stack/data/venv/lib/python3.10/site-packages/oslo_context/context.py:101: DeprecationWarning: Policy enforcement is depending on the value of is_admin. This key is deprecated. Please update your policy file to use the standard policy values.
Feb 25 15:55:12 devstack devstack@c-api.service[82887]: warnings.warn(
Feb 25 15:55:12 devstack devstack@c-api.service[82887]: INFO cinder.volume.api [None req-5e162ccb-590b-4e3c-9b61-972cdb421f6e tempest-VolumesTestJSON-729561228 tempest-VolumesTestJSON-729561228-project-member] Volume info retrieved successfully.
Feb 25 15:55:12 devstack devstack@c-api.service[82888]: INFO cinder.api.openstack.wsgi [None req-07faaac1-e5e0-48d1-836d-e5fad9cdcf05 tempest-GroupSnapshotsTest-233581051 tempest-GroupSnapshotsTest-233581051-project-admin] http://192.168.122.165/volume/v3/group_types returned with HTTP 202
Feb 25 15:55:12 devstack devstack@c-api.service[82888]: [pid: 82888|app: 0|req: 97/195] 192.168.122.165 () {66 vars in 1292 bytes} [Wed Feb 25 15:55:12 2026] POST /volume/v3/group_types => generated 181 bytes in 23 msecs (HTTP/1.1 202) 7 headers in 292 bytes (1 switches on core 0)
Feb 25 15:55:12 devstack devstack@c-api.service[82888]: DEBUG cinder.api.middleware.request_id [None req-45c9460b-8309-480f-b149-187488f75f6e None None] RequestId filter calling following filter/app {{(pid=82888) _context_setter /opt/stack/cinder/cinder/api/middleware/request_id.py:62}}
Feb 25 15:55:12 devstack devstack@c-api.service[82888]: INFO cinder.api.openstack.wsgi [None req-45c9460b-8309-480f-b149-187488f75f6e tempest-GroupSnapshotsTest-2007772920 tempest-GroupSnapshotsTest-2007772920-project-member] POST http://192.168.122.165/volume/v3/groups
Feb 25 15:55:12 devstack devstack@c-api.service[82888]: DEBUG cinder.api.openstack.wsgi [None req-45c9460b-8309-480f-b149-187488f75f6e tempest-GroupSnapshotsTest-2007772920 tempest-GroupSnapshotsTest-2007772920-project-member] Action: 'create', calling method: version_select, body: {"group": {"group_type": "fb8b5b41-8fd2-48c1-838a-95b4409e0a01", "volume_types": ["55617bcd-4612-40df-97e7-815334dbeb9c"], "name": "tempest-GroupSnapshotsTest-Group-1965405243"}} {{(pid=82888) _process_stack /opt/stack/cinder/cinder/api/openstack/wsgi.py:876}}
Feb 25 15:55:12 devstack devstack@c-api.service[82888]: DEBUG cinder.api.v3.groups [None req-45c9460b-8309-480f-b149-187488f75f6e tempest-GroupSnapshotsTest-2007772920 tempest-GroupSnapshotsTest-2007772920-project-member] Creating new group {'group': {'group_type': 'fb8b5b41-8fd2-48c1-838a-95b4409e0a01', 'volume_types': ['55617bcd-4612-40df-97e7-815334dbeb9c'], 'name': 'tempest-GroupSnapshotsTest-Group-1965405243'}} {{(pid=82888) create /opt/stack/cinder/cinder/api/v3/groups.py:190}}
Feb 25 15:55:13 devstack devstack@c-api.service[82888]: INFO cinder.api.v3.groups [None req-45c9460b-8309-480f-b149-187488f75f6e tempest-GroupSnapshotsTest-2007772920 tempest-GroupSnapshotsTest-2007772920-project-member] Creating group tempest-GroupSnapshotsTest-Group-1965405243.
Feb 25 15:55:13 devstack devstack@c-api.service[82888]: DEBUG cinder.volume.api [None req-45c9460b-8309-480f-b149-187488f75f6e tempest-GroupSnapshotsTest-2007772920 tempest-GroupSnapshotsTest-2007772920-project-member] Availability zone cache updated, next update will occur around 2026-02-25 15:55:13.023882. {{(pid=82888) list_availability_zones /opt/stack/cinder/cinder/volume/api.py:154}}
Feb 25 15:55:13 devstack devstack@c-api.service[82887]: INFO cinder.volume.api [None req-5e162ccb-590b-4e3c-9b61-972cdb421f6e tempest-VolumesTestJSON-729561228 tempest-VolumesTestJSON-729561228-project-member] Delete volume request issued successfully.
Feb 25 15:55:13 devstack devstack@c-api.service[82888]: INFO cinder.volume.api [None req-45c9460b-8309-480f-b149-187488f75f6e tempest-GroupSnapshotsTest-2007772920 tempest-GroupSnapshotsTest-2007772920-project-member] Availability Zones retrieved successfully.
Feb 25 15:55:13 devstack devstack@c-api.service[82887]: INFO cinder.api.openstack.wsgi [None req-5e162ccb-590b-4e3c-9b61-972cdb421f6e tempest-VolumesTestJSON-729561228 tempest-VolumesTestJSON-729561228-project-member] http://192.168.122.165/volume/v3/volumes/c206a768-b16a-43c4-bc78-4705e1269d88 returned with HTTP 202
Feb 25 15:55:13 devstack devstack@c-api.service[82887]: [pid: 82887|app: 0|req: 99/196] 192.168.122.165 () {62 vars in 1332 bytes} [Wed Feb 25 15:55:12 2026] DELETE /volume/v3/volumes/c206a768-b16a-43c4-bc78-4705e1269d88 => generated 0 bytes in 67 msecs (HTTP/1.1 202) 6 headers in 233 bytes (1 switches on core 0)
Feb 25 15:55:13 devstack devstack@c-api.service[82887]: DEBUG cinder.api.middleware.request_id [None req-187bcbff-5592-473c-8146-15f5534bc574 None None] RequestId filter calling following filter/app {{(pid=82887) _context_setter /opt/stack/cinder/cinder/api/middleware/request_id.py:62}}
Feb 25 15:55:13 devstack devstack@c-api.service[82888]: DEBUG cinder.quota [None req-45c9460b-8309-480f-b149-187488f75f6e tempest-GroupSnapshotsTest-2007772920 tempest-GroupSnapshotsTest-2007772920-project-member] Created reservations ['22353994-c36c-4b05-abfd-f3c0586b46e8'] {{(pid=82888) reserve /opt/stack/cinder/cinder/quota.py:752}}
Feb 25 15:55:13 devstack devstack@c-api.service[82887]: INFO cinder.api.openstack.wsgi [None req-187bcbff-5592-473c-8146-15f5534bc574 tempest-VolumesTestJSON-729561228 tempest-VolumesTestJSON-729561228-project-member] GET http://192.168.122.165/volume/v3/volumes/c206a768-b16a-43c4-bc78-4705e1269d88
Feb 25 15:55:13 devstack devstack@c-api.service[82887]: DEBUG cinder.api.openstack.wsgi [None req-187bcbff-5592-473c-8146-15f5534bc574 tempest-VolumesTestJSON-729561228 tempest-VolumesTestJSON-729561228-project-member] Empty body provided in request {{(pid=82887) get_body /opt/stack/cinder/cinder/api/openstack/wsgi.py:725}}
Feb 25 15:55:13 devstack devstack@c-api.service[82887]: DEBUG cinder.api.openstack.wsgi [None req-187bcbff-5592-473c-8146-15f5534bc574 tempest-VolumesTestJSON-729561228 tempest-VolumesTestJSON-729561228-project-member] Calling method 'show' {{(pid=82887) _process_stack /opt/stack/cinder/cinder/api/openstack/wsgi.py:878}}
Feb 25 15:55:13 devstack devstack@c-api.service[82888]: INFO cinder.api.openstack.wsgi [None req-45c9460b-8309-480f-b149-187488f75f6e tempest-GroupSnapshotsTest-2007772920 tempest-GroupSnapshotsTest-2007772920-project-member] http://192.168.122.165/volume/v3/groups returned with HTTP 202
Feb 25 15:55:13 devstack devstack@c-api.service[82888]: [pid: 82888|app: 0|req: 98/197] 192.168.122.165 () {66 vars in 1278 bytes} [Wed Feb 25 15:55:12 2026] POST /volume/v3/groups => generated 112 bytes in 89 msecs (HTTP/1.1 202) 7 headers in 292 bytes (1 switches on core 0)
Feb 25 15:55:13 devstack devstack@c-api.service[82887]: /opt/stack/data/venv/lib/python3.10/site-packages/oslo_context/context.py:101: DeprecationWarning: Policy enforcement is depending on the value of is_admin. This key is deprecated. Please update your policy file to use the standard policy values.
Feb 25 15:55:13 devstack devstack@c-api.service[82887]: warnings.warn(
Feb 25 15:55:13 devstack devstack@c-api.service[82888]: DEBUG cinder.api.middleware.request_id [None req-beb8ff2e-9b2c-45ed-882e-e048c297f9c9 None None] RequestId filter calling following filter/app {{(pid=82888) _context_setter /opt/stack/cinder/cinder/api/middleware/request_id.py:62}}
Feb 25 15:55:13 devstack devstack@c-api.service[82888]: INFO cinder.api.openstack.wsgi [None req-beb8ff2e-9b2c-45ed-882e-e048c297f9c9 tempest-GroupSnapshotsTest-2007772920 tempest-GroupSnapshotsTest-2007772920-project-member] GET http://192.168.122.165/volume/v3/groups/6b29736a-69e4-489e-9805-051dd69723a1
Feb 25 15:55:13 devstack devstack@c-api.service[82888]: DEBUG cinder.api.openstack.wsgi [None req-beb8ff2e-9b2c-45ed-882e-e048c297f9c9 tempest-GroupSnapshotsTest-2007772920 tempest-GroupSnapshotsTest-2007772920-project-member] Empty body provided in request {{(pid=82888) get_body /opt/stack/cinder/cinder/api/openstack/wsgi.py:725}}
Feb 25 15:55:13 devstack devstack@c-api.service[82888]: DEBUG cinder.api.openstack.wsgi [None req-beb8ff2e-9b2c-45ed-882e-e048c297f9c9 tempest-GroupSnapshotsTest-2007772920 tempest-GroupSnapshotsTest-2007772920-project-member] Calling method 'version_select' {{(pid=82888) _process_stack /opt/stack/cinder/cinder/api/openstack/wsgi.py:878}}
Feb 25 15:55:13 devstack devstack@c-api.service[82888]: DEBUG cinder.api.v3.groups [None req-beb8ff2e-9b2c-45ed-882e-e048c297f9c9 tempest-GroupSnapshotsTest-2007772920 tempest-GroupSnapshotsTest-2007772920-project-member] show called for member 6b29736a-69e4-489e-9805-051dd69723a1 {{(pid=82888) show /opt/stack/cinder/cinder/api/v3/groups.py:58}}
Feb 25 15:55:13 devstack devstack@c-api.service[82888]: /opt/stack/data/venv/lib/python3.10/site-packages/oslo_context/context.py:101: DeprecationWarning: Policy enforcement is depending on the value of is_admin. This key is deprecated. Please update your policy file to use the standard policy values.
Feb 25 15:55:13 devstack devstack@c-api.service[82888]: warnings.warn(
Feb 25 15:55:13 devstack devstack@c-api.service[82887]: INFO cinder.volume.api [None req-187bcbff-5592-473c-8146-15f5534bc574 tempest-VolumesTestJSON-729561228 tempest-VolumesTestJSON-729561228-project-member] Volume info retrieved successfully.
Feb 25 15:55:13 devstack devstack@c-api.service[82888]: INFO cinder.api.openstack.wsgi [None req-beb8ff2e-9b2c-45ed-882e-e048c297f9c9 tempest-GroupSnapshotsTest-2007772920 tempest-GroupSnapshotsTest-2007772920-project-member] http://192.168.122.165/volume/v3/groups/6b29736a-69e4-489e-9805-051dd69723a1 returned with HTTP 200
Feb 25 15:55:13 devstack devstack@c-api.service[82888]: [pid: 82888|app: 0|req: 99/198] 192.168.122.165 () {64 vars in 1367 bytes} [Wed Feb 25 15:55:13 2026] GET /volume/v3/groups/6b29736a-69e4-489e-9805-051dd69723a1 => generated 392 bytes in 25 msecs (HTTP/1.1 200) 7 headers in 286 bytes (1 switches on core 0)
Feb 25 15:55:13 devstack devstack@c-api.service[82887]: INFO cinder.api.openstack.wsgi [None req-187bcbff-5592-473c-8146-15f5534bc574 tempest-VolumesTestJSON-729561228 tempest-VolumesTestJSON-729561228-project-member] http://192.168.122.165/volume/v3/volumes/c206a768-b16a-43c4-bc78-4705e1269d88 returned with HTTP 200
Feb 25 15:55:13 devstack devstack@c-api.service[82887]: [pid: 82887|app: 0|req: 100/199] 192.168.122.165 () {62 vars in 1329 bytes} [Wed Feb 25 15:55:13 2026] GET /volume/v3/volumes/c206a768-b16a-43c4-bc78-4705e1269d88 => generated 861 bytes in 78 msecs (HTTP/1.1 200) 7 headers in 285 bytes (1 switches on core 0)
Feb 25 15:55:14 devstack devstack@c-api.service[82888]: DEBUG cinder.api.middleware.request_id [None req-90a2bdb5-8bd8-4b7d-98d6-9215a84460d6 None None] RequestId filter calling following filter/app {{(pid=82888) _context_setter /opt/stack/cinder/cinder/api/middleware/request_id.py:62}}
Feb 25 15:55:14 devstack devstack@c-api.service[82888]: INFO cinder.api.openstack.wsgi [None req-90a2bdb5-8bd8-4b7d-98d6-9215a84460d6 tempest-GroupSnapshotsTest-2007772920 tempest-GroupSnapshotsTest-2007772920-project-member] GET http://192.168.122.165/volume/v3/groups/6b29736a-69e4-489e-9805-051dd69723a1
Feb 25 15:55:14 devstack devstack@c-api.service[82888]: DEBUG cinder.api.openstack.wsgi [None req-90a2bdb5-8bd8-4b7d-98d6-9215a84460d6 tempest-GroupSnapshotsTest-2007772920 tempest-GroupSnapshotsTest-2007772920-project-member] Empty body provided in request {{(pid=82888) get_body /opt/stack/cinder/cinder/api/openstack/wsgi.py:725}}
Feb 25 15:55:14 devstack devstack@c-api.service[82888]: DEBUG cinder.api.openstack.wsgi [None req-90a2bdb5-8bd8-4b7d-98d6-9215a84460d6 tempest-GroupSnapshotsTest-2007772920 tempest-GroupSnapshotsTest-2007772920-project-member] Calling method 'version_select' {{(pid=82888) _process_stack /opt/stack/cinder/cinder/api/openstack/wsgi.py:878}}
Feb 25 15:55:14 devstack devstack@c-api.service[82888]: DEBUG cinder.api.v3.groups [None req-90a2bdb5-8bd8-4b7d-98d6-9215a84460d6 tempest-GroupSnapshotsTest-2007772920 tempest-GroupSnapshotsTest-2007772920-project-member] show called for member 6b29736a-69e4-489e-9805-051dd69723a1 {{(pid=82888) show /opt/stack/cinder/cinder/api/v3/groups.py:58}}
Feb 25 15:55:14 devstack devstack@c-api.service[82887]: DEBUG cinder.api.middleware.request_id [None req-6a4085e3-b99e-4edd-823c-5c5e73d1b129 None None] RequestId filter calling following filter/app {{(pid=82887) _context_setter /opt/stack/cinder/cinder/api/middleware/request_id.py:62}}
Feb 25 15:55:14 devstack devstack@c-api.service[82887]: INFO cinder.api.openstack.wsgi [None req-6a4085e3-b99e-4edd-823c-5c5e73d1b129 tempest-VolumesTestJSON-729561228 tempest-VolumesTestJSON-729561228-project-member] GET http://192.168.122.165/volume/v3/volumes/c206a768-b16a-43c4-bc78-4705e1269d88
Feb 25 15:55:14 devstack devstack@c-api.service[82887]: DEBUG cinder.api.openstack.wsgi [None req-6a4085e3-b99e-4edd-823c-5c5e73d1b129 tempest-VolumesTestJSON-729561228 tempest-VolumesTestJSON-729561228-project-member] Empty body provided in request {{(pid=82887) get_body /opt/stack/cinder/cinder/api/openstack/wsgi.py:725}}
Feb 25 15:55:14 devstack devstack@c-api.service[82887]: DEBUG cinder.api.openstack.wsgi [None req-6a4085e3-b99e-4edd-823c-5c5e73d1b129 tempest-VolumesTestJSON-729561228 tempest-VolumesTestJSON-729561228-project-member] Calling method 'show' {{(pid=82887) _process_stack /opt/stack/cinder/cinder/api/openstack/wsgi.py:878}}
Feb 25 15:55:14 devstack devstack@c-api.service[82888]: /opt/stack/data/venv/lib/python3.10/site-packages/oslo_context/context.py:101: DeprecationWarning: Policy enforcement is depending on the value of is_admin. This key is deprecated. Please update your policy file to use the standard policy values.
Feb 25 15:55:14 devstack devstack@c-api.service[82888]: warnings.warn(
Feb 25 15:55:14 devstack devstack@c-api.service[82887]: /opt/stack/data/venv/lib/python3.10/site-packages/oslo_context/context.py:101: DeprecationWarning: Policy enforcement is depending on the value of is_admin. This key is deprecated. Please update your policy file to use the standard policy values.
