Feb 24 16:59:47 devstack devstack@n-api.service[60053]: DEBUG nova.virt.hardware [None req-51fea175-8df6-4e96-adae-bd4415ac880e tempest-ServersNegativeTestJSON-135321924 tempest-ServersNegativeTestJSON-135321924-project-member] Flavor pref 0:0:0 {{(pid=60053) get_cpu_topology_constraints /opt/stack/nova/nova/virt/hardware.py:396}}
Feb 24 16:59:47 devstack devstack@n-api.service[60053]: DEBUG nova.virt.hardware [None req-51fea175-8df6-4e96-adae-bd4415ac880e tempest-ServersNegativeTestJSON-135321924 tempest-ServersNegativeTestJSON-135321924-project-member] Image pref 0:0:0 {{(pid=60053) get_cpu_topology_constraints /opt/stack/nova/nova/virt/hardware.py:400}}
Feb 24 16:59:47 devstack devstack@n-api.service[60053]: DEBUG nova.virt.hardware [None req-51fea175-8df6-4e96-adae-bd4415ac880e tempest-ServersNegativeTestJSON-135321924 tempest-ServersNegativeTestJSON-135321924-project-member] Chose sockets=0, cores=0, threads=0; limits were sockets=65536, cores=65536, threads=65536 {{(pid=60053) get_cpu_topology_constraints /opt/stack/nova/nova/virt/hardware.py:438}}
Feb 24 16:59:47 devstack devstack@n-api.service[60053]: DEBUG oslo_concurrency.lockutils [None req-51fea175-8df6-4e96-adae-bd4415ac880e tempest-ServersNegativeTestJSON-135321924 tempest-ServersNegativeTestJSON-135321924-project-member] Acquiring lock "00000000-0000-0000-0000-000000000000" by "nova.context.set_target_cell..get_or_set_cached_cell_and_set_connections" {{(pid=60053) inner /opt/stack/data/venv/lib/python3.10/site-packages/oslo_concurrency/lockutils.py:506}}
Feb 24 16:59:47 devstack devstack@n-api.service[60053]: DEBUG oslo_concurrency.lockutils [None req-51fea175-8df6-4e96-adae-bd4415ac880e tempest-ServersNegativeTestJSON-135321924 tempest-ServersNegativeTestJSON-135321924-project-member] Lock "00000000-0000-0000-0000-000000000000" acquired by "nova.context.set_target_cell..get_or_set_cached_cell_and_set_connections" :: waited 0.000s {{(pid=60053) inner /opt/stack/data/venv/lib/python3.10/site-packages/oslo_concurrency/lockutils.py:519}}
Feb 24 16:59:47 devstack devstack@n-api.service[60053]: DEBUG oslo_concurrency.lockutils [None req-51fea175-8df6-4e96-adae-bd4415ac880e tempest-ServersNegativeTestJSON-135321924 tempest-ServersNegativeTestJSON-135321924-project-member] Lock "00000000-0000-0000-0000-000000000000" "released" by "nova.context.set_target_cell..get_or_set_cached_cell_and_set_connections" :: held 0.001s {{(pid=60053) inner /opt/stack/data/venv/lib/python3.10/site-packages/oslo_concurrency/lockutils.py:538}}
Feb 24 16:59:47 devstack devstack@n-api.service[60053]: DEBUG oslo_concurrency.lockutils [None req-51fea175-8df6-4e96-adae-bd4415ac880e tempest-ServersNegativeTestJSON-135321924 tempest-ServersNegativeTestJSON-135321924-project-member] Acquiring lock "c08bdcc2-6174-4c92-b2a5-fcdf501533fa" by "nova.context.set_target_cell..get_or_set_cached_cell_and_set_connections" {{(pid=60053) inner /opt/stack/data/venv/lib/python3.10/site-packages/oslo_concurrency/lockutils.py:506}}
Feb 24 16:59:47 devstack devstack@n-api.service[60053]: DEBUG oslo_concurrency.lockutils [None req-51fea175-8df6-4e96-adae-bd4415ac880e tempest-ServersNegativeTestJSON-135321924 tempest-ServersNegativeTestJSON-135321924-project-member] Lock "c08bdcc2-6174-4c92-b2a5-fcdf501533fa" acquired by "nova.context.set_target_cell..get_or_set_cached_cell_and_set_connections" :: waited 0.000s {{(pid=60053) inner /opt/stack/data/venv/lib/python3.10/site-packages/oslo_concurrency/lockutils.py:519}}
Feb 24 16:59:47 devstack devstack@n-api.service[60053]: DEBUG oslo_concurrency.lockutils [None req-51fea175-8df6-4e96-adae-bd4415ac880e tempest-ServersNegativeTestJSON-135321924 tempest-ServersNegativeTestJSON-135321924-project-member] Lock "c08bdcc2-6174-4c92-b2a5-fcdf501533fa" "released" by "nova.context.set_target_cell..get_or_set_cached_cell_and_set_connections" :: held 0.002s {{(pid=60053) inner /opt/stack/data/venv/lib/python3.10/site-packages/oslo_concurrency/lockutils.py:538}}
Feb 24 16:59:47 devstack devstack@n-api.service[60053]: DEBUG nova.quota [None req-51fea175-8df6-4e96-adae-bd4415ac880e tempest-ServersNegativeTestJSON-135321924 tempest-ServersNegativeTestJSON-135321924-project-member] Getting quotas for project 3bd3f47d85ba4ae1806d5b99c8b06395. Resources: {'ram', 'instances', 'cores'} {{(pid=60053) _get_quotas /opt/stack/nova/nova/quota.py:392}}
Feb 24 16:59:47 devstack devstack@n-api.service[60053]: DEBUG nova.quota [None req-51fea175-8df6-4e96-adae-bd4415ac880e tempest-ServersNegativeTestJSON-135321924 tempest-ServersNegativeTestJSON-135321924-project-member] Getting quotas for user abbd695101714eb187f4c0444c68ffa8 and project 3bd3f47d85ba4ae1806d5b99c8b06395. Resources: {'ram', 'instances', 'cores'} {{(pid=60053) _get_quotas /opt/stack/nova/nova/quota.py:382}}
Feb 24 16:59:47 devstack devstack@n-api.service[60053]: DEBUG nova.compute.api [None req-51fea175-8df6-4e96-adae-bd4415ac880e tempest-ServersNegativeTestJSON-135321924 tempest-ServersNegativeTestJSON-135321924-project-member] Going to run 1 instances... {{(pid=60053) _provision_instances /opt/stack/nova/nova/compute/api.py:1467}}
Feb 24 16:59:47 devstack devstack@n-api.service[60053]: DEBUG nova.compute.api [None req-51fea175-8df6-4e96-adae-bd4415ac880e tempest-ServersNegativeTestJSON-135321924 tempest-ServersNegativeTestJSON-135321924-project-member] [instance: 475894dc-ae26-4150-bc70-0fdb71fe695f] block_device_mapping [BlockDeviceMapping(attachment_id=,boot_index=0,connection_info=None,created_at=,delete_on_termination=True,deleted=,deleted_at=,destination_type='local',device_name=None,device_type='disk',disk_bus=None,encrypted=False,encryption_format=None,encryption_options=None,encryption_secret_uuid=None,guest_format=None,id=,image_id='f36bf693-906f-4ed4-83d5-f58e96dab162',instance=,instance_uuid=,no_device=False,snapshot_id=None,source_type='image',tag=None,updated_at=,uuid=,volume_id=None,volume_size=None,volume_type=None)] {{(pid=60053) _bdm_validate_set_size_and_instance /opt/stack/nova/nova/compute/api.py:1935}}
Feb 24 16:59:47 devstack devstack@n-api.service[60053]: INFO nova.api.openstack.requestlog [None req-51fea175-8df6-4e96-adae-bd4415ac880e tempest-ServersNegativeTestJSON-135321924 tempest-ServersNegativeTestJSON-135321924-project-member] 192.168.122.213 "POST /compute/v2.1/servers" status: 202 len: 388 microversion: 2.1 time: 1.054409
Feb 24 16:59:47 devstack devstack@n-api.service[60053]: [pid: 60053|app: 0|req: 120/240] 192.168.122.213 () {64 vars in 1248 bytes} [Tue Feb 24 16:59:46 2026] POST /compute/v2.1/servers => generated 388 bytes in 1056 msecs (HTTP/1.1 202) 10 headers in 455 bytes (1 switches on core 0)
Feb 24 16:59:47 devstack devstack@n-api.service[60052]: DEBUG nova.api.openstack.wsgi [None req-fbaa2eb9-fc58-404d-aa5b-1dbd9d231647 tempest-ServersNegativeTestJSON-135321924 tempest-ServersNegativeTestJSON-135321924-project-member] Calling method '>' {{(pid=60052) _process_stack /opt/stack/nova/nova/api/openstack/wsgi.py:551}}
Feb 24 16:59:47 devstack devstack@n-api.service[60052]: DEBUG nova.compute.api [None req-fbaa2eb9-fc58-404d-aa5b-1dbd9d231647 tempest-ServersNegativeTestJSON-135321924 tempest-ServersNegativeTestJSON-135321924-project-member] [instance: 475894dc-ae26-4150-bc70-0fdb71fe695f] Fetching instance by UUID {{(pid=60052) get /opt/stack/nova/nova/compute/api.py:3048}}
Feb 24 16:59:47 devstack devstack@n-api.service[60052]: WARNING neutronclient.v2_0.client [None req-fbaa2eb9-fc58-404d-aa5b-1dbd9d231647 tempest-ServersNegativeTestJSON-135321924 tempest-ServersNegativeTestJSON-135321924-project-member] The python binding code in neutronclient is deprecated in favor of OpenstackSDK, please use that as this will be removed in a future release.
Feb 24 16:59:48 devstack devstack@n-api.service[60052]: DEBUG nova.policy [None req-fbaa2eb9-fc58-404d-aa5b-1dbd9d231647 tempest-ServersNegativeTestJSON-135321924 tempest-ServersNegativeTestJSON-135321924-project-member] Policy check for os_compute_api:os-extended-server-attributes failed with credentials {'is_admin': False, 'user_id': 'abbd695101714eb187f4c0444c68ffa8', 'user_domain_id': 'default', 'system_scope': None, 'domain_id': None, 'project_id': '3bd3f47d85ba4ae1806d5b99c8b06395', 'project_domain_id': 'default', 'roles': ['member', 'reader'], 'is_admin_project': True, 'service_user_id': None, 'service_user_domain_id': None, 'service_project_id': None, 'service_project_domain_id': None, 'service_roles': []} {{(pid=60052) authorize /opt/stack/nova/nova/policy.py:192}}
Feb 24 16:59:48 devstack devstack@n-api.service[60052]: INFO nova.api.openstack.requestlog [None req-fbaa2eb9-fc58-404d-aa5b-1dbd9d231647 tempest-ServersNegativeTestJSON-135321924 tempest-ServersNegativeTestJSON-135321924-project-member] 192.168.122.213 "GET /compute/v2.1/servers/475894dc-ae26-4150-bc70-0fdb71fe695f" status: 200 len: 1230 microversion: 2.1 time: 0.184589
Feb 24 16:59:48 devstack devstack@n-api.service[60052]: [pid: 60052|app: 0|req: 121/241] 192.168.122.213 () {62 vars in 1337 bytes} [Tue Feb 24 16:59:47 2026] GET /compute/v2.1/servers/475894dc-ae26-4150-bc70-0fdb71fe695f => generated 1230 bytes in 190 msecs (HTTP/1.1 200) 9 headers in 358 bytes (1 switches on core 0)
Feb 24 16:59:48 devstack devstack@n-api.service[60053]: DEBUG nova.api.openstack.wsgi [None req-bea60f13-5909-416a-8b46-aa7fe8578ffa tempest-ServerBootFromVolumeStableRescueTest-879993879 tempest-ServerBootFromVolumeStableRescueTest-879993879-project-member] Calling method '>' {{(pid=60053) _process_stack /opt/stack/nova/nova/api/openstack/wsgi.py:551}}
Feb 24 16:59:48 devstack devstack@n-api.service[60053]: DEBUG nova.compute.api [None req-bea60f13-5909-416a-8b46-aa7fe8578ffa tempest-ServerBootFromVolumeStableRescueTest-879993879 tempest-ServerBootFromVolumeStableRescueTest-879993879-project-member] [instance: 4fcb63ad-5c69-4714-a331-d788049c6be6] Fetching instance by UUID {{(pid=60053) get /opt/stack/nova/nova/compute/api.py:3048}}
Feb 24 16:59:48 devstack devstack@n-api.service[60053]: DEBUG oslo_concurrency.lockutils [None req-bea60f13-5909-416a-8b46-aa7fe8578ffa tempest-ServerBootFromVolumeStableRescueTest-879993879 tempest-ServerBootFromVolumeStableRescueTest-879993879-project-member] Acquiring lock "c08bdcc2-6174-4c92-b2a5-fcdf501533fa" by "nova.context.set_target_cell..get_or_set_cached_cell_and_set_connections" {{(pid=60053) inner /opt/stack/data/venv/lib/python3.10/site-packages/oslo_concurrency/lockutils.py:506}}
Feb 24 16:59:48 devstack devstack@n-api.service[60053]: DEBUG oslo_concurrency.lockutils [None req-bea60f13-5909-416a-8b46-aa7fe8578ffa tempest-ServerBootFromVolumeStableRescueTest-879993879 tempest-ServerBootFromVolumeStableRescueTest-879993879-project-member] Lock "c08bdcc2-6174-4c92-b2a5-fcdf501533fa" acquired by "nova.context.set_target_cell..get_or_set_cached_cell_and_set_connections" :: waited 0.001s {{(pid=60053) inner /opt/stack/data/venv/lib/python3.10/site-packages/oslo_concurrency/lockutils.py:519}}
Feb 24 16:59:48 devstack devstack@n-api.service[60053]: DEBUG oslo_concurrency.lockutils [None req-bea60f13-5909-416a-8b46-aa7fe8578ffa tempest-ServerBootFromVolumeStableRescueTest-879993879 tempest-ServerBootFromVolumeStableRescueTest-879993879-project-member] Lock "c08bdcc2-6174-4c92-b2a5-fcdf501533fa" "released" by "nova.context.set_target_cell..get_or_set_cached_cell_and_set_connections" :: held 0.000s {{(pid=60053) inner /opt/stack/data/venv/lib/python3.10/site-packages/oslo_concurrency/lockutils.py:538}}
Feb 24 16:59:48 devstack devstack@n-api.service[60053]: DEBUG oslo_concurrency.lockutils [None req-bea60f13-5909-416a-8b46-aa7fe8578ffa tempest-ServerBootFromVolumeStableRescueTest-879993879 tempest-ServerBootFromVolumeStableRescueTest-879993879-project-member] Acquiring lock "c08bdcc2-6174-4c92-b2a5-fcdf501533fa" by "nova.context.set_target_cell..get_or_set_cached_cell_and_set_connections" {{(pid=60053) inner /opt/stack/data/venv/lib/python3.10/site-packages/oslo_concurrency/lockutils.py:506}}
Feb 24 16:59:48 devstack devstack@n-api.service[60053]: DEBUG oslo_concurrency.lockutils [None req-bea60f13-5909-416a-8b46-aa7fe8578ffa tempest-ServerBootFromVolumeStableRescueTest-879993879 tempest-ServerBootFromVolumeStableRescueTest-879993879-project-member] Lock "c08bdcc2-6174-4c92-b2a5-fcdf501533fa" acquired by "nova.context.set_target_cell..get_or_set_cached_cell_and_set_connections" :: waited 0.001s {{(pid=60053) inner /opt/stack/data/venv/lib/python3.10/site-packages/oslo_concurrency/lockutils.py:519}}
Feb 24 16:59:48 devstack devstack@n-api.service[60053]: DEBUG oslo_concurrency.lockutils [None req-bea60f13-5909-416a-8b46-aa7fe8578ffa tempest-ServerBootFromVolumeStableRescueTest-879993879 tempest-ServerBootFromVolumeStableRescueTest-879993879-project-member] Lock "c08bdcc2-6174-4c92-b2a5-fcdf501533fa" "released" by "nova.context.set_target_cell..get_or_set_cached_cell_and_set_connections" :: held 0.000s {{(pid=60053) inner /opt/stack/data/venv/lib/python3.10/site-packages/oslo_concurrency/lockutils.py:538}}
Feb 24 16:59:48 devstack devstack@n-api.service[60053]: WARNING neutronclient.v2_0.client [None req-bea60f13-5909-416a-8b46-aa7fe8578ffa tempest-ServerBootFromVolumeStableRescueTest-879993879 tempest-ServerBootFromVolumeStableRescueTest-879993879-project-member] The python binding code in neutronclient is deprecated in favor of OpenstackSDK, please use that as this will be removed in a future release.
Feb 24 16:59:48 devstack devstack@n-api.service[60052]: DEBUG nova.api.openstack.wsgi [None req-7e2b890d-43c6-4804-9417-c5489c694bb0 tempest-VolumesTestJSON-1774122920 tempest-VolumesTestJSON-1774122920-project-member] Calling method '>' {{(pid=60052) _process_stack /opt/stack/nova/nova/api/openstack/wsgi.py:551}}
Feb 24 16:59:48 devstack devstack@n-api.service[60052]: INFO nova.api.openstack.requestlog [None req-7e2b890d-43c6-4804-9417-c5489c694bb0 tempest-VolumesTestJSON-1774122920 tempest-VolumesTestJSON-1774122920-project-member] 192.168.122.213 "GET /compute/v2.1/os-volumes/46270724-271f-496f-a113-e914f9c6a97d" status: 200 len: 348 microversion: 2.1 time: 0.120216
Feb 24 16:59:48 devstack devstack@n-api.service[60052]: [pid: 60052|app: 0|req: 122/242] 192.168.122.213 () {62 vars in 1346 bytes} [Tue Feb 24 16:59:48 2026] GET /compute/v2.1/os-volumes/46270724-271f-496f-a113-e914f9c6a97d => generated 348 bytes in 122 msecs (HTTP/1.1 200) 9 headers in 357 bytes (1 switches on core 0)
Feb 24 16:59:48 devstack devstack@n-api.service[60052]: DEBUG nova.api.openstack.wsgi [None req-9100dce8-5f48-4ac4-9890-fdfcec4e323a tempest-VolumesTestJSON-1774122920 tempest-VolumesTestJSON-1774122920-project-member] Calling method '>' {{(pid=60052) _process_stack /opt/stack/nova/nova/api/openstack/wsgi.py:551}}
Feb 24 16:59:48 devstack devstack@n-api.service[60052]: INFO nova.api.openstack.requestlog [None req-9100dce8-5f48-4ac4-9890-fdfcec4e323a tempest-VolumesTestJSON-1774122920 tempest-VolumesTestJSON-1774122920-project-member] 192.168.122.213 "GET /compute/v2.1/os-volumes" status: 200 len: 1027 microversion: 2.1 time: 0.140344
Feb 24 16:59:48 devstack devstack@n-api.service[60052]: [pid: 60052|app: 0|req: 123/243] 192.168.122.213 () {62 vars in 1235 bytes} [Tue Feb 24 16:59:48 2026] GET /compute/v2.1/os-volumes => generated 1027 bytes in 142 msecs (HTTP/1.1 200) 9 headers in 358 bytes (1 switches on core 0)
Feb 24 16:59:48 devstack devstack@n-api.service[60052]: DEBUG nova.api.openstack.wsgi [None req-6bcdd413-024c-4b27-adea-b35c3f10670e tempest-VolumesTestJSON-1774122920 tempest-VolumesTestJSON-1774122920-project-member] Calling method '>' {{(pid=60052) _process_stack /opt/stack/nova/nova/api/openstack/wsgi.py:551}}
Feb 24 16:59:48 devstack devstack@n-api.service[60052]: INFO nova.api.openstack.requestlog [None req-6bcdd413-024c-4b27-adea-b35c3f10670e tempest-VolumesTestJSON-1774122920 tempest-VolumesTestJSON-1774122920-project-member] 192.168.122.213 "GET /compute/v2.1/os-volumes?limit=2" status: 200 len: 689 microversion: 2.1 time: 0.069084
Feb 24 16:59:48 devstack devstack@n-api.service[60052]: [pid: 60052|app: 0|req: 124/244] 192.168.122.213 () {62 vars in 1250 bytes} [Tue Feb 24 16:59:48 2026] GET /compute/v2.1/os-volumes?limit=2 => generated 689 bytes in 72 msecs (HTTP/1.1 200) 9 headers in 357 bytes (1 switches on core 0)
Feb 24 16:59:48 devstack devstack@n-api.service[60052]: DEBUG nova.api.openstack.wsgi [None req-4e073fd9-c91c-4cae-afae-82aaa344d636 tempest-VolumesTestJSON-1774122920 tempest-VolumesTestJSON-1774122920-project-member] Calling method '>' {{(pid=60052) _process_stack /opt/stack/nova/nova/api/openstack/wsgi.py:551}}
Feb 24 16:59:48 devstack devstack@n-api.service[60053]: DEBUG nova.policy [None req-bea60f13-5909-416a-8b46-aa7fe8578ffa tempest-ServerBootFromVolumeStableRescueTest-879993879 tempest-ServerBootFromVolumeStableRescueTest-879993879-project-member] Policy check for os_compute_api:os-extended-server-attributes failed with credentials {'is_admin': False, 'user_id': '79b941a6865f4251bdf502351146cf3b', 'user_domain_id': 'default', 'system_scope': None, 'domain_id': None, 'project_id': '5cafa9d0cb5247479c1383d9e5e7f09c', 'project_domain_id': 'default', 'roles': ['member', 'reader'], 'is_admin_project': True, 'service_user_id': None, 'service_user_domain_id': None, 'service_project_id': None, 'service_project_domain_id': None, 'service_roles': []} {{(pid=60053) authorize /opt/stack/nova/nova/policy.py:192}}
Feb 24 16:59:48 devstack devstack@n-api.service[60053]: DEBUG nova.policy [None req-bea60f13-5909-416a-8b46-aa7fe8578ffa tempest-ServerBootFromVolumeStableRescueTest-879993879 tempest-ServerBootFromVolumeStableRescueTest-879993879-project-member] Policy check for os_compute_api:servers:show:host_status failed with credentials {'is_admin': False, 'user_id': '79b941a6865f4251bdf502351146cf3b', 'user_domain_id': 'default', 'system_scope': None, 'domain_id': None, 'project_id': '5cafa9d0cb5247479c1383d9e5e7f09c', 'project_domain_id': 'default', 'roles': ['member', 'reader'], 'is_admin_project': True, 'service_user_id': None, 'service_user_domain_id': None, 'service_project_id': None, 'service_project_domain_id': None, 'service_roles': []} {{(pid=60053) authorize /opt/stack/nova/nova/policy.py:192}}
Feb 24 16:59:48 devstack devstack@n-api.service[60053]: DEBUG nova.policy [None req-bea60f13-5909-416a-8b46-aa7fe8578ffa tempest-ServerBootFromVolumeStableRescueTest-879993879 tempest-ServerBootFromVolumeStableRescueTest-879993879-project-member] Policy check for os_compute_api:servers:show:host_status:unknown-only failed with credentials {'is_admin': False, 'user_id': '79b941a6865f4251bdf502351146cf3b', 'user_domain_id': 'default', 'system_scope': None, 'domain_id': None, 'project_id': '5cafa9d0cb5247479c1383d9e5e7f09c', 'project_domain_id': 'default', 'roles': ['member', 'reader'], 'is_admin_project': True, 'service_user_id': None, 'service_user_domain_id': None, 'service_project_id': None, 'service_project_domain_id': None, 'service_roles': []} {{(pid=60053) authorize /opt/stack/nova/nova/policy.py:192}}
Feb 24 16:59:48 devstack devstack@n-api.service[60052]: INFO nova.api.openstack.requestlog [None req-4e073fd9-c91c-4cae-afae-82aaa344d636 tempest-VolumesTestJSON-1774122920 tempest-VolumesTestJSON-1774122920-project-member] 192.168.122.213 "GET /compute/v2.1/os-volumes" status: 200 len: 1027 microversion: 2.1 time: 0.064774
Feb 24 16:59:48 devstack devstack@n-api.service[60052]: [pid: 60052|app: 0|req: 125/245] 192.168.122.213 () {62 vars in 1235 bytes} [Tue Feb 24 16:59:48 2026] GET /compute/v2.1/os-volumes => generated 1027 bytes in 74 msecs (HTTP/1.1 200) 9 headers in 358 bytes (1 switches on core 0)
Feb 24 16:59:48 devstack devstack@n-api.service[60053]: INFO nova.api.openstack.requestlog [None req-bea60f13-5909-416a-8b46-aa7fe8578ffa tempest-ServerBootFromVolumeStableRescueTest-879993879 tempest-ServerBootFromVolumeStableRescueTest-879993879-project-member] 192.168.122.213 "GET /compute/v2.1/servers/4fcb63ad-5c69-4714-a331-d788049c6be6" status: 200 len: 1706 microversion: 2.87 time: 0.544257
Feb 24 16:59:48 devstack devstack@n-api.service[60052]: DEBUG nova.api.openstack.wsgi [None req-dfbb19a6-9168-4eec-add2-3ca66bfcad80 tempest-VolumesTestJSON-1774122920 tempest-VolumesTestJSON-1774122920-project-member] Calling method '>' {{(pid=60052) _process_stack /opt/stack/nova/nova/api/openstack/wsgi.py:551}}
Feb 24 16:59:48 devstack devstack@n-api.service[60053]: [pid: 60053|app: 0|req: 121/246] 192.168.122.213 () {64 vars in 1378 bytes} [Tue Feb 24 16:59:48 2026] GET /compute/v2.1/servers/4fcb63ad-5c69-4714-a331-d788049c6be6 => generated 1706 bytes in 550 msecs (HTTP/1.1 200) 9 headers in 360 bytes (1 switches on core 0)
Feb 24 16:59:48 devstack devstack@n-api.service[60052]: INFO nova.api.openstack.requestlog [None req-dfbb19a6-9168-4eec-add2-3ca66bfcad80 tempest-VolumesTestJSON-1774122920 tempest-VolumesTestJSON-1774122920-project-member] 192.168.122.213 "GET /compute/v2.1/os-volumes?offset=1&limit=1" status: 200 len: 351 microversion: 2.1 time: 0.131512
Feb 24 16:59:48 devstack devstack@n-api.service[60052]: [pid: 60052|app: 0|req: 126/247] 192.168.122.213 () {62 vars in 1268 bytes} [Tue Feb 24 16:59:48 2026] GET /compute/v2.1/os-volumes?offset=1&limit=1 => generated 351 bytes in 133 msecs (HTTP/1.1 200) 9 headers in 357 bytes (1 switches on core 0)
Feb 24 16:59:48 devstack devstack@n-api.service[60053]: DEBUG nova.api.openstack.wsgi [None req-14065d7a-ba8a-4a3d-98c8-83e73d15795e tempest-VolumesTestJSON-1774122920 tempest-VolumesTestJSON-1774122920-project-member] Calling method '>' {{(pid=60053) _process_stack /opt/stack/nova/nova/api/openstack/wsgi.py:551}}
Feb 24 16:59:49 devstack devstack@n-api.service[60053]: INFO nova.api.openstack.requestlog [None req-14065d7a-ba8a-4a3d-98c8-83e73d15795e tempest-VolumesTestJSON-1774122920 tempest-VolumesTestJSON-1774122920-project-member] 192.168.122.213 "GET /compute/v2.1/os-volumes/detail?limit=2" status: 200 len: 689 microversion: 2.1 time: 0.081138
Feb 24 16:59:49 devstack devstack@n-api.service[60053]: [pid: 60053|app: 0|req: 122/248] 192.168.122.213 () {62 vars in 1271 bytes} [Tue Feb 24 16:59:48 2026] GET /compute/v2.1/os-volumes/detail?limit=2 => generated 689 bytes in 86 msecs (HTTP/1.1 200) 9 headers in 357 bytes (1 switches on core 0)
Feb 24 16:59:49 devstack devstack@n-api.service[60052]: DEBUG nova.api.openstack.wsgi [None req-c524c05c-aaf0-4fe5-8502-6a0322299b9d tempest-VolumesTestJSON-1774122920 tempest-VolumesTestJSON-1774122920-project-member] Calling method '>' {{(pid=60052) _process_stack /opt/stack/nova/nova/api/openstack/wsgi.py:551}}
Feb 24 16:59:49 devstack devstack@n-api.service[60053]: DEBUG nova.api.openstack.wsgi [None req-e667916c-0d99-45c9-a0c8-cd62159e050a tempest-ServerBootFromVolumeStableRescueTest-879993879 tempest-ServerBootFromVolumeStableRescueTest-879993879-project-member] Action: 'create', calling method: >, body: {"server": {"name": "tempest-ServerBootFromVolumeStableRescueTest-server-1286493733", "imageRef": "f36bf693-906f-4ed4-83d5-f58e96dab162", "flavorRef": "42", "block_device_mapping_v2": [{"boot_index": "0", "delete_on_termination": "true", "source_type": "blank", "volume_size": 1, "destination_type": "volume"}], "networks": [{"uuid": "7033f35e-1b2b-484f-b6a9-6172411478ae"}]}} {{(pid=60053) _process_stack /opt/stack/nova/nova/api/openstack/wsgi.py:549}}
Feb 24 16:59:49 devstack devstack@n-api.service[60052]: INFO nova.api.openstack.requestlog [None req-c524c05c-aaf0-4fe5-8502-6a0322299b9d tempest-VolumesTestJSON-1774122920 tempest-VolumesTestJSON-1774122920-project-member] 192.168.122.213 "GET /compute/v2.1/os-volumes/detail" status: 200 len: 1027 microversion: 2.1 time: 0.057214
Feb 24 16:59:49 devstack devstack@n-api.service[60052]: [pid: 60052|app: 0|req: 127/249] 192.168.122.213 () {62 vars in 1256 bytes} [Tue Feb 24 16:59:49 2026] GET /compute/v2.1/os-volumes/detail => generated 1027 bytes in 59 msecs (HTTP/1.1 200) 9 headers in 358 bytes (1 switches on core 0)
Feb 24 16:59:49 devstack devstack@n-api.service[60052]: DEBUG nova.api.openstack.wsgi [None req-4f2f466a-f836-44c8-80bc-08fe7174a546 tempest-ServersNegativeTestJSON-135321924 tempest-ServersNegativeTestJSON-135321924-project-member] Calling method '>' {{(pid=60052) _process_stack /opt/stack/nova/nova/api/openstack/wsgi.py:551}}
Feb 24 16:59:49 devstack devstack@n-api.service[60052]: DEBUG nova.compute.api [None req-4f2f466a-f836-44c8-80bc-08fe7174a546 tempest-ServersNegativeTestJSON-135321924 tempest-ServersNegativeTestJSON-135321924-project-member] [instance: 475894dc-ae26-4150-bc70-0fdb71fe695f] Fetching instance by UUID {{(pid=60052) get /opt/stack/nova/nova/compute/api.py:3048}}
Feb 24 16:59:49 devstack devstack@n-api.service[60052]: DEBUG oslo_concurrency.lockutils [None req-4f2f466a-f836-44c8-80bc-08fe7174a546 tempest-ServersNegativeTestJSON-135321924 tempest-ServersNegativeTestJSON-135321924-project-member] Acquiring lock "c08bdcc2-6174-4c92-b2a5-fcdf501533fa" by "nova.context.set_target_cell..get_or_set_cached_cell_and_set_connections" {{(pid=60052) inner /opt/stack/data/venv/lib/python3.10/site-packages/oslo_concurrency/lockutils.py:506}}
Feb 24 16:59:49 devstack devstack@n-api.service[60052]: DEBUG oslo_concurrency.lockutils [None req-4f2f466a-f836-44c8-80bc-08fe7174a546 tempest-ServersNegativeTestJSON-135321924 tempest-ServersNegativeTestJSON-135321924-project-member] Lock "c08bdcc2-6174-4c92-b2a5-fcdf501533fa" acquired by "nova.context.set_target_cell..get_or_set_cached_cell_and_set_connections" :: waited 0.003s {{(pid=60052) inner /opt/stack/data/venv/lib/python3.10/site-packages/oslo_concurrency/lockutils.py:519}}
Feb 24 16:59:49 devstack devstack@n-api.service[60052]: DEBUG oslo_concurrency.lockutils [None req-4f2f466a-f836-44c8-80bc-08fe7174a546 tempest-ServersNegativeTestJSON-135321924 tempest-ServersNegativeTestJSON-135321924-project-member] Lock "c08bdcc2-6174-4c92-b2a5-fcdf501533fa" "released" by "nova.context.set_target_cell..get_or_set_cached_cell_and_set_connections" :: held 0.001s {{(pid=60052) inner /opt/stack/data/venv/lib/python3.10/site-packages/oslo_concurrency/lockutils.py:538}}
Feb 24 16:59:49 devstack devstack@n-api.service[60052]: DEBUG oslo_concurrency.lockutils [None req-4f2f466a-f836-44c8-80bc-08fe7174a546 tempest-ServersNegativeTestJSON-135321924 tempest-ServersNegativeTestJSON-135321924-project-member] Acquiring lock "c08bdcc2-6174-4c92-b2a5-fcdf501533fa" by "nova.context.set_target_cell..get_or_set_cached_cell_and_set_connections" {{(pid=60052) inner /opt/stack/data/venv/lib/python3.10/site-packages/oslo_concurrency/lockutils.py:506}}
Feb 24 16:59:49 devstack devstack@n-api.service[60052]: DEBUG oslo_concurrency.lockutils [None req-4f2f466a-f836-44c8-80bc-08fe7174a546 tempest-ServersNegativeTestJSON-135321924 tempest-ServersNegativeTestJSON-135321924-project-member] Lock "c08bdcc2-6174-4c92-b2a5-fcdf501533fa" acquired by "nova.context.set_target_cell..get_or_set_cached_cell_and_set_connections" :: waited 0.001s {{(pid=60052) inner /opt/stack/data/venv/lib/python3.10/site-packages/oslo_concurrency/lockutils.py:519}}
Feb 24 16:59:49 devstack devstack@n-api.service[60052]: DEBUG oslo_concurrency.lockutils [None req-4f2f466a-f836-44c8-80bc-08fe7174a546 tempest-ServersNegativeTestJSON-135321924 tempest-ServersNegativeTestJSON-135321924-project-member] Lock "c08bdcc2-6174-4c92-b2a5-fcdf501533fa" "released" by "nova.context.set_target_cell..get_or_set_cached_cell_and_set_connections" :: held 0.002s {{(pid=60052) inner /opt/stack/data/venv/lib/python3.10/site-packages/oslo_concurrency/lockutils.py:538}}
Feb 24 16:59:49 devstack devstack@n-api.service[60052]: WARNING neutronclient.v2_0.client [None req-4f2f466a-f836-44c8-80bc-08fe7174a546 tempest-ServersNegativeTestJSON-135321924 tempest-ServersNegativeTestJSON-135321924-project-member] The python binding code in neutronclient is deprecated in favor of OpenstackSDK, please use that as this will be removed in a future release.
Feb 24 16:59:49 devstack devstack@n-api.service[60053]: DEBUG oslo_concurrency.lockutils [None req-e667916c-0d99-45c9-a0c8-cd62159e050a tempest-ServerBootFromVolumeStableRescueTest-879993879 tempest-ServerBootFromVolumeStableRescueTest-879993879-project-member] Acquiring lock "00000000-0000-0000-0000-000000000000" by "nova.context.set_target_cell..get_or_set_cached_cell_and_set_connections" {{(pid=60053) inner /opt/stack/data/venv/lib/python3.10/site-packages/oslo_concurrency/lockutils.py:506}}
Feb 24 16:59:49 devstack devstack@n-api.service[60053]: DEBUG oslo_concurrency.lockutils [None req-e667916c-0d99-45c9-a0c8-cd62159e050a tempest-ServerBootFromVolumeStableRescueTest-879993879 tempest-ServerBootFromVolumeStableRescueTest-879993879-project-member] Lock "00000000-0000-0000-0000-000000000000" acquired by "nova.context.set_target_cell..get_or_set_cached_cell_and_set_connections" :: waited 0.001s {{(pid=60053) inner /opt/stack/data/venv/lib/python3.10/site-packages/oslo_concurrency/lockutils.py:519}}
Feb 24 16:59:49 devstack devstack@n-api.service[60053]: DEBUG oslo_concurrency.lockutils [None req-e667916c-0d99-45c9-a0c8-cd62159e050a tempest-ServerBootFromVolumeStableRescueTest-879993879 tempest-ServerBootFromVolumeStableRescueTest-879993879-project-member] Lock "00000000-0000-0000-0000-000000000000" "released" by "nova.context.set_target_cell..get_or_set_cached_cell_and_set_connections" :: held 0.001s {{(pid=60053) inner /opt/stack/data/venv/lib/python3.10/site-packages/oslo_concurrency/lockutils.py:538}}
Feb 24 16:59:49 devstack devstack@n-api.service[60053]: DEBUG oslo_concurrency.lockutils [None req-e667916c-0d99-45c9-a0c8-cd62159e050a tempest-ServerBootFromVolumeStableRescueTest-879993879 tempest-ServerBootFromVolumeStableRescueTest-879993879-project-member] Acquiring lock "c08bdcc2-6174-4c92-b2a5-fcdf501533fa" by "nova.context.set_target_cell..get_or_set_cached_cell_and_set_connections" {{(pid=60053) inner /opt/stack/data/venv/lib/python3.10/site-packages/oslo_concurrency/lockutils.py:506}}
Feb 24 16:59:49 devstack devstack@n-api.service[60053]: DEBUG oslo_concurrency.lockutils [None req-e667916c-0d99-45c9-a0c8-cd62159e050a tempest-ServerBootFromVolumeStableRescueTest-879993879 tempest-ServerBootFromVolumeStableRescueTest-879993879-project-member] Lock "c08bdcc2-6174-4c92-b2a5-fcdf501533fa" acquired by "nova.context.set_target_cell..get_or_set_cached_cell_and_set_connections" :: waited 0.001s {{(pid=60053) inner /opt/stack/data/venv/lib/python3.10/site-packages/oslo_concurrency/lockutils.py:519}}
Feb 24 16:59:49 devstack devstack@n-api.service[60053]: DEBUG oslo_concurrency.lockutils [None req-e667916c-0d99-45c9-a0c8-cd62159e050a tempest-ServerBootFromVolumeStableRescueTest-879993879 tempest-ServerBootFromVolumeStableRescueTest-879993879-project-member] Lock "c08bdcc2-6174-4c92-b2a5-fcdf501533fa" "released" by "nova.context.set_target_cell..get_or_set_cached_cell_and_set_connections" :: held 0.002s {{(pid=60053) inner /opt/stack/data/venv/lib/python3.10/site-packages/oslo_concurrency/lockutils.py:538}}
Feb 24 16:59:49 devstack devstack@n-api.service[60052]: DEBUG nova.policy [None req-4f2f466a-f836-44c8-80bc-08fe7174a546 tempest-ServersNegativeTestJSON-135321924 tempest-ServersNegativeTestJSON-135321924-project-member] Policy check for os_compute_api:os-extended-server-attributes failed with credentials {'is_admin': False, 'user_id': 'abbd695101714eb187f4c0444c68ffa8', 'user_domain_id': 'default', 'system_scope': None, 'domain_id': None, 'project_id': '3bd3f47d85ba4ae1806d5b99c8b06395', 'project_domain_id': 'default', 'roles': ['member', 'reader'], 'is_admin_project': True, 'service_user_id': None, 'service_user_domain_id': None, 'service_project_id': None, 'service_project_domain_id': None, 'service_roles': []} {{(pid=60052) authorize /opt/stack/nova/nova/policy.py:192}}
Feb 24 16:59:49 devstack devstack@n-api.service[60052]: INFO nova.api.openstack.requestlog [None req-4f2f466a-f836-44c8-80bc-08fe7174a546 tempest-ServersNegativeTestJSON-135321924 tempest-ServersNegativeTestJSON-135321924-project-member] 192.168.122.213 "GET /compute/v2.1/servers/475894dc-ae26-4150-bc70-0fdb71fe695f" status: 200 len: 1234 microversion: 2.1 time: 0.127314
Feb 24 16:59:49 devstack devstack@n-api.service[60052]: [pid: 60052|app: 0|req: 128/250] 192.168.122.213 () {62 vars in 1337 bytes} [Tue Feb 24 16:59:49 2026] GET /compute/v2.1/servers/475894dc-ae26-4150-bc70-0fdb71fe695f => generated 1234 bytes in 129 msecs (HTTP/1.1 200) 9 headers in 358 bytes (1 switches on core 0)
Feb 24 16:59:49 devstack devstack@n-api.service[60053]: DEBUG nova.network.neutron [None req-e667916c-0d99-45c9-a0c8-cd62159e050a tempest-ServerBootFromVolumeStableRescueTest-879993879 tempest-ServerBootFromVolumeStableRescueTest-879993879-project-member] validate_networks() for [('7033f35e-1b2b-484f-b6a9-6172411478ae', None, None, None, None, None)] {{(pid=60053) validate_networks /opt/stack/nova/nova/network/neutron.py:2685}}
Feb 24 16:59:49 devstack devstack@n-api.service[60053]: WARNING neutronclient.v2_0.client [None req-e667916c-0d99-45c9-a0c8-cd62159e050a tempest-ServerBootFromVolumeStableRescueTest-879993879 tempest-ServerBootFromVolumeStableRescueTest-879993879-project-member] The python binding code in neutronclient is deprecated in favor of OpenstackSDK, please use that as this will be removed in a future release.
Feb 24 16:59:49 devstack devstack@n-api.service[60052]: DEBUG nova.api.openstack.wsgi [None req-8466b460-d4d9-4847-a296-fbe15ca763e6 tempest-VolumesTestJSON-1774122920 tempest-VolumesTestJSON-1774122920-project-member] Calling method '>' {{(pid=60052) _process_stack /opt/stack/nova/nova/api/openstack/wsgi.py:551}}
Feb 24 16:59:49 devstack devstack@n-api.service[60052]: INFO nova.api.openstack.requestlog [None req-8466b460-d4d9-4847-a296-fbe15ca763e6 tempest-VolumesTestJSON-1774122920 tempest-VolumesTestJSON-1774122920-project-member] 192.168.122.213 "GET /compute/v2.1/os-volumes/detail?offset=1&limit=1" status: 200 len: 351 microversion: 2.1 time: 0.109580
Feb 24 16:59:49 devstack devstack@n-api.service[60052]: [pid: 60052|app: 0|req: 129/251] 192.168.122.213 () {62 vars in 1289 bytes} [Tue Feb 24 16:59:49 2026] GET /compute/v2.1/os-volumes/detail?offset=1&limit=1 => generated 351 bytes in 111 msecs (HTTP/1.1 200) 9 headers in 357 bytes (1 switches on core 0)
Feb 24 16:59:49 devstack devstack@n-api.service[60052]: DEBUG nova.api.openstack.wsgi [None req-806931e2-c93e-40d6-ac54-b8772bf415b3 tempest-VolumesTestJSON-1774122920 tempest-VolumesTestJSON-1774122920-project-member] Calling method '>' {{(pid=60052) _process_stack /opt/stack/nova/nova/api/openstack/wsgi.py:551}}
Feb 24 16:59:49 devstack devstack@n-api.service[60052]: INFO nova.api.openstack.requestlog [None req-806931e2-c93e-40d6-ac54-b8772bf415b3 tempest-VolumesTestJSON-1774122920 tempest-VolumesTestJSON-1774122920-project-member] 192.168.122.213 "GET /compute/v2.1/os-volumes/detail" status: 200 len: 1027 microversion: 2.1 time: 0.150130
Feb 24 16:59:49 devstack devstack@n-api.service[60052]: [pid: 60052|app: 0|req: 130/252] 192.168.122.213 () {62 vars in 1256 bytes} [Tue Feb 24 16:59:49 2026] GET /compute/v2.1/os-volumes/detail => generated 1027 bytes in 152 msecs (HTTP/1.1 200) 9 headers in 358 bytes (1 switches on core 0)
Feb 24 16:59:49 devstack devstack@n-api.service[60053]: WARNING neutronclient.v2_0.client [None req-e667916c-0d99-45c9-a0c8-cd62159e050a tempest-ServerBootFromVolumeStableRescueTest-879993879 tempest-ServerBootFromVolumeStableRescueTest-879993879-project-member] The python binding code in neutronclient is deprecated in favor of OpenstackSDK, please use that as this will be removed in a future release.
Feb 24 16:59:49 devstack devstack@n-api.service[60053]: DEBUG nova.virt.hardware [None req-e667916c-0d99-45c9-a0c8-cd62159e050a tempest-ServerBootFromVolumeStableRescueTest-879993879 tempest-ServerBootFromVolumeStableRescueTest-879993879-project-member] Flavor limits 0:0:0 {{(pid=60053) get_cpu_topology_constraints /opt/stack/nova/nova/virt/hardware.py:356}}
Feb 24 16:59:49 devstack devstack@n-api.service[60053]: DEBUG nova.virt.hardware [None req-e667916c-0d99-45c9-a0c8-cd62159e050a tempest-ServerBootFromVolumeStableRescueTest-879993879 tempest-ServerBootFromVolumeStableRescueTest-879993879-project-member] Image limits 0:0:0 {{(pid=60053) get_cpu_topology_constraints /opt/stack/nova/nova/virt/hardware.py:360}}
Feb 24 16:59:49 devstack devstack@n-api.service[60053]: DEBUG nova.virt.hardware [None req-e667916c-0d99-45c9-a0c8-cd62159e050a tempest-ServerBootFromVolumeStableRescueTest-879993879 tempest-ServerBootFromVolumeStableRescueTest-879993879-project-member] Flavor pref 0:0:0 {{(pid=60053) get_cpu_topology_constraints /opt/stack/nova/nova/virt/hardware.py:396}}
Feb 24 16:59:49 devstack devstack@n-api.service[60053]: DEBUG nova.virt.hardware [None req-e667916c-0d99-45c9-a0c8-cd62159e050a tempest-ServerBootFromVolumeStableRescueTest-879993879 tempest-ServerBootFromVolumeStableRescueTest-879993879-project-member] Image pref 0:0:0 {{(pid=60053) get_cpu_topology_constraints /opt/stack/nova/nova/virt/hardware.py:400}}
Feb 24 16:59:49 devstack devstack@n-api.service[60053]: DEBUG nova.virt.hardware [None req-e667916c-0d99-45c9-a0c8-cd62159e050a tempest-ServerBootFromVolumeStableRescueTest-879993879 tempest-ServerBootFromVolumeStableRescueTest-879993879-project-member] Chose sockets=0, cores=0, threads=0; limits were sockets=65536, cores=65536, threads=65536 {{(pid=60053) get_cpu_topology_constraints /opt/stack/nova/nova/virt/hardware.py:438}}
Feb 24 16:59:49 devstack devstack@n-api.service[60053]: DEBUG oslo_concurrency.lockutils [None req-e667916c-0d99-45c9-a0c8-cd62159e050a tempest-ServerBootFromVolumeStableRescueTest-879993879 tempest-ServerBootFromVolumeStableRescueTest-879993879-project-member] Acquiring lock "00000000-0000-0000-0000-000000000000" by "nova.context.set_target_cell..get_or_set_cached_cell_and_set_connections" {{(pid=60053) inner /opt/stack/data/venv/lib/python3.10/site-packages/oslo_concurrency/lockutils.py:506}}
Feb 24 16:59:49 devstack devstack@n-api.service[60053]: DEBUG oslo_concurrency.lockutils [None req-e667916c-0d99-45c9-a0c8-cd62159e050a tempest-ServerBootFromVolumeStableRescueTest-879993879 tempest-ServerBootFromVolumeStableRescueTest-879993879-project-member] Lock "00000000-0000-0000-0000-000000000000" acquired by "nova.context.set_target_cell..get_or_set_cached_cell_and_set_connections" :: waited 0.004s {{(pid=60053) inner /opt/stack/data/venv/lib/python3.10/site-packages/oslo_concurrency/lockutils.py:519}}
Feb 24 16:59:49 devstack devstack@n-api.service[60053]: DEBUG oslo_concurrency.lockutils [None req-e667916c-0d99-45c9-a0c8-cd62159e050a tempest-ServerBootFromVolumeStableRescueTest-879993879 tempest-ServerBootFromVolumeStableRescueTest-879993879-project-member] Lock "00000000-0000-0000-0000-000000000000" "released" by "nova.context.set_target_cell..get_or_set_cached_cell_and_set_connections" :: held 0.005s {{(pid=60053) inner /opt/stack/data/venv/lib/python3.10/site-packages/oslo_concurrency/lockutils.py:538}}
Feb 24 16:59:49 devstack devstack@n-api.service[60053]: DEBUG oslo_concurrency.lockutils [None req-e667916c-0d99-45c9-a0c8-cd62159e050a tempest-ServerBootFromVolumeStableRescueTest-879993879 tempest-ServerBootFromVolumeStableRescueTest-879993879-project-member] Acquiring lock "c08bdcc2-6174-4c92-b2a5-fcdf501533fa" by "nova.context.set_target_cell..get_or_set_cached_cell_and_set_connections" {{(pid=60053) inner /opt/stack/data/venv/lib/python3.10/site-packages/oslo_concurrency/lockutils.py:506}}
Feb 24 16:59:49 devstack devstack@n-api.service[60053]: DEBUG oslo_concurrency.lockutils [None req-e667916c-0d99-45c9-a0c8-cd62159e050a tempest-ServerBootFromVolumeStableRescueTest-879993879 tempest-ServerBootFromVolumeStableRescueTest-879993879-project-member] Lock "c08bdcc2-6174-4c92-b2a5-fcdf501533fa" acquired by "nova.context.set_target_cell..get_or_set_cached_cell_and_set_connections" :: waited 0.004s {{(pid=60053) inner /opt/stack/data/venv/lib/python3.10/site-packages/oslo_concurrency/lockutils.py:519}}
Feb 24 16:59:49 devstack devstack@n-api.service[60053]: DEBUG oslo_concurrency.lockutils [None req-e667916c-0d99-45c9-a0c8-cd62159e050a tempest-ServerBootFromVolumeStableRescueTest-879993879 tempest-ServerBootFromVolumeStableRescueTest-879993879-project-member] Lock "c08bdcc2-6174-4c92-b2a5-fcdf501533fa" "released" by "nova.context.set_target_cell..get_or_set_cached_cell_and_set_connections" :: held 0.001s {{(pid=60053) inner /opt/stack/data/venv/lib/python3.10/site-packages/oslo_concurrency/lockutils.py:538}}
Feb 24 16:59:50 devstack devstack@n-api.service[60053]: DEBUG nova.quota [None req-e667916c-0d99-45c9-a0c8-cd62159e050a tempest-ServerBootFromVolumeStableRescueTest-879993879 tempest-ServerBootFromVolumeStableRescueTest-879993879-project-member] Getting quotas for project 5cafa9d0cb5247479c1383d9e5e7f09c. Resources: {'ram', 'instances', 'cores'} {{(pid=60053) _get_quotas /opt/stack/nova/nova/quota.py:392}}
Feb 24 16:59:50 devstack devstack@n-api.service[60053]: DEBUG nova.quota [None req-e667916c-0d99-45c9-a0c8-cd62159e050a tempest-ServerBootFromVolumeStableRescueTest-879993879 tempest-ServerBootFromVolumeStableRescueTest-879993879-project-member] Getting quotas for user 79b941a6865f4251bdf502351146cf3b and project 5cafa9d0cb5247479c1383d9e5e7f09c. Resources: {'ram', 'instances', 'cores'} {{(pid=60053) _get_quotas /opt/stack/nova/nova/quota.py:382}}
Feb 24 16:59:50 devstack devstack@n-api.service[60053]: DEBUG nova.compute.api [None req-e667916c-0d99-45c9-a0c8-cd62159e050a tempest-ServerBootFromVolumeStableRescueTest-879993879 tempest-ServerBootFromVolumeStableRescueTest-879993879-project-member] Going to run 1 instances... {{(pid=60053) _provision_instances /opt/stack/nova/nova/compute/api.py:1467}}
Feb 24 16:59:50 devstack devstack@n-api.service[60053]: DEBUG nova.compute.api [None req-e667916c-0d99-45c9-a0c8-cd62159e050a tempest-ServerBootFromVolumeStableRescueTest-879993879 tempest-ServerBootFromVolumeStableRescueTest-879993879-project-member] [instance: b55fc3d7-290e-4b18-99da-f57e1704ca77] block_device_mapping [BlockDeviceMapping(attachment_id=,boot_index=0,connection_info=None,created_at=,delete_on_termination=True,deleted=,deleted_at=,destination_type='volume',device_name=None,device_type=None,disk_bus=None,encrypted=False,encryption_format=None,encryption_options=None,encryption_secret_uuid=None,guest_format=None,id=,image_id=None,instance=,instance_uuid=,no_device=False,snapshot_id=None,source_type='blank',tag=None,updated_at=,uuid=,volume_id=None,volume_size=1,volume_type=None)] {{(pid=60053) _bdm_validate_set_size_and_instance /opt/stack/nova/nova/compute/api.py:1935}}
Feb 24 16:59:50 devstack devstack@n-api.service[60053]: INFO nova.api.openstack.requestlog [None req-e667916c-0d99-45c9-a0c8-cd62159e050a tempest-ServerBootFromVolumeStableRescueTest-879993879 tempest-ServerBootFromVolumeStableRescueTest-879993879-project-member] 192.168.122.213 "POST /compute/v2.1/servers" status: 202 len: 388 microversion: 2.87 time: 1.083485
Feb 24 16:59:50 devstack devstack@n-api.service[60053]: [pid: 60053|app: 0|req: 123/253] 192.168.122.213 () {66 vars in 1289 bytes} [Tue Feb 24 16:59:49 2026] POST /compute/v2.1/servers => generated 388 bytes in 1086 msecs (HTTP/1.1 202) 10 headers in 457 bytes (1 switches on core 0)
Feb 24 16:59:50 devstack devstack@n-api.service[60052]: DEBUG nova.api.openstack.wsgi [None req-caddea2e-eefc-4b40-a54d-5b988d661702 tempest-ServerBootFromVolumeStableRescueTest-879993879 tempest-ServerBootFromVolumeStableRescueTest-879993879-project-member] Calling method '>' {{(pid=60052) _process_stack /opt/stack/nova/nova/api/openstack/wsgi.py:551}}
Feb 24 16:59:50 devstack devstack@n-api.service[60052]: DEBUG nova.compute.api [None req-caddea2e-eefc-4b40-a54d-5b988d661702 tempest-ServerBootFromVolumeStableRescueTest-879993879 tempest-ServerBootFromVolumeStableRescueTest-879993879-project-member] [instance: b55fc3d7-290e-4b18-99da-f57e1704ca77] Fetching instance by UUID {{(pid=60052) get /opt/stack/nova/nova/compute/api.py:3048}}
Feb 24 16:59:50 devstack devstack@n-api.service[60052]: WARNING neutronclient.v2_0.client [None req-caddea2e-eefc-4b40-a54d-5b988d661702 tempest-ServerBootFromVolumeStableRescueTest-879993879 tempest-ServerBootFromVolumeStableRescueTest-879993879-project-member] The python binding code in neutronclient is deprecated in favor of OpenstackSDK, please use that as this will be removed in a future release.
Feb 24 16:59:50 devstack devstack@n-api.service[60053]: DEBUG nova.api.openstack.wsgi [None req-4cf29cc5-05a9-4ef5-a61f-faed8ec2b78c tempest-ServersNegativeTestJSON-135321924 tempest-ServersNegativeTestJSON-135321924-project-member] Calling method '>' {{(pid=60053) _process_stack /opt/stack/nova/nova/api/openstack/wsgi.py:551}}
Feb 24 16:59:50 devstack devstack@n-api.service[60053]: DEBUG nova.compute.api [None req-4cf29cc5-05a9-4ef5-a61f-faed8ec2b78c tempest-ServersNegativeTestJSON-135321924 tempest-ServersNegativeTestJSON-135321924-project-member] [instance: 475894dc-ae26-4150-bc70-0fdb71fe695f] Fetching instance by UUID {{(pid=60053) get /opt/stack/nova/nova/compute/api.py:3048}}
Feb 24 16:59:50 devstack devstack@n-api.service[60052]: DEBUG nova.policy [None req-caddea2e-eefc-4b40-a54d-5b988d661702 tempest-ServerBootFromVolumeStableRescueTest-879993879 tempest-ServerBootFromVolumeStableRescueTest-879993879-project-member] Policy check for os_compute_api:os-extended-server-attributes failed with credentials {'is_admin': False, 'user_id': '79b941a6865f4251bdf502351146cf3b', 'user_domain_id': 'default', 'system_scope': None, 'domain_id': None, 'project_id': '5cafa9d0cb5247479c1383d9e5e7f09c', 'project_domain_id': 'default', 'roles': ['member', 'reader'], 'is_admin_project': True, 'service_user_id': None, 'service_user_domain_id': None, 'service_project_id': None, 'service_project_domain_id': None, 'service_roles': []} {{(pid=60052) authorize /opt/stack/nova/nova/policy.py:192}}
Feb 24 16:59:50 devstack devstack@n-api.service[60052]: DEBUG nova.policy [None req-caddea2e-eefc-4b40-a54d-5b988d661702 tempest-ServerBootFromVolumeStableRescueTest-879993879 tempest-ServerBootFromVolumeStableRescueTest-879993879-project-member] Policy check for os_compute_api:servers:show:host_status failed with credentials {'is_admin': False, 'user_id': '79b941a6865f4251bdf502351146cf3b', 'user_domain_id': 'default', 'system_scope': None, 'domain_id': None, 'project_id': '5cafa9d0cb5247479c1383d9e5e7f09c', 'project_domain_id': 'default', 'roles': ['member', 'reader'], 'is_admin_project': True, 'service_user_id': None, 'service_user_domain_id': None, 'service_project_id': None, 'service_project_domain_id': None, 'service_roles': []} {{(pid=60052) authorize /opt/stack/nova/nova/policy.py:192}}
Feb 24 16:59:50 devstack devstack@n-api.service[60052]: DEBUG nova.policy [None req-caddea2e-eefc-4b40-a54d-5b988d661702 tempest-ServerBootFromVolumeStableRescueTest-879993879 tempest-ServerBootFromVolumeStableRescueTest-879993879-project-member] Policy check for os_compute_api:servers:show:host_status:unknown-only failed with credentials {'is_admin': False, 'user_id': '79b941a6865f4251bdf502351146cf3b', 'user_domain_id': 'default', 'system_scope': None, 'domain_id': None, 'project_id': '5cafa9d0cb5247479c1383d9e5e7f09c', 'project_domain_id': 'default', 'roles': ['member', 'reader'], 'is_admin_project': True, 'service_user_id': None, 'service_user_domain_id': None, 'service_project_id': None, 'service_project_domain_id': None, 'service_roles': []} {{(pid=60052) authorize /opt/stack/nova/nova/policy.py:192}}
Feb 24 16:59:50 devstack devstack@n-api.service[60053]: DEBUG oslo_concurrency.lockutils [None req-4cf29cc5-05a9-4ef5-a61f-faed8ec2b78c tempest-ServersNegativeTestJSON-135321924 tempest-ServersNegativeTestJSON-135321924-project-member] Acquiring lock "c08bdcc2-6174-4c92-b2a5-fcdf501533fa" by "nova.context.set_target_cell..get_or_set_cached_cell_and_set_connections" {{(pid=60053) inner /opt/stack/data/venv/lib/python3.10/site-packages/oslo_concurrency/lockutils.py:506}}
Feb 24 16:59:50 devstack devstack@n-api.service[60053]: DEBUG oslo_concurrency.lockutils [None req-4cf29cc5-05a9-4ef5-a61f-faed8ec2b78c tempest-ServersNegativeTestJSON-135321924 tempest-ServersNegativeTestJSON-135321924-project-member] Lock "c08bdcc2-6174-4c92-b2a5-fcdf501533fa" acquired by "nova.context.set_target_cell..get_or_set_cached_cell_and_set_connections" :: waited 0.003s {{(pid=60053) inner /opt/stack/data/venv/lib/python3.10/site-packages/oslo_concurrency/lockutils.py:519}}
Feb 24 16:59:50 devstack devstack@n-api.service[60053]: DEBUG oslo_concurrency.lockutils [None req-4cf29cc5-05a9-4ef5-a61f-faed8ec2b78c tempest-ServersNegativeTestJSON-135321924 tempest-ServersNegativeTestJSON-135321924-project-member] Lock "c08bdcc2-6174-4c92-b2a5-fcdf501533fa" "released" by "nova.context.set_target_cell..get_or_set_cached_cell_and_set_connections" :: held 0.003s {{(pid=60053) inner /opt/stack/data/venv/lib/python3.10/site-packages/oslo_concurrency/lockutils.py:538}}
Feb 24 16:59:50 devstack devstack@n-api.service[60053]: DEBUG oslo_concurrency.lockutils [None req-4cf29cc5-05a9-4ef5-a61f-faed8ec2b78c tempest-ServersNegativeTestJSON-135321924 tempest-ServersNegativeTestJSON-135321924-project-member] Acquiring lock "c08bdcc2-6174-4c92-b2a5-fcdf501533fa" by "nova.context.set_target_cell..get_or_set_cached_cell_and_set_connections" {{(pid=60053) inner /opt/stack/data/venv/lib/python3.10/site-packages/oslo_concurrency/lockutils.py:506}}
