Feb 02 19:28:45 devstack devstack@g-api.service[75851]: DEBUG glance.common.config [None req-360c595a-53d1-4924-889e-d322d4f40414 None None] barbican_service_user.cafile = None {{(pid=75851) log_opt_values /opt/stack/data/venv/lib/python3.10/site-packages/oslo_config/cfg.py:2824}}
Feb 02 19:28:45 devstack devstack@g-api.service[75851]: DEBUG glance.common.config [None req-360c595a-53d1-4924-889e-d322d4f40414 None None] barbican_service_user.certfile = None {{(pid=75851) log_opt_values /opt/stack/data/venv/lib/python3.10/site-packages/oslo_config/cfg.py:2824}}
Feb 02 19:28:45 devstack devstack@g-api.service[75851]: DEBUG glance.common.config [None req-360c595a-53d1-4924-889e-d322d4f40414 None None] barbican_service_user.collect_timing = False {{(pid=75851) log_opt_values /opt/stack/data/venv/lib/python3.10/site-packages/oslo_config/cfg.py:2824}}
Feb 02 19:28:45 devstack devstack@g-api.service[75851]: DEBUG glance.common.config [None req-360c595a-53d1-4924-889e-d322d4f40414 None None] barbican_service_user.insecure = False {{(pid=75851) log_opt_values /opt/stack/data/venv/lib/python3.10/site-packages/oslo_config/cfg.py:2824}}
Feb 02 19:28:45 devstack devstack@g-api.service[75851]: DEBUG glance.common.config [None req-360c595a-53d1-4924-889e-d322d4f40414 None None] barbican_service_user.keyfile = None {{(pid=75851) log_opt_values /opt/stack/data/venv/lib/python3.10/site-packages/oslo_config/cfg.py:2824}}
Feb 02 19:28:45 devstack devstack@g-api.service[75851]: DEBUG glance.common.config [None req-360c595a-53d1-4924-889e-d322d4f40414 None None] barbican_service_user.split_loggers = False {{(pid=75851) log_opt_values /opt/stack/data/venv/lib/python3.10/site-packages/oslo_config/cfg.py:2824}}
Feb 02 19:28:45 devstack devstack@g-api.service[75851]: DEBUG glance.common.config [None req-360c595a-53d1-4924-889e-d322d4f40414 None None] barbican_service_user.timeout = None {{(pid=75851) log_opt_values /opt/stack/data/venv/lib/python3.10/site-packages/oslo_config/cfg.py:2824}}
Feb 02 19:28:45 devstack devstack@g-api.service[75851]: DEBUG glance.common.config [None req-360c595a-53d1-4924-889e-d322d4f40414 None None] database.asyncio_connection = **** {{(pid=75851) log_opt_values /opt/stack/data/venv/lib/python3.10/site-packages/oslo_config/cfg.py:2824}}
Feb 02 19:28:45 devstack devstack@g-api.service[75851]: DEBUG glance.common.config [None req-360c595a-53d1-4924-889e-d322d4f40414 None None] database.asyncio_slave_connection = **** {{(pid=75851) log_opt_values /opt/stack/data/venv/lib/python3.10/site-packages/oslo_config/cfg.py:2824}}
Feb 02 19:28:45 devstack devstack@g-api.service[75851]: DEBUG glance.common.config [None req-360c595a-53d1-4924-889e-d322d4f40414 None None] database.backend = sqlalchemy {{(pid=75851) log_opt_values /opt/stack/data/venv/lib/python3.10/site-packages/oslo_config/cfg.py:2824}}
Feb 02 19:28:45 devstack devstack@g-api.service[75851]: DEBUG glance.common.config [None req-360c595a-53d1-4924-889e-d322d4f40414 None None] database.connection = **** {{(pid=75851) log_opt_values /opt/stack/data/venv/lib/python3.10/site-packages/oslo_config/cfg.py:2824}}
Feb 02 19:28:45 devstack devstack@g-api.service[75851]: DEBUG glance.common.config [None req-360c595a-53d1-4924-889e-d322d4f40414 None None] database.connection_debug = 0 {{(pid=75851) log_opt_values /opt/stack/data/venv/lib/python3.10/site-packages/oslo_config/cfg.py:2824}}
Feb 02 19:28:45 devstack devstack@g-api.service[75851]: DEBUG glance.common.config [None req-360c595a-53d1-4924-889e-d322d4f40414 None None] database.connection_parameters = {{(pid=75851) log_opt_values /opt/stack/data/venv/lib/python3.10/site-packages/oslo_config/cfg.py:2824}}
Feb 02 19:28:45 devstack devstack@g-api.service[75851]: DEBUG glance.common.config [None req-360c595a-53d1-4924-889e-d322d4f40414 None None] database.connection_recycle_time = 3600 {{(pid=75851) log_opt_values /opt/stack/data/venv/lib/python3.10/site-packages/oslo_config/cfg.py:2824}}
Feb 02 19:28:45 devstack devstack@g-api.service[75851]: DEBUG glance.common.config [None req-360c595a-53d1-4924-889e-d322d4f40414 None None] database.connection_trace = False {{(pid=75851) log_opt_values /opt/stack/data/venv/lib/python3.10/site-packages/oslo_config/cfg.py:2824}}
Feb 02 19:28:45 devstack devstack@g-api.service[75851]: DEBUG glance.common.config [None req-360c595a-53d1-4924-889e-d322d4f40414 None None] database.db_inc_retry_interval = True {{(pid=75851) log_opt_values /opt/stack/data/venv/lib/python3.10/site-packages/oslo_config/cfg.py:2824}}
Feb 02 19:28:45 devstack devstack@g-api.service[75851]: DEBUG glance.common.config [None req-360c595a-53d1-4924-889e-d322d4f40414 None None] database.db_max_retries = 20 {{(pid=75851) log_opt_values /opt/stack/data/venv/lib/python3.10/site-packages/oslo_config/cfg.py:2824}}
Feb 02 19:28:45 devstack devstack@g-api.service[75851]: DEBUG glance.common.config [None req-360c595a-53d1-4924-889e-d322d4f40414 None None] database.db_max_retry_interval = 10 {{(pid=75851) log_opt_values /opt/stack/data/venv/lib/python3.10/site-packages/oslo_config/cfg.py:2824}}
Feb 02 19:28:45 devstack devstack@g-api.service[75851]: DEBUG glance.common.config [None req-360c595a-53d1-4924-889e-d322d4f40414 None None] database.db_retry_interval = 1 {{(pid=75851) log_opt_values /opt/stack/data/venv/lib/python3.10/site-packages/oslo_config/cfg.py:2824}}
Feb 02 19:28:45 devstack devstack@g-api.service[75851]: DEBUG glance.common.config [None req-360c595a-53d1-4924-889e-d322d4f40414 None None] database.max_overflow = 50 {{(pid=75851) log_opt_values /opt/stack/data/venv/lib/python3.10/site-packages/oslo_config/cfg.py:2824}}
Feb 02 19:28:45 devstack devstack@g-api.service[75851]: DEBUG glance.common.config [None req-360c595a-53d1-4924-889e-d322d4f40414 None None] database.max_pool_size = 5 {{(pid=75851) log_opt_values /opt/stack/data/venv/lib/python3.10/site-packages/oslo_config/cfg.py:2824}}
Feb 02 19:28:45 devstack devstack@g-api.service[75851]: DEBUG glance.common.config [None req-360c595a-53d1-4924-889e-d322d4f40414 None None] database.max_retries = 10 {{(pid=75851) log_opt_values /opt/stack/data/venv/lib/python3.10/site-packages/oslo_config/cfg.py:2824}}
Feb 02 19:28:45 devstack devstack@g-api.service[75851]: DEBUG glance.common.config [None req-360c595a-53d1-4924-889e-d322d4f40414 None None] database.mysql_sql_mode = TRADITIONAL {{(pid=75851) log_opt_values /opt/stack/data/venv/lib/python3.10/site-packages/oslo_config/cfg.py:2824}}
Feb 02 19:28:45 devstack devstack@g-api.service[75851]: DEBUG glance.common.config [None req-360c595a-53d1-4924-889e-d322d4f40414 None None] database.mysql_wsrep_sync_wait = None {{(pid=75851) log_opt_values /opt/stack/data/venv/lib/python3.10/site-packages/oslo_config/cfg.py:2824}}
Feb 02 19:28:45 devstack devstack@g-api.service[75851]: DEBUG glance.common.config [None req-360c595a-53d1-4924-889e-d322d4f40414 None None] database.pool_timeout = None {{(pid=75851) log_opt_values /opt/stack/data/venv/lib/python3.10/site-packages/oslo_config/cfg.py:2824}}
Feb 02 19:28:45 devstack devstack@g-api.service[75851]: DEBUG glance.common.config [None req-360c595a-53d1-4924-889e-d322d4f40414 None None] database.retry_interval = 10 {{(pid=75851) log_opt_values /opt/stack/data/venv/lib/python3.10/site-packages/oslo_config/cfg.py:2824}}
Feb 02 19:28:45 devstack devstack@g-api.service[75851]: DEBUG glance.common.config [None req-360c595a-53d1-4924-889e-d322d4f40414 None None] database.slave_connection = **** {{(pid=75851) log_opt_values /opt/stack/data/venv/lib/python3.10/site-packages/oslo_config/cfg.py:2824}}
Feb 02 19:28:45 devstack devstack@g-api.service[75851]: DEBUG glance.common.config [None req-360c595a-53d1-4924-889e-d322d4f40414 None None] database.sqlite_synchronous = True {{(pid=75851) log_opt_values /opt/stack/data/venv/lib/python3.10/site-packages/oslo_config/cfg.py:2824}}
Feb 02 19:28:45 devstack devstack@g-api.service[75851]: DEBUG glance.common.config [None req-360c595a-53d1-4924-889e-d322d4f40414 None None] database.synchronous_reader = True {{(pid=75851) log_opt_values /opt/stack/data/venv/lib/python3.10/site-packages/oslo_config/cfg.py:2824}}
Feb 02 19:28:45 devstack devstack@g-api.service[75851]: DEBUG glance.common.config [None req-360c595a-53d1-4924-889e-d322d4f40414 None None] database.use_db_reconnect = False {{(pid=75851) log_opt_values /opt/stack/data/venv/lib/python3.10/site-packages/oslo_config/cfg.py:2824}}
Feb 02 19:28:45 devstack devstack@g-api.service[75851]: DEBUG glance.common.config [None req-360c595a-53d1-4924-889e-d322d4f40414 None None] healthcheck.allowed_source_ranges = [] {{(pid=75851) log_opt_values /opt/stack/data/venv/lib/python3.10/site-packages/oslo_config/cfg.py:2824}}
Feb 02 19:28:45 devstack devstack@g-api.service[75851]: DEBUG glance.common.config [None req-360c595a-53d1-4924-889e-d322d4f40414 None None] healthcheck.backends = ['disable_by_file'] {{(pid=75851) log_opt_values /opt/stack/data/venv/lib/python3.10/site-packages/oslo_config/cfg.py:2824}}
Feb 02 19:28:45 devstack devstack@g-api.service[75851]: DEBUG glance.common.config [None req-360c595a-53d1-4924-889e-d322d4f40414 None None] healthcheck.detailed = False {{(pid=75851) log_opt_values /opt/stack/data/venv/lib/python3.10/site-packages/oslo_config/cfg.py:2824}}
Feb 02 19:28:45 devstack devstack@g-api.service[75851]: DEBUG glance.common.config [None req-360c595a-53d1-4924-889e-d322d4f40414 None None] healthcheck.disable_by_file_path = None {{(pid=75851) log_opt_values /opt/stack/data/venv/lib/python3.10/site-packages/oslo_config/cfg.py:2824}}
Feb 02 19:28:45 devstack devstack@g-api.service[75851]: DEBUG glance.common.config [None req-360c595a-53d1-4924-889e-d322d4f40414 None None] healthcheck.ignore_proxied_requests = False {{(pid=75851) log_opt_values /opt/stack/data/venv/lib/python3.10/site-packages/oslo_config/cfg.py:2824}}
Feb 02 19:28:45 devstack devstack@g-api.service[75851]: DEBUG glance.common.config [None req-360c595a-53d1-4924-889e-d322d4f40414 None None] ******************************************************************************** {{(pid=75851) log_opt_values /opt/stack/data/venv/lib/python3.10/site-packages/oslo_config/cfg.py:2828}}
Feb 02 19:28:45 devstack devstack@g-api.service[75851]: WSGI app 0 (mountpoint='') ready in 4 seconds on interpreter 0x5605633c56a0 pid: 75851 (default app)
Feb 02 19:28:48 devstack devstack@g-api.service[75852]: DEBUG glance.api.middleware.version_negotiation [None req-64699c40-5f99-4cef-9743-f9e94f53365d None None] Determining version of request: GET / Accept: application/json {{(pid=75852) process_request /opt/stack/glance/glance/api/middleware/version_negotiation.py:44}}
Feb 02 19:28:48 devstack devstack@g-api.service[75852]: DEBUG glance.api.middleware.version_negotiation [None req-64699c40-5f99-4cef-9743-f9e94f53365d None None] Using url versioning {{(pid=75852) process_request /opt/stack/glance/glance/api/middleware/version_negotiation.py:57}}
Feb 02 19:28:48 devstack devstack@g-api.service[75852]: DEBUG glance.api.middleware.version_negotiation [None req-64699c40-5f99-4cef-9743-f9e94f53365d None None] Unknown version. Returning version choices. {{(pid=75852) process_request /opt/stack/glance/glance/api/middleware/version_negotiation.py:64}}
Feb 02 19:28:48 devstack devstack@g-api.service[75852]: [pid: 75852|app: 0|req: 2/2] 127.0.0.1 () {34 vars in 513 bytes} [Mon Feb 2 19:28:48 2026] GET / => generated 1433 bytes in 2 msecs (HTTP/1.1 300) 3 headers in 106 bytes (1 switches on core 0)
Feb 02 19:28:48 devstack devstack@g-api.service[75851]: DEBUG glance.api.middleware.version_negotiation [None req-360c595a-53d1-4924-889e-d322d4f40414 None None] Determining version of request: POST /v2/images Accept: */* {{(pid=75851) process_request /opt/stack/glance/glance/api/middleware/version_negotiation.py:44}}
Feb 02 19:28:48 devstack devstack@g-api.service[75851]: DEBUG glance.api.middleware.version_negotiation [None req-360c595a-53d1-4924-889e-d322d4f40414 None None] Using url versioning {{(pid=75851) process_request /opt/stack/glance/glance/api/middleware/version_negotiation.py:57}}
Feb 02 19:28:48 devstack devstack@g-api.service[75851]: DEBUG glance.api.middleware.version_negotiation [None req-360c595a-53d1-4924-889e-d322d4f40414 None None] Matched version: v2 {{(pid=75851) process_request /opt/stack/glance/glance/api/middleware/version_negotiation.py:69}}
Feb 02 19:28:48 devstack devstack@g-api.service[75851]: DEBUG glance.api.middleware.version_negotiation [None req-360c595a-53d1-4924-889e-d322d4f40414 None None] new path /v2/images {{(pid=75851) process_request /opt/stack/glance/glance/api/middleware/version_negotiation.py:70}}
Feb 02 19:28:49 devstack devstack@g-api.service[75851]: [pid: 75851|app: 0|req: 1/3] 127.0.0.1 () {40 vars in 776 bytes} [Mon Feb 2 19:28:48 2026] POST /v2/images => generated 807 bytes in 1021 msecs (HTTP/1.1 201) 6 headers in 314 bytes (1 switches on core 0)
Feb 02 19:28:49 devstack devstack@g-api.service[75852]: DEBUG glance.api.middleware.version_negotiation [None req-64699c40-5f99-4cef-9743-f9e94f53365d None None] Determining version of request: PUT /v2/images/d2e2b95c-9e10-4f88-8495-dc156e49855e/file Accept: {{(pid=75852) process_request /opt/stack/glance/glance/api/middleware/version_negotiation.py:44}}
Feb 02 19:28:49 devstack devstack@g-api.service[75852]: DEBUG glance.api.middleware.version_negotiation [None req-64699c40-5f99-4cef-9743-f9e94f53365d None None] Using url versioning {{(pid=75852) process_request /opt/stack/glance/glance/api/middleware/version_negotiation.py:57}}
Feb 02 19:28:49 devstack devstack@g-api.service[75852]: DEBUG glance.api.middleware.version_negotiation [None req-64699c40-5f99-4cef-9743-f9e94f53365d None None] Matched version: v2 {{(pid=75852) process_request /opt/stack/glance/glance/api/middleware/version_negotiation.py:69}}
Feb 02 19:28:49 devstack devstack@g-api.service[75852]: DEBUG glance.api.middleware.version_negotiation [None req-64699c40-5f99-4cef-9743-f9e94f53365d None None] new path /v2/images/d2e2b95c-9e10-4f88-8495-dc156e49855e/file {{(pid=75852) process_request /opt/stack/glance/glance/api/middleware/version_negotiation.py:70}}
Feb 02 19:28:49 devstack devstack@g-api.service[75852]: INFO glance.api.v2.image_data [None req-29b959a2-d6af-4a7f-8fa5-28e7198f64f9 admin admin] Unable to create trust: no such option collect_timing in group [keystone_authtoken] Use the existing user token.
Feb 02 19:28:50 devstack devstack@g-api.service[75852]: DEBUG glance.location [None req-29b959a2-d6af-4a7f-8fa5-28e7198f64f9 admin admin] Enabling in-flight format inspection for qcow2 {{(pid=75852) set_data /opt/stack/glance/glance/location.py:616}}
Feb 02 19:28:50 devstack devstack@g-api.service[75852]: DEBUG oslo_utils.imageutils.format_inspector [None req-29b959a2-d6af-4a7f-8fa5-28e7198f64f9 admin admin] Format inspector for vmdk does not match, excluding from consideration (Signature KDMV not found: b'QFI\xfb') {{(pid=75852) _process_chunk /opt/stack/data/venv/lib/python3.10/site-packages/oslo_utils/imageutils/format_inspector.py:1537}}
Feb 02 19:28:50 devstack devstack@g-api.service[75852]: DEBUG oslo_utils.imageutils.format_inspector [None req-29b959a2-d6af-4a7f-8fa5-28e7198f64f9 admin admin] Format inspector for vhdx does not match, excluding from consideration (Region signature not found at 30000) {{(pid=75852) _process_chunk /opt/stack/data/venv/lib/python3.10/site-packages/oslo_utils/imageutils/format_inspector.py:1537}}
Feb 02 19:28:50 devstack devstack@g-api.service[75852]: DEBUG glance_store._drivers.filesystem [None req-29b959a2-d6af-4a7f-8fa5-28e7198f64f9 admin admin] Wrote 21692416 bytes to /opt/stack/data/glance/images/d2e2b95c-9e10-4f88-8495-dc156e49855e with checksum 87617e24a5e30cb3b87fda8c0764838f and multihash 9a9bce0083a00939ec17c11febbfc767aa211aaa54f51e75c5a8b271a9b5637c77205a518b7a2007cb391d23cceb01e0e4e8d64832317151bc85b734b92a7be0 {{(pid=75852) add /opt/stack/data/venv/lib/python3.10/site-packages/glance_store/_drivers/filesystem.py:794}}
Feb 02 19:28:50 devstack devstack@g-api.service[75852]: INFO glance.location [None req-29b959a2-d6af-4a7f-8fa5-28e7198f64f9 admin admin] Image format matched and virtual size computed: 117440512
Feb 02 19:28:50 devstack devstack@g-api.service[75852]: DEBUG glance_store.backend [None req-29b959a2-d6af-4a7f-8fa5-28e7198f64f9 admin admin] Skipping store.set_acls... not implemented. {{(pid=75852) set_acls /opt/stack/data/venv/lib/python3.10/site-packages/glance_store/backend.py:507}}
Feb 02 19:28:50 devstack devstack@g-api.service[75852]: [pid: 75852|app: 0|req: 3/4] 127.0.0.1 () {40 vars in 869 bytes} [Mon Feb 2 19:28:49 2026] PUT /v2/images/d2e2b95c-9e10-4f88-8495-dc156e49855e/file => generated 0 bytes in 1340 msecs (HTTP/1.1 204) 4 headers in 171 bytes (1 switches on core 0)
Feb 02 19:28:50 devstack devstack@g-api.service[75851]: DEBUG glance.api.middleware.version_negotiation [None req-3f9e41d8-1031-47bc-a716-3c052fe2c4bc admin admin] Determining version of request: GET /v2/images/d2e2b95c-9e10-4f88-8495-dc156e49855e Accept: */* {{(pid=75851) process_request /opt/stack/glance/glance/api/middleware/version_negotiation.py:44}}
Feb 02 19:28:50 devstack devstack@g-api.service[75851]: DEBUG glance.api.middleware.version_negotiation [None req-3f9e41d8-1031-47bc-a716-3c052fe2c4bc admin admin] Using url versioning {{(pid=75851) process_request /opt/stack/glance/glance/api/middleware/version_negotiation.py:57}}
Feb 02 19:28:50 devstack devstack@g-api.service[75851]: DEBUG glance.api.middleware.version_negotiation [None req-3f9e41d8-1031-47bc-a716-3c052fe2c4bc admin admin] Matched version: v2 {{(pid=75851) process_request /opt/stack/glance/glance/api/middleware/version_negotiation.py:69}}
Feb 02 19:28:50 devstack devstack@g-api.service[75851]: DEBUG glance.api.middleware.version_negotiation [None req-3f9e41d8-1031-47bc-a716-3c052fe2c4bc admin admin] new path /v2/images/d2e2b95c-9e10-4f88-8495-dc156e49855e {{(pid=75851) process_request /opt/stack/glance/glance/api/middleware/version_negotiation.py:70}}
Feb 02 19:28:50 devstack devstack@g-api.service[75851]: [pid: 75851|app: 0|req: 2/5] 127.0.0.1 () {36 vars in 796 bytes} [Mon Feb 2 19:28:50 2026] GET /v2/images/d2e2b95c-9e10-4f88-8495-dc156e49855e => generated 976 bytes in 27 msecs (HTTP/1.1 200) 4 headers in 157 bytes (1 switches on core 0)
Feb 02 19:29:00 devstack devstack@g-api.service[75852]: DEBUG dbcounter [-] [75852] Writing DB stats glance:INSERT=5,glance:SELECT=16,glance:UPDATE=2 {{(pid=75852) stat_writer /opt/stack/data/venv/lib/python3.10/site-packages/dbcounter.py:115}}
Feb 02 19:29:00 devstack devstack@g-api.service[75851]: DEBUG dbcounter [-] [75851] Writing DB stats glance:INSERT=9,glance:SELECT=6 {{(pid=75851) stat_writer /opt/stack/data/venv/lib/python3.10/site-packages/dbcounter.py:115}}
Feb 02 19:29:32 devstack devstack@g-api.service[75852]: DEBUG glance.api.middleware.version_negotiation [None req-29b959a2-d6af-4a7f-8fa5-28e7198f64f9 admin admin] Determining version of request: GET / Accept: application/json {{(pid=75852) process_request /opt/stack/glance/glance/api/middleware/version_negotiation.py:44}}
Feb 02 19:29:32 devstack devstack@g-api.service[75852]: DEBUG glance.api.middleware.version_negotiation [None req-29b959a2-d6af-4a7f-8fa5-28e7198f64f9 admin admin] Using url versioning {{(pid=75852) process_request /opt/stack/glance/glance/api/middleware/version_negotiation.py:57}}
Feb 02 19:29:32 devstack devstack@g-api.service[75852]: DEBUG glance.api.middleware.version_negotiation [None req-29b959a2-d6af-4a7f-8fa5-28e7198f64f9 admin admin] Unknown version. Returning version choices. {{(pid=75852) process_request /opt/stack/glance/glance/api/middleware/version_negotiation.py:64}}
Feb 02 19:29:32 devstack devstack@g-api.service[75852]: [pid: 75852|app: 0|req: 4/6] 127.0.0.1 () {34 vars in 511 bytes} [Mon Feb 2 19:29:32 2026] GET / => generated 1433 bytes in 4 msecs (HTTP/1.1 300) 3 headers in 106 bytes (1 switches on core 0)
Feb 02 19:29:32 devstack devstack@g-api.service[75851]: DEBUG glance.api.middleware.version_negotiation [None req-2df4c812-0694-41f1-89a1-95ffb5400e25 admin admin] Determining version of request: GET /v2/images Accept: application/json {{(pid=75851) process_request /opt/stack/glance/glance/api/middleware/version_negotiation.py:44}}
Feb 02 19:29:32 devstack devstack@g-api.service[75851]: DEBUG glance.api.middleware.version_negotiation [None req-2df4c812-0694-41f1-89a1-95ffb5400e25 admin admin] Using url versioning {{(pid=75851) process_request /opt/stack/glance/glance/api/middleware/version_negotiation.py:57}}
Feb 02 19:29:32 devstack devstack@g-api.service[75851]: DEBUG glance.api.middleware.version_negotiation [None req-2df4c812-0694-41f1-89a1-95ffb5400e25 admin admin] Matched version: v2 {{(pid=75851) process_request /opt/stack/glance/glance/api/middleware/version_negotiation.py:69}}
Feb 02 19:29:32 devstack devstack@g-api.service[75851]: DEBUG glance.api.middleware.version_negotiation [None req-2df4c812-0694-41f1-89a1-95ffb5400e25 admin admin] new path /v2/images {{(pid=75851) process_request /opt/stack/glance/glance/api/middleware/version_negotiation.py:70}}
Feb 02 19:29:32 devstack devstack@g-api.service[75851]: [pid: 75851|app: 0|req: 3/7] 127.0.0.1 () {36 vars in 733 bytes} [Mon Feb 2 19:29:32 2026] GET /v2/images => generated 1045 bytes in 75 msecs (HTTP/1.1 200) 4 headers in 158 bytes (1 switches on core 0)
Feb 02 19:29:38 devstack devstack@g-api.service[75852]: DEBUG glance.api.middleware.version_negotiation [None req-29b959a2-d6af-4a7f-8fa5-28e7198f64f9 admin admin] Determining version of request: GET / Accept: application/json {{(pid=75852) process_request /opt/stack/glance/glance/api/middleware/version_negotiation.py:44}}
Feb 02 19:29:38 devstack devstack@g-api.service[75852]: DEBUG glance.api.middleware.version_negotiation [None req-29b959a2-d6af-4a7f-8fa5-28e7198f64f9 admin admin] Using url versioning {{(pid=75852) process_request /opt/stack/glance/glance/api/middleware/version_negotiation.py:57}}
Feb 02 19:29:38 devstack devstack@g-api.service[75852]: DEBUG glance.api.middleware.version_negotiation [None req-29b959a2-d6af-4a7f-8fa5-28e7198f64f9 admin admin] Unknown version. Returning version choices. {{(pid=75852) process_request /opt/stack/glance/glance/api/middleware/version_negotiation.py:64}}
Feb 02 19:29:38 devstack devstack@g-api.service[75852]: [pid: 75852|app: 0|req: 5/8] 127.0.0.1 () {34 vars in 511 bytes} [Mon Feb 2 19:29:38 2026] GET / => generated 1433 bytes in 2 msecs (HTTP/1.1 300) 3 headers in 106 bytes (1 switches on core 0)
Feb 02 19:29:38 devstack devstack@g-api.service[75851]: DEBUG glance.api.middleware.version_negotiation [None req-bbd53e44-c1ae-46da-9257-98882fc0bc00 admin admin] Determining version of request: GET /v2/images/d2e2b95c-9e10-4f88-8495-dc156e49855e Accept: */* {{(pid=75851) process_request /opt/stack/glance/glance/api/middleware/version_negotiation.py:44}}
Feb 02 19:29:38 devstack devstack@g-api.service[75851]: DEBUG glance.api.middleware.version_negotiation [None req-bbd53e44-c1ae-46da-9257-98882fc0bc00 admin admin] Using url versioning {{(pid=75851) process_request /opt/stack/glance/glance/api/middleware/version_negotiation.py:57}}
Feb 02 19:29:38 devstack devstack@g-api.service[75851]: DEBUG glance.api.middleware.version_negotiation [None req-bbd53e44-c1ae-46da-9257-98882fc0bc00 admin admin] Matched version: v2 {{(pid=75851) process_request /opt/stack/glance/glance/api/middleware/version_negotiation.py:69}}
Feb 02 19:29:38 devstack devstack@g-api.service[75851]: DEBUG glance.api.middleware.version_negotiation [None req-bbd53e44-c1ae-46da-9257-98882fc0bc00 admin admin] new path /v2/images/d2e2b95c-9e10-4f88-8495-dc156e49855e {{(pid=75851) process_request /opt/stack/glance/glance/api/middleware/version_negotiation.py:70}}
Feb 02 19:29:38 devstack devstack@g-api.service[75851]: [pid: 75851|app: 0|req: 4/9] 127.0.0.1 () {36 vars in 794 bytes} [Mon Feb 2 19:29:38 2026] GET /v2/images/d2e2b95c-9e10-4f88-8495-dc156e49855e => generated 976 bytes in 45 msecs (HTTP/1.1 200) 4 headers in 157 bytes (1 switches on core 0)
Feb 02 19:29:42 devstack devstack@g-api.service[75852]: DEBUG glance.api.middleware.version_negotiation [None req-29b959a2-d6af-4a7f-8fa5-28e7198f64f9 admin admin] Determining version of request: GET / Accept: application/json {{(pid=75852) process_request /opt/stack/glance/glance/api/middleware/version_negotiation.py:44}}
Feb 02 19:29:42 devstack devstack@g-api.service[75852]: DEBUG glance.api.middleware.version_negotiation [None req-29b959a2-d6af-4a7f-8fa5-28e7198f64f9 admin admin] Using url versioning {{(pid=75852) process_request /opt/stack/glance/glance/api/middleware/version_negotiation.py:57}}
Feb 02 19:29:42 devstack devstack@g-api.service[75852]: DEBUG glance.api.middleware.version_negotiation [None req-29b959a2-d6af-4a7f-8fa5-28e7198f64f9 admin admin] Unknown version. Returning version choices. {{(pid=75852) process_request /opt/stack/glance/glance/api/middleware/version_negotiation.py:64}}
Feb 02 19:29:42 devstack devstack@g-api.service[75852]: [pid: 75852|app: 0|req: 6/10] 127.0.0.1 () {34 vars in 511 bytes} [Mon Feb 2 19:29:42 2026] GET / => generated 1433 bytes in 4 msecs (HTTP/1.1 300) 3 headers in 106 bytes (1 switches on core 0)
Feb 02 19:29:42 devstack devstack@g-api.service[75851]: DEBUG glance.api.middleware.version_negotiation [None req-406de053-6cca-4227-989e-ada730cf243d admin admin] Determining version of request: GET /v2/images/d2e2b95c-9e10-4f88-8495-dc156e49855e Accept: */* {{(pid=75851) process_request /opt/stack/glance/glance/api/middleware/version_negotiation.py:44}}
Feb 02 19:29:42 devstack devstack@g-api.service[75851]: DEBUG glance.api.middleware.version_negotiation [None req-406de053-6cca-4227-989e-ada730cf243d admin admin] Using url versioning {{(pid=75851) process_request /opt/stack/glance/glance/api/middleware/version_negotiation.py:57}}
Feb 02 19:29:42 devstack devstack@g-api.service[75851]: DEBUG glance.api.middleware.version_negotiation [None req-406de053-6cca-4227-989e-ada730cf243d admin admin] Matched version: v2 {{(pid=75851) process_request /opt/stack/glance/glance/api/middleware/version_negotiation.py:69}}
Feb 02 19:29:42 devstack devstack@g-api.service[75851]: DEBUG glance.api.middleware.version_negotiation [None req-406de053-6cca-4227-989e-ada730cf243d admin admin] new path /v2/images/d2e2b95c-9e10-4f88-8495-dc156e49855e {{(pid=75851) process_request /opt/stack/glance/glance/api/middleware/version_negotiation.py:70}}
Feb 02 19:29:42 devstack devstack@g-api.service[75851]: [pid: 75851|app: 0|req: 5/11] 127.0.0.1 () {36 vars in 794 bytes} [Mon Feb 2 19:29:42 2026] GET /v2/images/d2e2b95c-9e10-4f88-8495-dc156e49855e => generated 976 bytes in 52 msecs (HTTP/1.1 200) 4 headers in 157 bytes (1 switches on core 0)
Feb 02 19:29:52 devstack devstack@g-api.service[75851]: DEBUG dbcounter [-] [75851] Writing DB stats glance:SELECT=5 {{(pid=75851) stat_writer /opt/stack/data/venv/lib/python3.10/site-packages/dbcounter.py:115}}
Feb 02 19:31:05 devstack devstack@g-api.service[75852]: DEBUG glance.api.middleware.version_negotiation [None req-29b959a2-d6af-4a7f-8fa5-28e7198f64f9 admin admin] Determining version of request: GET / Accept: application/json {{(pid=75852) process_request /opt/stack/glance/glance/api/middleware/version_negotiation.py:44}}
Feb 02 19:31:05 devstack devstack@g-api.service[75852]: DEBUG glance.api.middleware.version_negotiation [None req-29b959a2-d6af-4a7f-8fa5-28e7198f64f9 admin admin] Using url versioning {{(pid=75852) process_request /opt/stack/glance/glance/api/middleware/version_negotiation.py:57}}
Feb 02 19:31:05 devstack devstack@g-api.service[75852]: DEBUG glance.api.middleware.version_negotiation [None req-29b959a2-d6af-4a7f-8fa5-28e7198f64f9 admin admin] Unknown version. Returning version choices. {{(pid=75852) process_request /opt/stack/glance/glance/api/middleware/version_negotiation.py:64}}
Feb 02 19:31:05 devstack devstack@g-api.service[75852]: [pid: 75852|app: 0|req: 7/12] 127.0.0.1 () {36 vars in 482 bytes} [Mon Feb 2 19:31:05 2026] GET / => generated 1433 bytes in 2 msecs (HTTP/1.1 300) 3 headers in 106 bytes (1 switches on core 0)
Feb 02 19:32:13 devstack devstack@g-api.service[75851]: DEBUG glance.api.middleware.version_negotiation [None req-50250efa-229f-474e-b9a2-e125a628cd29 admin admin] Determining version of request: GET / Accept: application/json {{(pid=75851) process_request /opt/stack/glance/glance/api/middleware/version_negotiation.py:44}}
Feb 02 19:32:13 devstack devstack@g-api.service[75851]: DEBUG glance.api.middleware.version_negotiation [None req-50250efa-229f-474e-b9a2-e125a628cd29 admin admin] Using url versioning {{(pid=75851) process_request /opt/stack/glance/glance/api/middleware/version_negotiation.py:57}}
Feb 02 19:32:13 devstack devstack@g-api.service[75851]: DEBUG glance.api.middleware.version_negotiation [None req-50250efa-229f-474e-b9a2-e125a628cd29 admin admin] Unknown version. Returning version choices. {{(pid=75851) process_request /opt/stack/glance/glance/api/middleware/version_negotiation.py:64}}
Feb 02 19:32:13 devstack devstack@g-api.service[75851]: [pid: 75851|app: 0|req: 6/13] 127.0.0.1 () {34 vars in 498 bytes} [Mon Feb 2 19:32:13 2026] GET / => generated 1433 bytes in 2 msecs (HTTP/1.1 300) 3 headers in 106 bytes (1 switches on core 0)
Feb 02 19:32:13 devstack devstack@g-api.service[75852]: DEBUG glance.api.middleware.version_negotiation [None req-29b959a2-d6af-4a7f-8fa5-28e7198f64f9 admin admin] Determining version of request: GET /v2/images/d2e2b95c-9e10-4f88-8495-dc156e49855e Accept: */* {{(pid=75852) process_request /opt/stack/glance/glance/api/middleware/version_negotiation.py:44}}
Feb 02 19:32:13 devstack devstack@g-api.service[75852]: DEBUG glance.api.middleware.version_negotiation [None req-29b959a2-d6af-4a7f-8fa5-28e7198f64f9 admin admin] Using url versioning {{(pid=75852) process_request /opt/stack/glance/glance/api/middleware/version_negotiation.py:57}}
Feb 02 19:32:13 devstack devstack@g-api.service[75852]: DEBUG glance.api.middleware.version_negotiation [None req-29b959a2-d6af-4a7f-8fa5-28e7198f64f9 admin admin] Matched version: v2 {{(pid=75852) process_request /opt/stack/glance/glance/api/middleware/version_negotiation.py:69}}
Feb 02 19:32:13 devstack devstack@g-api.service[75852]: DEBUG glance.api.middleware.version_negotiation [None req-29b959a2-d6af-4a7f-8fa5-28e7198f64f9 admin admin] new path /v2/images/d2e2b95c-9e10-4f88-8495-dc156e49855e {{(pid=75852) process_request /opt/stack/glance/glance/api/middleware/version_negotiation.py:70}}
Feb 02 19:32:13 devstack devstack@g-api.service[75852]: WARNING keystonemiddleware.auth_token [None req-29b959a2-d6af-4a7f-8fa5-28e7198f64f9 admin admin] A valid token was submitted as a service token, but it was not a valid service token. This is incorrect but backwards compatible behaviour. This will be removed in future releases.
Feb 02 19:32:14 devstack devstack@g-api.service[75852]: [pid: 75852|app: 0|req: 8/14] 127.0.0.1 () {42 vars in 1053 bytes} [Mon Feb 2 19:32:13 2026] GET /v2/images/d2e2b95c-9e10-4f88-8495-dc156e49855e => generated 976 bytes in 190 msecs (HTTP/1.1 200) 4 headers in 157 bytes (1 switches on core 0)
Feb 02 19:32:14 devstack devstack@g-api.service[75851]: DEBUG glance.api.middleware.version_negotiation [None req-50250efa-229f-474e-b9a2-e125a628cd29 admin admin] Determining version of request: GET /v2/schemas/image Accept: */* {{(pid=75851) process_request /opt/stack/glance/glance/api/middleware/version_negotiation.py:44}}
Feb 02 19:32:14 devstack devstack@g-api.service[75851]: DEBUG glance.api.middleware.version_negotiation [None req-50250efa-229f-474e-b9a2-e125a628cd29 admin admin] Using url versioning {{(pid=75851) process_request /opt/stack/glance/glance/api/middleware/version_negotiation.py:57}}
Feb 02 19:32:14 devstack devstack@g-api.service[75851]: DEBUG glance.api.middleware.version_negotiation [None req-50250efa-229f-474e-b9a2-e125a628cd29 admin admin] Matched version: v2 {{(pid=75851) process_request /opt/stack/glance/glance/api/middleware/version_negotiation.py:69}}
Feb 02 19:32:14 devstack devstack@g-api.service[75851]: DEBUG glance.api.middleware.version_negotiation [None req-50250efa-229f-474e-b9a2-e125a628cd29 admin admin] new path /v2/schemas/image {{(pid=75851) process_request /opt/stack/glance/glance/api/middleware/version_negotiation.py:70}}
Feb 02 19:32:14 devstack devstack@g-api.service[75851]: WARNING keystonemiddleware.auth_token [None req-50250efa-229f-474e-b9a2-e125a628cd29 admin admin] A valid token was submitted as a service token, but it was not a valid service token. This is incorrect but backwards compatible behaviour. This will be removed in future releases.
Feb 02 19:32:14 devstack devstack@g-api.service[75851]: [pid: 75851|app: 0|req: 7/15] 127.0.0.1 () {42 vars in 993 bytes} [Mon Feb 2 19:32:14 2026] GET /v2/schemas/image => generated 6083 bytes in 7 msecs (HTTP/1.1 200) 4 headers in 158 bytes (1 switches on core 0)
Feb 02 19:32:23 devstack devstack@g-api.service[75852]: DEBUG glance.api.middleware.version_negotiation [None req-88ae1034-69ef-428f-8791-1da8f3a75f8f tempest-ServerActionsTestOtherB-50983106 tempest-ServerActionsTestOtherB-50983106-project-member] Determining version of request: GET / Accept: application/json {{(pid=75852) process_request /opt/stack/glance/glance/api/middleware/version_negotiation.py:44}}
Feb 02 19:32:23 devstack devstack@g-api.service[75852]: DEBUG glance.api.middleware.version_negotiation [None req-88ae1034-69ef-428f-8791-1da8f3a75f8f tempest-ServerActionsTestOtherB-50983106 tempest-ServerActionsTestOtherB-50983106-project-member] Using url versioning {{(pid=75852) process_request /opt/stack/glance/glance/api/middleware/version_negotiation.py:57}}
Feb 02 19:32:23 devstack devstack@g-api.service[75852]: DEBUG glance.api.middleware.version_negotiation [None req-88ae1034-69ef-428f-8791-1da8f3a75f8f tempest-ServerActionsTestOtherB-50983106 tempest-ServerActionsTestOtherB-50983106-project-member] Unknown version. Returning version choices. {{(pid=75852) process_request /opt/stack/glance/glance/api/middleware/version_negotiation.py:64}}
Feb 02 19:32:23 devstack devstack@g-api.service[75852]: [pid: 75852|app: 0|req: 9/16] 127.0.0.1 () {34 vars in 498 bytes} [Mon Feb 2 19:32:23 2026] GET / => generated 1433 bytes in 2 msecs (HTTP/1.1 300) 3 headers in 106 bytes (1 switches on core 0)
Feb 02 19:32:23 devstack devstack@g-api.service[75851]: DEBUG glance.api.middleware.version_negotiation [None req-88ae1034-69ef-428f-8791-1da8f3a75f8f tempest-ServerActionsTestOtherB-50983106 tempest-ServerActionsTestOtherB-50983106-project-member] Determining version of request: GET /v2/images/d2e2b95c-9e10-4f88-8495-dc156e49855e Accept: */* {{(pid=75851) process_request /opt/stack/glance/glance/api/middleware/version_negotiation.py:44}}
Feb 02 19:32:23 devstack devstack@g-api.service[75851]: DEBUG glance.api.middleware.version_negotiation [None req-88ae1034-69ef-428f-8791-1da8f3a75f8f tempest-ServerActionsTestOtherB-50983106 tempest-ServerActionsTestOtherB-50983106-project-member] Using url versioning {{(pid=75851) process_request /opt/stack/glance/glance/api/middleware/version_negotiation.py:57}}
Feb 02 19:32:23 devstack devstack@g-api.service[75851]: DEBUG glance.api.middleware.version_negotiation [None req-88ae1034-69ef-428f-8791-1da8f3a75f8f tempest-ServerActionsTestOtherB-50983106 tempest-ServerActionsTestOtherB-50983106-project-member] Matched version: v2 {{(pid=75851) process_request /opt/stack/glance/glance/api/middleware/version_negotiation.py:69}}
Feb 02 19:32:23 devstack devstack@g-api.service[75851]: DEBUG glance.api.middleware.version_negotiation [None req-88ae1034-69ef-428f-8791-1da8f3a75f8f tempest-ServerActionsTestOtherB-50983106 tempest-ServerActionsTestOtherB-50983106-project-member] new path /v2/images/d2e2b95c-9e10-4f88-8495-dc156e49855e {{(pid=75851) process_request /opt/stack/glance/glance/api/middleware/version_negotiation.py:70}}
Feb 02 19:32:23 devstack devstack@g-api.service[75851]: [pid: 75851|app: 0|req: 8/17] 127.0.0.1 () {42 vars in 1053 bytes} [Mon Feb 2 19:32:23 2026] GET /v2/images/d2e2b95c-9e10-4f88-8495-dc156e49855e => generated 976 bytes in 119 msecs (HTTP/1.1 200) 4 headers in 157 bytes (1 switches on core 0)
Feb 02 19:32:23 devstack devstack@g-api.service[75852]: DEBUG glance.api.middleware.version_negotiation [None req-88ae1034-69ef-428f-8791-1da8f3a75f8f tempest-ServerActionsTestOtherB-50983106 tempest-ServerActionsTestOtherB-50983106-project-member] Determining version of request: GET /v2/schemas/image Accept: */* {{(pid=75852) process_request /opt/stack/glance/glance/api/middleware/version_negotiation.py:44}}
Feb 02 19:32:23 devstack devstack@g-api.service[75852]: DEBUG glance.api.middleware.version_negotiation [None req-88ae1034-69ef-428f-8791-1da8f3a75f8f tempest-ServerActionsTestOtherB-50983106 tempest-ServerActionsTestOtherB-50983106-project-member] Using url versioning {{(pid=75852) process_request /opt/stack/glance/glance/api/middleware/version_negotiation.py:57}}
Feb 02 19:32:23 devstack devstack@g-api.service[75852]: DEBUG glance.api.middleware.version_negotiation [None req-88ae1034-69ef-428f-8791-1da8f3a75f8f tempest-ServerActionsTestOtherB-50983106 tempest-ServerActionsTestOtherB-50983106-project-member] Matched version: v2 {{(pid=75852) process_request /opt/stack/glance/glance/api/middleware/version_negotiation.py:69}}
Feb 02 19:32:23 devstack devstack@g-api.service[75852]: DEBUG glance.api.middleware.version_negotiation [None req-88ae1034-69ef-428f-8791-1da8f3a75f8f tempest-ServerActionsTestOtherB-50983106 tempest-ServerActionsTestOtherB-50983106-project-member] new path /v2/schemas/image {{(pid=75852) process_request /opt/stack/glance/glance/api/middleware/version_negotiation.py:70}}
Feb 02 19:32:23 devstack devstack@g-api.service[75852]: [pid: 75852|app: 0|req: 10/18] 127.0.0.1 () {42 vars in 993 bytes} [Mon Feb 2 19:32:23 2026] GET /v2/schemas/image => generated 6083 bytes in 9 msecs (HTTP/1.1 200) 4 headers in 158 bytes (1 switches on core 0)
Feb 02 19:32:24 devstack devstack@g-api.service[75852]: DEBUG dbcounter [-] [75852] Writing DB stats glance:SELECT=2 {{(pid=75852) stat_writer /opt/stack/data/venv/lib/python3.10/site-packages/dbcounter.py:115}}
Feb 02 19:32:30 devstack devstack@g-api.service[75851]: DEBUG glance.api.middleware.version_negotiation [None req-5413c047-88ea-4673-80fe-ab847dfbf81d tempest-VolumesAdminNegativeTest-364266255 tempest-VolumesAdminNegativeTest-364266255-project-member] Determining version of request: GET /v2/images/d2e2b95c-9e10-4f88-8495-dc156e49855e Accept: */* {{(pid=75851) process_request /opt/stack/glance/glance/api/middleware/version_negotiation.py:44}}
Feb 02 19:32:30 devstack devstack@g-api.service[75851]: DEBUG glance.api.middleware.version_negotiation [None req-5413c047-88ea-4673-80fe-ab847dfbf81d tempest-VolumesAdminNegativeTest-364266255 tempest-VolumesAdminNegativeTest-364266255-project-member] Using url versioning {{(pid=75851) process_request /opt/stack/glance/glance/api/middleware/version_negotiation.py:57}}
Feb 02 19:32:30 devstack devstack@g-api.service[75851]: DEBUG glance.api.middleware.version_negotiation [None req-5413c047-88ea-4673-80fe-ab847dfbf81d tempest-VolumesAdminNegativeTest-364266255 tempest-VolumesAdminNegativeTest-364266255-project-member] Matched version: v2 {{(pid=75851) process_request /opt/stack/glance/glance/api/middleware/version_negotiation.py:69}}
Feb 02 19:32:30 devstack devstack@g-api.service[75851]: DEBUG glance.api.middleware.version_negotiation [None req-5413c047-88ea-4673-80fe-ab847dfbf81d tempest-VolumesAdminNegativeTest-364266255 tempest-VolumesAdminNegativeTest-364266255-project-member] new path /v2/images/d2e2b95c-9e10-4f88-8495-dc156e49855e {{(pid=75851) process_request /opt/stack/glance/glance/api/middleware/version_negotiation.py:70}}
Feb 02 19:32:30 devstack devstack@g-api.service[75851]: [pid: 75851|app: 0|req: 9/19] 127.0.0.1 () {42 vars in 1053 bytes} [Mon Feb 2 19:32:30 2026] GET /v2/images/d2e2b95c-9e10-4f88-8495-dc156e49855e => generated 976 bytes in 24 msecs (HTTP/1.1 200) 4 headers in 157 bytes (1 switches on core 0)
Feb 02 19:32:30 devstack devstack@g-api.service[75852]: DEBUG glance.api.middleware.version_negotiation [None req-5413c047-88ea-4673-80fe-ab847dfbf81d tempest-VolumesAdminNegativeTest-364266255 tempest-VolumesAdminNegativeTest-364266255-project-member] Determining version of request: GET /v2/images/d2e2b95c-9e10-4f88-8495-dc156e49855e/file Accept: */* {{(pid=75852) process_request /opt/stack/glance/glance/api/middleware/version_negotiation.py:44}}
Feb 02 19:32:30 devstack devstack@g-api.service[75852]: DEBUG glance.api.middleware.version_negotiation [None req-5413c047-88ea-4673-80fe-ab847dfbf81d tempest-VolumesAdminNegativeTest-364266255 tempest-VolumesAdminNegativeTest-364266255-project-member] Using url versioning {{(pid=75852) process_request /opt/stack/glance/glance/api/middleware/version_negotiation.py:57}}
Feb 02 19:32:30 devstack devstack@g-api.service[75852]: DEBUG glance.api.middleware.version_negotiation [None req-5413c047-88ea-4673-80fe-ab847dfbf81d tempest-VolumesAdminNegativeTest-364266255 tempest-VolumesAdminNegativeTest-364266255-project-member] Matched version: v2 {{(pid=75852) process_request /opt/stack/glance/glance/api/middleware/version_negotiation.py:69}}
Feb 02 19:32:30 devstack devstack@g-api.service[75852]: DEBUG glance.api.middleware.version_negotiation [None req-5413c047-88ea-4673-80fe-ab847dfbf81d tempest-VolumesAdminNegativeTest-364266255 tempest-VolumesAdminNegativeTest-364266255-project-member] new path /v2/images/d2e2b95c-9e10-4f88-8495-dc156e49855e/file {{(pid=75852) process_request /opt/stack/glance/glance/api/middleware/version_negotiation.py:70}}
Feb 02 19:32:30 devstack devstack@g-api.service[75852]: DEBUG glance_store._drivers.filesystem [None req-88ae1034-69ef-428f-8791-1da8f3a75f8f tempest-ServerActionsTestOtherB-50983106 tempest-ServerActionsTestOtherB-50983106-project-member] Found image at /opt/stack/data/glance/images/d2e2b95c-9e10-4f88-8495-dc156e49855e. Returning in ChunkedFile. {{(pid=75852) get /opt/stack/data/venv/lib/python3.10/site-packages/glance_store/_drivers/filesystem.py:618}}
Feb 02 19:32:30 devstack devstack@g-api.service[75852]: DEBUG glance.image_cache [None req-88ae1034-69ef-428f-8791-1da8f3a75f8f tempest-ServerActionsTestOtherB-50983106 tempest-ServerActionsTestOtherB-50983106-project-member] Tee'ing image 'd2e2b95c-9e10-4f88-8495-dc156e49855e' into cache {{(pid=75852) get_caching_iter /opt/stack/glance/glance/image_cache/__init__.py:350}}
Feb 02 19:32:31 devstack devstack@g-api.service[75852]: DEBUG glance.image_cache.drivers.centralized_db [None req-88ae1034-69ef-428f-8791-1da8f3a75f8f tempest-ServerActionsTestOtherB-50983106 tempest-ServerActionsTestOtherB-50983106-project-member] Fetch finished, moving '/opt/stack/data/glance/cache/incomplete/d2e2b95c-9e10-4f88-8495-dc156e49855e' to '/opt/stack/data/glance/cache/d2e2b95c-9e10-4f88-8495-dc156e49855e' {{(pid=75852) commit /opt/stack/glance/glance/image_cache/drivers/centralized_db.py:235}}
Feb 02 19:32:31 devstack devstack@g-api.service[75852]: DEBUG glance.image_cache.drivers.centralized_db [None req-88ae1034-69ef-428f-8791-1da8f3a75f8f tempest-ServerActionsTestOtherB-50983106 tempest-ServerActionsTestOtherB-50983106-project-member] Image cached successfully. {{(pid=75852) commit /opt/stack/glance/glance/image_cache/drivers/centralized_db.py:250}}
Feb 02 19:32:31 devstack devstack@g-api.service[75852]: [pid: 75852|app: 0|req: 11/20] 127.0.0.1 () {42 vars in 1063 bytes} [Mon Feb 2 19:32:30 2026] GET /v2/images/d2e2b95c-9e10-4f88-8495-dc156e49855e/file => generated 21692416 bytes in 199 msecs (HTTP/1.1 200) 4 headers in 191 bytes (331 switches on core 0)
Feb 02 19:32:31 devstack devstack@g-api.service[75851]: DEBUG glance.api.middleware.version_negotiation [None req-88ae1034-69ef-428f-8791-1da8f3a75f8f tempest-ServerActionsTestOtherB-50983106 tempest-ServerActionsTestOtherB-50983106-project-member] Determining version of request: GET /v2/images/d2e2b95c-9e10-4f88-8495-dc156e49855e Accept: */* {{(pid=75851) process_request /opt/stack/glance/glance/api/middleware/version_negotiation.py:44}}
Feb 02 19:32:31 devstack devstack@g-api.service[75851]: DEBUG glance.api.middleware.version_negotiation [None req-88ae1034-69ef-428f-8791-1da8f3a75f8f tempest-ServerActionsTestOtherB-50983106 tempest-ServerActionsTestOtherB-50983106-project-member] Using url versioning {{(pid=75851) process_request /opt/stack/glance/glance/api/middleware/version_negotiation.py:57}}
Feb 02 19:32:31 devstack devstack@g-api.service[75851]: DEBUG glance.api.middleware.version_negotiation [None req-88ae1034-69ef-428f-8791-1da8f3a75f8f tempest-ServerActionsTestOtherB-50983106 tempest-ServerActionsTestOtherB-50983106-project-member] Matched version: v2 {{(pid=75851) process_request /opt/stack/glance/glance/api/middleware/version_negotiation.py:69}}
Feb 02 19:32:31 devstack devstack@g-api.service[75851]: DEBUG glance.api.middleware.version_negotiation [None req-88ae1034-69ef-428f-8791-1da8f3a75f8f tempest-ServerActionsTestOtherB-50983106 tempest-ServerActionsTestOtherB-50983106-project-member] new path /v2/images/d2e2b95c-9e10-4f88-8495-dc156e49855e {{(pid=75851) process_request /opt/stack/glance/glance/api/middleware/version_negotiation.py:70}}
Feb 02 19:32:31 devstack devstack@g-api.service[75851]: [pid: 75851|app: 0|req: 10/21] 127.0.0.1 () {42 vars in 1053 bytes} [Mon Feb 2 19:32:31 2026] GET /v2/images/d2e2b95c-9e10-4f88-8495-dc156e49855e => generated 976 bytes in 20 msecs (HTTP/1.1 200) 4 headers in 157 bytes (1 switches on core 0)
Feb 02 19:32:31 devstack devstack@g-api.service[75852]: DEBUG glance.api.middleware.version_negotiation [None req-88ae1034-69ef-428f-8791-1da8f3a75f8f tempest-ServerActionsTestOtherB-50983106 tempest-ServerActionsTestOtherB-50983106-project-member] Determining version of request: GET /v2/schemas/image Accept: */* {{(pid=75852) process_request /opt/stack/glance/glance/api/middleware/version_negotiation.py:44}}
Feb 02 19:32:31 devstack devstack@g-api.service[75852]: DEBUG glance.api.middleware.version_negotiation [None req-88ae1034-69ef-428f-8791-1da8f3a75f8f tempest-ServerActionsTestOtherB-50983106 tempest-ServerActionsTestOtherB-50983106-project-member] Using url versioning {{(pid=75852) process_request /opt/stack/glance/glance/api/middleware/version_negotiation.py:57}}
Feb 02 19:32:31 devstack devstack@g-api.service[75852]: DEBUG glance.api.middleware.version_negotiation [None req-88ae1034-69ef-428f-8791-1da8f3a75f8f tempest-ServerActionsTestOtherB-50983106 tempest-ServerActionsTestOtherB-50983106-project-member] Matched version: v2 {{(pid=75852) process_request /opt/stack/glance/glance/api/middleware/version_negotiation.py:69}}
Feb 02 19:32:31 devstack devstack@g-api.service[75852]: DEBUG glance.api.middleware.version_negotiation [None req-88ae1034-69ef-428f-8791-1da8f3a75f8f tempest-ServerActionsTestOtherB-50983106 tempest-ServerActionsTestOtherB-50983106-project-member] new path /v2/schemas/image {{(pid=75852) process_request /opt/stack/glance/glance/api/middleware/version_negotiation.py:70}}
Feb 02 19:32:31 devstack devstack@g-api.service[75852]: [pid: 75852|app: 0|req: 12/22] 127.0.0.1 () {42 vars in 993 bytes} [Mon Feb 2 19:32:31 2026] GET /v2/schemas/image => generated 6083 bytes in 5 msecs (HTTP/1.1 200) 4 headers in 158 bytes (1 switches on core 0)
Feb 02 19:32:37 devstack devstack@g-api.service[75851]: DEBUG glance.api.middleware.version_negotiation [None req-88ae1034-69ef-428f-8791-1da8f3a75f8f tempest-ServerActionsTestOtherB-50983106 tempest-ServerActionsTestOtherB-50983106-project-member] Determining version of request: GET /v2/images/d2e2b95c-9e10-4f88-8495-dc156e49855e Accept: */* {{(pid=75851) process_request /opt/stack/glance/glance/api/middleware/version_negotiation.py:44}}
Feb 02 19:32:37 devstack devstack@g-api.service[75851]: DEBUG glance.api.middleware.version_negotiation [None req-88ae1034-69ef-428f-8791-1da8f3a75f8f tempest-ServerActionsTestOtherB-50983106 tempest-ServerActionsTestOtherB-50983106-project-member] Using url versioning {{(pid=75851) process_request /opt/stack/glance/glance/api/middleware/version_negotiation.py:57}}
Feb 02 19:32:37 devstack devstack@g-api.service[75851]: DEBUG glance.api.middleware.version_negotiation [None req-88ae1034-69ef-428f-8791-1da8f3a75f8f tempest-ServerActionsTestOtherB-50983106 tempest-ServerActionsTestOtherB-50983106-project-member] Matched version: v2 {{(pid=75851) process_request /opt/stack/glance/glance/api/middleware/version_negotiation.py:69}}
Feb 02 19:32:37 devstack devstack@g-api.service[75851]: DEBUG glance.api.middleware.version_negotiation [None req-88ae1034-69ef-428f-8791-1da8f3a75f8f tempest-ServerActionsTestOtherB-50983106 tempest-ServerActionsTestOtherB-50983106-project-member] new path /v2/images/d2e2b95c-9e10-4f88-8495-dc156e49855e {{(pid=75851) process_request /opt/stack/glance/glance/api/middleware/version_negotiation.py:70}}
Feb 02 19:32:37 devstack devstack@g-api.service[75851]: [pid: 75851|app: 0|req: 11/23] 127.0.0.1 () {42 vars in 1053 bytes} [Mon Feb 2 19:32:37 2026] GET /v2/images/d2e2b95c-9e10-4f88-8495-dc156e49855e => generated 976 bytes in 36 msecs (HTTP/1.1 200) 4 headers in 157 bytes (1 switches on core 0)
Feb 02 19:32:37 devstack devstack@g-api.service[75852]: DEBUG glance.api.middleware.version_negotiation [None req-88ae1034-69ef-428f-8791-1da8f3a75f8f tempest-ServerActionsTestOtherB-50983106 tempest-ServerActionsTestOtherB-50983106-project-member] Determining version of request: GET /v2/schemas/image Accept: */* {{(pid=75852) process_request /opt/stack/glance/glance/api/middleware/version_negotiation.py:44}}
