Feb 02 19:23:02 devstack devstack@keystone.service[42836]: ERROR keystone.server.flask.application ret_value = fn(self, *arg, **kw)
Feb 02 19:23:02 devstack devstack@keystone.service[42836]: ERROR keystone.server.flask.application
File "/opt/stack/data/venv/lib/python3.10/site-packages/sqlalchemy/orm/session.py", line 1286, in _prepare_impl
Feb 02 19:23:02 devstack devstack@keystone.service[42836]: ERROR keystone.server.flask.application self.session.flush()
Feb 02 19:23:02 devstack devstack@keystone.service[42836]: ERROR keystone.server.flask.application
File "/opt/stack/data/venv/lib/python3.10/site-packages/sqlalchemy/orm/session.py", line 4331, in flush
Feb 02 19:23:02 devstack devstack@keystone.service[42836]: ERROR keystone.server.flask.application self._flush(objects)
Feb 02 19:23:02 devstack devstack@keystone.service[42836]: ERROR keystone.server.flask.application
File "/opt/stack/data/venv/lib/python3.10/site-packages/sqlalchemy/orm/session.py", line 4466, in _flush
Feb 02 19:23:02 devstack devstack@keystone.service[42836]: ERROR keystone.server.flask.application with util.safe_reraise():
Feb 02 19:23:02 devstack devstack@keystone.service[42836]: ERROR keystone.server.flask.application
File "/opt/stack/data/venv/lib/python3.10/site-packages/sqlalchemy/util/langhelpers.py", line 224, in __exit__
Feb 02 19:23:02 devstack devstack@keystone.service[42836]: ERROR keystone.server.flask.application raise exc_value.with_traceback(exc_tb)
Feb 02 19:23:02 devstack devstack@keystone.service[42836]: ERROR keystone.server.flask.application
File "/opt/stack/data/venv/lib/python3.10/site-packages/sqlalchemy/orm/session.py", line 4427, in _flush
Feb 02 19:23:02 devstack devstack@keystone.service[42836]: ERROR keystone.server.flask.application flush_context.execute()
Feb 02 19:23:02 devstack devstack@keystone.service[42836]: ERROR keystone.server.flask.application
File "/opt/stack/data/venv/lib/python3.10/site-packages/sqlalchemy/orm/unitofwork.py", line 466, in execute
Feb 02 19:23:02 devstack devstack@keystone.service[42836]: ERROR keystone.server.flask.application rec.execute(self)
Feb 02 19:23:02 devstack devstack@keystone.service[42836]: ERROR keystone.server.flask.application
File "/opt/stack/data/venv/lib/python3.10/site-packages/sqlalchemy/orm/unitofwork.py", line 642, in execute
Feb 02 19:23:02 devstack devstack@keystone.service[42836]: ERROR keystone.server.flask.application util.preloaded.orm_persistence.save_obj(
Feb 02 19:23:02 devstack devstack@keystone.service[42836]: ERROR keystone.server.flask.application
File "/opt/stack/data/venv/lib/python3.10/site-packages/sqlalchemy/orm/persistence.py", line 93, in save_obj
Feb 02 19:23:02 devstack devstack@keystone.service[42836]: ERROR keystone.server.flask.application _emit_insert_statements(
Feb 02 19:23:02 devstack devstack@keystone.service[42836]: ERROR keystone.server.flask.application
File "/opt/stack/data/venv/lib/python3.10/site-packages/sqlalchemy/orm/persistence.py", line 1048, in _emit_insert_statements
Feb 02 19:23:02 devstack devstack@keystone.service[42836]: ERROR keystone.server.flask.application result = connection.execute(
Feb 02 19:23:02 devstack devstack@keystone.service[42836]: ERROR keystone.server.flask.application
File "/opt/stack/data/venv/lib/python3.10/site-packages/sqlalchemy/engine/base.py", line 1419, in execute
Feb 02 19:23:02 devstack devstack@keystone.service[42836]: ERROR keystone.server.flask.application return meth(
Feb 02 19:23:02 devstack devstack@keystone.service[42836]: ERROR keystone.server.flask.application
File "/opt/stack/data/venv/lib/python3.10/site-packages/sqlalchemy/sql/elements.py", line 526, in _execute_on_connection
Feb 02 19:23:02 devstack devstack@keystone.service[42836]: ERROR keystone.server.flask.application return connection._execute_clauseelement(
Feb 02 19:23:02 devstack devstack@keystone.service[42836]: ERROR keystone.server.flask.application
File "/opt/stack/data/venv/lib/python3.10/site-packages/sqlalchemy/engine/base.py", line 1641, in _execute_clauseelement
Feb 02 19:23:02 devstack devstack@keystone.service[42836]: ERROR keystone.server.flask.application ret = self._execute_context(
Feb 02 19:23:02 devstack devstack@keystone.service[42836]: ERROR keystone.server.flask.application
File "/opt/stack/data/venv/lib/python3.10/site-packages/sqlalchemy/engine/base.py", line 1846, in _execute_context
Feb 02 19:23:02 devstack devstack@keystone.service[42836]: ERROR keystone.server.flask.application return self._exec_single_context(
Feb 02 19:23:02 devstack devstack@keystone.service[42836]: ERROR keystone.server.flask.application
File "/opt/stack/data/venv/lib/python3.10/site-packages/sqlalchemy/engine/base.py", line 1986, in _exec_single_context
Feb 02 19:23:02 devstack devstack@keystone.service[42836]: ERROR keystone.server.flask.application self._handle_dbapi_exception(
Feb 02 19:23:02 devstack devstack@keystone.service[42836]: ERROR keystone.server.flask.application
File "/opt/stack/data/venv/lib/python3.10/site-packages/sqlalchemy/engine/base.py", line 2352, in _handle_dbapi_exception
Feb 02 19:23:02 devstack devstack@keystone.service[42836]: ERROR keystone.server.flask.application raise newraise.with_traceback(exc_info[2]) from e
Feb 02 19:23:02 devstack devstack@keystone.service[42836]: ERROR keystone.server.flask.application
File "/opt/stack/data/venv/lib/python3.10/site-packages/sqlalchemy/engine/base.py", line 1967, in _exec_single_context
Feb 02 19:23:02 devstack devstack@keystone.service[42836]: ERROR keystone.server.flask.application self.dialect.do_execute(
Feb 02 19:23:02 devstack devstack@keystone.service[42836]: ERROR keystone.server.flask.application
File "/opt/stack/data/venv/lib/python3.10/site-packages/sqlalchemy/engine/default.py", line 951, in do_execute
Feb 02 19:23:02 devstack devstack@keystone.service[42836]: ERROR keystone.server.flask.application cursor.execute(statement, parameters)
Feb 02 19:23:02 devstack devstack@keystone.service[42836]: ERROR keystone.server.flask.application
File "/opt/stack/data/venv/lib/python3.10/site-packages/pymysql/cursors.py", line 153, in execute
Feb 02 19:23:02 devstack devstack@keystone.service[42836]: ERROR keystone.server.flask.application result = self._query(query)
Feb 02 19:23:02 devstack devstack@keystone.service[42836]: ERROR keystone.server.flask.application
File "/opt/stack/data/venv/lib/python3.10/site-packages/pymysql/cursors.py", line 322, in _query
Feb 02 19:23:02 devstack devstack@keystone.service[42836]: ERROR keystone.server.flask.application conn.query(q)
Feb 02 19:23:02 devstack devstack@keystone.service[42836]: ERROR keystone.server.flask.application
File "/opt/stack/data/venv/lib/python3.10/site-packages/pymysql/connections.py", line 575, in query
Feb 02 19:23:02 devstack devstack@keystone.service[42836]: ERROR keystone.server.flask.application self._affected_rows = self._read_query_result(unbuffered=unbuffered)
Feb 02 19:23:02 devstack devstack@keystone.service[42836]: ERROR keystone.server.flask.application
File "/opt/stack/data/venv/lib/python3.10/site-packages/pymysql/connections.py", line 826, in _read_query_result
Feb 02 19:23:02 devstack devstack@keystone.service[42836]: ERROR keystone.server.flask.application result.read()
Feb 02 19:23:02 devstack devstack@keystone.service[42836]: ERROR keystone.server.flask.application
File "/opt/stack/data/venv/lib/python3.10/site-packages/pymysql/connections.py", line 1203, in read
Feb 02 19:23:02 devstack devstack@keystone.service[42836]: ERROR keystone.server.flask.application first_packet = self.connection._read_packet()
Feb 02 19:23:02 devstack devstack@keystone.service[42836]: ERROR keystone.server.flask.application
File "/opt/stack/data/venv/lib/python3.10/site-packages/pymysql/connections.py", line 782, in _read_packet
Feb 02 19:23:02 devstack devstack@keystone.service[42836]: ERROR keystone.server.flask.application packet.raise_for_error()
Feb 02 19:23:02 devstack devstack@keystone.service[42836]: ERROR keystone.server.flask.application
File "/opt/stack/data/venv/lib/python3.10/site-packages/pymysql/protocol.py", line 219, in raise_for_error
Feb 02 19:23:02 devstack devstack@keystone.service[42836]: ERROR keystone.server.flask.application err.raise_mysql_exception(self._data)
Feb 02 19:23:02 devstack devstack@keystone.service[42836]: ERROR keystone.server.flask.application
File "/opt/stack/data/venv/lib/python3.10/site-packages/pymysql/err.py", line 150, in raise_mysql_exception
Feb 02 19:23:02 devstack devstack@keystone.service[42836]: ERROR keystone.server.flask.application raise errorclass(errno, errval)
Feb 02 19:23:02 devstack devstack@keystone.service[42836]: ERROR keystone.server.flask.application oslo_db.exception.DBDuplicateEntry: (pymysql.err.IntegrityError) (1062, "Duplicate entry '<>-Default' for key 'project.ixu_project_name_domain_id'")
Feb 02 19:23:02 devstack devstack@keystone.service[42836]: ERROR keystone.server.flask.application [SQL: INSERT INTO project (id, name, domain_id, description, enabled, extra, parent_id, is_domain) VALUES (%(id)s, %(name)s, %(domain_id)s, %(description)s, %(enabled)s, %(extra)s, %(parent_id)s, %(is_domain)s)]
Feb 02 19:23:02 devstack devstack@keystone.service[42836]: ERROR keystone.server.flask.application [parameters: {'id': '39b39e4d517e492a9d6f18f79fd7ca40', 'name': 'Default', 'domain_id': '<>', 'description': '', 'enabled': 1, 'extra': '{}', 'parent_id': None, 'is_domain': 1}]
Feb 02 19:23:02 devstack devstack@keystone.service[42836]: ERROR keystone.server.flask.application (Background on this error at: https://sqlalche.me/e/20/gkpj)
Feb 02 19:23:02 devstack devstack@keystone.service[42836]: ERROR keystone.server.flask.application
Feb 02 19:23:02 devstack devstack@keystone.service[42836]: ERROR keystone.server.flask.application During handling of the above exception, another exception occurred:
Feb 02 19:23:02 devstack devstack@keystone.service[42836]: ERROR keystone.server.flask.application
Feb 02 19:23:02 devstack devstack@keystone.service[42836]: ERROR keystone.server.flask.application
Traceback (most recent call last):
Feb 02 19:23:02 devstack devstack@keystone.service[42836]: ERROR keystone.server.flask.application
File "/opt/stack/keystone/keystone/resource/core.py", line 250, in create_project
Feb 02 19:23:02 devstack devstack@keystone.service[42836]: ERROR keystone.server.flask.application ret = self.driver.create_project(project_id, project)
Feb 02 19:23:02 devstack devstack@keystone.service[42836]: ERROR keystone.server.flask.application
File "/opt/stack/keystone/keystone/common/sql/core.py", line 614, in wrapper
Feb 02 19:23:02 devstack devstack@keystone.service[42836]: ERROR keystone.server.flask.application raise exception.Conflict(type=conflict_type, details=msg)
Feb 02 19:23:02 devstack devstack@keystone.service[42836]: ERROR keystone.server.flask.application keystone.exception.Conflict: Conflict occurred attempting to store project - Duplicate entry found with name Default.
Feb 02 19:23:02 devstack devstack@keystone.service[42836]: ERROR keystone.server.flask.application
Feb 02 19:23:02 devstack devstack@keystone.service[42836]: ERROR keystone.server.flask.application During handling of the above exception, another exception occurred:
Feb 02 19:23:02 devstack devstack@keystone.service[42836]: ERROR keystone.server.flask.application
Feb 02 19:23:02 devstack devstack@keystone.service[42836]: ERROR keystone.server.flask.application
Traceback (most recent call last):
Feb 02 19:23:02 devstack devstack@keystone.service[42836]: ERROR keystone.server.flask.application
File "/opt/stack/data/venv/lib/python3.10/site-packages/flask/app.py", line 917, in full_dispatch_request
Feb 02 19:23:02 devstack devstack@keystone.service[42836]: ERROR keystone.server.flask.application rv = self.dispatch_request()
Feb 02 19:23:02 devstack devstack@keystone.service[42836]: ERROR keystone.server.flask.application
File "/opt/stack/data/venv/lib/python3.10/site-packages/flask/app.py", line 902, in dispatch_request
Feb 02 19:23:02 devstack devstack@keystone.service[42836]: ERROR keystone.server.flask.application return self.ensure_sync(self.view_functions[rule.endpoint])(**view_args) # type: ignore[no-any-return]
Feb 02 19:23:02 devstack devstack@keystone.service[42836]: ERROR keystone.server.flask.application
File "/opt/stack/data/venv/lib/python3.10/site-packages/flask_restful/__init__.py", line 489, in wrapper
Feb 02 19:23:02 devstack devstack@keystone.service[42836]: ERROR keystone.server.flask.application resp = resource(*args, **kwargs)
Feb 02 19:23:02 devstack devstack@keystone.service[42836]: ERROR keystone.server.flask.application
File "/opt/stack/data/venv/lib/python3.10/site-packages/flask/views.py", line 110, in view
Feb 02 19:23:02 devstack devstack@keystone.service[42836]: ERROR keystone.server.flask.application return current_app.ensure_sync(self.dispatch_request)(**kwargs) # type: ignore[no-any-return]
Feb 02 19:23:02 devstack devstack@keystone.service[42836]: ERROR keystone.server.flask.application
File "/opt/stack/data/venv/lib/python3.10/site-packages/flask_restful/__init__.py", line 604, in dispatch_request
Feb 02 19:23:02 devstack devstack@keystone.service[42836]: ERROR keystone.server.flask.application resp = meth(*args, **kwargs)
Feb 02 19:23:02 devstack devstack@keystone.service[42836]: ERROR keystone.server.flask.application
File "/opt/stack/keystone/keystone/api/validation/__init__.py", line 86, in wrapper
Feb 02 19:23:02 devstack devstack@keystone.service[42836]: ERROR keystone.server.flask.application return func(*args, **kwargs)
Feb 02 19:23:02 devstack devstack@keystone.service[42836]: ERROR keystone.server.flask.application
File "/opt/stack/keystone/keystone/api/validation/__init__.py", line 145, in wrapper
Feb 02 19:23:02 devstack devstack@keystone.service[42836]: ERROR keystone.server.flask.application response = func(*args, **kwargs)
Feb 02 19:23:02 devstack devstack@keystone.service[42836]: ERROR keystone.server.flask.application
File "/opt/stack/keystone/keystone/api/domains.py", line 181, in post
Feb 02 19:23:02 devstack devstack@keystone.service[42836]: ERROR keystone.server.flask.application ref = PROVIDERS.resource_api.create_domain(
Feb 02 19:23:02 devstack devstack@keystone.service[42836]: ERROR keystone.server.flask.application
File "/opt/stack/keystone/keystone/common/manager.py", line 114, in wrapped
Feb 02 19:23:02 devstack devstack@keystone.service[42836]: ERROR keystone.server.flask.application __ret_val = __f(*args, **kwargs)
Feb 02 19:23:02 devstack devstack@keystone.service[42836]: ERROR keystone.server.flask.application
File "/opt/stack/keystone/keystone/resource/core.py", line 864, in create_domain
Feb 02 19:23:02 devstack devstack@keystone.service[42836]: ERROR keystone.server.flask.application is_domain_project = self.create_project(
Feb 02 19:23:02 devstack devstack@keystone.service[42836]: ERROR keystone.server.flask.application
File "/opt/stack/keystone/keystone/common/manager.py", line 114, in wrapped
Feb 02 19:23:02 devstack devstack@keystone.service[42836]: ERROR keystone.server.flask.application __ret_val = __f(*args, **kwargs)
Feb 02 19:23:02 devstack devstack@keystone.service[42836]: ERROR keystone.server.flask.application
File "/opt/stack/keystone/keystone/resource/core.py", line 252, in create_project
Feb 02 19:23:02 devstack devstack@keystone.service[42836]: ERROR keystone.server.flask.application raise exception.Conflict(
Feb 02 19:23:02 devstack devstack@keystone.service[42836]: ERROR keystone.server.flask.application keystone.exception.Conflict: Conflict occurred attempting to store project - it is not permitted to have two projects acting as domains with the same name: Default.
Feb 02 19:23:02 devstack devstack@keystone.service[42836]: ERROR keystone.server.flask.application
Feb 02 19:23:02 devstack devstack@keystone.service[42836]: [pid: 42836|app: 0|req: 9/15] 192.168.122.8 () {60 vars in 1183 bytes} [Mon Feb 2 19:23:02 2026] POST /identity/v3/domains => generated 190 bytes in 131 msecs (HTTP/1.1 409) 5 headers in 183 bytes (1 switches on core 0)
Feb 02 19:23:02 devstack devstack@keystone.service[42836]: DEBUG keystone.server.flask.request_processing.middleware.auth_context [None req-49299c42-734c-48d7-b830-24f5e3d62b40 None admin] Authenticating user token {{(pid=42836) process_request /opt/stack/data/venv/lib/python3.10/site-packages/keystonemiddleware/auth_token/__init__.py:407}}
Feb 02 19:23:02 devstack devstack@keystone.service[42837]: DEBUG keystone.server.flask.request_processing.middleware.auth_context [None req-d4a9a4f3-ea27-4fb0-8a33-53c43b3c6c9c None admin] RBAC: auth_context: {'token': , 'domain_id': None, 'trust_id': None, 'trustor_id': None, 'trustee_id': None, 'domain_name': None, 'group_ids': [], 'user_id': '4521c51cdb944fa9b5aec8775debaae4', 'user_domain_id': 'default', 'system_scope': 'all', 'project_id': None, 'project_domain_id': None, 'roles': ['admin', 'manager', 'member', 'reader'], 'is_admin_project': True, 'service_user_id': None, 'service_user_domain_id': None, 'service_project_id': None, 'service_project_domain_id': None, 'service_roles': []} {{(pid=42837) fill_context /opt/stack/keystone/keystone/server/flask/request_processing/middleware/auth_context.py:509}}
Feb 02 19:23:02 devstack devstack@keystone.service[42837]: DEBUG keystone.server.flask.request_processing.req_logging [None req-d4a9a4f3-ea27-4fb0-8a33-53c43b3c6c9c None admin] REQUEST_METHOD: `GET` {{(pid=42837) log_request_info /opt/stack/keystone/keystone/server/flask/request_processing/req_logging.py:26}}
Feb 02 19:23:02 devstack devstack@keystone.service[42837]: DEBUG keystone.server.flask.request_processing.req_logging [None req-d4a9a4f3-ea27-4fb0-8a33-53c43b3c6c9c None admin] SCRIPT_NAME: `/identity` {{(pid=42837) log_request_info /opt/stack/keystone/keystone/server/flask/request_processing/req_logging.py:27}}
Feb 02 19:23:02 devstack devstack@keystone.service[42837]: DEBUG keystone.server.flask.request_processing.req_logging [None req-d4a9a4f3-ea27-4fb0-8a33-53c43b3c6c9c None admin] PATH_INFO: `/v3/roles` {{(pid=42837) log_request_info /opt/stack/keystone/keystone/server/flask/request_processing/req_logging.py:28}}
Feb 02 19:23:02 devstack devstack@keystone.service[42837]: DEBUG keystone.common.rbac_enforcer.enforcer [None req-d4a9a4f3-ea27-4fb0-8a33-53c43b3c6c9c None admin] RBAC: Adding query filter params (name=admin) {{(pid=42837) _extract_filter_values /opt/stack/keystone/keystone/common/rbac_enforcer/enforcer.py:176}}
Feb 02 19:23:02 devstack devstack@keystone.service[42837]: DEBUG keystone.common.rbac_enforcer.enforcer [None req-d4a9a4f3-ea27-4fb0-8a33-53c43b3c6c9c None admin] RBAC: Authorizing `identity:list_roles()` {{(pid=42837) enforce_call /opt/stack/keystone/keystone/common/rbac_enforcer/enforcer.py:494}}
Feb 02 19:23:02 devstack devstack@keystone.service[42837]: DEBUG keystone.common.rbac_enforcer.enforcer [None req-d4a9a4f3-ea27-4fb0-8a33-53c43b3c6c9c None admin] RBAC: Authorization granted {{(pid=42837) enforce_call /opt/stack/keystone/keystone/common/rbac_enforcer/enforcer.py:505}}
Feb 02 19:23:02 devstack devstack@keystone.service[42837]: [pid: 42837|app: 0|req: 7/16] 192.168.122.8 () {56 vars in 1158 bytes} [Mon Feb 2 19:23:02 2026] GET /identity/v3/roles?name=admin => generated 343 bytes in 138 msecs (HTTP/1.1 200) 5 headers in 177 bytes (1 switches on core 0)
Feb 02 19:23:02 devstack devstack@keystone.service[42837]: DEBUG keystone.server.flask.request_processing.middleware.auth_context [None req-d4a9a4f3-ea27-4fb0-8a33-53c43b3c6c9c None admin] Authenticating user token {{(pid=42837) process_request /opt/stack/data/venv/lib/python3.10/site-packages/keystonemiddleware/auth_token/__init__.py:407}}
Feb 02 19:23:02 devstack devstack@keystone.service[42836]: DEBUG keystone.server.flask.request_processing.middleware.auth_context [None req-49299c42-734c-48d7-b830-24f5e3d62b40 None admin] Validating token access rules against request {{(pid=42836) validate_allowed_request /opt/stack/data/venv/lib/python3.10/site-packages/keystonemiddleware/auth_token/__init__.py:545}}
Feb 02 19:23:02 devstack devstack@keystone.service[42837]: DEBUG keystone.server.flask.request_processing.middleware.auth_context [None req-d4a9a4f3-ea27-4fb0-8a33-53c43b3c6c9c None admin] Validating token access rules against request {{(pid=42837) validate_allowed_request /opt/stack/data/venv/lib/python3.10/site-packages/keystonemiddleware/auth_token/__init__.py:545}}
Feb 02 19:23:02 devstack devstack@keystone.service[42836]: DEBUG keystone.server.flask.request_processing.middleware.auth_context [None req-273b26df-59b1-4d05-b2f3-07f66f735eff None admin] RBAC: auth_context: {'token': , 'domain_id': None, 'trust_id': None, 'trustor_id': None, 'trustee_id': None, 'domain_name': None, 'group_ids': [], 'user_id': '4521c51cdb944fa9b5aec8775debaae4', 'user_domain_id': 'default', 'system_scope': 'all', 'project_id': None, 'project_domain_id': None, 'roles': ['admin', 'manager', 'member', 'reader'], 'is_admin_project': True, 'service_user_id': None, 'service_user_domain_id': None, 'service_project_id': None, 'service_project_domain_id': None, 'service_roles': []} {{(pid=42836) fill_context /opt/stack/keystone/keystone/server/flask/request_processing/middleware/auth_context.py:509}}
Feb 02 19:23:02 devstack devstack@keystone.service[42836]: DEBUG keystone.server.flask.request_processing.req_logging [None req-273b26df-59b1-4d05-b2f3-07f66f735eff None admin] REQUEST_METHOD: `GET` {{(pid=42836) log_request_info /opt/stack/keystone/keystone/server/flask/request_processing/req_logging.py:26}}
Feb 02 19:23:02 devstack devstack@keystone.service[42836]: DEBUG keystone.server.flask.request_processing.req_logging [None req-273b26df-59b1-4d05-b2f3-07f66f735eff None admin] SCRIPT_NAME: `/identity` {{(pid=42836) log_request_info /opt/stack/keystone/keystone/server/flask/request_processing/req_logging.py:27}}
Feb 02 19:23:02 devstack devstack@keystone.service[42836]: DEBUG keystone.server.flask.request_processing.req_logging [None req-273b26df-59b1-4d05-b2f3-07f66f735eff None admin] PATH_INFO: `/v3/domains/Default` {{(pid=42836) log_request_info /opt/stack/keystone/keystone/server/flask/request_processing/req_logging.py:28}}
Feb 02 19:23:02 devstack devstack@keystone.service[42836]: DEBUG keystone.common.rbac_enforcer.enforcer [None req-273b26df-59b1-4d05-b2f3-07f66f735eff None admin] RBAC: Authorizing `identity:get_domain(domain_id=Default)` {{(pid=42836) enforce_call /opt/stack/keystone/keystone/common/rbac_enforcer/enforcer.py:494}}
Feb 02 19:23:02 devstack devstack@keystone.service[42836]: DEBUG keystone.common.rbac_enforcer.enforcer [None req-273b26df-59b1-4d05-b2f3-07f66f735eff None admin] RBAC: Authorization granted {{(pid=42836) enforce_call /opt/stack/keystone/keystone/common/rbac_enforcer/enforcer.py:505}}
Feb 02 19:23:02 devstack devstack@keystone.service[42836]: DEBUG keystone.server.flask.application [None req-273b26df-59b1-4d05-b2f3-07f66f735eff None admin] Could not find domain: Default. {{(pid=42836) _handle_keystone_exception /opt/stack/keystone/keystone/server/flask/application.py:146}}
Feb 02 19:23:02 devstack devstack@keystone.service[42837]: DEBUG keystone.server.flask.request_processing.middleware.auth_context [None req-5937abf1-1c9e-4dfa-b36b-44003ccc1f7c None admin] RBAC: auth_context: {'token': , 'domain_id': None, 'trust_id': None, 'trustor_id': None, 'trustee_id': None, 'domain_name': None, 'group_ids': [], 'user_id': '4521c51cdb944fa9b5aec8775debaae4', 'user_domain_id': 'default', 'system_scope': 'all', 'project_id': None, 'project_domain_id': None, 'roles': ['admin', 'manager', 'member', 'reader'], 'is_admin_project': True, 'service_user_id': None, 'service_user_domain_id': None, 'service_project_id': None, 'service_project_domain_id': None, 'service_roles': []} {{(pid=42837) fill_context /opt/stack/keystone/keystone/server/flask/request_processing/middleware/auth_context.py:509}}
Feb 02 19:23:02 devstack devstack@keystone.service[42836]: [pid: 42836|app: 0|req: 10/17] 192.168.122.8 () {56 vars in 1154 bytes} [Mon Feb 2 19:23:02 2026] GET /identity/v3/domains/Default => generated 87 bytes in 139 msecs (HTTP/1.1 404) 5 headers in 183 bytes (1 switches on core 0)
Feb 02 19:23:02 devstack devstack@keystone.service[42837]: DEBUG keystone.server.flask.request_processing.req_logging [None req-5937abf1-1c9e-4dfa-b36b-44003ccc1f7c None admin] REQUEST_METHOD: `GET` {{(pid=42837) log_request_info /opt/stack/keystone/keystone/server/flask/request_processing/req_logging.py:26}}
Feb 02 19:23:02 devstack devstack@keystone.service[42837]: DEBUG keystone.server.flask.request_processing.req_logging [None req-5937abf1-1c9e-4dfa-b36b-44003ccc1f7c None admin] SCRIPT_NAME: `/identity` {{(pid=42837) log_request_info /opt/stack/keystone/keystone/server/flask/request_processing/req_logging.py:27}}
Feb 02 19:23:02 devstack devstack@keystone.service[42837]: DEBUG keystone.server.flask.request_processing.req_logging [None req-5937abf1-1c9e-4dfa-b36b-44003ccc1f7c None admin] PATH_INFO: `/v3/users/4521c51cdb944fa9b5aec8775debaae4` {{(pid=42837) log_request_info /opt/stack/keystone/keystone/server/flask/request_processing/req_logging.py:28}}
Feb 02 19:23:02 devstack devstack@keystone.service[42837]: DEBUG keystone.common.rbac_enforcer.enforcer [None req-5937abf1-1c9e-4dfa-b36b-44003ccc1f7c None admin] RBAC: Authorizing `identity:get_user(user_id=4521c51cdb944fa9b5aec8775debaae4)` {{(pid=42837) enforce_call /opt/stack/keystone/keystone/common/rbac_enforcer/enforcer.py:494}}
Feb 02 19:23:02 devstack devstack@keystone.service[42837]: DEBUG keystone.common.rbac_enforcer.enforcer [None req-5937abf1-1c9e-4dfa-b36b-44003ccc1f7c None admin] RBAC: Authorization granted {{(pid=42837) enforce_call /opt/stack/keystone/keystone/common/rbac_enforcer/enforcer.py:505}}
Feb 02 19:23:02 devstack devstack@keystone.service[42836]: DEBUG keystone.server.flask.request_processing.middleware.auth_context [None req-273b26df-59b1-4d05-b2f3-07f66f735eff None admin] Authenticating user token {{(pid=42836) process_request /opt/stack/data/venv/lib/python3.10/site-packages/keystonemiddleware/auth_token/__init__.py:407}}
Feb 02 19:23:02 devstack devstack@keystone.service[42837]: [pid: 42837|app: 0|req: 8/18] 192.168.122.8 () {56 vars in 1223 bytes} [Mon Feb 2 19:23:02 2026] GET /identity/v3/users/4521c51cdb944fa9b5aec8775debaae4 => generated 249 bytes in 109 msecs (HTTP/1.1 200) 5 headers in 177 bytes (1 switches on core 0)
Feb 02 19:23:02 devstack devstack@keystone.service[42837]: DEBUG keystone.server.flask.request_processing.middleware.auth_context [None req-5937abf1-1c9e-4dfa-b36b-44003ccc1f7c None admin] Authenticating user token {{(pid=42837) process_request /opt/stack/data/venv/lib/python3.10/site-packages/keystonemiddleware/auth_token/__init__.py:407}}
Feb 02 19:23:02 devstack devstack@keystone.service[42836]: DEBUG keystone.server.flask.request_processing.middleware.auth_context [None req-273b26df-59b1-4d05-b2f3-07f66f735eff None admin] Validating token access rules against request {{(pid=42836) validate_allowed_request /opt/stack/data/venv/lib/python3.10/site-packages/keystonemiddleware/auth_token/__init__.py:545}}
Feb 02 19:23:02 devstack devstack@keystone.service[42837]: DEBUG keystone.server.flask.request_processing.middleware.auth_context [None req-5937abf1-1c9e-4dfa-b36b-44003ccc1f7c None admin] Validating token access rules against request {{(pid=42837) validate_allowed_request /opt/stack/data/venv/lib/python3.10/site-packages/keystonemiddleware/auth_token/__init__.py:545}}
Feb 02 19:23:02 devstack devstack@keystone.service[42836]: DEBUG keystone.server.flask.request_processing.middleware.auth_context [None req-93979b34-9278-4132-b06c-4d610d6f6bf0 None admin] RBAC: auth_context: {'token': , 'domain_id': None, 'trust_id': None, 'trustor_id': None, 'trustee_id': None, 'domain_name': None, 'group_ids': [], 'user_id': '4521c51cdb944fa9b5aec8775debaae4', 'user_domain_id': 'default', 'system_scope': 'all', 'project_id': None, 'project_domain_id': None, 'roles': ['admin', 'manager', 'member', 'reader'], 'is_admin_project': True, 'service_user_id': None, 'service_user_domain_id': None, 'service_project_id': None, 'service_project_domain_id': None, 'service_roles': []} {{(pid=42836) fill_context /opt/stack/keystone/keystone/server/flask/request_processing/middleware/auth_context.py:509}}
Feb 02 19:23:02 devstack devstack@keystone.service[42836]: DEBUG keystone.server.flask.request_processing.req_logging [None req-93979b34-9278-4132-b06c-4d610d6f6bf0 None admin] REQUEST_METHOD: `GET` {{(pid=42836) log_request_info /opt/stack/keystone/keystone/server/flask/request_processing/req_logging.py:26}}
Feb 02 19:23:02 devstack devstack@keystone.service[42836]: DEBUG keystone.server.flask.request_processing.req_logging [None req-93979b34-9278-4132-b06c-4d610d6f6bf0 None admin] SCRIPT_NAME: `/identity` {{(pid=42836) log_request_info /opt/stack/keystone/keystone/server/flask/request_processing/req_logging.py:27}}
Feb 02 19:23:02 devstack devstack@keystone.service[42836]: DEBUG keystone.server.flask.request_processing.req_logging [None req-93979b34-9278-4132-b06c-4d610d6f6bf0 None admin] PATH_INFO: `/v3/domains` {{(pid=42836) log_request_info /opt/stack/keystone/keystone/server/flask/request_processing/req_logging.py:28}}
Feb 02 19:23:02 devstack devstack@keystone.service[42837]: DEBUG keystone.server.flask.request_processing.middleware.auth_context [None req-e8338963-f643-40d9-9913-ac26c692a2e9 None admin] RBAC: auth_context: {'token': , 'domain_id': None, 'trust_id': None, 'trustor_id': None, 'trustee_id': None, 'domain_name': None, 'group_ids': [], 'user_id': '4521c51cdb944fa9b5aec8775debaae4', 'user_domain_id': 'default', 'system_scope': 'all', 'project_id': None, 'project_domain_id': None, 'roles': ['admin', 'manager', 'member', 'reader'], 'is_admin_project': True, 'service_user_id': None, 'service_user_domain_id': None, 'service_project_id': None, 'service_project_domain_id': None, 'service_roles': []} {{(pid=42837) fill_context /opt/stack/keystone/keystone/server/flask/request_processing/middleware/auth_context.py:509}}
Feb 02 19:23:02 devstack devstack@keystone.service[42836]: DEBUG keystone.common.rbac_enforcer.enforcer [None req-93979b34-9278-4132-b06c-4d610d6f6bf0 None admin] RBAC: Adding query filter params (name=Default) {{(pid=42836) _extract_filter_values /opt/stack/keystone/keystone/common/rbac_enforcer/enforcer.py:176}}
Feb 02 19:23:02 devstack devstack@keystone.service[42837]: DEBUG keystone.server.flask.request_processing.req_logging [None req-e8338963-f643-40d9-9913-ac26c692a2e9 None admin] REQUEST_METHOD: `GET` {{(pid=42837) log_request_info /opt/stack/keystone/keystone/server/flask/request_processing/req_logging.py:26}}
Feb 02 19:23:02 devstack devstack@keystone.service[42837]: DEBUG keystone.server.flask.request_processing.req_logging [None req-e8338963-f643-40d9-9913-ac26c692a2e9 None admin] SCRIPT_NAME: `/identity` {{(pid=42837) log_request_info /opt/stack/keystone/keystone/server/flask/request_processing/req_logging.py:27}}
Feb 02 19:23:02 devstack devstack@keystone.service[42837]: DEBUG keystone.server.flask.request_processing.req_logging [None req-e8338963-f643-40d9-9913-ac26c692a2e9 None admin] PATH_INFO: `/v3/domains/default` {{(pid=42837) log_request_info /opt/stack/keystone/keystone/server/flask/request_processing/req_logging.py:28}}
Feb 02 19:23:02 devstack devstack@keystone.service[42836]: DEBUG keystone.common.rbac_enforcer.enforcer [None req-93979b34-9278-4132-b06c-4d610d6f6bf0 None admin] RBAC: Authorizing `identity:list_domains()` {{(pid=42836) enforce_call /opt/stack/keystone/keystone/common/rbac_enforcer/enforcer.py:494}}
Feb 02 19:23:02 devstack devstack@keystone.service[42837]: DEBUG keystone.common.rbac_enforcer.enforcer [None req-e8338963-f643-40d9-9913-ac26c692a2e9 None admin] RBAC: Authorizing `identity:get_domain(domain_id=default)` {{(pid=42837) enforce_call /opt/stack/keystone/keystone/common/rbac_enforcer/enforcer.py:494}}
Feb 02 19:23:02 devstack devstack@keystone.service[42836]: DEBUG keystone.common.rbac_enforcer.enforcer [None req-93979b34-9278-4132-b06c-4d610d6f6bf0 None admin] RBAC: Authorization granted {{(pid=42836) enforce_call /opt/stack/keystone/keystone/common/rbac_enforcer/enforcer.py:505}}
Feb 02 19:23:02 devstack devstack@keystone.service[42837]: DEBUG keystone.common.rbac_enforcer.enforcer [None req-e8338963-f643-40d9-9913-ac26c692a2e9 None admin] RBAC: Authorization granted {{(pid=42837) enforce_call /opt/stack/keystone/keystone/common/rbac_enforcer/enforcer.py:505}}
Feb 02 19:23:02 devstack devstack@keystone.service[42837]: [pid: 42837|app: 0|req: 9/19] 192.168.122.8 () {56 vars in 1154 bytes} [Mon Feb 2 19:23:02 2026] GET /identity/v3/domains/default => generated 201 bytes in 110 msecs (HTTP/1.1 200) 5 headers in 177 bytes (1 switches on core 0)
Feb 02 19:23:02 devstack devstack@keystone.service[42837]: DEBUG keystone.server.flask.request_processing.middleware.auth_context [None req-e8338963-f643-40d9-9913-ac26c692a2e9 None admin] Authenticating user token {{(pid=42837) process_request /opt/stack/data/venv/lib/python3.10/site-packages/keystonemiddleware/auth_token/__init__.py:407}}
Feb 02 19:23:02 devstack devstack@keystone.service[42836]: [pid: 42836|app: 0|req: 11/20] 192.168.122.8 () {56 vars in 1168 bytes} [Mon Feb 2 19:23:02 2026] GET /identity/v3/domains?name=Default => generated 312 bytes in 139 msecs (HTTP/1.1 200) 5 headers in 177 bytes (1 switches on core 0)
Feb 02 19:23:02 devstack devstack@keystone.service[42837]: DEBUG keystone.server.flask.request_processing.middleware.auth_context [None req-e8338963-f643-40d9-9913-ac26c692a2e9 None admin] Validating token access rules against request {{(pid=42837) validate_allowed_request /opt/stack/data/venv/lib/python3.10/site-packages/keystonemiddleware/auth_token/__init__.py:545}}
Feb 02 19:23:02 devstack devstack@keystone.service[42837]: DEBUG keystone.server.flask.request_processing.middleware.auth_context [None req-61a5cc10-6ed0-425e-a46f-e1af09d0d0ff None admin] RBAC: auth_context: {'token': , 'domain_id': None, 'trust_id': None, 'trustor_id': None, 'trustee_id': None, 'domain_name': None, 'group_ids': [], 'user_id': '4521c51cdb944fa9b5aec8775debaae4', 'user_domain_id': 'default', 'system_scope': 'all', 'project_id': None, 'project_domain_id': None, 'roles': ['admin', 'manager', 'member', 'reader'], 'is_admin_project': True, 'service_user_id': None, 'service_user_domain_id': None, 'service_project_id': None, 'service_project_domain_id': None, 'service_roles': []} {{(pid=42837) fill_context /opt/stack/keystone/keystone/server/flask/request_processing/middleware/auth_context.py:509}}
Feb 02 19:23:02 devstack devstack@keystone.service[42837]: DEBUG keystone.server.flask.request_processing.req_logging [None req-61a5cc10-6ed0-425e-a46f-e1af09d0d0ff None admin] REQUEST_METHOD: `PUT` {{(pid=42837) log_request_info /opt/stack/keystone/keystone/server/flask/request_processing/req_logging.py:26}}
Feb 02 19:23:02 devstack devstack@keystone.service[42837]: DEBUG keystone.server.flask.request_processing.req_logging [None req-61a5cc10-6ed0-425e-a46f-e1af09d0d0ff None admin] SCRIPT_NAME: `/identity` {{(pid=42837) log_request_info /opt/stack/keystone/keystone/server/flask/request_processing/req_logging.py:27}}
Feb 02 19:23:02 devstack devstack@keystone.service[42837]: DEBUG keystone.server.flask.request_processing.req_logging [None req-61a5cc10-6ed0-425e-a46f-e1af09d0d0ff None admin] PATH_INFO: `/v3/domains/default/users/4521c51cdb944fa9b5aec8775debaae4/roles/2588e87563694516b484fbc87511b655` {{(pid=42837) log_request_info /opt/stack/keystone/keystone/server/flask/request_processing/req_logging.py:28}}
Feb 02 19:23:02 devstack devstack@keystone.service[42837]: DEBUG keystone.common.rbac_enforcer.enforcer [None req-61a5cc10-6ed0-425e-a46f-e1af09d0d0ff None admin] RBAC: Authorizing `identity:create_grant(domain_id=default, user_id=4521c51cdb944fa9b5aec8775debaae4, role_id=2588e87563694516b484fbc87511b655)` {{(pid=42837) enforce_call /opt/stack/keystone/keystone/common/rbac_enforcer/enforcer.py:494}}
Feb 02 19:23:02 devstack devstack@keystone.service[42837]: DEBUG keystone.common.rbac_enforcer.enforcer [None req-61a5cc10-6ed0-425e-a46f-e1af09d0d0ff None admin] RBAC: Authorization granted {{(pid=42837) enforce_call /opt/stack/keystone/keystone/common/rbac_enforcer/enforcer.py:505}}
Feb 02 19:23:02 devstack devstack@keystone.service[42837]: [pid: 42837|app: 0|req: 10/21] 192.168.122.8 () {58 vars in 1407 bytes} [Mon Feb 2 19:23:02 2026] PUT /identity/v3/domains/default/users/4521c51cdb944fa9b5aec8775debaae4/roles/2588e87563694516b484fbc87511b655 => generated 0 bytes in 366 msecs (HTTP/1.1 204) 3 headers in 132 bytes (0 switches on core 0)
Feb 02 19:23:04 devstack devstack@keystone.service[42836]: DEBUG keystone.server.flask.request_processing.req_logging [None req-eec58657-1f69-4f1f-8d49-33cdad8486f7 None None] REQUEST_METHOD: `GET` {{(pid=42836) log_request_info /opt/stack/keystone/keystone/server/flask/request_processing/req_logging.py:26}}
Feb 02 19:23:04 devstack devstack@keystone.service[42836]: DEBUG keystone.server.flask.request_processing.req_logging [None req-eec58657-1f69-4f1f-8d49-33cdad8486f7 None None] SCRIPT_NAME: `/identity` {{(pid=42836) log_request_info /opt/stack/keystone/keystone/server/flask/request_processing/req_logging.py:27}}
Feb 02 19:23:04 devstack devstack@keystone.service[42836]: DEBUG keystone.server.flask.request_processing.req_logging [None req-eec58657-1f69-4f1f-8d49-33cdad8486f7 None None] PATH_INFO: `/` {{(pid=42836) log_request_info /opt/stack/keystone/keystone/server/flask/request_processing/req_logging.py:28}}
Feb 02 19:23:04 devstack devstack@keystone.service[42836]: [pid: 42836|app: 0|req: 12/22] 192.168.122.8 () {54 vars in 929 bytes} [Mon Feb 2 19:23:04 2026] GET /identity => generated 272 bytes in 3 msecs (HTTP/1.1 300) 6 headers in 236 bytes (1 switches on core 0)
Feb 02 19:23:04 devstack devstack@keystone.service[42837]: DEBUG keystone.server.flask.request_processing.req_logging [None req-5ecb9f2d-8983-434c-86ba-b45e1377dd10 None None] REQUEST_METHOD: `POST` {{(pid=42837) log_request_info /opt/stack/keystone/keystone/server/flask/request_processing/req_logging.py:26}}
Feb 02 19:23:04 devstack devstack@keystone.service[42837]: DEBUG keystone.server.flask.request_processing.req_logging [None req-5ecb9f2d-8983-434c-86ba-b45e1377dd10 None None] SCRIPT_NAME: `/identity` {{(pid=42837) log_request_info /opt/stack/keystone/keystone/server/flask/request_processing/req_logging.py:27}}
Feb 02 19:23:04 devstack devstack@keystone.service[42837]: DEBUG keystone.server.flask.request_processing.req_logging [None req-5ecb9f2d-8983-434c-86ba-b45e1377dd10 None None] PATH_INFO: `/v3/auth/tokens` {{(pid=42837) log_request_info /opt/stack/keystone/keystone/server/flask/request_processing/req_logging.py:28}}
Feb 02 19:23:04 devstack devstack@keystone.service[42837]: WARNING keystone.common.password_hashing [None req-5ecb9f2d-8983-434c-86ba-b45e1377dd10 None None] Truncating password to algorithm specific maximum length 72 characters.
Feb 02 19:23:04 devstack devstack@keystone.service[42837]: DEBUG keystone.auth.core [None req-5ecb9f2d-8983-434c-86ba-b45e1377dd10 None None] MFA Rules not processed for user `4521c51cdb944fa9b5aec8775debaae4`. Rule list: `[]` (Enabled: `True`). {{(pid=42837) check_auth_methods_against_rules /opt/stack/keystone/keystone/auth/core.py:476}}
Feb 02 19:23:04 devstack devstack@keystone.service[42837]: DEBUG keystone.common.fernet_utils [None req-5ecb9f2d-8983-434c-86ba-b45e1377dd10 None None] Loaded 2 Fernet keys from /etc/keystone/fernet-keys/, but `[fernet_tokens] max_active_keys = 3`; perhaps there have not been enough key rotations to reach `max_active_keys` yet? {{(pid=42837) load_keys /opt/stack/keystone/keystone/common/fernet_utils.py:297}}
Feb 02 19:23:04 devstack devstack@keystone.service[42836]: DEBUG keystone.server.flask.request_processing.req_logging [None req-fcdf9a5c-c97c-4073-a15f-ccf9d0b1648d None None] REQUEST_METHOD: `GET` {{(pid=42836) log_request_info /opt/stack/keystone/keystone/server/flask/request_processing/req_logging.py:26}}
Feb 02 19:23:04 devstack devstack@keystone.service[42836]: DEBUG keystone.server.flask.request_processing.req_logging [None req-fcdf9a5c-c97c-4073-a15f-ccf9d0b1648d None None] SCRIPT_NAME: `/identity` {{(pid=42836) log_request_info /opt/stack/keystone/keystone/server/flask/request_processing/req_logging.py:27}}
Feb 02 19:23:04 devstack devstack@keystone.service[42836]: DEBUG keystone.server.flask.request_processing.req_logging [None req-fcdf9a5c-c97c-4073-a15f-ccf9d0b1648d None None] PATH_INFO: `/` {{(pid=42836) log_request_info /opt/stack/keystone/keystone/server/flask/request_processing/req_logging.py:28}}
Feb 02 19:23:04 devstack devstack@keystone.service[42836]: [pid: 42836|app: 0|req: 13/23] 192.168.122.8 () {54 vars in 929 bytes} [Mon Feb 2 19:23:04 2026] GET /identity => generated 272 bytes in 3 msecs (HTTP/1.1 300) 6 headers in 236 bytes (1 switches on core 0)
Feb 02 19:23:04 devstack devstack@keystone.service[42837]: [pid: 42837|app: 0|req: 11/24] 192.168.122.8 () {58 vars in 1026 bytes} [Mon Feb 2 19:23:04 2026] POST /identity/v3/auth/tokens => generated 864 bytes in 119 msecs (HTTP/1.1 201) 6 headers in 363 bytes (1 switches on core 0)
Feb 02 19:23:04 devstack devstack@keystone.service[42836]: DEBUG keystone.server.flask.request_processing.req_logging [None req-e12eab3a-b772-4c2d-b98b-355d84b3386b None None] REQUEST_METHOD: `POST` {{(pid=42836) log_request_info /opt/stack/keystone/keystone/server/flask/request_processing/req_logging.py:26}}
Feb 02 19:23:04 devstack devstack@keystone.service[42836]: DEBUG keystone.server.flask.request_processing.req_logging [None req-e12eab3a-b772-4c2d-b98b-355d84b3386b None None] SCRIPT_NAME: `/identity` {{(pid=42836) log_request_info /opt/stack/keystone/keystone/server/flask/request_processing/req_logging.py:27}}
Feb 02 19:23:04 devstack devstack@keystone.service[42836]: DEBUG keystone.server.flask.request_processing.req_logging [None req-e12eab3a-b772-4c2d-b98b-355d84b3386b None None] PATH_INFO: `/v3/auth/tokens` {{(pid=42836) log_request_info /opt/stack/keystone/keystone/server/flask/request_processing/req_logging.py:28}}
Feb 02 19:23:04 devstack devstack@keystone.service[42836]: WARNING keystone.common.password_hashing [None req-e12eab3a-b772-4c2d-b98b-355d84b3386b None None] Truncating password to algorithm specific maximum length 72 characters.
Feb 02 19:23:04 devstack devstack@keystone.service[42836]: DEBUG keystone.auth.core [None req-e12eab3a-b772-4c2d-b98b-355d84b3386b None None] MFA Rules not processed for user `4521c51cdb944fa9b5aec8775debaae4`. Rule list: `[]` (Enabled: `True`). {{(pid=42836) check_auth_methods_against_rules /opt/stack/keystone/keystone/auth/core.py:476}}
Feb 02 19:23:04 devstack devstack@keystone.service[42836]: DEBUG keystone.common.fernet_utils [None req-e12eab3a-b772-4c2d-b98b-355d84b3386b None None] Loaded 2 Fernet keys from /etc/keystone/fernet-keys/, but `[fernet_tokens] max_active_keys = 3`; perhaps there have not been enough key rotations to reach `max_active_keys` yet? {{(pid=42836) load_keys /opt/stack/keystone/keystone/common/fernet_utils.py:297}}
Feb 02 19:23:04 devstack devstack@keystone.service[42836]: [pid: 42836|app: 0|req: 14/25] 192.168.122.8 () {58 vars in 1026 bytes} [Mon Feb 2 19:23:04 2026] POST /identity/v3/auth/tokens => generated 864 bytes in 123 msecs (HTTP/1.1 201) 6 headers in 363 bytes (1 switches on core 0)
Feb 02 19:23:04 devstack devstack@keystone.service[42837]: DEBUG keystone.server.flask.request_processing.middleware.auth_context [None req-5ecb9f2d-8983-434c-86ba-b45e1377dd10 None None] Authenticating user token {{(pid=42837) process_request /opt/stack/data/venv/lib/python3.10/site-packages/keystonemiddleware/auth_token/__init__.py:407}}
Feb 02 19:23:04 devstack devstack@keystone.service[42837]: DEBUG keystone.server.flask.request_processing.middleware.auth_context [None req-5ecb9f2d-8983-434c-86ba-b45e1377dd10 None None] Validating token access rules against request {{(pid=42837) validate_allowed_request /opt/stack/data/venv/lib/python3.10/site-packages/keystonemiddleware/auth_token/__init__.py:545}}
Feb 02 19:23:04 devstack devstack@keystone.service[42837]: DEBUG keystone.server.flask.request_processing.middleware.auth_context [None req-eb089b79-340b-4c43-8afb-496b1c6936f8 None admin] RBAC: auth_context: {'token': , 'domain_id': None, 'trust_id': None, 'trustor_id': None, 'trustee_id': None, 'domain_name': None, 'group_ids': [], 'user_id': '4521c51cdb944fa9b5aec8775debaae4', 'user_domain_id': 'default', 'system_scope': 'all', 'project_id': None, 'project_domain_id': None, 'roles': ['admin', 'manager', 'member', 'reader'], 'is_admin_project': True, 'service_user_id': None, 'service_user_domain_id': None, 'service_project_id': None, 'service_project_domain_id': None, 'service_roles': []} {{(pid=42837) fill_context /opt/stack/keystone/keystone/server/flask/request_processing/middleware/auth_context.py:509}}
Feb 02 19:23:04 devstack devstack@keystone.service[42837]: DEBUG keystone.server.flask.request_processing.req_logging [None req-eb089b79-340b-4c43-8afb-496b1c6936f8 None admin] REQUEST_METHOD: `GET` {{(pid=42837) log_request_info /opt/stack/keystone/keystone/server/flask/request_processing/req_logging.py:26}}
Feb 02 19:23:04 devstack devstack@keystone.service[42837]: DEBUG keystone.server.flask.request_processing.req_logging [None req-eb089b79-340b-4c43-8afb-496b1c6936f8 None admin] SCRIPT_NAME: `/identity` {{(pid=42837) log_request_info /opt/stack/keystone/keystone/server/flask/request_processing/req_logging.py:27}}
Feb 02 19:23:04 devstack devstack@keystone.service[42837]: DEBUG keystone.server.flask.request_processing.req_logging [None req-eb089b79-340b-4c43-8afb-496b1c6936f8 None admin] PATH_INFO: `/v3/domains/Default` {{(pid=42837) log_request_info /opt/stack/keystone/keystone/server/flask/request_processing/req_logging.py:28}}
Feb 02 19:23:04 devstack devstack@keystone.service[42836]: DEBUG keystone.server.flask.request_processing.middleware.auth_context [None req-e12eab3a-b772-4c2d-b98b-355d84b3386b None None] Authenticating user token {{(pid=42836) process_request /opt/stack/data/venv/lib/python3.10/site-packages/keystonemiddleware/auth_token/__init__.py:407}}
Feb 02 19:23:04 devstack devstack@keystone.service[42837]: DEBUG keystone.common.rbac_enforcer.enforcer [None req-eb089b79-340b-4c43-8afb-496b1c6936f8 None admin] RBAC: Authorizing `identity:get_domain(domain_id=Default)` {{(pid=42837) enforce_call /opt/stack/keystone/keystone/common/rbac_enforcer/enforcer.py:494}}
Feb 02 19:23:04 devstack devstack@keystone.service[42837]: DEBUG keystone.common.rbac_enforcer.enforcer [None req-eb089b79-340b-4c43-8afb-496b1c6936f8 None admin] RBAC: Authorization granted {{(pid=42837) enforce_call /opt/stack/keystone/keystone/common/rbac_enforcer/enforcer.py:505}}
Feb 02 19:23:04 devstack devstack@keystone.service[42837]: DEBUG keystone.server.flask.application [None req-eb089b79-340b-4c43-8afb-496b1c6936f8 None admin] Could not find domain: Default. {{(pid=42837) _handle_keystone_exception /opt/stack/keystone/keystone/server/flask/application.py:146}}
Feb 02 19:23:04 devstack devstack@keystone.service[42837]: [pid: 42837|app: 0|req: 12/26] 192.168.122.8 () {56 vars in 1110 bytes} [Mon Feb 2 19:23:04 2026] GET /identity/v3/domains/Default => generated 87 bytes in 126 msecs (HTTP/1.1 404) 5 headers in 183 bytes (1 switches on core 0)
Feb 02 19:23:04 devstack devstack@keystone.service[42837]: DEBUG keystone.server.flask.request_processing.middleware.auth_context [None req-eb089b79-340b-4c43-8afb-496b1c6936f8 None admin] Authenticating user token {{(pid=42837) process_request /opt/stack/data/venv/lib/python3.10/site-packages/keystonemiddleware/auth_token/__init__.py:407}}
Feb 02 19:23:04 devstack devstack@keystone.service[42836]: DEBUG keystone.server.flask.request_processing.middleware.auth_context [None req-e12eab3a-b772-4c2d-b98b-355d84b3386b None None] Validating token access rules against request {{(pid=42836) validate_allowed_request /opt/stack/data/venv/lib/python3.10/site-packages/keystonemiddleware/auth_token/__init__.py:545}}
Feb 02 19:23:05 devstack devstack@keystone.service[42837]: DEBUG keystone.server.flask.request_processing.middleware.auth_context [None req-eb089b79-340b-4c43-8afb-496b1c6936f8 None admin] Validating token access rules against request {{(pid=42837) validate_allowed_request /opt/stack/data/venv/lib/python3.10/site-packages/keystonemiddleware/auth_token/__init__.py:545}}
Feb 02 19:23:05 devstack devstack@keystone.service[42837]: DEBUG keystone.server.flask.request_processing.middleware.auth_context [None req-82fc2e3a-8940-4e23-bb6b-81c54c814bcb None admin] RBAC: auth_context: {'token': , 'domain_id': None, 'trust_id': None, 'trustor_id': None, 'trustee_id': None, 'domain_name': None, 'group_ids': [], 'user_id': '4521c51cdb944fa9b5aec8775debaae4', 'user_domain_id': 'default', 'system_scope': 'all', 'project_id': None, 'project_domain_id': None, 'roles': ['admin', 'manager', 'member', 'reader'], 'is_admin_project': True, 'service_user_id': None, 'service_user_domain_id': None, 'service_project_id': None, 'service_project_domain_id': None, 'service_roles': []} {{(pid=42837) fill_context /opt/stack/keystone/keystone/server/flask/request_processing/middleware/auth_context.py:509}}
Feb 02 19:23:05 devstack devstack@keystone.service[42837]: DEBUG keystone.server.flask.request_processing.req_logging [None req-82fc2e3a-8940-4e23-bb6b-81c54c814bcb None admin] REQUEST_METHOD: `GET` {{(pid=42837) log_request_info /opt/stack/keystone/keystone/server/flask/request_processing/req_logging.py:26}}
