Jul 07 03:38:15 devstack cinder-volume[86955]: DEBUG oslo_concurrency.lockutils [None req-965e2019-74c8-4117-a7dd-480ce58bf87d tempest-ServersNegativeTestJSON-1978492766 None] Lock "quobyte_ensure" "released" by "cinder.volume.drivers.quobyte.QuobyteDriver._ensure_shares_mounted" :: held 0.006s {{(pid=86955) inner /opt/stack/data/venv/lib/python3.12/site-packages/oslo_concurrency/lockutils.py:543}}
Jul 07 03:38:15 devstack cinder-volume[86955]: DEBUG cinder.volume.drivers.quobyte [None req-965e2019-74c8-4117-a7dd-480ce58bf87d tempest-ServersNegativeTestJSON-1978492766 None] Selected osci02.corp.quobyte.com/cinder-vol-698ff7a3-eb34-4620-97a5-805857d183d6 as target Quobyte volume. {{(pid=86955) _find_share /opt/stack/cinder/cinder/volume/drivers/quobyte.py:668}}
Jul 07 03:38:15 devstack cinder-volume[86955]: INFO cinder.volume.drivers.remotefs [None req-965e2019-74c8-4117-a7dd-480ce58bf87d tempest-ServersNegativeTestJSON-1978492766 None] casted to osci02.corp.quobyte.com/cinder-vol-698ff7a3-eb34-4620-97a5-805857d183d6
Jul 07 03:38:15 devstack cinder-volume[86955]: DEBUG oslo_concurrency.processutils [None req-965e2019-74c8-4117-a7dd-480ce58bf87d tempest-ServersNegativeTestJSON-1978492766 None] Running cmd (subprocess): sudo cinder-rootwrap /etc/cinder/rootwrap.conf qemu-img create -f qcow2 -o preallocation=metadata /opt/stack/data/cinder/mnt/30ca5b1381764c5111932c7ce5933e03/volume-ec2329e9-2a74-4c03-99da-5f4cef7b052c 1073741824 {{(pid=86955) execute /opt/stack/data/venv/lib/python3.12/site-packages/oslo_concurrency/processutils.py:440}}
Jul 07 03:38:15 devstack sudo[93509]: quobyte : PWD=/ ; USER=root ; COMMAND=/opt/stack/data/venv/bin/cinder-rootwrap /etc/cinder/rootwrap.conf qemu-img create -f qcow2 -o preallocation=metadata /opt/stack/data/cinder/mnt/30ca5b1381764c5111932c7ce5933e03/volume-ec2329e9-2a74-4c03-99da-5f4cef7b052c 1073741824
Jul 07 03:38:15 devstack sudo[93509]: pam_unix(sudo:session): session opened for user root(uid=0) by (uid=1000)
Jul 07 03:38:16 devstack sudo[93503]: pam_unix(sudo:session): session closed for user root
Jul 07 03:38:16 devstack cinder-volume[86955]: DEBUG oslo_concurrency.processutils [None req-6a1eb263-6e8b-4ec9-b7df-59c707c0f7cb None None] CMD "sudo cinder-rootwrap /etc/cinder/rootwrap.conf df --portability --block-size 1 /opt/stack/data/cinder/mnt/30ca5b1381764c5111932c7ce5933e03" returned: 0 in 0.946s {{(pid=86955) execute /opt/stack/data/venv/lib/python3.12/site-packages/oslo_concurrency/processutils.py:468}}
Jul 07 03:38:16 devstack cinder-volume[86955]: DEBUG cinder.manager [None req-6a1eb263-6e8b-4ec9-b7df-59c707c0f7cb None None] Notifying Schedulers of capabilities ... {{(pid=86955) _publish_service_capabilities /opt/stack/cinder/cinder/manager.py:219}}
Jul 07 03:38:16 devstack cinder-volume[86955]: DEBUG oslo_service.periodic_task [None req-6a1eb263-6e8b-4ec9-b7df-59c707c0f7cb None None] Running periodic task VolumeManager._thread_info {{(pid=86955) run_periodic_tasks /opt/stack/data/venv/lib/python3.12/site-packages/oslo_service/periodic_task.py:225}}
Jul 07 03:38:16 devstack cinder-volume[86955]: DEBUG cinder.volume.manager [None req-6a1eb263-6e8b-4ec9-b7df-59c707c0f7cb None None] thread count: 8 {{(pid=86955) _thread_info /opt/stack/cinder/cinder/volume/manager.py:5472}}
Jul 07 03:38:16 devstack cinder-volume[86955]: DEBUG cinder.volume.manager [None req-6a1eb263-6e8b-4ec9-b7df-59c707c0f7cb None None] thread info: [<_MainThread(MainThread, started 127042287083648)>, , , , , , , ] {{(pid=86955) _thread_info /opt/stack/cinder/cinder/volume/manager.py:5473}}
Jul 07 03:38:16 devstack cinder-volume[86955]: INFO cinder.volume.manager [None req-5e2d9073-8ce5-4c10-9b7e-0c4466fae53a tempest-GroupSnapshotsTest-668071879 None] Update group completed successfully.
Jul 07 03:38:16 devstack sudo[93509]: pam_unix(sudo:session): session closed for user root
Jul 07 03:38:17 devstack cinder-volume[86955]: DEBUG oslo_concurrency.processutils [None req-965e2019-74c8-4117-a7dd-480ce58bf87d tempest-ServersNegativeTestJSON-1978492766 None] CMD "sudo cinder-rootwrap /etc/cinder/rootwrap.conf qemu-img create -f qcow2 -o preallocation=metadata /opt/stack/data/cinder/mnt/30ca5b1381764c5111932c7ce5933e03/volume-ec2329e9-2a74-4c03-99da-5f4cef7b052c 1073741824" returned: 0 in 1.125s {{(pid=86955) execute /opt/stack/data/venv/lib/python3.12/site-packages/oslo_concurrency/processutils.py:468}}
Jul 07 03:38:17 devstack cinder-volume[86955]: DEBUG oslo_concurrency.processutils [None req-965e2019-74c8-4117-a7dd-480ce58bf87d tempest-ServersNegativeTestJSON-1978492766 None] Running cmd (subprocess): sudo cinder-rootwrap /etc/cinder/rootwrap.conf chmod ugo+rw /opt/stack/data/cinder/mnt/30ca5b1381764c5111932c7ce5933e03/volume-ec2329e9-2a74-4c03-99da-5f4cef7b052c {{(pid=86955) execute /opt/stack/data/venv/lib/python3.12/site-packages/oslo_concurrency/processutils.py:440}}
Jul 07 03:38:17 devstack sudo[93535]: quobyte : PWD=/ ; USER=root ; COMMAND=/opt/stack/data/venv/bin/cinder-rootwrap /etc/cinder/rootwrap.conf chmod ugo+rw /opt/stack/data/cinder/mnt/30ca5b1381764c5111932c7ce5933e03/volume-ec2329e9-2a74-4c03-99da-5f4cef7b052c
Jul 07 03:38:17 devstack sudo[93535]: pam_unix(sudo:session): session opened for user root(uid=0) by (uid=1000)
Jul 07 03:38:17 devstack cinder-volume[86955]: INFO cinder.volume.manager [None req-bc581ebd-219f-4d39-a123-87ae86bba793 tempest-GroupSnapshotsTest-668071879 None] Update group completed successfully.
Jul 07 03:38:17 devstack sudo[93535]: pam_unix(sudo:session): session closed for user root
Jul 07 03:38:17 devstack cinder-volume[86955]: DEBUG oslo_concurrency.processutils [None req-965e2019-74c8-4117-a7dd-480ce58bf87d tempest-ServersNegativeTestJSON-1978492766 None] CMD "sudo cinder-rootwrap /etc/cinder/rootwrap.conf chmod ugo+rw /opt/stack/data/cinder/mnt/30ca5b1381764c5111932c7ce5933e03/volume-ec2329e9-2a74-4c03-99da-5f4cef7b052c" returned: 0 in 0.843s {{(pid=86955) execute /opt/stack/data/venv/lib/python3.12/site-packages/oslo_concurrency/processutils.py:468}}
Jul 07 03:38:17 devstack cinder-volume[86955]: DEBUG cinder.volume.drivers.quobyte [None req-965e2019-74c8-4117-a7dd-480ce58bf87d tempest-ServersNegativeTestJSON-1978492766 None] <== create_volume: return (2023ms) {'provider_location': 'osci02.corp.quobyte.com/cinder-vol-698ff7a3-eb34-4620-97a5-805857d183d6'} {{(pid=86955) trace_logging_wrapper /opt/stack/cinder/cinder/volume/volume_utils.py:1522}}
Jul 07 03:38:17 devstack cinder-volume[86955]: DEBUG oslo_concurrency.lockutils [None req-965e2019-74c8-4117-a7dd-480ce58bf87d tempest-ServersNegativeTestJSON-1978492766 None] Lock "quobyte" "released" by "cinder.volume.drivers.quobyte.QuobyteDriver.create_volume" :: held 2.025s {{(pid=86955) inner /opt/stack/data/venv/lib/python3.12/site-packages/oslo_concurrency/lockutils.py:543}}
Jul 07 03:38:17 devstack cinder-volume[86955]: DEBUG cinder.volume.manager [None req-965e2019-74c8-4117-a7dd-480ce58bf87d tempest-ServersNegativeTestJSON-1978492766 None] Task 'cinder.volume.flows.manager.create_volume.CreateVolumeFromSpecTask;volume:create' (56d77267-1629-48af-8070-574d68306dc5) transitioned into state 'SUCCESS' from state 'RUNNING' with result '{'status': 'creating', 'volume_name': 'volume-ec2329e9-2a74-4c03-99da-5f4cef7b052c', 'volume_size': 1}' {{(pid=86955) _task_receiver /opt/stack/data/venv/lib/python3.12/site-packages/taskflow/listeners/logging.py:218}}
Jul 07 03:38:17 devstack cinder-volume[86955]: DEBUG cinder.volume.manager [None req-965e2019-74c8-4117-a7dd-480ce58bf87d tempest-ServersNegativeTestJSON-1978492766 None] Task 'cinder.volume.flows.manager.create_volume.CreateVolumeOnFinishTask;volume:create, create.end' (4a415a91-fce0-41e6-bd5d-8c9a1ec133b9) transitioned into state 'RUNNING' from state 'PENDING' {{(pid=86955) _task_receiver /opt/stack/data/venv/lib/python3.12/site-packages/taskflow/listeners/logging.py:242}}
Jul 07 03:38:17 devstack cinder-volume[86955]: INFO cinder.volume.flows.manager.create_volume [None req-965e2019-74c8-4117-a7dd-480ce58bf87d tempest-ServersNegativeTestJSON-1978492766 None] Volume volume-ec2329e9-2a74-4c03-99da-5f4cef7b052c (ec2329e9-2a74-4c03-99da-5f4cef7b052c): created successfully
Jul 07 03:38:17 devstack cinder-volume[86955]: DEBUG cinder.volume.manager [None req-965e2019-74c8-4117-a7dd-480ce58bf87d tempest-ServersNegativeTestJSON-1978492766 None] Task 'cinder.volume.flows.manager.create_volume.CreateVolumeOnFinishTask;volume:create, create.end' (4a415a91-fce0-41e6-bd5d-8c9a1ec133b9) transitioned into state 'SUCCESS' from state 'RUNNING' with result 'None' {{(pid=86955) _task_receiver /opt/stack/data/venv/lib/python3.12/site-packages/taskflow/listeners/logging.py:218}}
Jul 07 03:38:17 devstack cinder-volume[86955]: DEBUG cinder.volume.manager [None req-965e2019-74c8-4117-a7dd-480ce58bf87d tempest-ServersNegativeTestJSON-1978492766 None] Flow 'volume_create_manager' (fccc271d-8f72-446c-b2a5-2d9a98a00a35) transitioned into state 'SUCCESS' from state 'RUNNING' {{(pid=86955) _flow_receiver /opt/stack/data/venv/lib/python3.12/site-packages/taskflow/listeners/logging.py:160}}
Jul 07 03:38:17 devstack cinder-volume[86955]: INFO cinder.volume.manager [None req-965e2019-74c8-4117-a7dd-480ce58bf87d tempest-ServersNegativeTestJSON-1978492766 None] Created volume successfully.
Jul 07 03:38:18 devstack cinder-volume[86955]: INFO cinder.volume.manager [None req-91f65bf0-59c7-4d30-93e6-74c33ea132cb tempest-GroupSnapshotsTest-668071879 None] Update group completed successfully.
Jul 07 03:38:20 devstack cinder-volume[86955]: INFO cinder.volume.manager [None req-6a6c8757-c9c8-420f-89b6-7beb1b98df47 tempest-GroupSnapshotsTest-668071879 None] GroupSnapshot 3fec2024-7b0b-4bf8-a664-a5c50abeeea6: creating.
Jul 07 03:38:20 devstack cinder-volume[86955]: DEBUG cinder.volume.manager [None req-6a6c8757-c9c8-420f-89b6-7beb1b98df47 tempest-GroupSnapshotsTest-668071879 None] Group snapshot 3fec2024-7b0b-4bf8-a664-a5c50abeeea6: creating. {{(pid=86955) create_group_snapshot /opt/stack/cinder/cinder/volume/manager.py:4175}}
Jul 07 03:38:20 devstack cinder-volume[86955]: DEBUG oslo_concurrency.lockutils [None req-6a6c8757-c9c8-420f-89b6-7beb1b98df47 tempest-GroupSnapshotsTest-668071879 None] Acquiring lock "quobyte" by "cinder.volume.drivers.quobyte.QuobyteDriver.create_snapshot" {{(pid=86955) inner /opt/stack/data/venv/lib/python3.12/site-packages/oslo_concurrency/lockutils.py:511}}
Jul 07 03:38:20 devstack cinder-volume[86955]: DEBUG oslo_concurrency.lockutils [None req-6a6c8757-c9c8-420f-89b6-7beb1b98df47 tempest-GroupSnapshotsTest-668071879 None] Lock "quobyte" acquired by "cinder.volume.drivers.quobyte.QuobyteDriver.create_snapshot" :: waited 0.001s {{(pid=86955) inner /opt/stack/data/venv/lib/python3.12/site-packages/oslo_concurrency/lockutils.py:524}}
Jul 07 03:38:20 devstack cinder-volume[86955]: DEBUG cinder.volume.drivers.remotefs [None req-6a6c8757-c9c8-420f-89b6-7beb1b98df47 tempest-GroupSnapshotsTest-668071879 None] Creating offline snapshot 5033aae2-87c7-4f4b-98d3-ac6379272270 of volume e3162fe1-392c-45b8-ac80-7cd590071ead {{(pid=86955) _create_snapshot /opt/stack/cinder/cinder/volume/drivers/remotefs.py:1816}}
Jul 07 03:38:20 devstack cinder-volume[86955]: DEBUG oslo.privsep.daemon [-] privsep: reply[5d76de74-f8de-4311-86f1-e1bfd0f63228]: (4, 'qcow2') {{(pid=87957) _call_back /opt/stack/data/venv/lib/python3.12/site-packages/oslo_privsep/daemon.py:580}}
Jul 07 03:38:20 devstack cinder-volume[86955]: DEBUG oslo_concurrency.processutils [None req-6a6c8757-c9c8-420f-89b6-7beb1b98df47 tempest-GroupSnapshotsTest-668071879 None] Running cmd (subprocess): /opt/stack/data/venv/bin/python3.12 -m oslo_concurrency.prlimit --as=1073741824 --cpu=60 -- sudo cinder-rootwrap /etc/cinder/rootwrap.conf env LC_ALL=C qemu-img info -f qcow2 --output=json --force-share /opt/stack/data/cinder/mnt/30ca5b1381764c5111932c7ce5933e03/volume-e3162fe1-392c-45b8-ac80-7cd590071ead {{(pid=86955) execute /opt/stack/data/venv/lib/python3.12/site-packages/oslo_concurrency/processutils.py:440}}
Jul 07 03:38:20 devstack sudo[93542]: quobyte : PWD=/ ; USER=root ; COMMAND=/opt/stack/data/venv/bin/cinder-rootwrap /etc/cinder/rootwrap.conf env LC_ALL=C qemu-img info -f qcow2 --output=json --force-share /opt/stack/data/cinder/mnt/30ca5b1381764c5111932c7ce5933e03/volume-e3162fe1-392c-45b8-ac80-7cd590071ead
Jul 07 03:38:20 devstack sudo[93542]: pam_unix(sudo:session): session opened for user root(uid=0) by (uid=1000)
Jul 07 03:38:22 devstack cinder-volume[86955]: DEBUG cinder.volume.flows.manager.create_volume [None req-d090952f-fcc9-4657-bc54-742edd35c533 tempest-ServersNegativeTestJSON-1978492766 None] Volume reschedule parameters: True retry: {'num_attempts': 1, 'backends': ['devstack@QuobyteHD#QuobyteHD'], 'hosts': ['devstack@QuobyteHD#QuobyteHD']} {{(pid=86955) get_flow /opt/stack/cinder/cinder/volume/flows/manager/create_volume.py:1397}}
Jul 07 03:38:22 devstack cinder-volume[86955]: DEBUG cinder.volume.manager [None req-d090952f-fcc9-4657-bc54-742edd35c533 tempest-ServersNegativeTestJSON-1978492766 None] Flow 'volume_create_manager' (135d86b0-ad32-4879-81f3-db9e3c100bb4) transitioned into state 'RUNNING' from state 'PENDING' {{(pid=86955) _flow_receiver /opt/stack/data/venv/lib/python3.12/site-packages/taskflow/listeners/logging.py:160}}
Jul 07 03:38:22 devstack cinder-volume[86955]: DEBUG cinder.volume.manager [None req-d090952f-fcc9-4657-bc54-742edd35c533 tempest-ServersNegativeTestJSON-1978492766 None] Task 'cinder.volume.flows.manager.create_volume.ExtractVolumeRefTask;volume:create' (3413b318-125c-4af2-a4f6-3777c26ccf67) transitioned into state 'RUNNING' from state 'PENDING' {{(pid=86955) _task_receiver /opt/stack/data/venv/lib/python3.12/site-packages/taskflow/listeners/logging.py:242}}
Jul 07 03:38:22 devstack cinder-volume[86955]: DEBUG cinder.volume.manager [None req-d090952f-fcc9-4657-bc54-742edd35c533 tempest-ServersNegativeTestJSON-1978492766 None] Task 'cinder.volume.flows.manager.create_volume.ExtractVolumeRefTask;volume:create' (3413b318-125c-4af2-a4f6-3777c26ccf67) transitioned into state 'SUCCESS' from state 'RUNNING' with result 'Volume(_name_id=None,admin_metadata=,attach_status='detached',availability_zone='nova',bootable=False,cluster=,cluster_name=None,consistencygroup=,consistencygroup_id=None,created_at=2026-07-07T01:38:21Z,deleted=False,deleted_at=None,display_description=None,display_name='tempest-ServersNegativeTestJSON-volume-1545701588',ec2_id=None,encryption_key_id=None,glance_metadata=,group=,group_id=None,host='devstack@QuobyteHD#QuobyteHD',id=1f1e651d-cad7-4543-81d3-3c74794d2047,launched_at=None,metadata={},migration_status=None,multiattach=False,previous_status=None,project_id='dbd58cb1aa62465abddef767c3541a12',provider_auth=None,provider_geometry=None,provider_id=None,provider_location=None,replication_driver_data=None,replication_extended_status=None,replication_status=None,scheduled_at=2026-07-07T01:38:22Z,service_uuid=None,shared_targets=True,size=1,snapshot_id=None,snapshots=,source_volid=None,status='creating',terminated_at=None,updated_at=2026-07-07T01:38:22Z,use_quota=True,user_id='57a1e43183c44b1e9e7b96dd52594068',volume_attachment=VolumeAttachmentList,volume_type=VolumeType(097739b2-c98c-4425-8896-810ee1f85360),volume_type_id=097739b2-c98c-4425-8896-810ee1f85360)' {{(pid=86955) _task_receiver /opt/stack/data/venv/lib/python3.12/site-packages/taskflow/listeners/logging.py:218}}
Jul 07 03:38:22 devstack cinder-volume[86955]: DEBUG cinder.volume.manager [None req-d090952f-fcc9-4657-bc54-742edd35c533 tempest-ServersNegativeTestJSON-1978492766 None] Task 'cinder.volume.flows.manager.create_volume.OnFailureRescheduleTask;volume:create' (4be6b205-ccf6-430a-a9c4-569de70bc884) transitioned into state 'RUNNING' from state 'PENDING' {{(pid=86955) _task_receiver /opt/stack/data/venv/lib/python3.12/site-packages/taskflow/listeners/logging.py:242}}
Jul 07 03:38:22 devstack cinder-volume[86955]: DEBUG cinder.volume.manager [None req-d090952f-fcc9-4657-bc54-742edd35c533 tempest-ServersNegativeTestJSON-1978492766 None] Task 'cinder.volume.flows.manager.create_volume.OnFailureRescheduleTask;volume:create' (4be6b205-ccf6-430a-a9c4-569de70bc884) transitioned into state 'SUCCESS' from state 'RUNNING' with result 'None' {{(pid=86955) _task_receiver /opt/stack/data/venv/lib/python3.12/site-packages/taskflow/listeners/logging.py:218}}
Jul 07 03:38:22 devstack cinder-volume[86955]: DEBUG cinder.volume.manager [None req-d090952f-fcc9-4657-bc54-742edd35c533 tempest-ServersNegativeTestJSON-1978492766 None] Task 'cinder.volume.flows.manager.create_volume.ExtractVolumeSpecTask;volume:create' (25ea0e97-1262-49e7-94ce-8133b5cd21fc) transitioned into state 'RUNNING' from state 'PENDING' {{(pid=86955) _task_receiver /opt/stack/data/venv/lib/python3.12/site-packages/taskflow/listeners/logging.py:242}}
Jul 07 03:38:22 devstack cinder-volume[86955]: DEBUG cinder.volume.manager [None req-d090952f-fcc9-4657-bc54-742edd35c533 tempest-ServersNegativeTestJSON-1978492766 None] Task 'cinder.volume.flows.manager.create_volume.ExtractVolumeSpecTask;volume:create' (25ea0e97-1262-49e7-94ce-8133b5cd21fc) transitioned into state 'SUCCESS' from state 'RUNNING' with result '{'status': 'creating', 'type': 'raw', 'volume_id': '1f1e651d-cad7-4543-81d3-3c74794d2047', 'volume_name': 'volume-1f1e651d-cad7-4543-81d3-3c74794d2047', 'volume_size': 1}' {{(pid=86955) _task_receiver /opt/stack/data/venv/lib/python3.12/site-packages/taskflow/listeners/logging.py:218}}
Jul 07 03:38:22 devstack cinder-volume[86955]: DEBUG cinder.volume.manager [None req-d090952f-fcc9-4657-bc54-742edd35c533 tempest-ServersNegativeTestJSON-1978492766 None] Task 'cinder.volume.flows.manager.create_volume.NotifyVolumeActionTask;volume:create, create.start' (bdf862eb-835a-4e5b-9e3b-401f07ca6069) transitioned into state 'RUNNING' from state 'PENDING' {{(pid=86955) _task_receiver /opt/stack/data/venv/lib/python3.12/site-packages/taskflow/listeners/logging.py:242}}
Jul 07 03:38:22 devstack cinder-volume[86955]: DEBUG cinder.volume.manager [None req-d090952f-fcc9-4657-bc54-742edd35c533 tempest-ServersNegativeTestJSON-1978492766 None] Task 'cinder.volume.flows.manager.create_volume.NotifyVolumeActionTask;volume:create, create.start' (bdf862eb-835a-4e5b-9e3b-401f07ca6069) transitioned into state 'SUCCESS' from state 'RUNNING' with result 'None' {{(pid=86955) _task_receiver /opt/stack/data/venv/lib/python3.12/site-packages/taskflow/listeners/logging.py:218}}
Jul 07 03:38:22 devstack cinder-volume[86955]: DEBUG cinder.volume.manager [None req-d090952f-fcc9-4657-bc54-742edd35c533 tempest-ServersNegativeTestJSON-1978492766 None] Task 'cinder.volume.flows.manager.create_volume.CreateVolumeFromSpecTask;volume:create' (be5b857c-3d09-47f3-8455-ef9ddfd19483) transitioned into state 'RUNNING' from state 'PENDING' {{(pid=86955) _task_receiver /opt/stack/data/venv/lib/python3.12/site-packages/taskflow/listeners/logging.py:242}}
Jul 07 03:38:22 devstack cinder-volume[86955]: INFO cinder.volume.flows.manager.create_volume [None req-d090952f-fcc9-4657-bc54-742edd35c533 tempest-ServersNegativeTestJSON-1978492766 None] Volume 1f1e651d-cad7-4543-81d3-3c74794d2047: being created as raw with specification: {'status': 'creating', 'volume_name': 'volume-1f1e651d-cad7-4543-81d3-3c74794d2047', 'volume_size': 1}
Jul 07 03:38:22 devstack cinder-volume[86955]: DEBUG oslo_concurrency.lockutils [None req-d090952f-fcc9-4657-bc54-742edd35c533 tempest-ServersNegativeTestJSON-1978492766 None] Acquiring lock "quobyte" by "cinder.volume.drivers.quobyte.QuobyteDriver.create_volume" {{(pid=86955) inner /opt/stack/data/venv/lib/python3.12/site-packages/oslo_concurrency/lockutils.py:511}}
Jul 07 03:38:22 devstack sudo[93542]: pam_unix(sudo:session): session closed for user root
Jul 07 03:38:22 devstack cinder-volume[86955]: DEBUG oslo_concurrency.processutils [None req-6a6c8757-c9c8-420f-89b6-7beb1b98df47 tempest-GroupSnapshotsTest-668071879 None] CMD "/opt/stack/data/venv/bin/python3.12 -m oslo_concurrency.prlimit --as=1073741824 --cpu=60 -- sudo cinder-rootwrap /etc/cinder/rootwrap.conf env LC_ALL=C qemu-img info -f qcow2 --output=json --force-share /opt/stack/data/cinder/mnt/30ca5b1381764c5111932c7ce5933e03/volume-e3162fe1-392c-45b8-ac80-7cd590071ead" returned: 0 in 1.667s {{(pid=86955) execute /opt/stack/data/venv/lib/python3.12/site-packages/oslo_concurrency/processutils.py:468}}
Jul 07 03:38:22 devstack cinder-volume[86955]: DEBUG oslo_concurrency.processutils [None req-6a6c8757-c9c8-420f-89b6-7beb1b98df47 tempest-GroupSnapshotsTest-668071879 None] Running cmd (subprocess): sudo cinder-rootwrap /etc/cinder/rootwrap.conf qemu-img create -f qcow2 -o backing_file=/opt/stack/data/cinder/mnt/30ca5b1381764c5111932c7ce5933e03/volume-e3162fe1-392c-45b8-ac80-7cd590071ead,backing_fmt=qcow2 /opt/stack/data/cinder/mnt/30ca5b1381764c5111932c7ce5933e03/volume-e3162fe1-392c-45b8-ac80-7cd590071ead.5033aae2-87c7-4f4b-98d3-ac6379272270 1G {{(pid=86955) execute /opt/stack/data/venv/lib/python3.12/site-packages/oslo_concurrency/processutils.py:440}}
Jul 07 03:38:22 devstack sudo[93551]: quobyte : PWD=/ ; USER=root ; COMMAND=/opt/stack/data/venv/bin/cinder-rootwrap /etc/cinder/rootwrap.conf qemu-img create -f qcow2 -o backing_file=/opt/stack/data/cinder/mnt/30ca5b1381764c5111932c7ce5933e03/volume-e3162fe1-392c-45b8-ac80-7cd590071ead,backing_fmt=qcow2 /opt/stack/data/cinder/mnt/30ca5b1381764c5111932c7ce5933e03/volume-e3162fe1-392c-45b8-ac80-7cd590071ead.5033aae2-87c7-4f4b-98d3-ac6379272270 1G
Jul 07 03:38:22 devstack sudo[93551]: pam_unix(sudo:session): session opened for user root(uid=0) by (uid=1000)
Jul 07 03:38:23 devstack sudo[93551]: pam_unix(sudo:session): session closed for user root
Jul 07 03:38:23 devstack cinder-volume[86955]: DEBUG oslo_concurrency.processutils [None req-6a6c8757-c9c8-420f-89b6-7beb1b98df47 tempest-GroupSnapshotsTest-668071879 None] CMD "sudo cinder-rootwrap /etc/cinder/rootwrap.conf qemu-img create -f qcow2 -o backing_file=/opt/stack/data/cinder/mnt/30ca5b1381764c5111932c7ce5933e03/volume-e3162fe1-392c-45b8-ac80-7cd590071ead,backing_fmt=qcow2 /opt/stack/data/cinder/mnt/30ca5b1381764c5111932c7ce5933e03/volume-e3162fe1-392c-45b8-ac80-7cd590071ead.5033aae2-87c7-4f4b-98d3-ac6379272270 1G" returned: 0 in 0.914s {{(pid=86955) execute /opt/stack/data/venv/lib/python3.12/site-packages/oslo_concurrency/processutils.py:468}}
Jul 07 03:38:23 devstack cinder-volume[86955]: DEBUG oslo_concurrency.processutils [None req-6a6c8757-c9c8-420f-89b6-7beb1b98df47 tempest-GroupSnapshotsTest-668071879 None] Running cmd (subprocess): sudo cinder-rootwrap /etc/cinder/rootwrap.conf qemu-img rebase -u -b volume-e3162fe1-392c-45b8-ac80-7cd590071ead -F qcow2 /opt/stack/data/cinder/mnt/30ca5b1381764c5111932c7ce5933e03/volume-e3162fe1-392c-45b8-ac80-7cd590071ead.5033aae2-87c7-4f4b-98d3-ac6379272270 {{(pid=86955) execute /opt/stack/data/venv/lib/python3.12/site-packages/oslo_concurrency/processutils.py:440}}
Jul 07 03:38:23 devstack sudo[93557]: quobyte : PWD=/ ; USER=root ; COMMAND=/opt/stack/data/venv/bin/cinder-rootwrap /etc/cinder/rootwrap.conf qemu-img rebase -u -b volume-e3162fe1-392c-45b8-ac80-7cd590071ead -F qcow2 /opt/stack/data/cinder/mnt/30ca5b1381764c5111932c7ce5933e03/volume-e3162fe1-392c-45b8-ac80-7cd590071ead.5033aae2-87c7-4f4b-98d3-ac6379272270
Jul 07 03:38:23 devstack sudo[93557]: pam_unix(sudo:session): session opened for user root(uid=0) by (uid=1000)
Jul 07 03:38:23 devstack sudo[93557]: pam_unix(sudo:session): session closed for user root
Jul 07 03:38:23 devstack cinder-volume[86955]: DEBUG oslo_concurrency.processutils [None req-6a6c8757-c9c8-420f-89b6-7beb1b98df47 tempest-GroupSnapshotsTest-668071879 None] CMD "sudo cinder-rootwrap /etc/cinder/rootwrap.conf qemu-img rebase -u -b volume-e3162fe1-392c-45b8-ac80-7cd590071ead -F qcow2 /opt/stack/data/cinder/mnt/30ca5b1381764c5111932c7ce5933e03/volume-e3162fe1-392c-45b8-ac80-7cd590071ead.5033aae2-87c7-4f4b-98d3-ac6379272270" returned: 0 in 0.723s {{(pid=86955) execute /opt/stack/data/venv/lib/python3.12/site-packages/oslo_concurrency/processutils.py:468}}
Jul 07 03:38:23 devstack cinder-volume[86955]: WARNING cinder.volume.drivers.remotefs [None req-6a6c8757-c9c8-420f-89b6-7beb1b98df47 tempest-GroupSnapshotsTest-668071879 None] /opt/stack/data/cinder/mnt/30ca5b1381764c5111932c7ce5933e03/volume-e3162fe1-392c-45b8-ac80-7cd590071ead.5033aae2-87c7-4f4b-98d3-ac6379272270 is being set with open permissions: ugo+rw: NotImplementedError
Jul 07 03:38:23 devstack cinder-volume[86955]: DEBUG oslo_concurrency.processutils [None req-6a6c8757-c9c8-420f-89b6-7beb1b98df47 tempest-GroupSnapshotsTest-668071879 None] Running cmd (subprocess): sudo cinder-rootwrap /etc/cinder/rootwrap.conf chmod ugo+rw /opt/stack/data/cinder/mnt/30ca5b1381764c5111932c7ce5933e03/volume-e3162fe1-392c-45b8-ac80-7cd590071ead.5033aae2-87c7-4f4b-98d3-ac6379272270 {{(pid=86955) execute /opt/stack/data/venv/lib/python3.12/site-packages/oslo_concurrency/processutils.py:440}}
Jul 07 03:38:24 devstack sudo[93563]: quobyte : PWD=/ ; USER=root ; COMMAND=/opt/stack/data/venv/bin/cinder-rootwrap /etc/cinder/rootwrap.conf chmod ugo+rw /opt/stack/data/cinder/mnt/30ca5b1381764c5111932c7ce5933e03/volume-e3162fe1-392c-45b8-ac80-7cd590071ead.5033aae2-87c7-4f4b-98d3-ac6379272270
Jul 07 03:38:24 devstack sudo[93563]: pam_unix(sudo:session): session opened for user root(uid=0) by (uid=1000)
Jul 07 03:38:24 devstack sudo[93563]: pam_unix(sudo:session): session closed for user root
Jul 07 03:38:24 devstack cinder-volume[86955]: DEBUG oslo_concurrency.processutils [None req-6a6c8757-c9c8-420f-89b6-7beb1b98df47 tempest-GroupSnapshotsTest-668071879 None] CMD "sudo cinder-rootwrap /etc/cinder/rootwrap.conf chmod ugo+rw /opt/stack/data/cinder/mnt/30ca5b1381764c5111932c7ce5933e03/volume-e3162fe1-392c-45b8-ac80-7cd590071ead.5033aae2-87c7-4f4b-98d3-ac6379272270" returned: 0 in 0.680s {{(pid=86955) execute /opt/stack/data/venv/lib/python3.12/site-packages/oslo_concurrency/processutils.py:468}}
Jul 07 03:38:24 devstack cinder-volume[86955]: DEBUG oslo_concurrency.processutils [None req-6a6c8757-c9c8-420f-89b6-7beb1b98df47 tempest-GroupSnapshotsTest-668071879 None] Running cmd (subprocess): sudo cinder-rootwrap /etc/cinder/rootwrap.conf truncate -s0 /opt/stack/data/cinder/mnt/30ca5b1381764c5111932c7ce5933e03/volume-e3162fe1-392c-45b8-ac80-7cd590071ead.info {{(pid=86955) execute /opt/stack/data/venv/lib/python3.12/site-packages/oslo_concurrency/processutils.py:440}}
Jul 07 03:38:24 devstack sudo[93566]: quobyte : PWD=/ ; USER=root ; COMMAND=/opt/stack/data/venv/bin/cinder-rootwrap /etc/cinder/rootwrap.conf truncate -s0 /opt/stack/data/cinder/mnt/30ca5b1381764c5111932c7ce5933e03/volume-e3162fe1-392c-45b8-ac80-7cd590071ead.info
Jul 07 03:38:24 devstack sudo[93566]: pam_unix(sudo:session): session opened for user root(uid=0) by (uid=1000)
Jul 07 03:38:25 devstack sudo[93566]: pam_unix(sudo:session): session closed for user root
Jul 07 03:38:25 devstack cinder-volume[86955]: DEBUG oslo_concurrency.processutils [None req-6a6c8757-c9c8-420f-89b6-7beb1b98df47 tempest-GroupSnapshotsTest-668071879 None] CMD "sudo cinder-rootwrap /etc/cinder/rootwrap.conf truncate -s0 /opt/stack/data/cinder/mnt/30ca5b1381764c5111932c7ce5933e03/volume-e3162fe1-392c-45b8-ac80-7cd590071ead.info" returned: 0 in 0.745s {{(pid=86955) execute /opt/stack/data/venv/lib/python3.12/site-packages/oslo_concurrency/processutils.py:468}}
Jul 07 03:38:25 devstack cinder-volume[86955]: WARNING cinder.volume.drivers.remotefs [None req-6a6c8757-c9c8-420f-89b6-7beb1b98df47 tempest-GroupSnapshotsTest-668071879 None] /opt/stack/data/cinder/mnt/30ca5b1381764c5111932c7ce5933e03/volume-e3162fe1-392c-45b8-ac80-7cd590071ead.info is being set with open permissions: ugo+rw: NotImplementedError
Jul 07 03:38:25 devstack cinder-volume[86955]: DEBUG oslo_concurrency.processutils [None req-6a6c8757-c9c8-420f-89b6-7beb1b98df47 tempest-GroupSnapshotsTest-668071879 None] Running cmd (subprocess): sudo cinder-rootwrap /etc/cinder/rootwrap.conf chmod ugo+rw /opt/stack/data/cinder/mnt/30ca5b1381764c5111932c7ce5933e03/volume-e3162fe1-392c-45b8-ac80-7cd590071ead.info {{(pid=86955) execute /opt/stack/data/venv/lib/python3.12/site-packages/oslo_concurrency/processutils.py:440}}
Jul 07 03:38:25 devstack sudo[93569]: quobyte : PWD=/ ; USER=root ; COMMAND=/opt/stack/data/venv/bin/cinder-rootwrap /etc/cinder/rootwrap.conf chmod ugo+rw /opt/stack/data/cinder/mnt/30ca5b1381764c5111932c7ce5933e03/volume-e3162fe1-392c-45b8-ac80-7cd590071ead.info
Jul 07 03:38:25 devstack sudo[93569]: pam_unix(sudo:session): session opened for user root(uid=0) by (uid=1000)
Jul 07 03:38:26 devstack sudo[93569]: pam_unix(sudo:session): session closed for user root
Jul 07 03:38:26 devstack cinder-volume[86955]: DEBUG oslo_concurrency.processutils [None req-6a6c8757-c9c8-420f-89b6-7beb1b98df47 tempest-GroupSnapshotsTest-668071879 None] CMD "sudo cinder-rootwrap /etc/cinder/rootwrap.conf chmod ugo+rw /opt/stack/data/cinder/mnt/30ca5b1381764c5111932c7ce5933e03/volume-e3162fe1-392c-45b8-ac80-7cd590071ead.info" returned: 0 in 0.746s {{(pid=86955) execute /opt/stack/data/venv/lib/python3.12/site-packages/oslo_concurrency/processutils.py:468}}
Jul 07 03:38:26 devstack cinder-volume[86955]: DEBUG oslo_concurrency.lockutils [None req-6a6c8757-c9c8-420f-89b6-7beb1b98df47 tempest-GroupSnapshotsTest-668071879 None] Lock "quobyte" "released" by "cinder.volume.drivers.quobyte.QuobyteDriver.create_snapshot" :: held 5.592s {{(pid=86955) inner /opt/stack/data/venv/lib/python3.12/site-packages/oslo_concurrency/lockutils.py:543}}
Jul 07 03:38:26 devstack cinder-volume[86955]: DEBUG oslo_concurrency.lockutils [None req-6a6c8757-c9c8-420f-89b6-7beb1b98df47 tempest-GroupSnapshotsTest-668071879 None] Acquiring lock "quobyte" by "cinder.volume.drivers.quobyte.QuobyteDriver.create_snapshot" {{(pid=86955) inner /opt/stack/data/venv/lib/python3.12/site-packages/oslo_concurrency/lockutils.py:511}}
Jul 07 03:38:26 devstack cinder-volume[86955]: DEBUG oslo_concurrency.lockutils [None req-6a6c8757-c9c8-420f-89b6-7beb1b98df47 tempest-GroupSnapshotsTest-668071879 None] Lock "quobyte" acquired by "cinder.volume.drivers.quobyte.QuobyteDriver.create_snapshot" :: waited 0.000s {{(pid=86955) inner /opt/stack/data/venv/lib/python3.12/site-packages/oslo_concurrency/lockutils.py:524}}
Jul 07 03:38:26 devstack cinder-volume[86955]: DEBUG dbcounter [-] [86955] Writing DB stats cinder:UPDATE=79,cinder:SELECT=89,cinder:INSERT=19,cinder:DELETE=3 {{(pid=86955) stat_writer /opt/stack/data/venv/lib/python3.12/site-packages/dbcounter.py:115}}
Jul 07 03:38:26 devstack cinder-volume[86955]: DEBUG cinder.volume.drivers.remotefs [None req-6a6c8757-c9c8-420f-89b6-7beb1b98df47 tempest-GroupSnapshotsTest-668071879 None] Creating offline snapshot 73dcb16f-96cb-43e5-a1eb-b71f90397bc2 of volume 3ece9073-daa1-4546-9a74-a9e2c6121148 {{(pid=86955) _create_snapshot /opt/stack/cinder/cinder/volume/drivers/remotefs.py:1816}}
Jul 07 03:38:26 devstack cinder-volume[86955]: DEBUG oslo.privsep.daemon [-] privsep: reply[e4330951-6367-4d1f-96de-9b2623f04e5f]: (4, 'qcow2') {{(pid=87957) _call_back /opt/stack/data/venv/lib/python3.12/site-packages/oslo_privsep/daemon.py:580}}
Jul 07 03:38:26 devstack cinder-volume[86955]: DEBUG oslo_concurrency.processutils [None req-6a6c8757-c9c8-420f-89b6-7beb1b98df47 tempest-GroupSnapshotsTest-668071879 None] Running cmd (subprocess): /opt/stack/data/venv/bin/python3.12 -m oslo_concurrency.prlimit --as=1073741824 --cpu=60 -- sudo cinder-rootwrap /etc/cinder/rootwrap.conf env LC_ALL=C qemu-img info -f qcow2 --output=json --force-share /opt/stack/data/cinder/mnt/30ca5b1381764c5111932c7ce5933e03/volume-3ece9073-daa1-4546-9a74-a9e2c6121148 {{(pid=86955) execute /opt/stack/data/venv/lib/python3.12/site-packages/oslo_concurrency/processutils.py:440}}
Jul 07 03:38:26 devstack sudo[93572]: quobyte : PWD=/ ; USER=root ; COMMAND=/opt/stack/data/venv/bin/cinder-rootwrap /etc/cinder/rootwrap.conf env LC_ALL=C qemu-img info -f qcow2 --output=json --force-share /opt/stack/data/cinder/mnt/30ca5b1381764c5111932c7ce5933e03/volume-3ece9073-daa1-4546-9a74-a9e2c6121148
Jul 07 03:38:26 devstack sudo[93572]: pam_unix(sudo:session): session opened for user root(uid=0) by (uid=1000)
Jul 07 03:38:27 devstack sudo[93572]: pam_unix(sudo:session): session closed for user root
Jul 07 03:38:27 devstack cinder-volume[86955]: DEBUG oslo_concurrency.processutils [None req-6a6c8757-c9c8-420f-89b6-7beb1b98df47 tempest-GroupSnapshotsTest-668071879 None] CMD "/opt/stack/data/venv/bin/python3.12 -m oslo_concurrency.prlimit --as=1073741824 --cpu=60 -- sudo cinder-rootwrap /etc/cinder/rootwrap.conf env LC_ALL=C qemu-img info -f qcow2 --output=json --force-share /opt/stack/data/cinder/mnt/30ca5b1381764c5111932c7ce5933e03/volume-3ece9073-daa1-4546-9a74-a9e2c6121148" returned: 0 in 0.863s {{(pid=86955) execute /opt/stack/data/venv/lib/python3.12/site-packages/oslo_concurrency/processutils.py:468}}
Jul 07 03:38:27 devstack cinder-volume[86955]: DEBUG oslo_concurrency.processutils [None req-6a6c8757-c9c8-420f-89b6-7beb1b98df47 tempest-GroupSnapshotsTest-668071879 None] Running cmd (subprocess): sudo cinder-rootwrap /etc/cinder/rootwrap.conf qemu-img create -f qcow2 -o backing_file=/opt/stack/data/cinder/mnt/30ca5b1381764c5111932c7ce5933e03/volume-3ece9073-daa1-4546-9a74-a9e2c6121148,backing_fmt=qcow2 /opt/stack/data/cinder/mnt/30ca5b1381764c5111932c7ce5933e03/volume-3ece9073-daa1-4546-9a74-a9e2c6121148.73dcb16f-96cb-43e5-a1eb-b71f90397bc2 1G {{(pid=86955) execute /opt/stack/data/venv/lib/python3.12/site-packages/oslo_concurrency/processutils.py:440}}
Jul 07 03:38:27 devstack sudo[93577]: quobyte : PWD=/ ; USER=root ; COMMAND=/opt/stack/data/venv/bin/cinder-rootwrap /etc/cinder/rootwrap.conf qemu-img create -f qcow2 -o backing_file=/opt/stack/data/cinder/mnt/30ca5b1381764c5111932c7ce5933e03/volume-3ece9073-daa1-4546-9a74-a9e2c6121148,backing_fmt=qcow2 /opt/stack/data/cinder/mnt/30ca5b1381764c5111932c7ce5933e03/volume-3ece9073-daa1-4546-9a74-a9e2c6121148.73dcb16f-96cb-43e5-a1eb-b71f90397bc2 1G
Jul 07 03:38:27 devstack sudo[93577]: pam_unix(sudo:session): session opened for user root(uid=0) by (uid=1000)
Jul 07 03:38:28 devstack sudo[93577]: pam_unix(sudo:session): session closed for user root
Jul 07 03:38:28 devstack cinder-volume[86955]: DEBUG oslo_concurrency.processutils [None req-6a6c8757-c9c8-420f-89b6-7beb1b98df47 tempest-GroupSnapshotsTest-668071879 None] CMD "sudo cinder-rootwrap /etc/cinder/rootwrap.conf qemu-img create -f qcow2 -o backing_file=/opt/stack/data/cinder/mnt/30ca5b1381764c5111932c7ce5933e03/volume-3ece9073-daa1-4546-9a74-a9e2c6121148,backing_fmt=qcow2 /opt/stack/data/cinder/mnt/30ca5b1381764c5111932c7ce5933e03/volume-3ece9073-daa1-4546-9a74-a9e2c6121148.73dcb16f-96cb-43e5-a1eb-b71f90397bc2 1G" returned: 0 in 0.925s {{(pid=86955) execute /opt/stack/data/venv/lib/python3.12/site-packages/oslo_concurrency/processutils.py:468}}
Jul 07 03:38:28 devstack cinder-volume[86955]: DEBUG oslo_concurrency.processutils [None req-6a6c8757-c9c8-420f-89b6-7beb1b98df47 tempest-GroupSnapshotsTest-668071879 None] Running cmd (subprocess): sudo cinder-rootwrap /etc/cinder/rootwrap.conf qemu-img rebase -u -b volume-3ece9073-daa1-4546-9a74-a9e2c6121148 -F qcow2 /opt/stack/data/cinder/mnt/30ca5b1381764c5111932c7ce5933e03/volume-3ece9073-daa1-4546-9a74-a9e2c6121148.73dcb16f-96cb-43e5-a1eb-b71f90397bc2 {{(pid=86955) execute /opt/stack/data/venv/lib/python3.12/site-packages/oslo_concurrency/processutils.py:440}}
Jul 07 03:38:28 devstack sudo[93582]: quobyte : PWD=/ ; USER=root ; COMMAND=/opt/stack/data/venv/bin/cinder-rootwrap /etc/cinder/rootwrap.conf qemu-img rebase -u -b volume-3ece9073-daa1-4546-9a74-a9e2c6121148 -F qcow2 /opt/stack/data/cinder/mnt/30ca5b1381764c5111932c7ce5933e03/volume-3ece9073-daa1-4546-9a74-a9e2c6121148.73dcb16f-96cb-43e5-a1eb-b71f90397bc2
Jul 07 03:38:28 devstack sudo[93582]: pam_unix(sudo:session): session opened for user root(uid=0) by (uid=1000)
Jul 07 03:38:28 devstack sudo[93582]: pam_unix(sudo:session): session closed for user root
Jul 07 03:38:28 devstack cinder-volume[86955]: DEBUG oslo_concurrency.processutils [None req-6a6c8757-c9c8-420f-89b6-7beb1b98df47 tempest-GroupSnapshotsTest-668071879 None] CMD "sudo cinder-rootwrap /etc/cinder/rootwrap.conf qemu-img rebase -u -b volume-3ece9073-daa1-4546-9a74-a9e2c6121148 -F qcow2 /opt/stack/data/cinder/mnt/30ca5b1381764c5111932c7ce5933e03/volume-3ece9073-daa1-4546-9a74-a9e2c6121148.73dcb16f-96cb-43e5-a1eb-b71f90397bc2" returned: 0 in 0.730s {{(pid=86955) execute /opt/stack/data/venv/lib/python3.12/site-packages/oslo_concurrency/processutils.py:468}}
Jul 07 03:38:28 devstack cinder-volume[86955]: WARNING cinder.volume.drivers.remotefs [None req-6a6c8757-c9c8-420f-89b6-7beb1b98df47 tempest-GroupSnapshotsTest-668071879 None] /opt/stack/data/cinder/mnt/30ca5b1381764c5111932c7ce5933e03/volume-3ece9073-daa1-4546-9a74-a9e2c6121148.73dcb16f-96cb-43e5-a1eb-b71f90397bc2 is being set with open permissions: ugo+rw: NotImplementedError
Jul 07 03:38:28 devstack cinder-volume[86955]: DEBUG oslo_concurrency.processutils [None req-6a6c8757-c9c8-420f-89b6-7beb1b98df47 tempest-GroupSnapshotsTest-668071879 None] Running cmd (subprocess): sudo cinder-rootwrap /etc/cinder/rootwrap.conf chmod ugo+rw /opt/stack/data/cinder/mnt/30ca5b1381764c5111932c7ce5933e03/volume-3ece9073-daa1-4546-9a74-a9e2c6121148.73dcb16f-96cb-43e5-a1eb-b71f90397bc2 {{(pid=86955) execute /opt/stack/data/venv/lib/python3.12/site-packages/oslo_concurrency/processutils.py:440}}
Jul 07 03:38:28 devstack sudo[93588]: quobyte : PWD=/ ; USER=root ; COMMAND=/opt/stack/data/venv/bin/cinder-rootwrap /etc/cinder/rootwrap.conf chmod ugo+rw /opt/stack/data/cinder/mnt/30ca5b1381764c5111932c7ce5933e03/volume-3ece9073-daa1-4546-9a74-a9e2c6121148.73dcb16f-96cb-43e5-a1eb-b71f90397bc2
Jul 07 03:38:28 devstack sudo[93588]: pam_unix(sudo:session): session opened for user root(uid=0) by (uid=1000)
Jul 07 03:38:29 devstack sudo[93588]: pam_unix(sudo:session): session closed for user root
Jul 07 03:38:29 devstack cinder-volume[86955]: DEBUG oslo_concurrency.processutils [None req-6a6c8757-c9c8-420f-89b6-7beb1b98df47 tempest-GroupSnapshotsTest-668071879 None] CMD "sudo cinder-rootwrap /etc/cinder/rootwrap.conf chmod ugo+rw /opt/stack/data/cinder/mnt/30ca5b1381764c5111932c7ce5933e03/volume-3ece9073-daa1-4546-9a74-a9e2c6121148.73dcb16f-96cb-43e5-a1eb-b71f90397bc2" returned: 0 in 0.734s {{(pid=86955) execute /opt/stack/data/venv/lib/python3.12/site-packages/oslo_concurrency/processutils.py:468}}
Jul 07 03:38:29 devstack cinder-volume[86955]: DEBUG dbcounter [-] [86955] Writing DB stats cinder:UPDATE=79,cinder:SELECT=72,cinder:INSERT=16,cinder:DELETE=6 {{(pid=86955) stat_writer /opt/stack/data/venv/lib/python3.12/site-packages/dbcounter.py:115}}
Jul 07 03:38:29 devstack cinder-volume[86955]: DEBUG oslo_concurrency.processutils [None req-6a6c8757-c9c8-420f-89b6-7beb1b98df47 tempest-GroupSnapshotsTest-668071879 None] Running cmd (subprocess): sudo cinder-rootwrap /etc/cinder/rootwrap.conf truncate -s0 /opt/stack/data/cinder/mnt/30ca5b1381764c5111932c7ce5933e03/volume-3ece9073-daa1-4546-9a74-a9e2c6121148.info {{(pid=86955) execute /opt/stack/data/venv/lib/python3.12/site-packages/oslo_concurrency/processutils.py:440}}
Jul 07 03:38:29 devstack sudo[93605]: quobyte : PWD=/ ; USER=root ; COMMAND=/opt/stack/data/venv/bin/cinder-rootwrap /etc/cinder/rootwrap.conf truncate -s0 /opt/stack/data/cinder/mnt/30ca5b1381764c5111932c7ce5933e03/volume-3ece9073-daa1-4546-9a74-a9e2c6121148.info
Jul 07 03:38:29 devstack sudo[93605]: pam_unix(sudo:session): session opened for user root(uid=0) by (uid=1000)
Jul 07 03:38:30 devstack sudo[93605]: pam_unix(sudo:session): session closed for user root
Jul 07 03:38:30 devstack cinder-volume[86955]: DEBUG oslo_concurrency.processutils [None req-6a6c8757-c9c8-420f-89b6-7beb1b98df47 tempest-GroupSnapshotsTest-668071879 None] CMD "sudo cinder-rootwrap /etc/cinder/rootwrap.conf truncate -s0 /opt/stack/data/cinder/mnt/30ca5b1381764c5111932c7ce5933e03/volume-3ece9073-daa1-4546-9a74-a9e2c6121148.info" returned: 0 in 0.682s {{(pid=86955) execute /opt/stack/data/venv/lib/python3.12/site-packages/oslo_concurrency/processutils.py:468}}
Jul 07 03:38:30 devstack cinder-volume[86955]: WARNING cinder.volume.drivers.remotefs [None req-6a6c8757-c9c8-420f-89b6-7beb1b98df47 tempest-GroupSnapshotsTest-668071879 None] /opt/stack/data/cinder/mnt/30ca5b1381764c5111932c7ce5933e03/volume-3ece9073-daa1-4546-9a74-a9e2c6121148.info is being set with open permissions: ugo+rw: NotImplementedError
Jul 07 03:38:30 devstack cinder-volume[86955]: DEBUG oslo_concurrency.processutils [None req-6a6c8757-c9c8-420f-89b6-7beb1b98df47 tempest-GroupSnapshotsTest-668071879 None] Running cmd (subprocess): sudo cinder-rootwrap /etc/cinder/rootwrap.conf chmod ugo+rw /opt/stack/data/cinder/mnt/30ca5b1381764c5111932c7ce5933e03/volume-3ece9073-daa1-4546-9a74-a9e2c6121148.info {{(pid=86955) execute /opt/stack/data/venv/lib/python3.12/site-packages/oslo_concurrency/processutils.py:440}}
Jul 07 03:38:30 devstack sudo[93608]: quobyte : PWD=/ ; USER=root ; COMMAND=/opt/stack/data/venv/bin/cinder-rootwrap /etc/cinder/rootwrap.conf chmod ugo+rw /opt/stack/data/cinder/mnt/30ca5b1381764c5111932c7ce5933e03/volume-3ece9073-daa1-4546-9a74-a9e2c6121148.info
Jul 07 03:38:30 devstack sudo[93608]: pam_unix(sudo:session): session opened for user root(uid=0) by (uid=1000)
Jul 07 03:38:30 devstack sudo[93608]: pam_unix(sudo:session): session closed for user root
Jul 07 03:38:30 devstack cinder-volume[86955]: DEBUG oslo_concurrency.processutils [None req-6a6c8757-c9c8-420f-89b6-7beb1b98df47 tempest-GroupSnapshotsTest-668071879 None] CMD "sudo cinder-rootwrap /etc/cinder/rootwrap.conf chmod ugo+rw /opt/stack/data/cinder/mnt/30ca5b1381764c5111932c7ce5933e03/volume-3ece9073-daa1-4546-9a74-a9e2c6121148.info" returned: 0 in 0.677s {{(pid=86955) execute /opt/stack/data/venv/lib/python3.12/site-packages/oslo_concurrency/processutils.py:468}}
Jul 07 03:38:30 devstack cinder-volume[86955]: DEBUG oslo_concurrency.lockutils [None req-6a6c8757-c9c8-420f-89b6-7beb1b98df47 tempest-GroupSnapshotsTest-668071879 None] Lock "quobyte" "released" by "cinder.volume.drivers.quobyte.QuobyteDriver.create_snapshot" :: held 4.729s {{(pid=86955) inner /opt/stack/data/venv/lib/python3.12/site-packages/oslo_concurrency/lockutils.py:543}}
Jul 07 03:38:30 devstack cinder-volume[86955]: DEBUG oslo_concurrency.lockutils [None req-d090952f-fcc9-4657-bc54-742edd35c533 tempest-ServersNegativeTestJSON-1978492766 None] Lock "quobyte" acquired by "cinder.volume.drivers.quobyte.QuobyteDriver.create_volume" :: waited 8.613s {{(pid=86955) inner /opt/stack/data/venv/lib/python3.12/site-packages/oslo_concurrency/lockutils.py:524}}
Jul 07 03:38:30 devstack cinder-volume[86955]: DEBUG cinder.volume.drivers.quobyte [None req-d090952f-fcc9-4657-bc54-742edd35c533 tempest-ServersNegativeTestJSON-1978492766 None] ==> create_volume: call "{'self': , 'volume': Volume(_name_id=None,admin_metadata=,attach_status='detached',availability_zone='nova',bootable=False,cluster=,cluster_name=None,consistencygroup=,consistencygroup_id=None,created_at=2026-07-07T01:38:21Z,deleted=False,deleted_at=None,display_description=None,display_name='tempest-ServersNegativeTestJSON-volume-1545701588',ec2_id=None,encryption_key_id=None,glance_metadata=,group=,group_id=None,host='devstack@QuobyteHD#QuobyteHD',id=1f1e651d-cad7-4543-81d3-3c74794d2047,launched_at=None,metadata={},migration_status=None,multiattach=False,previous_status=None,project_id='dbd58cb1aa62465abddef767c3541a12',provider_auth=None,provider_geometry=None,provider_id=None,provider_location=None,replication_driver_data=None,replication_extended_status=None,replication_status=None,scheduled_at=2026-07-07T01:38:22Z,service_uuid=None,shared_targets=True,size=1,snapshot_id=None,snapshots=,source_volid=None,status='creating',terminated_at=None,updated_at=2026-07-07T01:38:22Z,use_quota=True,user_id='57a1e43183c44b1e9e7b96dd52594068',volume_attachment=VolumeAttachmentList,volume_type=VolumeType(097739b2-c98c-4425-8896-810ee1f85360),volume_type_id=097739b2-c98c-4425-8896-810ee1f85360)}" {{(pid=86955) trace_logging_wrapper /opt/stack/cinder/cinder/volume/volume_utils.py:1497}}
Jul 07 03:38:30 devstack cinder-volume[86955]: DEBUG cinder.volume.drivers.remotefs [None req-d090952f-fcc9-4657-bc54-742edd35c533 tempest-ServersNegativeTestJSON-1978492766 None] Creating volume 1f1e651d-cad7-4543-81d3-3c74794d2047 {{(pid=86955) create_volume /opt/stack/cinder/cinder/volume/drivers/remotefs.py:292}}
Jul 07 03:38:30 devstack cinder-volume[86955]: DEBUG oslo_concurrency.lockutils [None req-d090952f-fcc9-4657-bc54-742edd35c533 tempest-ServersNegativeTestJSON-1978492766 None] Acquiring lock "quobyte_ensure" by "cinder.volume.drivers.quobyte.QuobyteDriver._ensure_shares_mounted" {{(pid=86955) inner /opt/stack/data/venv/lib/python3.12/site-packages/oslo_concurrency/lockutils.py:511}}
Jul 07 03:38:30 devstack cinder-volume[86955]: DEBUG oslo_concurrency.lockutils [None req-d090952f-fcc9-4657-bc54-742edd35c533 tempest-ServersNegativeTestJSON-1978492766 None] Lock "quobyte_ensure" acquired by "cinder.volume.drivers.quobyte.QuobyteDriver._ensure_shares_mounted" :: waited 0.001s {{(pid=86955) inner /opt/stack/data/venv/lib/python3.12/site-packages/oslo_concurrency/lockutils.py:524}}
Jul 07 03:38:30 devstack cinder-volume[86955]: DEBUG cinder.volume.drivers.quobyte [None req-d090952f-fcc9-4657-bc54-742edd35c533 tempest-ServersNegativeTestJSON-1978492766 None] Quobyte Volume URL set to: {'osci02.corp.quobyte.com/cinder-vol-698ff7a3-eb34-4620-97a5-805857d183d6': None} {{(pid=86955) _load_shares_config /opt/stack/cinder/cinder/volume/drivers/quobyte.py:617}}
Jul 07 03:38:30 devstack cinder-volume[86955]: DEBUG cinder.volume.drivers.quobyte [None req-d090952f-fcc9-4657-bc54-742edd35c533 tempest-ServersNegativeTestJSON-1978492766 None] Available shares ['osci02.corp.quobyte.com/cinder-vol-698ff7a3-eb34-4620-97a5-805857d183d6'] {{(pid=86955) _ensure_shares_mounted /opt/stack/cinder/cinder/volume/drivers/quobyte.py:647}}
Jul 07 03:38:30 devstack cinder-volume[86955]: DEBUG oslo_concurrency.lockutils [None req-d090952f-fcc9-4657-bc54-742edd35c533 tempest-ServersNegativeTestJSON-1978492766 None] Lock "quobyte_ensure" "released" by "cinder.volume.drivers.quobyte.QuobyteDriver._ensure_shares_mounted" :: held 0.007s {{(pid=86955) inner /opt/stack/data/venv/lib/python3.12/site-packages/oslo_concurrency/lockutils.py:543}}
Jul 07 03:38:30 devstack cinder-volume[86955]: DEBUG cinder.volume.drivers.quobyte [None req-d090952f-fcc9-4657-bc54-742edd35c533 tempest-ServersNegativeTestJSON-1978492766 None] Selected osci02.corp.quobyte.com/cinder-vol-698ff7a3-eb34-4620-97a5-805857d183d6 as target Quobyte volume. {{(pid=86955) _find_share /opt/stack/cinder/cinder/volume/drivers/quobyte.py:668}}
Jul 07 03:38:30 devstack cinder-volume[86955]: INFO cinder.volume.drivers.remotefs [None req-d090952f-fcc9-4657-bc54-742edd35c533 tempest-ServersNegativeTestJSON-1978492766 None] casted to osci02.corp.quobyte.com/cinder-vol-698ff7a3-eb34-4620-97a5-805857d183d6
Jul 07 03:38:30 devstack cinder-volume[86955]: DEBUG oslo_concurrency.processutils [None req-d090952f-fcc9-4657-bc54-742edd35c533 tempest-ServersNegativeTestJSON-1978492766 None] Running cmd (subprocess): sudo cinder-rootwrap /etc/cinder/rootwrap.conf qemu-img create -f qcow2 -o preallocation=metadata /opt/stack/data/cinder/mnt/30ca5b1381764c5111932c7ce5933e03/volume-1f1e651d-cad7-4543-81d3-3c74794d2047 1073741824 {{(pid=86955) execute /opt/stack/data/venv/lib/python3.12/site-packages/oslo_concurrency/processutils.py:440}}
Jul 07 03:38:30 devstack sudo[93611]: quobyte : PWD=/ ; USER=root ; COMMAND=/opt/stack/data/venv/bin/cinder-rootwrap /etc/cinder/rootwrap.conf qemu-img create -f qcow2 -o preallocation=metadata /opt/stack/data/cinder/mnt/30ca5b1381764c5111932c7ce5933e03/volume-1f1e651d-cad7-4543-81d3-3c74794d2047 1073741824
Jul 07 03:38:30 devstack sudo[93611]: pam_unix(sudo:session): session opened for user root(uid=0) by (uid=1000)
Jul 07 03:38:31 devstack cinder-volume[86955]: INFO cinder.volume.manager [None req-6a6c8757-c9c8-420f-89b6-7beb1b98df47 tempest-GroupSnapshotsTest-668071879 None] group_snapshot 3fec2024-7b0b-4bf8-a664-a5c50abeeea6: created successfully
Jul 07 03:38:31 devstack cinder-volume[86955]: INFO cinder.volume.manager [None req-94cf0cf6-f2b6-4c9c-b8cc-523de3b0fb4f tempest-GroupSnapshotsTest-668071879 None] group_snapshot 3fec2024-7b0b-4bf8-a664-a5c50abeeea6: deleting
Jul 07 03:38:31 devstack cinder-volume[86955]: DEBUG cinder.volume.manager [None req-94cf0cf6-f2b6-4c9c-b8cc-523de3b0fb4f tempest-GroupSnapshotsTest-668071879 None] group_snapshot 3fec2024-7b0b-4bf8-a664-a5c50abeeea6: deleting {{(pid=86955) delete_group_snapshot /opt/stack/cinder/cinder/volume/manager.py:4350}}
Jul 07 03:38:31 devstack cinder-volume[86955]: DEBUG cinder.coordination [None req-94cf0cf6-f2b6-4c9c-b8cc-523de3b0fb4f tempest-GroupSnapshotsTest-668071879 None] Acquiring lock "cinder-quobyte-e3162fe1-392c-45b8-ac80-7cd590071ead" by "delete_snapshot" {{(pid=86955) __acquire /opt/stack/cinder/cinder/coordination.py:138}}
Jul 07 03:38:31 devstack cinder-volume[86955]: DEBUG cinder.coordination [None req-94cf0cf6-f2b6-4c9c-b8cc-523de3b0fb4f tempest-GroupSnapshotsTest-668071879 None] Lock "cinder-quobyte-e3162fe1-392c-45b8-ac80-7cd590071ead" acquired by "delete_snapshot" :: waited 0.022s {{(pid=86955) __acquire /opt/stack/cinder/cinder/coordination.py:141}}
Jul 07 03:38:31 devstack cinder-volume[86955]: DEBUG cinder.coordination [None req-94cf0cf6-f2b6-4c9c-b8cc-523de3b0fb4f tempest-GroupSnapshotsTest-668071879 None] Acquiring lock "cinder-quobyte-5033aae2-87c7-4f4b-98d3-ac6379272270" by "_delete_snapshot" {{(pid=86955) __acquire /opt/stack/cinder/cinder/coordination.py:138}}
