Jul 07 03:26:51 devstack devstack@g-api.service[76560]: DEBUG glance.common.config [None req-dd64626c-9322-4ed6-b839-35130b26ccd0 None None] barbican_service_user.keyfile = None {{(pid=76560) log_opt_values /opt/stack/data/venv/lib/python3.12/site-packages/oslo_config/cfg.py:3253}}
Jul 07 03:26:51 devstack devstack@g-api.service[76560]: DEBUG glance.common.config [None req-dd64626c-9322-4ed6-b839-35130b26ccd0 None None] barbican_service_user.split_loggers = False {{(pid=76560) log_opt_values /opt/stack/data/venv/lib/python3.12/site-packages/oslo_config/cfg.py:3253}}
Jul 07 03:26:51 devstack devstack@g-api.service[76560]: DEBUG glance.common.config [None req-dd64626c-9322-4ed6-b839-35130b26ccd0 None None] barbican_service_user.timeout = None {{(pid=76560) log_opt_values /opt/stack/data/venv/lib/python3.12/site-packages/oslo_config/cfg.py:3253}}
Jul 07 03:26:51 devstack devstack@g-api.service[76560]: DEBUG glance.common.config [None req-dd64626c-9322-4ed6-b839-35130b26ccd0 None None] database.asyncio_connection = **** {{(pid=76560) log_opt_values /opt/stack/data/venv/lib/python3.12/site-packages/oslo_config/cfg.py:3253}}
Jul 07 03:26:51 devstack devstack@g-api.service[76560]: DEBUG glance.common.config [None req-dd64626c-9322-4ed6-b839-35130b26ccd0 None None] database.asyncio_slave_connection = **** {{(pid=76560) log_opt_values /opt/stack/data/venv/lib/python3.12/site-packages/oslo_config/cfg.py:3253}}
Jul 07 03:26:51 devstack devstack@g-api.service[76560]: DEBUG glance.common.config [None req-dd64626c-9322-4ed6-b839-35130b26ccd0 None None] database.backend = sqlalchemy {{(pid=76560) log_opt_values /opt/stack/data/venv/lib/python3.12/site-packages/oslo_config/cfg.py:3253}}
Jul 07 03:26:51 devstack devstack@g-api.service[76560]: DEBUG glance.common.config [None req-dd64626c-9322-4ed6-b839-35130b26ccd0 None None] database.connection = **** {{(pid=76560) log_opt_values /opt/stack/data/venv/lib/python3.12/site-packages/oslo_config/cfg.py:3253}}
Jul 07 03:26:51 devstack devstack@g-api.service[76560]: DEBUG glance.common.config [None req-dd64626c-9322-4ed6-b839-35130b26ccd0 None None] database.connection_debug = 0 {{(pid=76560) log_opt_values /opt/stack/data/venv/lib/python3.12/site-packages/oslo_config/cfg.py:3253}}
Jul 07 03:26:51 devstack devstack@g-api.service[76560]: DEBUG glance.common.config [None req-dd64626c-9322-4ed6-b839-35130b26ccd0 None None] database.connection_parameters = {{(pid=76560) log_opt_values /opt/stack/data/venv/lib/python3.12/site-packages/oslo_config/cfg.py:3253}}
Jul 07 03:26:51 devstack devstack@g-api.service[76560]: DEBUG glance.common.config [None req-dd64626c-9322-4ed6-b839-35130b26ccd0 None None] database.connection_recycle_time = 3600 {{(pid=76560) log_opt_values /opt/stack/data/venv/lib/python3.12/site-packages/oslo_config/cfg.py:3253}}
Jul 07 03:26:51 devstack devstack@g-api.service[76560]: DEBUG glance.common.config [None req-dd64626c-9322-4ed6-b839-35130b26ccd0 None None] database.connection_trace = False {{(pid=76560) log_opt_values /opt/stack/data/venv/lib/python3.12/site-packages/oslo_config/cfg.py:3253}}
Jul 07 03:26:51 devstack devstack@g-api.service[76560]: DEBUG glance.common.config [None req-dd64626c-9322-4ed6-b839-35130b26ccd0 None None] database.db_inc_retry_interval = True {{(pid=76560) log_opt_values /opt/stack/data/venv/lib/python3.12/site-packages/oslo_config/cfg.py:3253}}
Jul 07 03:26:51 devstack devstack@g-api.service[76560]: DEBUG glance.common.config [None req-dd64626c-9322-4ed6-b839-35130b26ccd0 None None] database.db_max_retries = 20 {{(pid=76560) log_opt_values /opt/stack/data/venv/lib/python3.12/site-packages/oslo_config/cfg.py:3253}}
Jul 07 03:26:51 devstack devstack@g-api.service[76560]: DEBUG glance.common.config [None req-dd64626c-9322-4ed6-b839-35130b26ccd0 None None] database.db_max_retry_interval = 10 {{(pid=76560) log_opt_values /opt/stack/data/venv/lib/python3.12/site-packages/oslo_config/cfg.py:3253}}
Jul 07 03:26:51 devstack devstack@g-api.service[76560]: DEBUG glance.common.config [None req-dd64626c-9322-4ed6-b839-35130b26ccd0 None None] database.db_retry_interval = 1 {{(pid=76560) log_opt_values /opt/stack/data/venv/lib/python3.12/site-packages/oslo_config/cfg.py:3253}}
Jul 07 03:26:51 devstack devstack@g-api.service[76560]: DEBUG glance.common.config [None req-dd64626c-9322-4ed6-b839-35130b26ccd0 None None] database.max_overflow = 50 {{(pid=76560) log_opt_values /opt/stack/data/venv/lib/python3.12/site-packages/oslo_config/cfg.py:3253}}
Jul 07 03:26:51 devstack devstack@g-api.service[76560]: DEBUG glance.common.config [None req-dd64626c-9322-4ed6-b839-35130b26ccd0 None None] database.max_pool_size = 5 {{(pid=76560) log_opt_values /opt/stack/data/venv/lib/python3.12/site-packages/oslo_config/cfg.py:3253}}
Jul 07 03:26:51 devstack devstack@g-api.service[76560]: DEBUG glance.common.config [None req-dd64626c-9322-4ed6-b839-35130b26ccd0 None None] database.max_retries = 10 {{(pid=76560) log_opt_values /opt/stack/data/venv/lib/python3.12/site-packages/oslo_config/cfg.py:3253}}
Jul 07 03:26:51 devstack devstack@g-api.service[76560]: DEBUG glance.common.config [None req-dd64626c-9322-4ed6-b839-35130b26ccd0 None None] database.mysql_sql_mode = TRADITIONAL {{(pid=76560) log_opt_values /opt/stack/data/venv/lib/python3.12/site-packages/oslo_config/cfg.py:3253}}
Jul 07 03:26:51 devstack devstack@g-api.service[76560]: DEBUG glance.common.config [None req-dd64626c-9322-4ed6-b839-35130b26ccd0 None None] database.mysql_wsrep_sync_wait = None {{(pid=76560) log_opt_values /opt/stack/data/venv/lib/python3.12/site-packages/oslo_config/cfg.py:3253}}
Jul 07 03:26:51 devstack devstack@g-api.service[76560]: DEBUG glance.common.config [None req-dd64626c-9322-4ed6-b839-35130b26ccd0 None None] database.pool_timeout = None {{(pid=76560) log_opt_values /opt/stack/data/venv/lib/python3.12/site-packages/oslo_config/cfg.py:3253}}
Jul 07 03:26:51 devstack devstack@g-api.service[76560]: DEBUG glance.common.config [None req-dd64626c-9322-4ed6-b839-35130b26ccd0 None None] database.retry_interval = 10 {{(pid=76560) log_opt_values /opt/stack/data/venv/lib/python3.12/site-packages/oslo_config/cfg.py:3253}}
Jul 07 03:26:51 devstack devstack@g-api.service[76560]: DEBUG glance.common.config [None req-dd64626c-9322-4ed6-b839-35130b26ccd0 None None] database.slave_connection = **** {{(pid=76560) log_opt_values /opt/stack/data/venv/lib/python3.12/site-packages/oslo_config/cfg.py:3253}}
Jul 07 03:26:51 devstack devstack@g-api.service[76560]: DEBUG glance.common.config [None req-dd64626c-9322-4ed6-b839-35130b26ccd0 None None] database.sqlite_synchronous = True {{(pid=76560) log_opt_values /opt/stack/data/venv/lib/python3.12/site-packages/oslo_config/cfg.py:3253}}
Jul 07 03:26:51 devstack devstack@g-api.service[76560]: DEBUG glance.common.config [None req-dd64626c-9322-4ed6-b839-35130b26ccd0 None None] database.synchronous_reader = True {{(pid=76560) log_opt_values /opt/stack/data/venv/lib/python3.12/site-packages/oslo_config/cfg.py:3253}}
Jul 07 03:26:51 devstack devstack@g-api.service[76560]: DEBUG glance.common.config [None req-dd64626c-9322-4ed6-b839-35130b26ccd0 None None] database.use_db_reconnect = False {{(pid=76560) log_opt_values /opt/stack/data/venv/lib/python3.12/site-packages/oslo_config/cfg.py:3253}}
Jul 07 03:26:51 devstack devstack@g-api.service[76560]: DEBUG glance.common.config [None req-dd64626c-9322-4ed6-b839-35130b26ccd0 None None] healthcheck.allowed_source_ranges = [] {{(pid=76560) log_opt_values /opt/stack/data/venv/lib/python3.12/site-packages/oslo_config/cfg.py:3253}}
Jul 07 03:26:51 devstack devstack@g-api.service[76560]: DEBUG glance.common.config [None req-dd64626c-9322-4ed6-b839-35130b26ccd0 None None] healthcheck.backends = ['disable_by_file'] {{(pid=76560) log_opt_values /opt/stack/data/venv/lib/python3.12/site-packages/oslo_config/cfg.py:3253}}
Jul 07 03:26:51 devstack devstack@g-api.service[76560]: DEBUG glance.common.config [None req-dd64626c-9322-4ed6-b839-35130b26ccd0 None None] healthcheck.detailed = False {{(pid=76560) log_opt_values /opt/stack/data/venv/lib/python3.12/site-packages/oslo_config/cfg.py:3253}}
Jul 07 03:26:51 devstack devstack@g-api.service[76560]: DEBUG glance.common.config [None req-dd64626c-9322-4ed6-b839-35130b26ccd0 None None] healthcheck.disable_by_file_path = None {{(pid=76560) log_opt_values /opt/stack/data/venv/lib/python3.12/site-packages/oslo_config/cfg.py:3253}}
Jul 07 03:26:51 devstack devstack@g-api.service[76560]: DEBUG glance.common.config [None req-dd64626c-9322-4ed6-b839-35130b26ccd0 None None] healthcheck.ignore_proxied_requests = False {{(pid=76560) log_opt_values /opt/stack/data/venv/lib/python3.12/site-packages/oslo_config/cfg.py:3253}}
Jul 07 03:26:51 devstack devstack@g-api.service[76560]: DEBUG glance.common.config [None req-dd64626c-9322-4ed6-b839-35130b26ccd0 None None] ******************************************************************************** {{(pid=76560) log_opt_values /opt/stack/data/venv/lib/python3.12/site-packages/oslo_config/cfg.py:3260}}
Jul 07 03:26:51 devstack devstack@g-api.service[76560]: WSGI app 0 (mountpoint='') ready in 6 seconds on interpreter 0x7e41ce2a4668 pid: 76560 (default app)
Jul 07 03:26:55 devstack devstack@g-api.service[76559]: DEBUG glance.api.middleware.version_negotiation [None req-87d56965-d1a6-4013-9296-275c61073c93 None None] Determining version of request: GET / Accept: application/json {{(pid=76559) process_request /opt/stack/glance/glance/api/middleware/version_negotiation.py:44}}
Jul 07 03:26:55 devstack devstack@g-api.service[76559]: DEBUG glance.api.middleware.version_negotiation [None req-87d56965-d1a6-4013-9296-275c61073c93 None None] Using url versioning {{(pid=76559) process_request /opt/stack/glance/glance/api/middleware/version_negotiation.py:57}}
Jul 07 03:26:55 devstack devstack@g-api.service[76559]: DEBUG glance.api.middleware.version_negotiation [None req-87d56965-d1a6-4013-9296-275c61073c93 None None] Unknown version. Returning version choices. {{(pid=76559) process_request /opt/stack/glance/glance/api/middleware/version_negotiation.py:64}}
Jul 07 03:26:55 devstack devstack@g-api.service[76559]: [pid: 76559|app: 0|req: 2/2] 127.0.0.1 () {34 vars in 516 bytes} [Tue Jul 7 03:26:55 2026] GET / => generated 1557 bytes in 2 msecs (HTTP/1.1 300) 3 headers in 106 bytes (1 switches on core 0)
Jul 07 03:26:55 devstack devstack@g-api.service[76560]: DEBUG glance.api.middleware.version_negotiation [None req-dd64626c-9322-4ed6-b839-35130b26ccd0 None None] Determining version of request: POST /v2/images Accept: */* {{(pid=76560) process_request /opt/stack/glance/glance/api/middleware/version_negotiation.py:44}}
Jul 07 03:26:55 devstack devstack@g-api.service[76560]: DEBUG glance.api.middleware.version_negotiation [None req-dd64626c-9322-4ed6-b839-35130b26ccd0 None None] Using url versioning {{(pid=76560) process_request /opt/stack/glance/glance/api/middleware/version_negotiation.py:57}}
Jul 07 03:26:55 devstack devstack@g-api.service[76560]: DEBUG glance.api.middleware.version_negotiation [None req-dd64626c-9322-4ed6-b839-35130b26ccd0 None None] Matched version: v2 {{(pid=76560) process_request /opt/stack/glance/glance/api/middleware/version_negotiation.py:69}}
Jul 07 03:26:55 devstack devstack@g-api.service[76560]: DEBUG glance.api.middleware.version_negotiation [None req-dd64626c-9322-4ed6-b839-35130b26ccd0 None None] new path /v2/images {{(pid=76560) process_request /opt/stack/glance/glance/api/middleware/version_negotiation.py:70}}
Jul 07 03:26:56 devstack devstack@g-api.service[76560]: [pid: 76560|app: 0|req: 1/3] 127.0.0.1 () {40 vars in 779 bytes} [Tue Jul 7 03:26:55 2026] POST /v2/images => generated 807 bytes in 1219 msecs (HTTP/1.1 201) 6 headers in 314 bytes (1 switches on core 0)
Jul 07 03:26:56 devstack devstack@g-api.service[76559]: DEBUG glance.api.middleware.version_negotiation [None req-87d56965-d1a6-4013-9296-275c61073c93 None None] Determining version of request: PUT /v2/images/bce35279-0f3f-4049-8975-1c6590eb177b/file Accept: {{(pid=76559) process_request /opt/stack/glance/glance/api/middleware/version_negotiation.py:44}}
Jul 07 03:26:56 devstack devstack@g-api.service[76559]: DEBUG glance.api.middleware.version_negotiation [None req-87d56965-d1a6-4013-9296-275c61073c93 None None] Using url versioning {{(pid=76559) process_request /opt/stack/glance/glance/api/middleware/version_negotiation.py:57}}
Jul 07 03:26:56 devstack devstack@g-api.service[76559]: DEBUG glance.api.middleware.version_negotiation [None req-87d56965-d1a6-4013-9296-275c61073c93 None None] Matched version: v2 {{(pid=76559) process_request /opt/stack/glance/glance/api/middleware/version_negotiation.py:69}}
Jul 07 03:26:56 devstack devstack@g-api.service[76559]: DEBUG glance.api.middleware.version_negotiation [None req-87d56965-d1a6-4013-9296-275c61073c93 None None] new path /v2/images/bce35279-0f3f-4049-8975-1c6590eb177b/file {{(pid=76559) process_request /opt/stack/glance/glance/api/middleware/version_negotiation.py:70}}
Jul 07 03:26:57 devstack devstack@g-api.service[76559]: INFO glance.api.v2.image_data [None req-273ed4b9-48b2-4a8a-a16b-9adc931352f5 admin admin] Unable to create trust: no such option collect_timing in group [keystone_authtoken] Use the existing user token.
Jul 07 03:26:58 devstack devstack@g-api.service[76559]: DEBUG glance.location [None req-273ed4b9-48b2-4a8a-a16b-9adc931352f5 admin admin] Enabling in-flight format inspection for qcow2 {{(pid=76559) set_data /opt/stack/glance/glance/location.py:596}}
Jul 07 03:26:58 devstack devstack@g-api.service[76559]: DEBUG oslo_utils.imageutils.format_inspector [None req-273ed4b9-48b2-4a8a-a16b-9adc931352f5 admin admin] Format inspector for vmdk does not match, excluding from consideration (Signature KDMV not found: b'QFI\xfb') {{(pid=76559) _process_chunk /opt/stack/data/venv/lib/python3.12/site-packages/oslo_utils/imageutils/format_inspector.py:1758}}
Jul 07 03:26:58 devstack devstack@g-api.service[76559]: DEBUG oslo_utils.imageutils.format_inspector [None req-273ed4b9-48b2-4a8a-a16b-9adc931352f5 admin admin] Format inspector for vhdx does not match, excluding from consideration (Region signature not found at 30000) {{(pid=76559) _process_chunk /opt/stack/data/venv/lib/python3.12/site-packages/oslo_utils/imageutils/format_inspector.py:1758}}
Jul 07 03:26:58 devstack devstack@g-api.service[76559]: DEBUG glance_store._drivers.filesystem [None req-273ed4b9-48b2-4a8a-a16b-9adc931352f5 admin admin] Wrote 21692416 bytes to /opt/stack/data/glance/images/bce35279-0f3f-4049-8975-1c6590eb177b with checksum 87617e24a5e30cb3b87fda8c0764838f and multihash 9a9bce0083a00939ec17c11febbfc767aa211aaa54f51e75c5a8b271a9b5637c77205a518b7a2007cb391d23cceb01e0e4e8d64832317151bc85b734b92a7be0 {{(pid=76559) add /opt/stack/data/venv/lib/python3.12/site-packages/glance_store/_drivers/filesystem.py:899}}
Jul 07 03:26:58 devstack devstack@g-api.service[76559]: INFO glance.location [None req-273ed4b9-48b2-4a8a-a16b-9adc931352f5 admin admin] Image format matched and virtual size computed: 117440512
Jul 07 03:26:58 devstack devstack@g-api.service[76559]: DEBUG glance_store.backend [None req-273ed4b9-48b2-4a8a-a16b-9adc931352f5 admin admin] Skipping store.set_acls... not implemented. {{(pid=76559) set_acls /opt/stack/data/venv/lib/python3.12/site-packages/glance_store/backend.py:507}}
Jul 07 03:26:58 devstack devstack@g-api.service[76559]: [pid: 76559|app: 0|req: 3/4] 127.0.0.1 () {40 vars in 872 bytes} [Tue Jul 7 03:26:56 2026] PUT /v2/images/bce35279-0f3f-4049-8975-1c6590eb177b/file => generated 0 bytes in 1846 msecs (HTTP/1.1 204) 4 headers in 171 bytes (1 switches on core 0)
Jul 07 03:26:58 devstack devstack@g-api.service[76560]: DEBUG glance.api.middleware.version_negotiation [None req-da66ad49-33fa-4ed8-a683-5457e55ab759 admin admin] Determining version of request: GET /v2/images/bce35279-0f3f-4049-8975-1c6590eb177b Accept: */* {{(pid=76560) process_request /opt/stack/glance/glance/api/middleware/version_negotiation.py:44}}
Jul 07 03:26:58 devstack devstack@g-api.service[76560]: DEBUG glance.api.middleware.version_negotiation [None req-da66ad49-33fa-4ed8-a683-5457e55ab759 admin admin] Using url versioning {{(pid=76560) process_request /opt/stack/glance/glance/api/middleware/version_negotiation.py:57}}
Jul 07 03:26:58 devstack devstack@g-api.service[76560]: DEBUG glance.api.middleware.version_negotiation [None req-da66ad49-33fa-4ed8-a683-5457e55ab759 admin admin] Matched version: v2 {{(pid=76560) process_request /opt/stack/glance/glance/api/middleware/version_negotiation.py:69}}
Jul 07 03:26:58 devstack devstack@g-api.service[76560]: DEBUG glance.api.middleware.version_negotiation [None req-da66ad49-33fa-4ed8-a683-5457e55ab759 admin admin] new path /v2/images/bce35279-0f3f-4049-8975-1c6590eb177b {{(pid=76560) process_request /opt/stack/glance/glance/api/middleware/version_negotiation.py:70}}
Jul 07 03:26:58 devstack devstack@g-api.service[76560]: [pid: 76560|app: 0|req: 2/5] 127.0.0.1 () {36 vars in 799 bytes} [Tue Jul 7 03:26:58 2026] GET /v2/images/bce35279-0f3f-4049-8975-1c6590eb177b => generated 976 bytes in 24 msecs (HTTP/1.1 200) 4 headers in 157 bytes (1 switches on core 0)
Jul 07 03:27:08 devstack devstack@g-api.service[76559]: DEBUG dbcounter [-] [76559] Writing DB stats glance:INSERT=5,glance:SELECT=16,glance:UPDATE=2 {{(pid=76559) stat_writer /opt/stack/data/venv/lib/python3.12/site-packages/dbcounter.py:115}}
Jul 07 03:27:08 devstack devstack@g-api.service[76560]: DEBUG dbcounter [-] [76560] Writing DB stats glance:INSERT=9,glance:SELECT=6 {{(pid=76560) stat_writer /opt/stack/data/venv/lib/python3.12/site-packages/dbcounter.py:115}}
Jul 07 03:27:45 devstack devstack@g-api.service[76559]: DEBUG glance.api.middleware.version_negotiation [None req-273ed4b9-48b2-4a8a-a16b-9adc931352f5 admin admin] Determining version of request: GET / Accept: application/json {{(pid=76559) process_request /opt/stack/glance/glance/api/middleware/version_negotiation.py:44}}
Jul 07 03:27:45 devstack devstack@g-api.service[76559]: DEBUG glance.api.middleware.version_negotiation [None req-273ed4b9-48b2-4a8a-a16b-9adc931352f5 admin admin] Using url versioning {{(pid=76559) process_request /opt/stack/glance/glance/api/middleware/version_negotiation.py:57}}
Jul 07 03:27:45 devstack devstack@g-api.service[76559]: DEBUG glance.api.middleware.version_negotiation [None req-273ed4b9-48b2-4a8a-a16b-9adc931352f5 admin admin] Unknown version. Returning version choices. {{(pid=76559) process_request /opt/stack/glance/glance/api/middleware/version_negotiation.py:64}}
Jul 07 03:27:45 devstack devstack@g-api.service[76559]: [pid: 76559|app: 0|req: 4/6] 127.0.0.1 () {34 vars in 516 bytes} [Tue Jul 7 03:27:45 2026] GET / => generated 1557 bytes in 3 msecs (HTTP/1.1 300) 3 headers in 106 bytes (1 switches on core 0)
Jul 07 03:27:45 devstack devstack@g-api.service[76560]: DEBUG glance.api.middleware.version_negotiation [None req-bf7b475e-2ff6-473f-a0a2-97ab2c4ef734 admin admin] Determining version of request: GET /v2/images Accept: application/json {{(pid=76560) process_request /opt/stack/glance/glance/api/middleware/version_negotiation.py:44}}
Jul 07 03:27:45 devstack devstack@g-api.service[76560]: DEBUG glance.api.middleware.version_negotiation [None req-bf7b475e-2ff6-473f-a0a2-97ab2c4ef734 admin admin] Using url versioning {{(pid=76560) process_request /opt/stack/glance/glance/api/middleware/version_negotiation.py:57}}
Jul 07 03:27:45 devstack devstack@g-api.service[76560]: DEBUG glance.api.middleware.version_negotiation [None req-bf7b475e-2ff6-473f-a0a2-97ab2c4ef734 admin admin] Matched version: v2 {{(pid=76560) process_request /opt/stack/glance/glance/api/middleware/version_negotiation.py:69}}
Jul 07 03:27:45 devstack devstack@g-api.service[76560]: DEBUG glance.api.middleware.version_negotiation [None req-bf7b475e-2ff6-473f-a0a2-97ab2c4ef734 admin admin] new path /v2/images {{(pid=76560) process_request /opt/stack/glance/glance/api/middleware/version_negotiation.py:70}}
Jul 07 03:27:45 devstack devstack@g-api.service[76560]: [pid: 76560|app: 0|req: 3/7] 127.0.0.1 () {36 vars in 738 bytes} [Tue Jul 7 03:27:45 2026] GET /v2/images => generated 1045 bytes in 95 msecs (HTTP/1.1 200) 4 headers in 158 bytes (1 switches on core 0)
Jul 07 03:27:55 devstack devstack@g-api.service[76560]: DEBUG dbcounter [-] [76560] Writing DB stats glance:SELECT=1 {{(pid=76560) stat_writer /opt/stack/data/venv/lib/python3.12/site-packages/dbcounter.py:115}}
Jul 07 03:27:55 devstack devstack@g-api.service[76559]: DEBUG glance.api.middleware.version_negotiation [None req-273ed4b9-48b2-4a8a-a16b-9adc931352f5 admin admin] Determining version of request: GET / Accept: application/json {{(pid=76559) process_request /opt/stack/glance/glance/api/middleware/version_negotiation.py:44}}
Jul 07 03:27:55 devstack devstack@g-api.service[76559]: DEBUG glance.api.middleware.version_negotiation [None req-273ed4b9-48b2-4a8a-a16b-9adc931352f5 admin admin] Using url versioning {{(pid=76559) process_request /opt/stack/glance/glance/api/middleware/version_negotiation.py:57}}
Jul 07 03:27:55 devstack devstack@g-api.service[76559]: DEBUG glance.api.middleware.version_negotiation [None req-273ed4b9-48b2-4a8a-a16b-9adc931352f5 admin admin] Unknown version. Returning version choices. {{(pid=76559) process_request /opt/stack/glance/glance/api/middleware/version_negotiation.py:64}}
Jul 07 03:27:55 devstack devstack@g-api.service[76559]: [pid: 76559|app: 0|req: 5/8] 127.0.0.1 () {34 vars in 516 bytes} [Tue Jul 7 03:27:55 2026] GET / => generated 1557 bytes in 2 msecs (HTTP/1.1 300) 3 headers in 106 bytes (1 switches on core 0)
Jul 07 03:27:55 devstack devstack@g-api.service[76560]: DEBUG glance.api.middleware.version_negotiation [None req-81e0f23c-2c56-4cad-8f7c-34db9912cf81 admin admin] Determining version of request: GET /v2/images/bce35279-0f3f-4049-8975-1c6590eb177b Accept: */* {{(pid=76560) process_request /opt/stack/glance/glance/api/middleware/version_negotiation.py:44}}
Jul 07 03:27:55 devstack devstack@g-api.service[76560]: DEBUG glance.api.middleware.version_negotiation [None req-81e0f23c-2c56-4cad-8f7c-34db9912cf81 admin admin] Using url versioning {{(pid=76560) process_request /opt/stack/glance/glance/api/middleware/version_negotiation.py:57}}
Jul 07 03:27:55 devstack devstack@g-api.service[76560]: DEBUG glance.api.middleware.version_negotiation [None req-81e0f23c-2c56-4cad-8f7c-34db9912cf81 admin admin] Matched version: v2 {{(pid=76560) process_request /opt/stack/glance/glance/api/middleware/version_negotiation.py:69}}
Jul 07 03:27:55 devstack devstack@g-api.service[76560]: DEBUG glance.api.middleware.version_negotiation [None req-81e0f23c-2c56-4cad-8f7c-34db9912cf81 admin admin] new path /v2/images/bce35279-0f3f-4049-8975-1c6590eb177b {{(pid=76560) process_request /opt/stack/glance/glance/api/middleware/version_negotiation.py:70}}
Jul 07 03:27:55 devstack devstack@g-api.service[76560]: [pid: 76560|app: 0|req: 4/9] 127.0.0.1 () {36 vars in 799 bytes} [Tue Jul 7 03:27:55 2026] GET /v2/images/bce35279-0f3f-4049-8975-1c6590eb177b => generated 976 bytes in 76 msecs (HTTP/1.1 200) 4 headers in 157 bytes (1 switches on core 0)
Jul 07 03:28:02 devstack devstack@g-api.service[76559]: DEBUG glance.api.middleware.version_negotiation [None req-273ed4b9-48b2-4a8a-a16b-9adc931352f5 admin admin] Determining version of request: GET / Accept: application/json {{(pid=76559) process_request /opt/stack/glance/glance/api/middleware/version_negotiation.py:44}}
Jul 07 03:28:02 devstack devstack@g-api.service[76559]: DEBUG glance.api.middleware.version_negotiation [None req-273ed4b9-48b2-4a8a-a16b-9adc931352f5 admin admin] Using url versioning {{(pid=76559) process_request /opt/stack/glance/glance/api/middleware/version_negotiation.py:57}}
Jul 07 03:28:02 devstack devstack@g-api.service[76559]: DEBUG glance.api.middleware.version_negotiation [None req-273ed4b9-48b2-4a8a-a16b-9adc931352f5 admin admin] Unknown version. Returning version choices. {{(pid=76559) process_request /opt/stack/glance/glance/api/middleware/version_negotiation.py:64}}
Jul 07 03:28:02 devstack devstack@g-api.service[76559]: [pid: 76559|app: 0|req: 6/10] 127.0.0.1 () {34 vars in 516 bytes} [Tue Jul 7 03:28:02 2026] GET / => generated 1557 bytes in 3 msecs (HTTP/1.1 300) 3 headers in 106 bytes (1 switches on core 0)
Jul 07 03:28:02 devstack devstack@g-api.service[76560]: DEBUG glance.api.middleware.version_negotiation [None req-38295dea-2c37-40c9-8a64-68f15b847dd1 admin admin] Determining version of request: GET /v2/images/bce35279-0f3f-4049-8975-1c6590eb177b Accept: */* {{(pid=76560) process_request /opt/stack/glance/glance/api/middleware/version_negotiation.py:44}}
Jul 07 03:28:02 devstack devstack@g-api.service[76560]: DEBUG glance.api.middleware.version_negotiation [None req-38295dea-2c37-40c9-8a64-68f15b847dd1 admin admin] Using url versioning {{(pid=76560) process_request /opt/stack/glance/glance/api/middleware/version_negotiation.py:57}}
Jul 07 03:28:02 devstack devstack@g-api.service[76560]: DEBUG glance.api.middleware.version_negotiation [None req-38295dea-2c37-40c9-8a64-68f15b847dd1 admin admin] Matched version: v2 {{(pid=76560) process_request /opt/stack/glance/glance/api/middleware/version_negotiation.py:69}}
Jul 07 03:28:02 devstack devstack@g-api.service[76560]: DEBUG glance.api.middleware.version_negotiation [None req-38295dea-2c37-40c9-8a64-68f15b847dd1 admin admin] new path /v2/images/bce35279-0f3f-4049-8975-1c6590eb177b {{(pid=76560) process_request /opt/stack/glance/glance/api/middleware/version_negotiation.py:70}}
Jul 07 03:28:02 devstack devstack@g-api.service[76560]: [pid: 76560|app: 0|req: 5/11] 127.0.0.1 () {36 vars in 799 bytes} [Tue Jul 7 03:28:02 2026] GET /v2/images/bce35279-0f3f-4049-8975-1c6590eb177b => generated 976 bytes in 98 msecs (HTTP/1.1 200) 4 headers in 157 bytes (1 switches on core 0)
Jul 07 03:28:12 devstack devstack@g-api.service[76560]: DEBUG dbcounter [-] [76560] Writing DB stats glance:SELECT=4 {{(pid=76560) stat_writer /opt/stack/data/venv/lib/python3.12/site-packages/dbcounter.py:115}}
Jul 07 03:29:19 devstack devstack@g-api.service[76559]: DEBUG glance.api.middleware.version_negotiation [None req-273ed4b9-48b2-4a8a-a16b-9adc931352f5 admin admin] Determining version of request: GET / Accept: application/json {{(pid=76559) process_request /opt/stack/glance/glance/api/middleware/version_negotiation.py:44}}
Jul 07 03:29:19 devstack devstack@g-api.service[76559]: DEBUG glance.api.middleware.version_negotiation [None req-273ed4b9-48b2-4a8a-a16b-9adc931352f5 admin admin] Using url versioning {{(pid=76559) process_request /opt/stack/glance/glance/api/middleware/version_negotiation.py:57}}
Jul 07 03:29:19 devstack devstack@g-api.service[76559]: DEBUG glance.api.middleware.version_negotiation [None req-273ed4b9-48b2-4a8a-a16b-9adc931352f5 admin admin] Unknown version. Returning version choices. {{(pid=76559) process_request /opt/stack/glance/glance/api/middleware/version_negotiation.py:64}}
Jul 07 03:29:19 devstack devstack@g-api.service[76559]: [pid: 76559|app: 0|req: 7/12] 127.0.0.1 () {36 vars in 485 bytes} [Tue Jul 7 03:29:19 2026] GET / => generated 1557 bytes in 2 msecs (HTTP/1.1 300) 3 headers in 106 bytes (1 switches on core 0)
Jul 07 03:32:14 devstack devstack@g-api.service[76560]: DEBUG glance.api.middleware.version_negotiation [None req-9e838df7-8a4a-482e-8567-c8185178e646 admin admin] Determining version of request: GET / Accept: application/json {{(pid=76560) process_request /opt/stack/glance/glance/api/middleware/version_negotiation.py:44}}
Jul 07 03:32:14 devstack devstack@g-api.service[76560]: DEBUG glance.api.middleware.version_negotiation [None req-9e838df7-8a4a-482e-8567-c8185178e646 admin admin] Using url versioning {{(pid=76560) process_request /opt/stack/glance/glance/api/middleware/version_negotiation.py:57}}
Jul 07 03:32:14 devstack devstack@g-api.service[76560]: DEBUG glance.api.middleware.version_negotiation [None req-9e838df7-8a4a-482e-8567-c8185178e646 admin admin] Unknown version. Returning version choices. {{(pid=76560) process_request /opt/stack/glance/glance/api/middleware/version_negotiation.py:64}}
Jul 07 03:32:14 devstack devstack@g-api.service[76560]: [pid: 76560|app: 0|req: 6/13] 127.0.0.1 () {34 vars in 502 bytes} [Tue Jul 7 03:32:13 2026] GET / => generated 1557 bytes in 3 msecs (HTTP/1.1 300) 3 headers in 106 bytes (1 switches on core 0)
Jul 07 03:32:14 devstack devstack@g-api.service[76559]: DEBUG glance.api.middleware.version_negotiation [None req-273ed4b9-48b2-4a8a-a16b-9adc931352f5 admin admin] Determining version of request: GET /v2/images/bce35279-0f3f-4049-8975-1c6590eb177b Accept: */* {{(pid=76559) process_request /opt/stack/glance/glance/api/middleware/version_negotiation.py:44}}
Jul 07 03:32:14 devstack devstack@g-api.service[76559]: DEBUG glance.api.middleware.version_negotiation [None req-273ed4b9-48b2-4a8a-a16b-9adc931352f5 admin admin] Using url versioning {{(pid=76559) process_request /opt/stack/glance/glance/api/middleware/version_negotiation.py:57}}
Jul 07 03:32:14 devstack devstack@g-api.service[76559]: DEBUG glance.api.middleware.version_negotiation [None req-273ed4b9-48b2-4a8a-a16b-9adc931352f5 admin admin] Matched version: v2 {{(pid=76559) process_request /opt/stack/glance/glance/api/middleware/version_negotiation.py:69}}
Jul 07 03:32:14 devstack devstack@g-api.service[76559]: DEBUG glance.api.middleware.version_negotiation [None req-273ed4b9-48b2-4a8a-a16b-9adc931352f5 admin admin] new path /v2/images/bce35279-0f3f-4049-8975-1c6590eb177b {{(pid=76559) process_request /opt/stack/glance/glance/api/middleware/version_negotiation.py:70}}
Jul 07 03:32:14 devstack devstack@g-api.service[76559]: [pid: 76559|app: 0|req: 8/14] 127.0.0.1 () {42 vars in 1058 bytes} [Tue Jul 7 03:32:14 2026] GET /v2/images/bce35279-0f3f-4049-8975-1c6590eb177b => generated 976 bytes in 311 msecs (HTTP/1.1 200) 4 headers in 157 bytes (1 switches on core 0)
Jul 07 03:32:14 devstack devstack@g-api.service[76560]: DEBUG glance.api.middleware.version_negotiation [None req-9e838df7-8a4a-482e-8567-c8185178e646 admin admin] Determining version of request: GET /v2/schemas/image Accept: */* {{(pid=76560) process_request /opt/stack/glance/glance/api/middleware/version_negotiation.py:44}}
Jul 07 03:32:14 devstack devstack@g-api.service[76560]: DEBUG glance.api.middleware.version_negotiation [None req-9e838df7-8a4a-482e-8567-c8185178e646 admin admin] Using url versioning {{(pid=76560) process_request /opt/stack/glance/glance/api/middleware/version_negotiation.py:57}}
Jul 07 03:32:14 devstack devstack@g-api.service[76560]: DEBUG glance.api.middleware.version_negotiation [None req-9e838df7-8a4a-482e-8567-c8185178e646 admin admin] Matched version: v2 {{(pid=76560) process_request /opt/stack/glance/glance/api/middleware/version_negotiation.py:69}}
Jul 07 03:32:14 devstack devstack@g-api.service[76560]: DEBUG glance.api.middleware.version_negotiation [None req-9e838df7-8a4a-482e-8567-c8185178e646 admin admin] new path /v2/schemas/image {{(pid=76560) process_request /opt/stack/glance/glance/api/middleware/version_negotiation.py:70}}
Jul 07 03:32:14 devstack devstack@g-api.service[76560]: [pid: 76560|app: 0|req: 7/15] 127.0.0.1 () {42 vars in 998 bytes} [Tue Jul 7 03:32:14 2026] GET /v2/schemas/image => generated 6083 bytes in 13 msecs (HTTP/1.1 200) 4 headers in 158 bytes (1 switches on core 0)
Jul 07 03:32:16 devstack devstack@g-api.service[76559]: DEBUG glance.api.middleware.version_negotiation [None req-81ab281f-fc46-4ed1-a6a3-c1c5f2696b5e tempest-DeleteServersTestJSON-720978850 tempest-DeleteServersTestJSON-720978850-project-member] Determining version of request: GET / Accept: application/json {{(pid=76559) process_request /opt/stack/glance/glance/api/middleware/version_negotiation.py:44}}
Jul 07 03:32:16 devstack devstack@g-api.service[76559]: DEBUG glance.api.middleware.version_negotiation [None req-81ab281f-fc46-4ed1-a6a3-c1c5f2696b5e tempest-DeleteServersTestJSON-720978850 tempest-DeleteServersTestJSON-720978850-project-member] Using url versioning {{(pid=76559) process_request /opt/stack/glance/glance/api/middleware/version_negotiation.py:57}}
Jul 07 03:32:16 devstack devstack@g-api.service[76559]: DEBUG glance.api.middleware.version_negotiation [None req-81ab281f-fc46-4ed1-a6a3-c1c5f2696b5e tempest-DeleteServersTestJSON-720978850 tempest-DeleteServersTestJSON-720978850-project-member] Unknown version. Returning version choices. {{(pid=76559) process_request /opt/stack/glance/glance/api/middleware/version_negotiation.py:64}}
Jul 07 03:32:16 devstack devstack@g-api.service[76559]: [pid: 76559|app: 0|req: 9/16] 127.0.0.1 () {34 vars in 502 bytes} [Tue Jul 7 03:32:16 2026] GET / => generated 1557 bytes in 3 msecs (HTTP/1.1 300) 3 headers in 106 bytes (1 switches on core 0)
Jul 07 03:32:16 devstack devstack@g-api.service[76560]: DEBUG glance.api.middleware.version_negotiation [None req-81ab281f-fc46-4ed1-a6a3-c1c5f2696b5e tempest-DeleteServersTestJSON-720978850 tempest-DeleteServersTestJSON-720978850-project-member] Determining version of request: GET /v2/images/bce35279-0f3f-4049-8975-1c6590eb177b Accept: */* {{(pid=76560) process_request /opt/stack/glance/glance/api/middleware/version_negotiation.py:44}}
Jul 07 03:32:16 devstack devstack@g-api.service[76560]: DEBUG glance.api.middleware.version_negotiation [None req-81ab281f-fc46-4ed1-a6a3-c1c5f2696b5e tempest-DeleteServersTestJSON-720978850 tempest-DeleteServersTestJSON-720978850-project-member] Using url versioning {{(pid=76560) process_request /opt/stack/glance/glance/api/middleware/version_negotiation.py:57}}
Jul 07 03:32:16 devstack devstack@g-api.service[76560]: DEBUG glance.api.middleware.version_negotiation [None req-81ab281f-fc46-4ed1-a6a3-c1c5f2696b5e tempest-DeleteServersTestJSON-720978850 tempest-DeleteServersTestJSON-720978850-project-member] Matched version: v2 {{(pid=76560) process_request /opt/stack/glance/glance/api/middleware/version_negotiation.py:69}}
Jul 07 03:32:16 devstack devstack@g-api.service[76560]: DEBUG glance.api.middleware.version_negotiation [None req-81ab281f-fc46-4ed1-a6a3-c1c5f2696b5e tempest-DeleteServersTestJSON-720978850 tempest-DeleteServersTestJSON-720978850-project-member] new path /v2/images/bce35279-0f3f-4049-8975-1c6590eb177b {{(pid=76560) process_request /opt/stack/glance/glance/api/middleware/version_negotiation.py:70}}
Jul 07 03:32:17 devstack devstack@g-api.service[76560]: [pid: 76560|app: 0|req: 8/17] 127.0.0.1 () {42 vars in 1058 bytes} [Tue Jul 7 03:32:16 2026] GET /v2/images/bce35279-0f3f-4049-8975-1c6590eb177b => generated 976 bytes in 220 msecs (HTTP/1.1 200) 4 headers in 157 bytes (1 switches on core 0)
Jul 07 03:32:17 devstack devstack@g-api.service[76559]: DEBUG glance.api.middleware.version_negotiation [None req-81ab281f-fc46-4ed1-a6a3-c1c5f2696b5e tempest-DeleteServersTestJSON-720978850 tempest-DeleteServersTestJSON-720978850-project-member] Determining version of request: GET /v2/schemas/image Accept: */* {{(pid=76559) process_request /opt/stack/glance/glance/api/middleware/version_negotiation.py:44}}
Jul 07 03:32:17 devstack devstack@g-api.service[76559]: DEBUG glance.api.middleware.version_negotiation [None req-81ab281f-fc46-4ed1-a6a3-c1c5f2696b5e tempest-DeleteServersTestJSON-720978850 tempest-DeleteServersTestJSON-720978850-project-member] Using url versioning {{(pid=76559) process_request /opt/stack/glance/glance/api/middleware/version_negotiation.py:57}}
Jul 07 03:32:17 devstack devstack@g-api.service[76559]: DEBUG glance.api.middleware.version_negotiation [None req-81ab281f-fc46-4ed1-a6a3-c1c5f2696b5e tempest-DeleteServersTestJSON-720978850 tempest-DeleteServersTestJSON-720978850-project-member] Matched version: v2 {{(pid=76559) process_request /opt/stack/glance/glance/api/middleware/version_negotiation.py:69}}
Jul 07 03:32:17 devstack devstack@g-api.service[76559]: DEBUG glance.api.middleware.version_negotiation [None req-81ab281f-fc46-4ed1-a6a3-c1c5f2696b5e tempest-DeleteServersTestJSON-720978850 tempest-DeleteServersTestJSON-720978850-project-member] new path /v2/schemas/image {{(pid=76559) process_request /opt/stack/glance/glance/api/middleware/version_negotiation.py:70}}
Jul 07 03:32:17 devstack devstack@g-api.service[76559]: [pid: 76559|app: 0|req: 10/18] 127.0.0.1 () {42 vars in 998 bytes} [Tue Jul 7 03:32:17 2026] GET /v2/schemas/image => generated 6083 bytes in 7 msecs (HTTP/1.1 200) 4 headers in 158 bytes (1 switches on core 0)
Jul 07 03:32:24 devstack devstack@g-api.service[76559]: DEBUG dbcounter [-] [76559] Writing DB stats glance:SELECT=2 {{(pid=76559) stat_writer /opt/stack/data/venv/lib/python3.12/site-packages/dbcounter.py:115}}
Jul 07 03:32:25 devstack devstack@g-api.service[76560]: DEBUG glance.api.middleware.version_negotiation [None req-3f7b7620-c4d4-492f-9628-ce98957dad16 tempest-AttachVolumeTestJSON-1889353157 tempest-AttachVolumeTestJSON-1889353157-project-member] Determining version of request: GET /v2/images/bce35279-0f3f-4049-8975-1c6590eb177b Accept: */* {{(pid=76560) process_request /opt/stack/glance/glance/api/middleware/version_negotiation.py:44}}
Jul 07 03:32:25 devstack devstack@g-api.service[76560]: DEBUG glance.api.middleware.version_negotiation [None req-3f7b7620-c4d4-492f-9628-ce98957dad16 tempest-AttachVolumeTestJSON-1889353157 tempest-AttachVolumeTestJSON-1889353157-project-member] Using url versioning {{(pid=76560) process_request /opt/stack/glance/glance/api/middleware/version_negotiation.py:57}}
Jul 07 03:32:25 devstack devstack@g-api.service[76560]: DEBUG glance.api.middleware.version_negotiation [None req-3f7b7620-c4d4-492f-9628-ce98957dad16 tempest-AttachVolumeTestJSON-1889353157 tempest-AttachVolumeTestJSON-1889353157-project-member] Matched version: v2 {{(pid=76560) process_request /opt/stack/glance/glance/api/middleware/version_negotiation.py:69}}
Jul 07 03:32:25 devstack devstack@g-api.service[76560]: DEBUG glance.api.middleware.version_negotiation [None req-3f7b7620-c4d4-492f-9628-ce98957dad16 tempest-AttachVolumeTestJSON-1889353157 tempest-AttachVolumeTestJSON-1889353157-project-member] new path /v2/images/bce35279-0f3f-4049-8975-1c6590eb177b {{(pid=76560) process_request /opt/stack/glance/glance/api/middleware/version_negotiation.py:70}}
Jul 07 03:32:25 devstack devstack@g-api.service[76560]: [pid: 76560|app: 0|req: 9/19] 127.0.0.1 () {42 vars in 1058 bytes} [Tue Jul 7 03:32:25 2026] GET /v2/images/bce35279-0f3f-4049-8975-1c6590eb177b => generated 976 bytes in 29 msecs (HTTP/1.1 200) 4 headers in 157 bytes (1 switches on core 0)
Jul 07 03:32:25 devstack devstack@g-api.service[76559]: DEBUG glance.api.middleware.version_negotiation [None req-3f7b7620-c4d4-492f-9628-ce98957dad16 tempest-AttachVolumeTestJSON-1889353157 tempest-AttachVolumeTestJSON-1889353157-project-member] Determining version of request: GET /v2/images/bce35279-0f3f-4049-8975-1c6590eb177b/file Accept: */* {{(pid=76559) process_request /opt/stack/glance/glance/api/middleware/version_negotiation.py:44}}
Jul 07 03:32:25 devstack devstack@g-api.service[76559]: DEBUG glance.api.middleware.version_negotiation [None req-3f7b7620-c4d4-492f-9628-ce98957dad16 tempest-AttachVolumeTestJSON-1889353157 tempest-AttachVolumeTestJSON-1889353157-project-member] Using url versioning {{(pid=76559) process_request /opt/stack/glance/glance/api/middleware/version_negotiation.py:57}}
Jul 07 03:32:25 devstack devstack@g-api.service[76559]: DEBUG glance.api.middleware.version_negotiation [None req-3f7b7620-c4d4-492f-9628-ce98957dad16 tempest-AttachVolumeTestJSON-1889353157 tempest-AttachVolumeTestJSON-1889353157-project-member] Matched version: v2 {{(pid=76559) process_request /opt/stack/glance/glance/api/middleware/version_negotiation.py:69}}
Jul 07 03:32:25 devstack devstack@g-api.service[76559]: DEBUG glance.api.middleware.version_negotiation [None req-3f7b7620-c4d4-492f-9628-ce98957dad16 tempest-AttachVolumeTestJSON-1889353157 tempest-AttachVolumeTestJSON-1889353157-project-member] new path /v2/images/bce35279-0f3f-4049-8975-1c6590eb177b/file {{(pid=76559) process_request /opt/stack/glance/glance/api/middleware/version_negotiation.py:70}}
Jul 07 03:32:25 devstack devstack@g-api.service[76559]: DEBUG glance_store._drivers.filesystem [None req-81ab281f-fc46-4ed1-a6a3-c1c5f2696b5e tempest-DeleteServersTestJSON-720978850 tempest-DeleteServersTestJSON-720978850-project-member] Found image at /opt/stack/data/glance/images/bce35279-0f3f-4049-8975-1c6590eb177b. Returning in ChunkedFile. {{(pid=76559) get /opt/stack/data/venv/lib/python3.12/site-packages/glance_store/_drivers/filesystem.py:724}}
Jul 07 03:32:25 devstack devstack@g-api.service[76559]: DEBUG glance.image_cache [None req-81ab281f-fc46-4ed1-a6a3-c1c5f2696b5e tempest-DeleteServersTestJSON-720978850 tempest-DeleteServersTestJSON-720978850-project-member] Tee'ing image 'bce35279-0f3f-4049-8975-1c6590eb177b' into cache {{(pid=76559) get_caching_iter /opt/stack/glance/glance/image_cache/__init__.py:356}}
Jul 07 03:32:26 devstack devstack@g-api.service[76559]: DEBUG glance.image_cache.drivers.centralized_db [None req-81ab281f-fc46-4ed1-a6a3-c1c5f2696b5e tempest-DeleteServersTestJSON-720978850 tempest-DeleteServersTestJSON-720978850-project-member] Fetch finished, moving '/opt/stack/data/glance/cache/incomplete/bce35279-0f3f-4049-8975-1c6590eb177b' to '/opt/stack/data/glance/cache/bce35279-0f3f-4049-8975-1c6590eb177b' {{(pid=76559) commit /opt/stack/glance/glance/image_cache/drivers/centralized_db.py:243}}
Jul 07 03:32:26 devstack devstack@g-api.service[76559]: DEBUG glance.image_cache.drivers.centralized_db [None req-81ab281f-fc46-4ed1-a6a3-c1c5f2696b5e tempest-DeleteServersTestJSON-720978850 tempest-DeleteServersTestJSON-720978850-project-member] Image cached successfully. {{(pid=76559) commit /opt/stack/glance/glance/image_cache/drivers/centralized_db.py:258}}
Jul 07 03:32:26 devstack devstack@g-api.service[76559]: [pid: 76559|app: 0|req: 11/20] 127.0.0.1 () {42 vars in 1068 bytes} [Tue Jul 7 03:32:25 2026] GET /v2/images/bce35279-0f3f-4049-8975-1c6590eb177b/file => generated 21692416 bytes in 393 msecs (HTTP/1.1 200) 4 headers in 191 bytes (336 switches on core 0)
Jul 07 03:32:26 devstack devstack@g-api.service[76560]: DEBUG glance.api.middleware.version_negotiation [None req-81ab281f-fc46-4ed1-a6a3-c1c5f2696b5e tempest-DeleteServersTestJSON-720978850 tempest-DeleteServersTestJSON-720978850-project-member] Determining version of request: GET /v2/images/bce35279-0f3f-4049-8975-1c6590eb177b Accept: */* {{(pid=76560) process_request /opt/stack/glance/glance/api/middleware/version_negotiation.py:44}}
Jul 07 03:32:26 devstack devstack@g-api.service[76560]: DEBUG glance.api.middleware.version_negotiation [None req-81ab281f-fc46-4ed1-a6a3-c1c5f2696b5e tempest-DeleteServersTestJSON-720978850 tempest-DeleteServersTestJSON-720978850-project-member] Using url versioning {{(pid=76560) process_request /opt/stack/glance/glance/api/middleware/version_negotiation.py:57}}
Jul 07 03:32:26 devstack devstack@g-api.service[76560]: DEBUG glance.api.middleware.version_negotiation [None req-81ab281f-fc46-4ed1-a6a3-c1c5f2696b5e tempest-DeleteServersTestJSON-720978850 tempest-DeleteServersTestJSON-720978850-project-member] Matched version: v2 {{(pid=76560) process_request /opt/stack/glance/glance/api/middleware/version_negotiation.py:69}}
Jul 07 03:32:26 devstack devstack@g-api.service[76560]: DEBUG glance.api.middleware.version_negotiation [None req-81ab281f-fc46-4ed1-a6a3-c1c5f2696b5e tempest-DeleteServersTestJSON-720978850 tempest-DeleteServersTestJSON-720978850-project-member] new path /v2/images/bce35279-0f3f-4049-8975-1c6590eb177b {{(pid=76560) process_request /opt/stack/glance/glance/api/middleware/version_negotiation.py:70}}
Jul 07 03:32:26 devstack devstack@g-api.service[76560]: [pid: 76560|app: 0|req: 10/21] 127.0.0.1 () {42 vars in 1058 bytes} [Tue Jul 7 03:32:26 2026] GET /v2/images/bce35279-0f3f-4049-8975-1c6590eb177b => generated 976 bytes in 50 msecs (HTTP/1.1 200) 4 headers in 157 bytes (1 switches on core 0)
Jul 07 03:32:26 devstack devstack@g-api.service[76559]: DEBUG glance.api.middleware.version_negotiation [None req-81ab281f-fc46-4ed1-a6a3-c1c5f2696b5e tempest-DeleteServersTestJSON-720978850 tempest-DeleteServersTestJSON-720978850-project-member] Determining version of request: GET /v2/schemas/image Accept: */* {{(pid=76559) process_request /opt/stack/glance/glance/api/middleware/version_negotiation.py:44}}
Jul 07 03:32:26 devstack devstack@g-api.service[76559]: DEBUG glance.api.middleware.version_negotiation [None req-81ab281f-fc46-4ed1-a6a3-c1c5f2696b5e tempest-DeleteServersTestJSON-720978850 tempest-DeleteServersTestJSON-720978850-project-member] Using url versioning {{(pid=76559) process_request /opt/stack/glance/glance/api/middleware/version_negotiation.py:57}}
Jul 07 03:32:26 devstack devstack@g-api.service[76559]: DEBUG glance.api.middleware.version_negotiation [None req-81ab281f-fc46-4ed1-a6a3-c1c5f2696b5e tempest-DeleteServersTestJSON-720978850 tempest-DeleteServersTestJSON-720978850-project-member] Matched version: v2 {{(pid=76559) process_request /opt/stack/glance/glance/api/middleware/version_negotiation.py:69}}
Jul 07 03:32:26 devstack devstack@g-api.service[76559]: DEBUG glance.api.middleware.version_negotiation [None req-81ab281f-fc46-4ed1-a6a3-c1c5f2696b5e tempest-DeleteServersTestJSON-720978850 tempest-DeleteServersTestJSON-720978850-project-member] new path /v2/schemas/image {{(pid=76559) process_request /opt/stack/glance/glance/api/middleware/version_negotiation.py:70}}
Jul 07 03:32:26 devstack devstack@g-api.service[76559]: [pid: 76559|app: 0|req: 12/22] 127.0.0.1 () {42 vars in 998 bytes} [Tue Jul 7 03:32:26 2026] GET /v2/schemas/image => generated 6083 bytes in 14 msecs (HTTP/1.1 200) 4 headers in 158 bytes (1 switches on core 0)
Jul 07 03:32:36 devstack devstack@g-api.service[76559]: DEBUG dbcounter [-] [76559] Writing DB stats glance:SELECT=5,glance:INSERT=1 {{(pid=76559) stat_writer /opt/stack/data/venv/lib/python3.12/site-packages/dbcounter.py:115}}
Jul 07 03:32:36 devstack devstack@g-api.service[76560]: DEBUG dbcounter [-] [76560] Writing DB stats glance:SELECT=6 {{(pid=76560) stat_writer /opt/stack/data/venv/lib/python3.12/site-packages/dbcounter.py:115}}
Jul 07 03:32:44 devstack devstack@g-api.service[76560]: DEBUG glance.api.middleware.version_negotiation [None req-81ab281f-fc46-4ed1-a6a3-c1c5f2696b5e tempest-DeleteServersTestJSON-720978850 tempest-DeleteServersTestJSON-720978850-project-member] Determining version of request: GET /v2/images/bce35279-0f3f-4049-8975-1c6590eb177b Accept: */* {{(pid=76560) process_request /opt/stack/glance/glance/api/middleware/version_negotiation.py:44}}
Jul 07 03:32:44 devstack devstack@g-api.service[76560]: DEBUG glance.api.middleware.version_negotiation [None req-81ab281f-fc46-4ed1-a6a3-c1c5f2696b5e tempest-DeleteServersTestJSON-720978850 tempest-DeleteServersTestJSON-720978850-project-member] Using url versioning {{(pid=76560) process_request /opt/stack/glance/glance/api/middleware/version_negotiation.py:57}}
Jul 07 03:32:44 devstack devstack@g-api.service[76560]: DEBUG glance.api.middleware.version_negotiation [None req-81ab281f-fc46-4ed1-a6a3-c1c5f2696b5e tempest-DeleteServersTestJSON-720978850 tempest-DeleteServersTestJSON-720978850-project-member] Matched version: v2 {{(pid=76560) process_request /opt/stack/glance/glance/api/middleware/version_negotiation.py:69}}
Jul 07 03:32:44 devstack devstack@g-api.service[76560]: DEBUG glance.api.middleware.version_negotiation [None req-81ab281f-fc46-4ed1-a6a3-c1c5f2696b5e tempest-DeleteServersTestJSON-720978850 tempest-DeleteServersTestJSON-720978850-project-member] new path /v2/images/bce35279-0f3f-4049-8975-1c6590eb177b {{(pid=76560) process_request /opt/stack/glance/glance/api/middleware/version_negotiation.py:70}}
Jul 07 03:32:44 devstack devstack@g-api.service[76560]: [pid: 76560|app: 0|req: 11/23] 127.0.0.1 () {42 vars in 1058 bytes} [Tue Jul 7 03:32:44 2026] GET /v2/images/bce35279-0f3f-4049-8975-1c6590eb177b => generated 976 bytes in 42 msecs (HTTP/1.1 200) 4 headers in 157 bytes (1 switches on core 0)
Jul 07 03:32:44 devstack devstack@g-api.service[76559]: DEBUG glance.api.middleware.version_negotiation [None req-81ab281f-fc46-4ed1-a6a3-c1c5f2696b5e tempest-DeleteServersTestJSON-720978850 tempest-DeleteServersTestJSON-720978850-project-member] Determining version of request: GET /v2/schemas/image Accept: */* {{(pid=76559) process_request /opt/stack/glance/glance/api/middleware/version_negotiation.py:44}}
Jul 07 03:32:44 devstack devstack@g-api.service[76559]: DEBUG glance.api.middleware.version_negotiation [None req-81ab281f-fc46-4ed1-a6a3-c1c5f2696b5e tempest-DeleteServersTestJSON-720978850 tempest-DeleteServersTestJSON-720978850-project-member] Using url versioning {{(pid=76559) process_request /opt/stack/glance/glance/api/middleware/version_negotiation.py:57}}
Jul 07 03:32:44 devstack devstack@g-api.service[76559]: DEBUG glance.api.middleware.version_negotiation [None req-81ab281f-fc46-4ed1-a6a3-c1c5f2696b5e tempest-DeleteServersTestJSON-720978850 tempest-DeleteServersTestJSON-720978850-project-member] Matched version: v2 {{(pid=76559) process_request /opt/stack/glance/glance/api/middleware/version_negotiation.py:69}}
Jul 07 03:32:44 devstack devstack@g-api.service[76559]: DEBUG glance.api.middleware.version_negotiation [None req-81ab281f-fc46-4ed1-a6a3-c1c5f2696b5e tempest-DeleteServersTestJSON-720978850 tempest-DeleteServersTestJSON-720978850-project-member] new path /v2/schemas/image {{(pid=76559) process_request /opt/stack/glance/glance/api/middleware/version_negotiation.py:70}}
Jul 07 03:32:44 devstack devstack@g-api.service[76559]: [pid: 76559|app: 0|req: 13/24] 127.0.0.1 () {42 vars in 998 bytes} [Tue Jul 7 03:32:44 2026] GET /v2/schemas/image => generated 6083 bytes in 9 msecs (HTTP/1.1 200) 4 headers in 158 bytes (1 switches on core 0)
