Sep 03 13:25:38 devstack devstack@g-api.service[76933]: [uWSGI] getting INI configuration from /etc/glance/glance-uwsgi.ini
Sep 03 13:25:38 devstack devstack@g-api.service[76933]: *** Starting uWSGI 2.0.24-debian (64bit) on [Thu Sep 3 13:25:38 2026] ***
Sep 03 13:25:38 devstack devstack@g-api.service[76933]: compiled with version: 13.2.0 on 17 April 2024 16:23:48
Sep 03 13:25:38 devstack devstack@g-api.service[76933]: os: Linux-6.8.0-138-generic #138-Ubuntu SMP PREEMPT_DYNAMIC Fri Jul 31 22:41:49 UTC 2026
Sep 03 13:25:38 devstack devstack@g-api.service[76933]: nodename: devstack
Sep 03 13:25:38 devstack devstack@g-api.service[76933]: machine: x86_64
Sep 03 13:25:38 devstack devstack@g-api.service[76933]: clock source: unix
Sep 03 13:25:38 devstack devstack@g-api.service[76933]: pcre jit disabled
Sep 03 13:25:38 devstack devstack@g-api.service[76933]: detected number of CPU cores: 4
Sep 03 13:25:38 devstack devstack@g-api.service[76933]: current working directory: /
Sep 03 13:25:38 devstack devstack@g-api.service[76933]: detected binary path: /usr/bin/uwsgi-core
Sep 03 13:25:38 devstack devstack@g-api.service[76933]: your processes number limit is 47518
Sep 03 13:25:38 devstack devstack@g-api.service[76933]: your memory page size is 4096 bytes
Sep 03 13:25:38 devstack devstack@g-api.service[76933]: detected max file descriptor number: 2048
Sep 03 13:25:38 devstack devstack@g-api.service[76933]: lock engine: pthread robust mutexes
Sep 03 13:25:38 devstack devstack@g-api.service[76933]: thunder lock: enabled
Sep 03 13:25:38 devstack devstack@g-api.service[76933]: uwsgi socket 0 bound to TCP address 127.0.0.1:60999 fd 4
Sep 03 13:25:38 devstack devstack@g-api.service[76933]: Python version: 3.12.3 (main, Jul 15 2026, 23:46:41) [GCC 13.3.0]
Sep 03 13:25:38 devstack devstack@g-api.service[76933]: PEP 405 virtualenv detected: /opt/stack/data/venv
Sep 03 13:25:38 devstack devstack@g-api.service[76933]: Set PythonHome to /opt/stack/data/venv
Sep 03 13:25:38 devstack devstack@g-api.service[76933]: Python main interpreter initialized at 0x731f744a4668
Sep 03 13:25:38 devstack devstack@g-api.service[76933]: python threads support enabled
Sep 03 13:25:38 devstack devstack@g-api.service[76933]: your server socket listen backlog is limited to 100 connections
Sep 03 13:25:38 devstack devstack@g-api.service[76933]: your mercy for graceful operations on workers is 80 seconds
Sep 03 13:25:38 devstack devstack@g-api.service[76933]: mapped 403077 bytes (393 KB) for 2 cores
Sep 03 13:25:38 devstack devstack@g-api.service[76933]: *** Operational MODE: preforking ***
Sep 03 13:25:38 devstack devstack@g-api.service[76933]: *** uWSGI is running in multiple interpreter mode ***
Sep 03 13:25:38 devstack devstack@g-api.service[76933]: spawned uWSGI master process (pid: 76933)
Sep 03 13:25:38 devstack devstack@g-api.service[76933]: spawned uWSGI worker 1 (pid: 76936, cores: 1)
Sep 03 13:25:38 devstack devstack@g-api.service[76933]: spawned uWSGI worker 2 (pid: 76937, cores: 1)
Sep 03 13:25:38 devstack devstack@g-api.service[76933]: running "unix_signal:15 gracefully_kill_them_all" (master-start)...
Sep 03 13:25:40 devstack devstack@g-api.service[76936]: /opt/stack/data/venv/lib/python3.12/site-packages/futurist/_utils.py:34: EventletDeprecationWarning:
Sep 03 13:25:40 devstack devstack@g-api.service[76936]: Eventlet is deprecated. It is currently being maintained in bugfix mode, and
Sep 03 13:25:40 devstack devstack@g-api.service[76936]: we strongly recommend against using it for new projects.
Sep 03 13:25:40 devstack devstack@g-api.service[76936]: If you are already using Eventlet, we recommend migrating to a different
Sep 03 13:25:40 devstack devstack@g-api.service[76936]: framework. For more detail see
Sep 03 13:25:40 devstack devstack@g-api.service[76936]: https://eventlet.readthedocs.io/en/latest/asyncio/migration.html
Sep 03 13:25:40 devstack devstack@g-api.service[76936]: import eventlet as _eventlet # noqa
Sep 03 13:25:40 devstack devstack@g-api.service[76937]: /opt/stack/data/venv/lib/python3.12/site-packages/futurist/_utils.py:34: EventletDeprecationWarning:
Sep 03 13:25:40 devstack devstack@g-api.service[76937]: Eventlet is deprecated. It is currently being maintained in bugfix mode, and
Sep 03 13:25:40 devstack devstack@g-api.service[76937]: we strongly recommend against using it for new projects.
Sep 03 13:25:40 devstack devstack@g-api.service[76937]: If you are already using Eventlet, we recommend migrating to a different
Sep 03 13:25:40 devstack devstack@g-api.service[76937]: framework. For more detail see
Sep 03 13:25:40 devstack devstack@g-api.service[76937]: https://eventlet.readthedocs.io/en/latest/asyncio/migration.html
Sep 03 13:25:40 devstack devstack@g-api.service[76937]: import eventlet as _eventlet # noqa
Sep 03 13:25:40 devstack devstack@g-api.service[76936]: INFO glance.async_ [-] Threadpool model set to 'NativeThreadPoolModel'
Sep 03 13:25:41 devstack devstack@g-api.service[76937]: INFO glance.async_ [-] Threadpool model set to 'NativeThreadPoolModel'
Sep 03 13:25:41 devstack devstack@g-api.service[76936]: DEBUG oslo_concurrency.processutils [-] Running cmd (subprocess): grep -F node.session.scan /sbin/iscsiadm {{(pid=76936) execute /opt/stack/data/venv/lib/python3.12/site-packages/oslo_concurrency/processutils.py:440}}
Sep 03 13:25:41 devstack devstack@g-api.service[76936]: DEBUG oslo_concurrency.processutils [-] CMD "grep -F node.session.scan /sbin/iscsiadm" returned: 0 in 0.014s {{(pid=76936) execute /opt/stack/data/venv/lib/python3.12/site-packages/oslo_concurrency/processutils.py:468}}
Sep 03 13:25:41 devstack devstack@g-api.service[76937]: DEBUG oslo_concurrency.processutils [-] Running cmd (subprocess): grep -F node.session.scan /sbin/iscsiadm {{(pid=76937) execute /opt/stack/data/venv/lib/python3.12/site-packages/oslo_concurrency/processutils.py:440}}
Sep 03 13:25:41 devstack devstack@g-api.service[76937]: DEBUG oslo_concurrency.processutils [-] CMD "grep -F node.session.scan /sbin/iscsiadm" returned: 0 in 0.019s {{(pid=76937) execute /opt/stack/data/venv/lib/python3.12/site-packages/oslo_concurrency/processutils.py:468}}
Sep 03 13:25:42 devstack devstack@g-api.service[76936]: DEBUG glance_store.backend [-] Attempting to import store cinder {{(pid=76936) _load_store /opt/stack/data/venv/lib/python3.12/site-packages/glance_store/backend.py:215}}
Sep 03 13:25:42 devstack devstack@g-api.service[76936]: DEBUG glance_store.backend [-] Attempting to import store file {{(pid=76936) _load_store /opt/stack/data/venv/lib/python3.12/site-packages/glance_store/backend.py:215}}
Sep 03 13:25:42 devstack devstack@g-api.service[76936]: DEBUG glance_store.backend [-] Attempting to import store glance.store.cinder.Store {{(pid=76936) _load_store /opt/stack/data/venv/lib/python3.12/site-packages/glance_store/backend.py:215}}
Sep 03 13:25:42 devstack devstack@g-api.service[76936]: DEBUG glance_store.backend [-] Attempting to import store glance.store.filesystem.Store {{(pid=76936) _load_store /opt/stack/data/venv/lib/python3.12/site-packages/glance_store/backend.py:215}}
Sep 03 13:25:42 devstack devstack@g-api.service[76936]: DEBUG glance_store.backend [-] Attempting to import store glance.store.http.Store {{(pid=76936) _load_store /opt/stack/data/venv/lib/python3.12/site-packages/glance_store/backend.py:215}}
Sep 03 13:25:42 devstack devstack@g-api.service[76936]: DEBUG glance_store.backend [-] Attempting to import store glance.store.rbd.Store {{(pid=76936) _load_store /opt/stack/data/venv/lib/python3.12/site-packages/glance_store/backend.py:215}}
Sep 03 13:25:42 devstack devstack@g-api.service[76936]: DEBUG glance_store.backend [-] Attempting to import store glance.store.s3.Store {{(pid=76936) _load_store /opt/stack/data/venv/lib/python3.12/site-packages/glance_store/backend.py:215}}
Sep 03 13:25:42 devstack devstack@g-api.service[76936]: DEBUG glance_store.backend [-] Attempting to import store glance.store.swift.Store {{(pid=76936) _load_store /opt/stack/data/venv/lib/python3.12/site-packages/glance_store/backend.py:215}}
Sep 03 13:25:42 devstack devstack@g-api.service[76936]: DEBUG glance_store.backend [-] Attempting to import store glance.store.vmware_datastore.Store {{(pid=76936) _load_store /opt/stack/data/venv/lib/python3.12/site-packages/glance_store/backend.py:215}}
Sep 03 13:25:42 devstack devstack@g-api.service[76936]: DEBUG glance_store.backend [-] Attempting to import store http {{(pid=76936) _load_store /opt/stack/data/venv/lib/python3.12/site-packages/glance_store/backend.py:215}}
Sep 03 13:25:42 devstack devstack@g-api.service[76936]: DEBUG glance_store.backend [-] Attempting to import store no_conf {{(pid=76936) _load_store /opt/stack/data/venv/lib/python3.12/site-packages/glance_store/backend.py:215}}
Sep 03 13:25:42 devstack devstack@g-api.service[76936]: DEBUG glance_store.backend [-] Attempting to import store rbd {{(pid=76936) _load_store /opt/stack/data/venv/lib/python3.12/site-packages/glance_store/backend.py:215}}
Sep 03 13:25:42 devstack devstack@g-api.service[76936]: DEBUG glance_store.backend [-] Attempting to import store s3 {{(pid=76936) _load_store /opt/stack/data/venv/lib/python3.12/site-packages/glance_store/backend.py:215}}
Sep 03 13:25:42 devstack devstack@g-api.service[76936]: DEBUG glance_store.backend [-] Attempting to import store swift {{(pid=76936) _load_store /opt/stack/data/venv/lib/python3.12/site-packages/glance_store/backend.py:215}}
Sep 03 13:25:42 devstack devstack@g-api.service[76936]: DEBUG glance_store.backend [-] Attempting to import store vmware {{(pid=76936) _load_store /opt/stack/data/venv/lib/python3.12/site-packages/glance_store/backend.py:215}}
Sep 03 13:25:42 devstack devstack@g-api.service[76936]: DEBUG glance_store.backend [-] Registering options for group glance_store {{(pid=76936) register_opts /opt/stack/data/venv/lib/python3.12/site-packages/glance_store/backend.py:144}}
Sep 03 13:25:42 devstack devstack@g-api.service[76936]: DEBUG glance_store.backend [-] Registering options for group glance_store {{(pid=76936) register_opts /opt/stack/data/venv/lib/python3.12/site-packages/glance_store/backend.py:144}}
Sep 03 13:25:42 devstack devstack@g-api.service[76936]: DEBUG glance_store.backend [-] Attempting to import store file {{(pid=76936) _load_store /opt/stack/data/venv/lib/python3.12/site-packages/glance_store/backend.py:215}}
Sep 03 13:25:42 devstack devstack@g-api.service[76936]: DEBUG glance_store.capabilities [-] Store glance_store._drivers.filesystem.Store doesn't support updating dynamic storage capabilities. Please overwrite 'update_capabilities' method of the store to implement updating logics if needed. {{(pid=76936) update_capabilities /opt/stack/data/venv/lib/python3.12/site-packages/glance_store/capabilities.py:91}}
Sep 03 13:25:42 devstack devstack@g-api.service[76936]: DEBUG glance_store.backend [-] Registering store file with schemes ('file', 'filesystem') {{(pid=76936) create_stores /opt/stack/data/venv/lib/python3.12/site-packages/glance_store/backend.py:261}}
Sep 03 13:25:42 devstack devstack@g-api.service[76936]: DEBUG glance_store.driver [-] Late loading location class glance_store._drivers.filesystem.StoreLocation {{(pid=76936) get_store_location_class /opt/stack/data/venv/lib/python3.12/site-packages/glance_store/driver.py:134}}
Sep 03 13:25:42 devstack devstack@g-api.service[76936]: DEBUG glance_store.location [-] Registering scheme file with {'store': , 'location_class': , 'store_entry': 'file'} {{(pid=76936) register_scheme_map /opt/stack/data/venv/lib/python3.12/site-packages/glance_store/location.py:146}}
Sep 03 13:25:42 devstack devstack@g-api.service[76936]: DEBUG glance_store.location [-] Registering scheme filesystem with {'store': , 'location_class': , 'store_entry': 'file'} {{(pid=76936) register_scheme_map /opt/stack/data/venv/lib/python3.12/site-packages/glance_store/location.py:146}}
Sep 03 13:25:42 devstack devstack@g-api.service[76936]: DEBUG glance_store.backend [-] Attempting to import store http {{(pid=76936) _load_store /opt/stack/data/venv/lib/python3.12/site-packages/glance_store/backend.py:215}}
Sep 03 13:25:42 devstack devstack@g-api.service[76937]: DEBUG glance_store.backend [-] Attempting to import store cinder {{(pid=76937) _load_store /opt/stack/data/venv/lib/python3.12/site-packages/glance_store/backend.py:215}}
Sep 03 13:25:42 devstack devstack@g-api.service[76936]: DEBUG glance_store.capabilities [-] Store glance_store._drivers.http.Store doesn't support updating dynamic storage capabilities. Please overwrite 'update_capabilities' method of the store to implement updating logics if needed. {{(pid=76936) update_capabilities /opt/stack/data/venv/lib/python3.12/site-packages/glance_store/capabilities.py:91}}
Sep 03 13:25:42 devstack devstack@g-api.service[76936]: DEBUG glance_store.backend [-] Registering store http with schemes ('http', 'https') {{(pid=76936) create_stores /opt/stack/data/venv/lib/python3.12/site-packages/glance_store/backend.py:261}}
Sep 03 13:25:42 devstack devstack@g-api.service[76937]: DEBUG glance_store.backend [-] Attempting to import store file {{(pid=76937) _load_store /opt/stack/data/venv/lib/python3.12/site-packages/glance_store/backend.py:215}}
Sep 03 13:25:42 devstack devstack@g-api.service[76936]: DEBUG glance_store.driver [-] Late loading location class glance_store._drivers.http.StoreLocation {{(pid=76936) get_store_location_class /opt/stack/data/venv/lib/python3.12/site-packages/glance_store/driver.py:134}}
Sep 03 13:25:42 devstack devstack@g-api.service[76937]: DEBUG glance_store.backend [-] Attempting to import store glance.store.cinder.Store {{(pid=76937) _load_store /opt/stack/data/venv/lib/python3.12/site-packages/glance_store/backend.py:215}}
Sep 03 13:25:42 devstack devstack@g-api.service[76936]: DEBUG glance_store.location [-] Registering scheme http with {'store': , 'location_class': , 'store_entry': 'http'} {{(pid=76936) register_scheme_map /opt/stack/data/venv/lib/python3.12/site-packages/glance_store/location.py:146}}
Sep 03 13:25:42 devstack devstack@g-api.service[76937]: DEBUG glance_store.backend [-] Attempting to import store glance.store.filesystem.Store {{(pid=76937) _load_store /opt/stack/data/venv/lib/python3.12/site-packages/glance_store/backend.py:215}}
Sep 03 13:25:42 devstack devstack@g-api.service[76936]: DEBUG glance_store.location [-] Registering scheme https with {'store': , 'location_class': , 'store_entry': 'http'} {{(pid=76936) register_scheme_map /opt/stack/data/venv/lib/python3.12/site-packages/glance_store/location.py:146}}
Sep 03 13:25:42 devstack devstack@g-api.service[76937]: DEBUG glance_store.backend [-] Attempting to import store glance.store.http.Store {{(pid=76937) _load_store /opt/stack/data/venv/lib/python3.12/site-packages/glance_store/backend.py:215}}
Sep 03 13:25:42 devstack devstack@g-api.service[76937]: DEBUG glance_store.backend [-] Attempting to import store glance.store.rbd.Store {{(pid=76937) _load_store /opt/stack/data/venv/lib/python3.12/site-packages/glance_store/backend.py:215}}
Sep 03 13:25:42 devstack devstack@g-api.service[76936]: DEBUG glance.sqlite_migration [-] SQLite caching database not located, skipping migration {{(pid=76936) get_db_path /opt/stack/glance/glance/sqlite_migration.py:68}}
Sep 03 13:25:42 devstack devstack@g-api.service[76937]: DEBUG glance_store.backend [-] Attempting to import store glance.store.s3.Store {{(pid=76937) _load_store /opt/stack/data/venv/lib/python3.12/site-packages/glance_store/backend.py:215}}
Sep 03 13:25:42 devstack devstack@g-api.service[76937]: DEBUG glance_store.backend [-] Attempting to import store glance.store.swift.Store {{(pid=76937) _load_store /opt/stack/data/venv/lib/python3.12/site-packages/glance_store/backend.py:215}}
Sep 03 13:25:42 devstack devstack@g-api.service[76937]: DEBUG glance_store.backend [-] Attempting to import store glance.store.vmware_datastore.Store {{(pid=76937) _load_store /opt/stack/data/venv/lib/python3.12/site-packages/glance_store/backend.py:215}}
Sep 03 13:25:42 devstack devstack@g-api.service[76936]: WARNING glance.common.wsgi_app [-] Import methods are enabled but staging directory /tmp/staging/ does not exist; Imports will fail!
Sep 03 13:25:42 devstack devstack@g-api.service[76937]: DEBUG glance_store.backend [-] Attempting to import store http {{(pid=76937) _load_store /opt/stack/data/venv/lib/python3.12/site-packages/glance_store/backend.py:215}}
Sep 03 13:25:42 devstack devstack@g-api.service[76937]: DEBUG glance_store.backend [-] Attempting to import store no_conf {{(pid=76937) _load_store /opt/stack/data/venv/lib/python3.12/site-packages/glance_store/backend.py:215}}
Sep 03 13:25:42 devstack devstack@g-api.service[76937]: DEBUG glance_store.backend [-] Attempting to import store rbd {{(pid=76937) _load_store /opt/stack/data/venv/lib/python3.12/site-packages/glance_store/backend.py:215}}
Sep 03 13:25:42 devstack devstack@g-api.service[76937]: DEBUG glance_store.backend [-] Attempting to import store s3 {{(pid=76937) _load_store /opt/stack/data/venv/lib/python3.12/site-packages/glance_store/backend.py:215}}
Sep 03 13:25:42 devstack devstack@g-api.service[76937]: DEBUG glance_store.backend [-] Attempting to import store swift {{(pid=76937) _load_store /opt/stack/data/venv/lib/python3.12/site-packages/glance_store/backend.py:215}}
Sep 03 13:25:42 devstack devstack@g-api.service[76937]: DEBUG glance_store.backend [-] Attempting to import store vmware {{(pid=76937) _load_store /opt/stack/data/venv/lib/python3.12/site-packages/glance_store/backend.py:215}}
Sep 03 13:25:42 devstack devstack@g-api.service[76937]: DEBUG glance_store.backend [-] Registering options for group glance_store {{(pid=76937) register_opts /opt/stack/data/venv/lib/python3.12/site-packages/glance_store/backend.py:144}}
Sep 03 13:25:42 devstack devstack@g-api.service[76937]: DEBUG glance_store.backend [-] Registering options for group glance_store {{(pid=76937) register_opts /opt/stack/data/venv/lib/python3.12/site-packages/glance_store/backend.py:144}}
Sep 03 13:25:42 devstack devstack@g-api.service[76937]: DEBUG glance_store.backend [-] Attempting to import store file {{(pid=76937) _load_store /opt/stack/data/venv/lib/python3.12/site-packages/glance_store/backend.py:215}}
Sep 03 13:25:42 devstack devstack@g-api.service[76937]: DEBUG glance_store.capabilities [-] Store glance_store._drivers.filesystem.Store doesn't support updating dynamic storage capabilities. Please overwrite 'update_capabilities' method of the store to implement updating logics if needed. {{(pid=76937) update_capabilities /opt/stack/data/venv/lib/python3.12/site-packages/glance_store/capabilities.py:91}}
Sep 03 13:25:42 devstack devstack@g-api.service[76937]: DEBUG glance_store.backend [-] Registering store file with schemes ('file', 'filesystem') {{(pid=76937) create_stores /opt/stack/data/venv/lib/python3.12/site-packages/glance_store/backend.py:261}}
Sep 03 13:25:42 devstack devstack@g-api.service[76937]: DEBUG glance_store.driver [-] Late loading location class glance_store._drivers.filesystem.StoreLocation {{(pid=76937) get_store_location_class /opt/stack/data/venv/lib/python3.12/site-packages/glance_store/driver.py:134}}
Sep 03 13:25:42 devstack devstack@g-api.service[76937]: DEBUG glance_store.location [-] Registering scheme file with {'store': , 'location_class': , 'store_entry': 'file'} {{(pid=76937) register_scheme_map /opt/stack/data/venv/lib/python3.12/site-packages/glance_store/location.py:146}}
Sep 03 13:25:42 devstack devstack@g-api.service[76937]: DEBUG glance_store.location [-] Registering scheme filesystem with {'store': , 'location_class': , 'store_entry': 'file'} {{(pid=76937) register_scheme_map /opt/stack/data/venv/lib/python3.12/site-packages/glance_store/location.py:146}}
Sep 03 13:25:42 devstack devstack@g-api.service[76937]: DEBUG glance_store.backend [-] Attempting to import store http {{(pid=76937) _load_store /opt/stack/data/venv/lib/python3.12/site-packages/glance_store/backend.py:215}}
Sep 03 13:25:42 devstack devstack@g-api.service[76937]: DEBUG glance_store.capabilities [-] Store glance_store._drivers.http.Store doesn't support updating dynamic storage capabilities. Please overwrite 'update_capabilities' method of the store to implement updating logics if needed. {{(pid=76937) update_capabilities /opt/stack/data/venv/lib/python3.12/site-packages/glance_store/capabilities.py:91}}
Sep 03 13:25:42 devstack devstack@g-api.service[76937]: DEBUG glance_store.backend [-] Registering store http with schemes ('http', 'https') {{(pid=76937) create_stores /opt/stack/data/venv/lib/python3.12/site-packages/glance_store/backend.py:261}}
Sep 03 13:25:42 devstack devstack@g-api.service[76937]: DEBUG glance_store.driver [-] Late loading location class glance_store._drivers.http.StoreLocation {{(pid=76937) get_store_location_class /opt/stack/data/venv/lib/python3.12/site-packages/glance_store/driver.py:134}}
Sep 03 13:25:42 devstack devstack@g-api.service[76937]: DEBUG glance_store.location [-] Registering scheme http with {'store': , 'location_class': , 'store_entry': 'http'} {{(pid=76937) register_scheme_map /opt/stack/data/venv/lib/python3.12/site-packages/glance_store/location.py:146}}
Sep 03 13:25:42 devstack devstack@g-api.service[76937]: DEBUG glance_store.location [-] Registering scheme https with {'store': , 'location_class': , 'store_entry': 'http'} {{(pid=76937) register_scheme_map /opt/stack/data/venv/lib/python3.12/site-packages/glance_store/location.py:146}}
Sep 03 13:25:42 devstack devstack@g-api.service[76937]: DEBUG glance.sqlite_migration [-] SQLite caching database not located, skipping migration {{(pid=76937) get_db_path /opt/stack/glance/glance/sqlite_migration.py:68}}
Sep 03 13:25:42 devstack devstack@g-api.service[76937]: WARNING glance.common.wsgi_app [-] Import methods are enabled but staging directory /tmp/staging/ does not exist; Imports will fail!
Sep 03 13:25:42 devstack devstack@g-api.service[76937]: DEBUG glance.common.config [None req-18ffd140-d459-4511-a2c2-3f269d3c39a7 None None] Loading glance-api-keystone+cachemanagement from /etc/glance/glance-api-paste.ini {{(pid=76937) load_paste_app /opt/stack/glance/glance/common/config.py:772}}
Sep 03 13:25:42 devstack devstack@g-api.service[76936]: DEBUG glance.common.config [None req-52d9210e-d7c5-4a21-919a-75f165c52ca8 None None] Loading glance-api-keystone+cachemanagement from /etc/glance/glance-api-paste.ini {{(pid=76936) load_paste_app /opt/stack/glance/glance/common/config.py:772}}
Sep 03 13:25:43 devstack devstack@g-api.service[76936]: INFO glance.image_cache [None req-52d9210e-d7c5-4a21-919a-75f165c52ca8 None None] Image cache loaded driver 'centralized_db'.
Sep 03 13:25:43 devstack devstack@g-api.service[76937]: INFO glance.image_cache [None req-18ffd140-d459-4511-a2c2-3f269d3c39a7 None None] Image cache loaded driver 'centralized_db'.
Sep 03 13:25:43 devstack devstack@g-api.service[76936]: INFO dbcounter [None req-52d9210e-d7c5-4a21-919a-75f165c52ca8 None None] Registered counter for database glance
Sep 03 13:25:44 devstack devstack@g-api.service[76937]: INFO dbcounter [None req-18ffd140-d459-4511-a2c2-3f269d3c39a7 None None] Registered counter for database glance
Sep 03 13:25:44 devstack devstack@g-api.service[76936]: DEBUG oslo_db.sqlalchemy.engines [None req-52d9210e-d7c5-4a21-919a-75f165c52ca8 None None] MySQL server mode set to STRICT_TRANS_TABLES,STRICT_ALL_TABLES,NO_ZERO_IN_DATE,NO_ZERO_DATE,ERROR_FOR_DIVISION_BY_ZERO,TRADITIONAL,NO_ENGINE_SUBSTITUTION {{(pid=76936) _check_effective_sql_mode /opt/stack/data/venv/lib/python3.12/site-packages/oslo_db/sqlalchemy/engines.py:325}}
Sep 03 13:25:44 devstack devstack@g-api.service[76937]: DEBUG oslo_db.sqlalchemy.engines [None req-18ffd140-d459-4511-a2c2-3f269d3c39a7 None None] MySQL server mode set to STRICT_TRANS_TABLES,STRICT_ALL_TABLES,NO_ZERO_IN_DATE,NO_ZERO_DATE,ERROR_FOR_DIVISION_BY_ZERO,TRADITIONAL,NO_ENGINE_SUBSTITUTION {{(pid=76937) _check_effective_sql_mode /opt/stack/data/venv/lib/python3.12/site-packages/oslo_db/sqlalchemy/engines.py:325}}
Sep 03 13:25:44 devstack devstack@g-api.service[76936]: DEBUG dbcounter [-] [76936] Writer thread running {{(pid=76936) stat_writer /opt/stack/data/venv/lib/python3.12/site-packages/dbcounter.py:102}}
Sep 03 13:25:44 devstack devstack@g-api.service[76937]: DEBUG dbcounter [-] [76937] Writer thread running {{(pid=76937) stat_writer /opt/stack/data/venv/lib/python3.12/site-packages/dbcounter.py:102}}
Sep 03 13:25:44 devstack devstack@g-api.service[76936]: DEBUG glance.image_cache.drivers.centralized_db [None req-52d9210e-d7c5-4a21-919a-75f165c52ca8 None None] Node reference is already recorded, ignoring it {{(pid=76936) configure /opt/stack/glance/glance/image_cache/drivers/centralized_db.py:71}}
Sep 03 13:25:44 devstack devstack@g-api.service[76937]: INFO glance.image_cache [None req-18ffd140-d459-4511-a2c2-3f269d3c39a7 None None] Image cache loaded driver 'centralized_db'.
Sep 03 13:25:44 devstack devstack@g-api.service[76936]: INFO glance.image_cache [None req-52d9210e-d7c5-4a21-919a-75f165c52ca8 None None] Image cache loaded driver 'centralized_db'.
Sep 03 13:25:44 devstack devstack@g-api.service[76937]: DEBUG glance.image_cache.drivers.centralized_db [None req-18ffd140-d459-4511-a2c2-3f269d3c39a7 None None] Node reference is already recorded, ignoring it {{(pid=76937) configure /opt/stack/glance/glance/image_cache/drivers/centralized_db.py:71}}
Sep 03 13:25:44 devstack devstack@g-api.service[76936]: DEBUG glance.image_cache.drivers.centralized_db [None req-52d9210e-d7c5-4a21-919a-75f165c52ca8 None None] Node reference is already recorded, ignoring it {{(pid=76936) configure /opt/stack/glance/glance/image_cache/drivers/centralized_db.py:71}}
Sep 03 13:25:44 devstack devstack@g-api.service[76937]: DEBUG glance.api.v2.cached_images [None req-18ffd140-d459-4511-a2c2-3f269d3c39a7 None None] Started cache worker thread {{(pid=76937) __init__ /opt/stack/glance/glance/api/v2/cached_images.py:71}}
Sep 03 13:25:44 devstack devstack@g-api.service[76937]: INFO glance.image_cache [None req-18ffd140-d459-4511-a2c2-3f269d3c39a7 None None] Image cache loaded driver 'centralized_db'.
Sep 03 13:25:44 devstack devstack@g-api.service[76936]: DEBUG glance.api.v2.cached_images [None req-52d9210e-d7c5-4a21-919a-75f165c52ca8 None None] Started cache worker thread {{(pid=76936) __init__ /opt/stack/glance/glance/api/v2/cached_images.py:71}}
Sep 03 13:25:44 devstack devstack@g-api.service[76936]: INFO glance.image_cache [None req-52d9210e-d7c5-4a21-919a-75f165c52ca8 None None] Image cache loaded driver 'centralized_db'.
Sep 03 13:25:44 devstack devstack@g-api.service[76937]: DEBUG glance.image_cache.drivers.centralized_db [None req-18ffd140-d459-4511-a2c2-3f269d3c39a7 None None] Node reference is already recorded, ignoring it {{(pid=76937) configure /opt/stack/glance/glance/image_cache/drivers/centralized_db.py:71}}
Sep 03 13:25:44 devstack devstack@g-api.service[76937]: INFO glance.api.middleware.cache_manage [None req-18ffd140-d459-4511-a2c2-3f269d3c39a7 None None] Initialized image cache management middleware
Sep 03 13:25:44 devstack devstack@g-api.service[76937]: INFO glance.image_cache [None req-18ffd140-d459-4511-a2c2-3f269d3c39a7 None None] Image cache loaded driver 'centralized_db'.
Sep 03 13:25:44 devstack devstack@g-api.service[76937]: DEBUG glance.image_cache.drivers.centralized_db [None req-18ffd140-d459-4511-a2c2-3f269d3c39a7 None None] Node reference is already recorded, ignoring it {{(pid=76937) configure /opt/stack/glance/glance/image_cache/drivers/centralized_db.py:71}}
Sep 03 13:25:44 devstack devstack@g-api.service[76936]: DEBUG glance.image_cache.drivers.centralized_db [None req-52d9210e-d7c5-4a21-919a-75f165c52ca8 None None] Node reference is already recorded, ignoring it {{(pid=76936) configure /opt/stack/glance/glance/image_cache/drivers/centralized_db.py:71}}
Sep 03 13:25:44 devstack devstack@g-api.service[76937]: INFO glance.api.middleware.cache [None req-18ffd140-d459-4511-a2c2-3f269d3c39a7 None None] Initialized image cache middleware
Sep 03 13:25:44 devstack devstack@g-api.service[76936]: INFO glance.api.middleware.cache_manage [None req-52d9210e-d7c5-4a21-919a-75f165c52ca8 None None] Initialized image cache management middleware
Sep 03 13:25:44 devstack devstack@g-api.service[76936]: INFO glance.image_cache [None req-52d9210e-d7c5-4a21-919a-75f165c52ca8 None None] Image cache loaded driver 'centralized_db'.
Sep 03 13:25:44 devstack devstack@g-api.service[76937]: DEBUG glance.common.config [None req-18ffd140-d459-4511-a2c2-3f269d3c39a7 None None] ******************************************************************************** {{(pid=76937) log_opt_values /opt/stack/data/venv/lib/python3.12/site-packages/oslo_config/cfg.py:3533}}
Sep 03 13:25:44 devstack devstack@g-api.service[76937]: DEBUG glance.common.config [None req-18ffd140-d459-4511-a2c2-3f269d3c39a7 None None] Configuration options gathered from: {{(pid=76937) log_opt_values /opt/stack/data/venv/lib/python3.12/site-packages/oslo_config/cfg.py:3534}}
Sep 03 13:25:44 devstack devstack@g-api.service[76937]: DEBUG glance.common.config [None req-18ffd140-d459-4511-a2c2-3f269d3c39a7 None None] command line args: [] {{(pid=76937) log_opt_values /opt/stack/data/venv/lib/python3.12/site-packages/oslo_config/cfg.py:3535}}
Sep 03 13:25:44 devstack devstack@g-api.service[76937]: DEBUG glance.common.config [None req-18ffd140-d459-4511-a2c2-3f269d3c39a7 None None] config files: ['/etc/glance/glance-image-import.conf', '/etc/glance/glance-api.conf'] {{(pid=76937) log_opt_values /opt/stack/data/venv/lib/python3.12/site-packages/oslo_config/cfg.py:3536}}
Sep 03 13:25:44 devstack devstack@g-api.service[76937]: DEBUG glance.common.config [None req-18ffd140-d459-4511-a2c2-3f269d3c39a7 None None] ================================================================================ {{(pid=76937) log_opt_values /opt/stack/data/venv/lib/python3.12/site-packages/oslo_config/cfg.py:3541}}
Sep 03 13:25:44 devstack devstack@g-api.service[76937]: DEBUG glance.common.config [None req-18ffd140-d459-4511-a2c2-3f269d3c39a7 None None] allow_anonymous_access = False {{(pid=76937) log_opt_values /opt/stack/data/venv/lib/python3.12/site-packages/oslo_config/cfg.py:3549}}
Sep 03 13:25:44 devstack devstack@g-api.service[76937]: DEBUG glance.common.config [None req-18ffd140-d459-4511-a2c2-3f269d3c39a7 None None] api_limit_max = 1000 {{(pid=76937) log_opt_values /opt/stack/data/venv/lib/python3.12/site-packages/oslo_config/cfg.py:3549}}
Sep 03 13:25:44 devstack devstack@g-api.service[76937]: DEBUG glance.common.config [None req-18ffd140-d459-4511-a2c2-3f269d3c39a7 None None] config_dir = [] {{(pid=76937) log_opt_values /opt/stack/data/venv/lib/python3.12/site-packages/oslo_config/cfg.py:3549}}
Sep 03 13:25:44 devstack devstack@g-api.service[76937]: DEBUG glance.common.config [None req-18ffd140-d459-4511-a2c2-3f269d3c39a7 None None] config_file = ['/etc/glance/glance-image-import.conf', '/etc/glance/glance-api.conf'] {{(pid=76937) log_opt_values /opt/stack/data/venv/lib/python3.12/site-packages/oslo_config/cfg.py:3549}}
Sep 03 13:25:44 devstack devstack@g-api.service[76937]: DEBUG glance.common.config [None req-18ffd140-d459-4511-a2c2-3f269d3c39a7 None None] config_source = [] {{(pid=76937) log_opt_values /opt/stack/data/venv/lib/python3.12/site-packages/oslo_config/cfg.py:3549}}
Sep 03 13:25:44 devstack devstack@g-api.service[76936]: DEBUG glance.image_cache.drivers.centralized_db [None req-52d9210e-d7c5-4a21-919a-75f165c52ca8 None None] Node reference is already recorded, ignoring it {{(pid=76936) configure /opt/stack/glance/glance/image_cache/drivers/centralized_db.py:71}}
Sep 03 13:25:44 devstack devstack@g-api.service[76937]: DEBUG glance.common.config [None req-18ffd140-d459-4511-a2c2-3f269d3c39a7 None None] control_exchange = glance {{(pid=76937) log_opt_values /opt/stack/data/venv/lib/python3.12/site-packages/oslo_config/cfg.py:3549}}
Sep 03 13:25:44 devstack devstack@g-api.service[76937]: DEBUG glance.common.config [None req-18ffd140-d459-4511-a2c2-3f269d3c39a7 None None] debug = True {{(pid=76937) log_opt_values /opt/stack/data/venv/lib/python3.12/site-packages/oslo_config/cfg.py:3549}}
Sep 03 13:25:44 devstack devstack@g-api.service[76937]: DEBUG glance.common.config [None req-18ffd140-d459-4511-a2c2-3f269d3c39a7 None None] default_log_levels = ['amqp=WARN', 'boto=WARN', 'sqlalchemy=WARN', 'suds=INFO', 'oslo.messaging=INFO', 'oslo_messaging=INFO', 'iso8601=WARN', 'requests.packages.urllib3.connectionpool=WARN', 'urllib3.connectionpool=WARN', 'websocket=WARN', 'requests.packages.urllib3.util.retry=WARN', 'urllib3.util.retry=WARN', 'keystonemiddleware=WARN', 'routes.middleware=WARN', 'stevedore=WARN', 'taskflow=WARN', 'keystoneauth=WARN', 'oslo.cache=INFO', 'oslo_policy=INFO', 'dogpile.core.dogpile=INFO'] {{(pid=76937) log_opt_values /opt/stack/data/venv/lib/python3.12/site-packages/oslo_config/cfg.py:3549}}
Sep 03 13:25:44 devstack devstack@g-api.service[76937]: DEBUG glance.common.config [None req-18ffd140-d459-4511-a2c2-3f269d3c39a7 None None] default_publisher_id = image.localhost {{(pid=76937) log_opt_values /opt/stack/data/venv/lib/python3.12/site-packages/oslo_config/cfg.py:3549}}
Sep 03 13:25:44 devstack devstack@g-api.service[76937]: DEBUG glance.common.config [None req-18ffd140-d459-4511-a2c2-3f269d3c39a7 None None] delayed_delete = False {{(pid=76937) log_opt_values /opt/stack/data/venv/lib/python3.12/site-packages/oslo_config/cfg.py:3549}}
Sep 03 13:25:44 devstack devstack@g-api.service[76937]: DEBUG glance.common.config [None req-18ffd140-d459-4511-a2c2-3f269d3c39a7 None None] digest_algorithm = sha256 {{(pid=76937) log_opt_values /opt/stack/data/venv/lib/python3.12/site-packages/oslo_config/cfg.py:3549}}
Sep 03 13:25:44 devstack devstack@g-api.service[76937]: DEBUG glance.common.config [None req-18ffd140-d459-4511-a2c2-3f269d3c39a7 None None] disabled_notifications = [] {{(pid=76937) log_opt_values /opt/stack/data/venv/lib/python3.12/site-packages/oslo_config/cfg.py:3549}}
Sep 03 13:25:44 devstack devstack@g-api.service[76937]: DEBUG glance.common.config [None req-18ffd140-d459-4511-a2c2-3f269d3c39a7 None None] do_secure_hash = True {{(pid=76937) log_opt_values /opt/stack/data/venv/lib/python3.12/site-packages/oslo_config/cfg.py:3549}}
Sep 03 13:25:44 devstack devstack@g-api.service[76937]: DEBUG glance.common.config [None req-18ffd140-d459-4511-a2c2-3f269d3c39a7 None None] enabled_backends = None {{(pid=76937) log_opt_values /opt/stack/data/venv/lib/python3.12/site-packages/oslo_config/cfg.py:3549}}
Sep 03 13:25:44 devstack devstack@g-api.service[76937]: DEBUG glance.common.config [None req-18ffd140-d459-4511-a2c2-3f269d3c39a7 None None] enabled_import_methods = ['glance-direct', 'web-download', 'copy-image'] {{(pid=76937) log_opt_values /opt/stack/data/venv/lib/python3.12/site-packages/oslo_config/cfg.py:3549}}
Sep 03 13:25:44 devstack devstack@g-api.service[76937]: DEBUG glance.common.config [None req-18ffd140-d459-4511-a2c2-3f269d3c39a7 None None] hashing_algorithm = sha512 {{(pid=76937) log_opt_values /opt/stack/data/venv/lib/python3.12/site-packages/oslo_config/cfg.py:3549}}
Sep 03 13:25:44 devstack devstack@g-api.service[76937]: DEBUG glance.common.config [None req-18ffd140-d459-4511-a2c2-3f269d3c39a7 None None] http_retries = 3 {{(pid=76937) log_opt_values /opt/stack/data/venv/lib/python3.12/site-packages/oslo_config/cfg.py:3549}}
Sep 03 13:25:44 devstack devstack@g-api.service[76937]: DEBUG glance.common.config [None req-18ffd140-d459-4511-a2c2-3f269d3c39a7 None None] image_cache_dir = /opt/stack/data/glance/cache/ {{(pid=76937) log_opt_values /opt/stack/data/venv/lib/python3.12/site-packages/oslo_config/cfg.py:3549}}
Sep 03 13:25:44 devstack devstack@g-api.service[76937]: DEBUG glance.common.config [None req-18ffd140-d459-4511-a2c2-3f269d3c39a7 None None] image_cache_driver = centralized_db {{(pid=76937) log_opt_values /opt/stack/data/venv/lib/python3.12/site-packages/oslo_config/cfg.py:3549}}
Sep 03 13:25:44 devstack devstack@g-api.service[76937]: DEBUG glance.common.config [None req-18ffd140-d459-4511-a2c2-3f269d3c39a7 None None] image_cache_max_size = 10737418240 {{(pid=76937) log_opt_values /opt/stack/data/venv/lib/python3.12/site-packages/oslo_config/cfg.py:3549}}
Sep 03 13:25:44 devstack devstack@g-api.service[76937]: DEBUG glance.common.config [None req-18ffd140-d459-4511-a2c2-3f269d3c39a7 None None] image_cache_sqlite_db = cache.db {{(pid=76937) log_opt_values /opt/stack/data/venv/lib/python3.12/site-packages/oslo_config/cfg.py:3549}}
Sep 03 13:25:44 devstack devstack@g-api.service[76937]: DEBUG glance.common.config [None req-18ffd140-d459-4511-a2c2-3f269d3c39a7 None None] image_cache_stall_time = 86400 {{(pid=76937) log_opt_values /opt/stack/data/venv/lib/python3.12/site-packages/oslo_config/cfg.py:3549}}
Sep 03 13:25:44 devstack devstack@g-api.service[76937]: DEBUG glance.common.config [None req-18ffd140-d459-4511-a2c2-3f269d3c39a7 None None] image_location_quota = 10 {{(pid=76937) log_opt_values /opt/stack/data/venv/lib/python3.12/site-packages/oslo_config/cfg.py:3549}}
Sep 03 13:25:44 devstack devstack@g-api.service[76936]: INFO glance.api.middleware.cache [None req-52d9210e-d7c5-4a21-919a-75f165c52ca8 None None] Initialized image cache middleware
Sep 03 13:25:44 devstack devstack@g-api.service[76937]: DEBUG glance.common.config [None req-18ffd140-d459-4511-a2c2-3f269d3c39a7 None None] image_member_quota = 128 {{(pid=76937) log_opt_values /opt/stack/data/venv/lib/python3.12/site-packages/oslo_config/cfg.py:3549}}
Sep 03 13:25:44 devstack devstack@g-api.service[76937]: DEBUG glance.common.config [None req-18ffd140-d459-4511-a2c2-3f269d3c39a7 None None] image_property_quota = 128 {{(pid=76937) log_opt_values /opt/stack/data/venv/lib/python3.12/site-packages/oslo_config/cfg.py:3549}}
Sep 03 13:25:44 devstack devstack@g-api.service[76937]: DEBUG glance.common.config [None req-18ffd140-d459-4511-a2c2-3f269d3c39a7 None None] image_size_cap = 1099511627776 {{(pid=76937) log_opt_values /opt/stack/data/venv/lib/python3.12/site-packages/oslo_config/cfg.py:3549}}
Sep 03 13:25:44 devstack devstack@g-api.service[76937]: DEBUG glance.common.config [None req-18ffd140-d459-4511-a2c2-3f269d3c39a7 None None] image_tag_quota = 128 {{(pid=76937) log_opt_values /opt/stack/data/venv/lib/python3.12/site-packages/oslo_config/cfg.py:3549}}
Sep 03 13:25:44 devstack devstack@g-api.service[76937]: DEBUG glance.common.config [None req-18ffd140-d459-4511-a2c2-3f269d3c39a7 None None] instance_format = [instance: %(uuid)s] {{(pid=76937) log_opt_values /opt/stack/data/venv/lib/python3.12/site-packages/oslo_config/cfg.py:3549}}
Sep 03 13:25:44 devstack devstack@g-api.service[76937]: DEBUG glance.common.config [None req-18ffd140-d459-4511-a2c2-3f269d3c39a7 None None] instance_uuid_format = [instance: %(uuid)s] {{(pid=76937) log_opt_values /opt/stack/data/venv/lib/python3.12/site-packages/oslo_config/cfg.py:3549}}
Sep 03 13:25:44 devstack devstack@g-api.service[76937]: DEBUG glance.common.config [None req-18ffd140-d459-4511-a2c2-3f269d3c39a7 None None] limit_param_default = 25 {{(pid=76937) log_opt_values /opt/stack/data/venv/lib/python3.12/site-packages/oslo_config/cfg.py:3549}}
Sep 03 13:25:44 devstack devstack@g-api.service[76937]: DEBUG glance.common.config [None req-18ffd140-d459-4511-a2c2-3f269d3c39a7 None None] log_color = False {{(pid=76937) log_opt_values /opt/stack/data/venv/lib/python3.12/site-packages/oslo_config/cfg.py:3549}}
Sep 03 13:25:44 devstack devstack@g-api.service[76937]: DEBUG glance.common.config [None req-18ffd140-d459-4511-a2c2-3f269d3c39a7 None None] log_config_append = None {{(pid=76937) log_opt_values /opt/stack/data/venv/lib/python3.12/site-packages/oslo_config/cfg.py:3549}}
Sep 03 13:25:44 devstack devstack@g-api.service[76937]: DEBUG glance.common.config [None req-18ffd140-d459-4511-a2c2-3f269d3c39a7 None None] log_date_format = %Y-%m-%d %H:%M:%S {{(pid=76937) log_opt_values /opt/stack/data/venv/lib/python3.12/site-packages/oslo_config/cfg.py:3549}}
Sep 03 13:25:44 devstack devstack@g-api.service[76937]: DEBUG glance.common.config [None req-18ffd140-d459-4511-a2c2-3f269d3c39a7 None None] log_dir = None {{(pid=76937) log_opt_values /opt/stack/data/venv/lib/python3.12/site-packages/oslo_config/cfg.py:3549}}
Sep 03 13:25:44 devstack devstack@g-api.service[76937]: DEBUG glance.common.config [None req-18ffd140-d459-4511-a2c2-3f269d3c39a7 None None] log_file = None {{(pid=76937) log_opt_values /opt/stack/data/venv/lib/python3.12/site-packages/oslo_config/cfg.py:3549}}
Sep 03 13:25:44 devstack devstack@g-api.service[76937]: DEBUG glance.common.config [None req-18ffd140-d459-4511-a2c2-3f269d3c39a7 None None] log_rotate_interval = 1 {{(pid=76937) log_opt_values /opt/stack/data/venv/lib/python3.12/site-packages/oslo_config/cfg.py:3549}}
Sep 03 13:25:44 devstack devstack@g-api.service[76937]: DEBUG glance.common.config [None req-18ffd140-d459-4511-a2c2-3f269d3c39a7 None None] log_rotate_interval_type = days {{(pid=76937) log_opt_values /opt/stack/data/venv/lib/python3.12/site-packages/oslo_config/cfg.py:3549}}
Sep 03 13:25:44 devstack devstack@g-api.service[76937]: DEBUG glance.common.config [None req-18ffd140-d459-4511-a2c2-3f269d3c39a7 None None] log_rotation_type = none {{(pid=76937) log_opt_values /opt/stack/data/venv/lib/python3.12/site-packages/oslo_config/cfg.py:3549}}
Sep 03 13:25:44 devstack devstack@g-api.service[76937]: DEBUG glance.common.config [None req-18ffd140-d459-4511-a2c2-3f269d3c39a7 None None] logging_context_format_string = %(color)s%(levelname)s %(name)s [%(global_request_id)s %(request_id)s %(project_name)s %(user_name)s%(color)s] %(instance)s%(color)s%(message)s {{(pid=76937) log_opt_values /opt/stack/data/venv/lib/python3.12/site-packages/oslo_config/cfg.py:3549}}
Sep 03 13:25:44 devstack devstack@g-api.service[76937]: DEBUG glance.common.config [None req-18ffd140-d459-4511-a2c2-3f269d3c39a7 None None] logging_debug_format_suffix = {{(pid=%(process)d) %(funcName)s %(pathname)s:%(lineno)d}} {{(pid=76937) log_opt_values /opt/stack/data/venv/lib/python3.12/site-packages/oslo_config/cfg.py:3549}}
Sep 03 13:25:44 devstack devstack@g-api.service[76937]: DEBUG glance.common.config [None req-18ffd140-d459-4511-a2c2-3f269d3c39a7 None None] logging_default_format_string = %(color)s%(levelname)s %(name)s [-%(color)s] %(instance)s%(color)s%(message)s {{(pid=76937) log_opt_values /opt/stack/data/venv/lib/python3.12/site-packages/oslo_config/cfg.py:3549}}
Sep 03 13:25:44 devstack devstack@g-api.service[76937]: DEBUG glance.common.config [None req-18ffd140-d459-4511-a2c2-3f269d3c39a7 None None] logging_exception_prefix = ERROR %(name)s %(instance)s {{(pid=76937) log_opt_values /opt/stack/data/venv/lib/python3.12/site-packages/oslo_config/cfg.py:3549}}
Sep 03 13:25:44 devstack devstack@g-api.service[76937]: DEBUG glance.common.config [None req-18ffd140-d459-4511-a2c2-3f269d3c39a7 None None] logging_user_identity_format = %(user)s %(project)s %(domain)s %(system_scope)s %(user_domain)s %(project_domain)s {{(pid=76937) log_opt_values /opt/stack/data/venv/lib/python3.12/site-packages/oslo_config/cfg.py:3549}}
Sep 03 13:25:44 devstack devstack@g-api.service[76937]: DEBUG glance.common.config [None req-18ffd140-d459-4511-a2c2-3f269d3c39a7 None None] max_logfile_count = 30 {{(pid=76937) log_opt_values /opt/stack/data/venv/lib/python3.12/site-packages/oslo_config/cfg.py:3549}}
Sep 03 13:25:44 devstack devstack@g-api.service[76937]: DEBUG glance.common.config [None req-18ffd140-d459-4511-a2c2-3f269d3c39a7 None None] max_logfile_size_mb = 200 {{(pid=76937) log_opt_values /opt/stack/data/venv/lib/python3.12/site-packages/oslo_config/cfg.py:3549}}
Sep 03 13:25:44 devstack devstack@g-api.service[76937]: DEBUG glance.common.config [None req-18ffd140-d459-4511-a2c2-3f269d3c39a7 None None] max_request_id_length = 64 {{(pid=76937) log_opt_values /opt/stack/data/venv/lib/python3.12/site-packages/oslo_config/cfg.py:3549}}
Sep 03 13:25:44 devstack devstack@g-api.service[76937]: DEBUG glance.common.config [None req-18ffd140-d459-4511-a2c2-3f269d3c39a7 None None] metadata_encryption_key = **** {{(pid=76937) log_opt_values /opt/stack/data/venv/lib/python3.12/site-packages/oslo_config/cfg.py:3549}}
Sep 03 13:25:44 devstack devstack@g-api.service[76937]: DEBUG glance.common.config [None req-18ffd140-d459-4511-a2c2-3f269d3c39a7 None None] node_staging_uri = file:///tmp/staging/ {{(pid=76937) log_opt_values /opt/stack/data/venv/lib/python3.12/site-packages/oslo_config/cfg.py:3549}}
Sep 03 13:25:44 devstack devstack@g-api.service[76937]: DEBUG glance.common.config [None req-18ffd140-d459-4511-a2c2-3f269d3c39a7 None None] property_protection_file = None {{(pid=76937) log_opt_values /opt/stack/data/venv/lib/python3.12/site-packages/oslo_config/cfg.py:3549}}
Sep 03 13:25:44 devstack devstack@g-api.service[76937]: DEBUG glance.common.config [None req-18ffd140-d459-4511-a2c2-3f269d3c39a7 None None] property_protection_rule_format = roles {{(pid=76937) log_opt_values /opt/stack/data/venv/lib/python3.12/site-packages/oslo_config/cfg.py:3549}}
Sep 03 13:25:44 devstack devstack@g-api.service[76937]: DEBUG glance.common.config [None req-18ffd140-d459-4511-a2c2-3f269d3c39a7 None None] public_endpoint = http://192.168.122.181/image {{(pid=76937) log_opt_values /opt/stack/data/venv/lib/python3.12/site-packages/oslo_config/cfg.py:3549}}
Sep 03 13:25:44 devstack devstack@g-api.service[76937]: DEBUG glance.common.config [None req-18ffd140-d459-4511-a2c2-3f269d3c39a7 None None] publish_errors = False {{(pid=76937) log_opt_values /opt/stack/data/venv/lib/python3.12/site-packages/oslo_config/cfg.py:3549}}
Sep 03 13:25:44 devstack devstack@g-api.service[76937]: DEBUG glance.common.config [None req-18ffd140-d459-4511-a2c2-3f269d3c39a7 None None] pydev_worker_debug_host = None {{(pid=76937) log_opt_values /opt/stack/data/venv/lib/python3.12/site-packages/oslo_config/cfg.py:3549}}
Sep 03 13:25:44 devstack devstack@g-api.service[76937]: DEBUG glance.common.config [None req-18ffd140-d459-4511-a2c2-3f269d3c39a7 None None] pydev_worker_debug_port = 5678 {{(pid=76937) log_opt_values /opt/stack/data/venv/lib/python3.12/site-packages/oslo_config/cfg.py:3549}}
Sep 03 13:25:44 devstack devstack@g-api.service[76937]: DEBUG glance.common.config [None req-18ffd140-d459-4511-a2c2-3f269d3c39a7 None None] rate_limit_burst = 0 {{(pid=76937) log_opt_values /opt/stack/data/venv/lib/python3.12/site-packages/oslo_config/cfg.py:3549}}
Sep 03 13:25:44 devstack devstack@g-api.service[76937]: DEBUG glance.common.config [None req-18ffd140-d459-4511-a2c2-3f269d3c39a7 None None] rate_limit_except_level = CRITICAL {{(pid=76937) log_opt_values /opt/stack/data/venv/lib/python3.12/site-packages/oslo_config/cfg.py:3549}}
Sep 03 13:25:44 devstack devstack@g-api.service[76937]: DEBUG glance.common.config [None req-18ffd140-d459-4511-a2c2-3f269d3c39a7 None None] rate_limit_interval = 0 {{(pid=76937) log_opt_values /opt/stack/data/venv/lib/python3.12/site-packages/oslo_config/cfg.py:3549}}
Sep 03 13:25:44 devstack devstack@g-api.service[76937]: DEBUG glance.common.config [None req-18ffd140-d459-4511-a2c2-3f269d3c39a7 None None] scrub_pool_size = 1 {{(pid=76937) log_opt_values /opt/stack/data/venv/lib/python3.12/site-packages/oslo_config/cfg.py:3549}}
Sep 03 13:25:44 devstack devstack@g-api.service[76937]: DEBUG glance.common.config [None req-18ffd140-d459-4511-a2c2-3f269d3c39a7 None None] scrub_time = 0 {{(pid=76937) log_opt_values /opt/stack/data/venv/lib/python3.12/site-packages/oslo_config/cfg.py:3549}}
Sep 03 13:25:44 devstack devstack@g-api.service[76937]: DEBUG glance.common.config [None req-18ffd140-d459-4511-a2c2-3f269d3c39a7 None None] shell_completion = None {{(pid=76937) log_opt_values /opt/stack/data/venv/lib/python3.12/site-packages/oslo_config/cfg.py:3549}}
Sep 03 13:25:44 devstack devstack@g-api.service[76937]: DEBUG glance.common.config [None req-18ffd140-d459-4511-a2c2-3f269d3c39a7 None None] show_image_direct_url = False {{(pid=76937) log_opt_values /opt/stack/data/venv/lib/python3.12/site-packages/oslo_config/cfg.py:3549}}
Sep 03 13:25:44 devstack devstack@g-api.service[76937]: WARNING oslo_config.cfg [None req-18ffd140-d459-4511-a2c2-3f269d3c39a7 None None] Deprecated: Option "show_multiple_locations" from group "DEFAULT" is deprecated for removal (Use of this option, deprecated since Newton, is a security risk and will be removed once we figure out a way to satisfy those use cases that currently require it. An earlier announcement that the same functionality can be achieved with greater granularity by using policies is incorrect. You cannot work around this option via policy configuration at the present time, though that is the direction we believe the fix will take. Please keep an eye on the Glance release notes to stay up to date on progress in addressing this issue.). Its value may be silently ignored in the future.
Sep 03 13:25:44 devstack devstack@g-api.service[76937]: DEBUG glance.common.config [None req-18ffd140-d459-4511-a2c2-3f269d3c39a7 None None] show_multiple_locations = False {{(pid=76937) log_opt_values /opt/stack/data/venv/lib/python3.12/site-packages/oslo_config/cfg.py:3549}}
Sep 03 13:25:44 devstack devstack@g-api.service[76937]: DEBUG glance.common.config [None req-18ffd140-d459-4511-a2c2-3f269d3c39a7 None None] syslog_log_facility = LOG_USER {{(pid=76937) log_opt_values /opt/stack/data/venv/lib/python3.12/site-packages/oslo_config/cfg.py:3549}}
Sep 03 13:25:44 devstack devstack@g-api.service[76937]: DEBUG glance.common.config [None req-18ffd140-d459-4511-a2c2-3f269d3c39a7 None None] transport_url = **** {{(pid=76937) log_opt_values /opt/stack/data/venv/lib/python3.12/site-packages/oslo_config/cfg.py:3549}}
