Jan 19 17:15:43 devstack devstack@n-api.service[61617]: DEBUG oslo_concurrency.lockutils [None req-173d3285-46ac-4885-b531-c6126b676a4b tempest-AttachSCSIVolumeTestJSON-894182840 tempest-AttachSCSIVolumeTestJSON-894182840-project-member] Lock "e70fb9c9-2580-4d71-b498-9963cd13c797" "released" by "nova.context.set_target_cell..get_or_set_cached_cell_and_set_connections" :: held 0.002s {{(pid=61617) inner /opt/stack/data/venv/lib/python3.10/site-packages/oslo_concurrency/lockutils.py:424}}
Jan 19 17:15:43 devstack devstack@n-api.service[61616]: WARNING neutronclient.v2_0.client [None req-1f8810ae-616b-472c-bc72-44c99411753f tempest-VolumesAssistedSnapshotsTest-120735977 tempest-VolumesAssistedSnapshotsTest-120735977-project-member] The python binding code in neutronclient is deprecated in favor of OpenstackSDK, please use that as this will be removed in a future release.
Jan 19 17:15:43 devstack devstack@n-api.service[61617]: WARNING neutronclient.v2_0.client [None req-173d3285-46ac-4885-b531-c6126b676a4b tempest-AttachSCSIVolumeTestJSON-894182840 tempest-AttachSCSIVolumeTestJSON-894182840-project-member] The python binding code in neutronclient is deprecated in favor of OpenstackSDK, please use that as this will be removed in a future release.
Jan 19 17:15:43 devstack devstack@n-api.service[61617]: INFO nova.api.openstack.requestlog [None req-173d3285-46ac-4885-b531-c6126b676a4b tempest-AttachSCSIVolumeTestJSON-894182840 tempest-AttachSCSIVolumeTestJSON-894182840-project-member] 192.168.122.199 "GET /compute/v2.1/servers/6512f4aa-2a11-4206-bcb6-c072976a5804/os-interface" status: 200 len: 283 microversion: 2.1 time: 0.245712
Jan 19 17:15:43 devstack devstack@n-api.service[61617]: [pid: 61617|app: 0|req: 50/97] 192.168.122.199 () {62 vars in 1376 bytes} [Mon Jan 19 17:15:43 2026] GET /compute/v2.1/servers/6512f4aa-2a11-4206-bcb6-c072976a5804/os-interface => generated 283 bytes in 247 msecs (HTTP/1.1 200) 9 headers in 357 bytes (1 switches on core 0)
Jan 19 17:15:43 devstack devstack@n-api.service[61616]: DEBUG nova.policy [None req-1f8810ae-616b-472c-bc72-44c99411753f tempest-VolumesAssistedSnapshotsTest-120735977 tempest-VolumesAssistedSnapshotsTest-120735977-project-member] Policy check for os_compute_api:os-extended-server-attributes failed with credentials {'is_admin': False, 'user_id': 'b593cabb8dd4423d99afbd17aa6cc084', 'user_domain_id': 'default', 'system_scope': None, 'domain_id': None, 'project_id': '0334bfa109414ac381724db6ee13c08d', 'project_domain_id': 'default', 'roles': ['member', 'reader'], 'is_admin_project': True, 'service_user_id': None, 'service_user_domain_id': None, 'service_project_id': None, 'service_project_domain_id': None, 'service_roles': []} {{(pid=61616) authorize /opt/stack/nova/nova/policy.py:192}}
Jan 19 17:15:43 devstack devstack@n-api.service[61616]: INFO nova.api.openstack.requestlog [None req-1f8810ae-616b-472c-bc72-44c99411753f tempest-VolumesAssistedSnapshotsTest-120735977 tempest-VolumesAssistedSnapshotsTest-120735977-project-member] 192.168.122.199 "GET /compute/v2.1/servers/df209a38-75c5-4ad0-908d-18b7ec93f021" status: 200 len: 1386 microversion: 2.1 time: 0.439309
Jan 19 17:15:43 devstack devstack@n-api.service[61616]: [pid: 61616|app: 0|req: 48/98] 192.168.122.199 () {62 vars in 1337 bytes} [Mon Jan 19 17:15:43 2026] GET /compute/v2.1/servers/df209a38-75c5-4ad0-908d-18b7ec93f021 => generated 1386 bytes in 441 msecs (HTTP/1.1 200) 9 headers in 358 bytes (1 switches on core 0)
Jan 19 17:15:43 devstack devstack@n-api.service[61617]: DEBUG nova.api.openstack.wsgi [req-0404f144-6a3b-46e9-891b-f05cad8e780d req-9a1e05df-8247-45a7-9d65-093a8da5e611 service nova] Action: 'create', calling method: >, body: {"events": [{"name": "network-changed", "server_uuid": "df209a38-75c5-4ad0-908d-18b7ec93f021", "tag": "3718afaa-13a2-45c6-8760-c868ca2cf668"}]} {{(pid=61617) _process_stack /opt/stack/nova/nova/api/openstack/wsgi.py:550}}
Jan 19 17:15:43 devstack devstack@n-api.service[61617]: DEBUG oslo_concurrency.lockutils [req-0404f144-6a3b-46e9-891b-f05cad8e780d req-9a1e05df-8247-45a7-9d65-093a8da5e611 service nova] Acquiring lock "e70fb9c9-2580-4d71-b498-9963cd13c797" by "nova.context.set_target_cell..get_or_set_cached_cell_and_set_connections" {{(pid=61617) inner /opt/stack/data/venv/lib/python3.10/site-packages/oslo_concurrency/lockutils.py:405}}
Jan 19 17:15:43 devstack devstack@n-api.service[61617]: DEBUG oslo_concurrency.lockutils [req-0404f144-6a3b-46e9-891b-f05cad8e780d req-9a1e05df-8247-45a7-9d65-093a8da5e611 service nova] Lock "e70fb9c9-2580-4d71-b498-9963cd13c797" acquired by "nova.context.set_target_cell..get_or_set_cached_cell_and_set_connections" :: waited 0.000s {{(pid=61617) inner /opt/stack/data/venv/lib/python3.10/site-packages/oslo_concurrency/lockutils.py:410}}
Jan 19 17:15:43 devstack devstack@n-api.service[61617]: DEBUG oslo_concurrency.lockutils [req-0404f144-6a3b-46e9-891b-f05cad8e780d req-9a1e05df-8247-45a7-9d65-093a8da5e611 service nova] Lock "e70fb9c9-2580-4d71-b498-9963cd13c797" "released" by "nova.context.set_target_cell..get_or_set_cached_cell_and_set_connections" :: held 0.007s {{(pid=61617) inner /opt/stack/data/venv/lib/python3.10/site-packages/oslo_concurrency/lockutils.py:424}}
Jan 19 17:15:44 devstack devstack@n-api.service[61617]: INFO nova.api.openstack.compute.server_external_events [req-0404f144-6a3b-46e9-891b-f05cad8e780d req-9a1e05df-8247-45a7-9d65-093a8da5e611 service nova] Creating event network-changed:3718afaa-13a2-45c6-8760-c868ca2cf668 for instance df209a38-75c5-4ad0-908d-18b7ec93f021 on devstack
Jan 19 17:15:44 devstack devstack@n-api.service[61617]: INFO nova.api.openstack.requestlog [req-0404f144-6a3b-46e9-891b-f05cad8e780d req-9a1e05df-8247-45a7-9d65-093a8da5e611 service nova] 192.168.122.199 "POST /compute/v2.1/os-server-external-events" status: 200 len: 179 microversion: 2.1 time: 0.103837
Jan 19 17:15:44 devstack devstack@n-api.service[61617]: [pid: 61617|app: 0|req: 51/99] 192.168.122.199 () {68 vars in 1418 bytes} [Mon Jan 19 17:15:43 2026] POST /compute/v2.1/os-server-external-events => generated 179 bytes in 107 msecs (HTTP/1.1 200) 9 headers in 357 bytes (1 switches on core 0)
Jan 19 17:15:44 devstack devstack@n-api.service[61616]: DEBUG nova.api.openstack.wsgi [None req-48de54c4-bf25-4451-98ac-acca484b2d82 tempest-ServerActionsV293TestJSON-1424290692 tempest-ServerActionsV293TestJSON-1424290692-project-member] Action: 'create', calling method: >, body: {"server": {"name": "tempest-ServerActionsV293TestJSON-server-852670485", "imageRef": "", "flavorRef": "42", "adminPass": "***", "networks": [{"uuid": "f213489f-0e91-466b-b76d-87f3a2bb0d4d"}], "security_groups": [{"name": "tempest-securitygroup--1095859039"}], "key_name": "tempest-keypair-996024095", "user_data": "IyEvYmluL3NoCmVjaG8gIlByaW50aW5nIGNpcnJvcyB1c2VyIGF1dGhvcml6ZWQga2V5cyIKY2F0IH5jaXJyb3MvLnNzaC9hdXRob3JpemVkX2tleXMgfHwgdHJ1ZQo=", "block_device_mapping_v2": [{"uuid": "d67a85c4-e1db-4bb8-9b6b-976513c41f09", "source_type": "volume", "destination_type": "volume", "boot_index": 0, ": true}]}} {{(pid=61616) _process_stack /opt/stack/nova/nova/api/openstack/wsgi.py:550}}
Jan 19 17:15:44 devstack devstack@n-api.service[61617]: DEBUG nova.api.openstack.wsgi [None req-b21d4896-a6e4-4598-8435-17e5b1d308d3 tempest-VolumesAssistedSnapshotsTest-120735977 tempest-VolumesAssistedSnapshotsTest-120735977-project-member] Calling method '>' {{(pid=61617) _process_stack /opt/stack/nova/nova/api/openstack/wsgi.py:552}}
Jan 19 17:15:44 devstack devstack@n-api.service[61617]: DEBUG nova.compute.api [None req-b21d4896-a6e4-4598-8435-17e5b1d308d3 tempest-VolumesAssistedSnapshotsTest-120735977 tempest-VolumesAssistedSnapshotsTest-120735977-project-member] [instance: df209a38-75c5-4ad0-908d-18b7ec93f021] Fetching instance by UUID {{(pid=61617) get /opt/stack/nova/nova/compute/api.py:3017}}
Jan 19 17:15:44 devstack devstack@n-api.service[61617]: DEBUG oslo_concurrency.lockutils [None req-b21d4896-a6e4-4598-8435-17e5b1d308d3 tempest-VolumesAssistedSnapshotsTest-120735977 tempest-VolumesAssistedSnapshotsTest-120735977-project-member] Acquiring lock "e70fb9c9-2580-4d71-b498-9963cd13c797" by "nova.context.set_target_cell..get_or_set_cached_cell_and_set_connections" {{(pid=61617) inner /opt/stack/data/venv/lib/python3.10/site-packages/oslo_concurrency/lockutils.py:405}}
Jan 19 17:15:44 devstack devstack@n-api.service[61617]: DEBUG oslo_concurrency.lockutils [None req-b21d4896-a6e4-4598-8435-17e5b1d308d3 tempest-VolumesAssistedSnapshotsTest-120735977 tempest-VolumesAssistedSnapshotsTest-120735977-project-member] Lock "e70fb9c9-2580-4d71-b498-9963cd13c797" acquired by "nova.context.set_target_cell..get_or_set_cached_cell_and_set_connections" :: waited 0.000s {{(pid=61617) inner /opt/stack/data/venv/lib/python3.10/site-packages/oslo_concurrency/lockutils.py:410}}
Jan 19 17:15:44 devstack devstack@n-api.service[61617]: DEBUG oslo_concurrency.lockutils [None req-b21d4896-a6e4-4598-8435-17e5b1d308d3 tempest-VolumesAssistedSnapshotsTest-120735977 tempest-VolumesAssistedSnapshotsTest-120735977-project-member] Lock "e70fb9c9-2580-4d71-b498-9963cd13c797" "released" by "nova.context.set_target_cell..get_or_set_cached_cell_and_set_connections" :: held 0.002s {{(pid=61617) inner /opt/stack/data/venv/lib/python3.10/site-packages/oslo_concurrency/lockutils.py:424}}
Jan 19 17:15:44 devstack devstack@n-api.service[61617]: DEBUG oslo_concurrency.lockutils [None req-b21d4896-a6e4-4598-8435-17e5b1d308d3 tempest-VolumesAssistedSnapshotsTest-120735977 tempest-VolumesAssistedSnapshotsTest-120735977-project-member] Acquiring lock "e70fb9c9-2580-4d71-b498-9963cd13c797" by "nova.context.set_target_cell..get_or_set_cached_cell_and_set_connections" {{(pid=61617) inner /opt/stack/data/venv/lib/python3.10/site-packages/oslo_concurrency/lockutils.py:405}}
Jan 19 17:15:44 devstack devstack@n-api.service[61617]: DEBUG oslo_concurrency.lockutils [None req-b21d4896-a6e4-4598-8435-17e5b1d308d3 tempest-VolumesAssistedSnapshotsTest-120735977 tempest-VolumesAssistedSnapshotsTest-120735977-project-member] Lock "e70fb9c9-2580-4d71-b498-9963cd13c797" acquired by "nova.context.set_target_cell..get_or_set_cached_cell_and_set_connections" :: waited 0.001s {{(pid=61617) inner /opt/stack/data/venv/lib/python3.10/site-packages/oslo_concurrency/lockutils.py:410}}
Jan 19 17:15:44 devstack devstack@n-api.service[61617]: DEBUG oslo_concurrency.lockutils [None req-b21d4896-a6e4-4598-8435-17e5b1d308d3 tempest-VolumesAssistedSnapshotsTest-120735977 tempest-VolumesAssistedSnapshotsTest-120735977-project-member] Lock "e70fb9c9-2580-4d71-b498-9963cd13c797" "released" by "nova.context.set_target_cell..get_or_set_cached_cell_and_set_connections" :: held 0.000s {{(pid=61617) inner /opt/stack/data/venv/lib/python3.10/site-packages/oslo_concurrency/lockutils.py:424}}
Jan 19 17:15:44 devstack devstack@n-api.service[61617]: WARNING neutronclient.v2_0.client [None req-b21d4896-a6e4-4598-8435-17e5b1d308d3 tempest-VolumesAssistedSnapshotsTest-120735977 tempest-VolumesAssistedSnapshotsTest-120735977-project-member] The python binding code in neutronclient is deprecated in favor of OpenstackSDK, please use that as this will be removed in a future release.
Jan 19 17:15:44 devstack devstack@n-api.service[61616]: DEBUG oslo_concurrency.lockutils [None req-48de54c4-bf25-4451-98ac-acca484b2d82 tempest-ServerActionsV293TestJSON-1424290692 tempest-ServerActionsV293TestJSON-1424290692-project-member] Acquiring lock "00000000-0000-0000-0000-000000000000" by "nova.context.set_target_cell..get_or_set_cached_cell_and_set_connections" {{(pid=61616) inner /opt/stack/data/venv/lib/python3.10/site-packages/oslo_concurrency/lockutils.py:405}}
Jan 19 17:15:44 devstack devstack@n-api.service[61616]: DEBUG oslo_concurrency.lockutils [None req-48de54c4-bf25-4451-98ac-acca484b2d82 tempest-ServerActionsV293TestJSON-1424290692 tempest-ServerActionsV293TestJSON-1424290692-project-member] Lock "00000000-0000-0000-0000-000000000000" acquired by "nova.context.set_target_cell..get_or_set_cached_cell_and_set_connections" :: waited 0.001s {{(pid=61616) inner /opt/stack/data/venv/lib/python3.10/site-packages/oslo_concurrency/lockutils.py:410}}
Jan 19 17:15:44 devstack devstack@n-api.service[61616]: DEBUG oslo_concurrency.lockutils [None req-48de54c4-bf25-4451-98ac-acca484b2d82 tempest-ServerActionsV293TestJSON-1424290692 tempest-ServerActionsV293TestJSON-1424290692-project-member] Lock "00000000-0000-0000-0000-000000000000" "released" by "nova.context.set_target_cell..get_or_set_cached_cell_and_set_connections" :: held 0.001s {{(pid=61616) inner /opt/stack/data/venv/lib/python3.10/site-packages/oslo_concurrency/lockutils.py:424}}
Jan 19 17:15:44 devstack devstack@n-api.service[61616]: DEBUG oslo_concurrency.lockutils [None req-48de54c4-bf25-4451-98ac-acca484b2d82 tempest-ServerActionsV293TestJSON-1424290692 tempest-ServerActionsV293TestJSON-1424290692-project-member] Acquiring lock "e70fb9c9-2580-4d71-b498-9963cd13c797" by "nova.context.set_target_cell..get_or_set_cached_cell_and_set_connections" {{(pid=61616) inner /opt/stack/data/venv/lib/python3.10/site-packages/oslo_concurrency/lockutils.py:405}}
Jan 19 17:15:44 devstack devstack@n-api.service[61616]: DEBUG oslo_concurrency.lockutils [None req-48de54c4-bf25-4451-98ac-acca484b2d82 tempest-ServerActionsV293TestJSON-1424290692 tempest-ServerActionsV293TestJSON-1424290692-project-member] Lock "e70fb9c9-2580-4d71-b498-9963cd13c797" acquired by "nova.context.set_target_cell..get_or_set_cached_cell_and_set_connections" :: waited 0.002s {{(pid=61616) inner /opt/stack/data/venv/lib/python3.10/site-packages/oslo_concurrency/lockutils.py:410}}
Jan 19 17:15:44 devstack devstack@n-api.service[61616]: DEBUG oslo_concurrency.lockutils [None req-48de54c4-bf25-4451-98ac-acca484b2d82 tempest-ServerActionsV293TestJSON-1424290692 tempest-ServerActionsV293TestJSON-1424290692-project-member] Lock "e70fb9c9-2580-4d71-b498-9963cd13c797" "released" by "nova.context.set_target_cell..get_or_set_cached_cell_and_set_connections" :: held 0.001s {{(pid=61616) inner /opt/stack/data/venv/lib/python3.10/site-packages/oslo_concurrency/lockutils.py:424}}
Jan 19 17:15:44 devstack devstack@n-api.service[61616]: WARNING neutronclient.v2_0.client [None req-48de54c4-bf25-4451-98ac-acca484b2d82 tempest-ServerActionsV293TestJSON-1424290692 tempest-ServerActionsV293TestJSON-1424290692-project-member] The python binding code in neutronclient is deprecated in favor of OpenstackSDK, please use that as this will be removed in a future release.
Jan 19 17:15:44 devstack devstack@n-api.service[61616]: DEBUG nova.network.neutron [None req-48de54c4-bf25-4451-98ac-acca484b2d82 tempest-ServerActionsV293TestJSON-1424290692 tempest-ServerActionsV293TestJSON-1424290692-project-member] validate_networks() for [('f213489f-0e91-466b-b76d-87f3a2bb0d4d', None, None, None, None, None)] {{(pid=61616) validate_networks /opt/stack/nova/nova/network/neutron.py:2706}}
Jan 19 17:15:44 devstack devstack@n-api.service[61616]: WARNING neutronclient.v2_0.client [None req-48de54c4-bf25-4451-98ac-acca484b2d82 tempest-ServerActionsV293TestJSON-1424290692 tempest-ServerActionsV293TestJSON-1424290692-project-member] The python binding code in neutronclient is deprecated in favor of OpenstackSDK, please use that as this will be removed in a future release.
Jan 19 17:15:45 devstack devstack@n-api.service[61617]: DEBUG nova.policy [None req-b21d4896-a6e4-4598-8435-17e5b1d308d3 tempest-VolumesAssistedSnapshotsTest-120735977 tempest-VolumesAssistedSnapshotsTest-120735977-project-member] Policy check for os_compute_api:os-extended-server-attributes failed with credentials {'is_admin': False, 'user_id': 'b593cabb8dd4423d99afbd17aa6cc084', 'user_domain_id': 'default', 'system_scope': None, 'domain_id': None, 'project_id': '0334bfa109414ac381724db6ee13c08d', 'project_domain_id': 'default', 'roles': ['member', 'reader'], 'is_admin_project': True, 'service_user_id': None, 'service_user_domain_id': None, 'service_project_id': None, 'service_project_domain_id': None, 'service_roles': []} {{(pid=61617) authorize /opt/stack/nova/nova/policy.py:192}}
Jan 19 17:15:45 devstack devstack@n-api.service[61617]: INFO nova.api.openstack.requestlog [None req-b21d4896-a6e4-4598-8435-17e5b1d308d3 tempest-VolumesAssistedSnapshotsTest-120735977 tempest-VolumesAssistedSnapshotsTest-120735977-project-member] 192.168.122.199 "GET /compute/v2.1/servers/df209a38-75c5-4ad0-908d-18b7ec93f021" status: 200 len: 1386 microversion: 2.1 time: 0.523562
Jan 19 17:15:45 devstack devstack@n-api.service[61617]: [pid: 61617|app: 0|req: 52/100] 192.168.122.199 () {62 vars in 1337 bytes} [Mon Jan 19 17:15:44 2026] GET /compute/v2.1/servers/df209a38-75c5-4ad0-908d-18b7ec93f021 => generated 1386 bytes in 524 msecs (HTTP/1.1 200) 9 headers in 358 bytes (1 switches on core 0)
Jan 19 17:15:45 devstack devstack@n-api.service[61616]: WARNING neutronclient.v2_0.client [None req-48de54c4-bf25-4451-98ac-acca484b2d82 tempest-ServerActionsV293TestJSON-1424290692 tempest-ServerActionsV293TestJSON-1424290692-project-member] The python binding code in neutronclient is deprecated in favor of OpenstackSDK, please use that as this will be removed in a future release.
Jan 19 17:15:45 devstack devstack@n-api.service[61616]: DEBUG nova.virt.hardware [None req-48de54c4-bf25-4451-98ac-acca484b2d82 tempest-ServerActionsV293TestJSON-1424290692 tempest-ServerActionsV293TestJSON-1424290692-project-member] Flavor limits 0:0:0 {{(pid=61616) get_cpu_topology_constraints /opt/stack/nova/nova/virt/hardware.py:356}}
Jan 19 17:15:45 devstack devstack@n-api.service[61616]: DEBUG nova.virt.hardware [None req-48de54c4-bf25-4451-98ac-acca484b2d82 tempest-ServerActionsV293TestJSON-1424290692 tempest-ServerActionsV293TestJSON-1424290692-project-member] Image limits 0:0:0 {{(pid=61616) get_cpu_topology_constraints /opt/stack/nova/nova/virt/hardware.py:360}}
Jan 19 17:15:45 devstack devstack@n-api.service[61616]: DEBUG nova.virt.hardware [None req-48de54c4-bf25-4451-98ac-acca484b2d82 tempest-ServerActionsV293TestJSON-1424290692 tempest-ServerActionsV293TestJSON-1424290692-project-member] Flavor pref 0:0:0 {{(pid=61616) get_cpu_topology_constraints /opt/stack/nova/nova/virt/hardware.py:396}}
Jan 19 17:15:45 devstack devstack@n-api.service[61616]: DEBUG nova.virt.hardware [None req-48de54c4-bf25-4451-98ac-acca484b2d82 tempest-ServerActionsV293TestJSON-1424290692 tempest-ServerActionsV293TestJSON-1424290692-project-member] Image pref 0:0:0 {{(pid=61616) get_cpu_topology_constraints /opt/stack/nova/nova/virt/hardware.py:400}}
Jan 19 17:15:45 devstack devstack@n-api.service[61616]: DEBUG nova.virt.hardware [None req-48de54c4-bf25-4451-98ac-acca484b2d82 tempest-ServerActionsV293TestJSON-1424290692 tempest-ServerActionsV293TestJSON-1424290692-project-member] Chose sockets=0, cores=0, threads=0; limits were sockets=65536, cores=65536, threads=65536 {{(pid=61616) get_cpu_topology_constraints /opt/stack/nova/nova/virt/hardware.py:438}}
Jan 19 17:15:45 devstack devstack@n-api.service[61616]: DEBUG oslo_concurrency.lockutils [None req-48de54c4-bf25-4451-98ac-acca484b2d82 tempest-ServerActionsV293TestJSON-1424290692 tempest-ServerActionsV293TestJSON-1424290692-project-member] Acquiring lock "00000000-0000-0000-0000-000000000000" by "nova.context.set_target_cell..get_or_set_cached_cell_and_set_connections" {{(pid=61616) inner /opt/stack/data/venv/lib/python3.10/site-packages/oslo_concurrency/lockutils.py:405}}
Jan 19 17:15:45 devstack devstack@n-api.service[61616]: DEBUG oslo_concurrency.lockutils [None req-48de54c4-bf25-4451-98ac-acca484b2d82 tempest-ServerActionsV293TestJSON-1424290692 tempest-ServerActionsV293TestJSON-1424290692-project-member] Lock "00000000-0000-0000-0000-000000000000" acquired by "nova.context.set_target_cell..get_or_set_cached_cell_and_set_connections" :: waited 0.001s {{(pid=61616) inner /opt/stack/data/venv/lib/python3.10/site-packages/oslo_concurrency/lockutils.py:410}}
Jan 19 17:15:45 devstack devstack@n-api.service[61616]: DEBUG oslo_concurrency.lockutils [None req-48de54c4-bf25-4451-98ac-acca484b2d82 tempest-ServerActionsV293TestJSON-1424290692 tempest-ServerActionsV293TestJSON-1424290692-project-member] Lock "00000000-0000-0000-0000-000000000000" "released" by "nova.context.set_target_cell..get_or_set_cached_cell_and_set_connections" :: held 0.000s {{(pid=61616) inner /opt/stack/data/venv/lib/python3.10/site-packages/oslo_concurrency/lockutils.py:424}}
Jan 19 17:15:45 devstack devstack@n-api.service[61616]: DEBUG oslo_concurrency.lockutils [None req-48de54c4-bf25-4451-98ac-acca484b2d82 tempest-ServerActionsV293TestJSON-1424290692 tempest-ServerActionsV293TestJSON-1424290692-project-member] Acquiring lock "e70fb9c9-2580-4d71-b498-9963cd13c797" by "nova.context.set_target_cell..get_or_set_cached_cell_and_set_connections" {{(pid=61616) inner /opt/stack/data/venv/lib/python3.10/site-packages/oslo_concurrency/lockutils.py:405}}
Jan 19 17:15:45 devstack devstack@n-api.service[61616]: DEBUG oslo_concurrency.lockutils [None req-48de54c4-bf25-4451-98ac-acca484b2d82 tempest-ServerActionsV293TestJSON-1424290692 tempest-ServerActionsV293TestJSON-1424290692-project-member] Lock "e70fb9c9-2580-4d71-b498-9963cd13c797" acquired by "nova.context.set_target_cell..get_or_set_cached_cell_and_set_connections" :: waited 0.002s {{(pid=61616) inner /opt/stack/data/venv/lib/python3.10/site-packages/oslo_concurrency/lockutils.py:410}}
Jan 19 17:15:45 devstack devstack@n-api.service[61616]: DEBUG oslo_concurrency.lockutils [None req-48de54c4-bf25-4451-98ac-acca484b2d82 tempest-ServerActionsV293TestJSON-1424290692 tempest-ServerActionsV293TestJSON-1424290692-project-member] Lock "e70fb9c9-2580-4d71-b498-9963cd13c797" "released" by "nova.context.set_target_cell..get_or_set_cached_cell_and_set_connections" :: held 0.002s {{(pid=61616) inner /opt/stack/data/venv/lib/python3.10/site-packages/oslo_concurrency/lockutils.py:424}}
Jan 19 17:15:45 devstack devstack@n-api.service[61616]: DEBUG nova.quota [None req-48de54c4-bf25-4451-98ac-acca484b2d82 tempest-ServerActionsV293TestJSON-1424290692 tempest-ServerActionsV293TestJSON-1424290692-project-member] Getting quotas for project 91fcef492740465db50d0cca926a98eb. Resources: {'cores', 'ram', 'instances'} {{(pid=61616) _get_quotas /opt/stack/nova/nova/quota.py:392}}
Jan 19 17:15:45 devstack devstack@n-api.service[61616]: DEBUG nova.quota [None req-48de54c4-bf25-4451-98ac-acca484b2d82 tempest-ServerActionsV293TestJSON-1424290692 tempest-ServerActionsV293TestJSON-1424290692-project-member] Getting quotas for user f42cad265c4a4c3690e4d8167bb94ed1 and project 91fcef492740465db50d0cca926a98eb. Resources: {'cores', 'ram', 'instances'} {{(pid=61616) _get_quotas /opt/stack/nova/nova/quota.py:382}}
Jan 19 17:15:45 devstack devstack@n-api.service[61616]: DEBUG nova.compute.api [None req-48de54c4-bf25-4451-98ac-acca484b2d82 tempest-ServerActionsV293TestJSON-1424290692 tempest-ServerActionsV293TestJSON-1424290692-project-member] Going to run 1 instances... {{(pid=61616) _provision_instances /opt/stack/nova/nova/compute/api.py:1436}}
Jan 19 17:15:45 devstack devstack@n-api.service[61616]: DEBUG nova.compute.api [None req-48de54c4-bf25-4451-98ac-acca484b2d82 tempest-ServerActionsV293TestJSON-1424290692 tempest-ServerActionsV293TestJSON-1424290692-project-member] [instance: f1c5c2ac-1ad6-4d0e-9703-df68b661147b] block_device_mapping [BlockDeviceMapping(attachment_id=,boot_index=0,connection_info=None,created_at=,delete_on_termination=True,deleted=,deleted_at=,destination_type='volume',device_name=None,device_type=None,disk_bus=None,encrypted=False,encryption_format=None,encryption_options=None,encryption_secret_uuid=None,guest_format=None,id=,image_id=None,instance=,instance_uuid=,no_device=False,snapshot_id=None,source_type='volume',tag=None,updated_at=,uuid=,volume_id='d67a85c4-e1db-4bb8-9b6b-976513c41f09',volume_size=None,volume_type=None)] {{(pid=61616) _bdm_validate_set_size_and_instance /opt/stack/nova/nova/compute/api.py:1904}}
Jan 19 17:15:45 devstack devstack@n-api.service[61617]: DEBUG nova.api.openstack.wsgi [req-055dda15-95ec-4f00-abd9-bc369e08b421 req-2fbaf1fe-80f4-489c-89a1-161a3619e88e service nova] Action: 'create', calling method: >, body: {"events": [{"name": "network-changed", "server_uuid": "6512f4aa-2a11-4206-bcb6-c072976a5804", "tag": "e02aeddc-f0bf-4eca-a611-d4706f7b9af9"}]} {{(pid=61617) _process_stack /opt/stack/nova/nova/api/openstack/wsgi.py:550}}
Jan 19 17:15:45 devstack devstack@n-api.service[61617]: DEBUG oslo_concurrency.lockutils [req-055dda15-95ec-4f00-abd9-bc369e08b421 req-2fbaf1fe-80f4-489c-89a1-161a3619e88e service nova] Acquiring lock "e70fb9c9-2580-4d71-b498-9963cd13c797" by "nova.context.set_target_cell..get_or_set_cached_cell_and_set_connections" {{(pid=61617) inner /opt/stack/data/venv/lib/python3.10/site-packages/oslo_concurrency/lockutils.py:405}}
Jan 19 17:15:45 devstack devstack@n-api.service[61617]: DEBUG oslo_concurrency.lockutils [req-055dda15-95ec-4f00-abd9-bc369e08b421 req-2fbaf1fe-80f4-489c-89a1-161a3619e88e service nova] Lock "e70fb9c9-2580-4d71-b498-9963cd13c797" acquired by "nova.context.set_target_cell..get_or_set_cached_cell_and_set_connections" :: waited 0.001s {{(pid=61617) inner /opt/stack/data/venv/lib/python3.10/site-packages/oslo_concurrency/lockutils.py:410}}
Jan 19 17:15:45 devstack devstack@n-api.service[61617]: DEBUG oslo_concurrency.lockutils [req-055dda15-95ec-4f00-abd9-bc369e08b421 req-2fbaf1fe-80f4-489c-89a1-161a3619e88e service nova] Lock "e70fb9c9-2580-4d71-b498-9963cd13c797" "released" by "nova.context.set_target_cell..get_or_set_cached_cell_and_set_connections" :: held 0.000s {{(pid=61617) inner /opt/stack/data/venv/lib/python3.10/site-packages/oslo_concurrency/lockutils.py:424}}
Jan 19 17:15:45 devstack devstack@n-api.service[61617]: INFO nova.api.openstack.compute.server_external_events [req-055dda15-95ec-4f00-abd9-bc369e08b421 req-2fbaf1fe-80f4-489c-89a1-161a3619e88e service nova] Creating event network-changed:e02aeddc-f0bf-4eca-a611-d4706f7b9af9 for instance 6512f4aa-2a11-4206-bcb6-c072976a5804 on devstack
Jan 19 17:15:45 devstack devstack@n-api.service[61617]: INFO nova.api.openstack.requestlog [req-055dda15-95ec-4f00-abd9-bc369e08b421 req-2fbaf1fe-80f4-489c-89a1-161a3619e88e service nova] 192.168.122.199 "POST /compute/v2.1/os-server-external-events" status: 200 len: 179 microversion: 2.1 time: 0.034173
Jan 19 17:15:45 devstack devstack@n-api.service[61617]: [pid: 61617|app: 0|req: 53/101] 192.168.122.199 () {68 vars in 1418 bytes} [Mon Jan 19 17:15:45 2026] POST /compute/v2.1/os-server-external-events => generated 179 bytes in 41 msecs (HTTP/1.1 200) 9 headers in 357 bytes (1 switches on core 0)
Jan 19 17:15:45 devstack devstack@n-api.service[61617]: DEBUG dbcounter [-] [61617] Writing DB stats nova_cell0:SELECT=3 {{(pid=61617) stat_writer /opt/stack/data/venv/lib/python3.10/site-packages/dbcounter.py:115}}
Jan 19 17:15:45 devstack devstack@n-api.service[61616]: INFO nova.api.openstack.requestlog [None req-48de54c4-bf25-4451-98ac-acca484b2d82 tempest-ServerActionsV293TestJSON-1424290692 tempest-ServerActionsV293TestJSON-1424290692-project-member] 192.168.122.199 "POST /compute/v2.1/servers" status: 202 len: 417 microversion: 2.93 time: 1.416341
Jan 19 17:15:45 devstack devstack@n-api.service[61616]: [pid: 61616|app: 0|req: 49/102] 192.168.122.199 () {66 vars in 1289 bytes} [Mon Jan 19 17:15:44 2026] POST /compute/v2.1/servers => generated 417 bytes in 1423 msecs (HTTP/1.1 202) 10 headers in 457 bytes (2 switches on core 0)
Jan 19 17:15:45 devstack devstack@n-api.service[61617]: DEBUG nova.api.openstack.wsgi [None req-6878cecc-fdd0-4753-9128-41376590e1be tempest-ServerActionsV293TestJSON-1424290692 tempest-ServerActionsV293TestJSON-1424290692-project-member] Calling method '>' {{(pid=61617) _process_stack /opt/stack/nova/nova/api/openstack/wsgi.py:552}}
Jan 19 17:15:45 devstack devstack@n-api.service[61617]: DEBUG nova.compute.api [None req-6878cecc-fdd0-4753-9128-41376590e1be tempest-ServerActionsV293TestJSON-1424290692 tempest-ServerActionsV293TestJSON-1424290692-project-member] [instance: f1c5c2ac-1ad6-4d0e-9703-df68b661147b] Fetching instance by UUID {{(pid=61617) get /opt/stack/nova/nova/compute/api.py:3017}}
Jan 19 17:15:45 devstack devstack@n-api.service[61617]: WARNING neutronclient.v2_0.client [None req-6878cecc-fdd0-4753-9128-41376590e1be tempest-ServerActionsV293TestJSON-1424290692 tempest-ServerActionsV293TestJSON-1424290692-project-member] The python binding code in neutronclient is deprecated in favor of OpenstackSDK, please use that as this will be removed in a future release.
Jan 19 17:15:45 devstack devstack@n-api.service[61617]: DEBUG nova.policy [None req-6878cecc-fdd0-4753-9128-41376590e1be tempest-ServerActionsV293TestJSON-1424290692 tempest-ServerActionsV293TestJSON-1424290692-project-member] Policy check for os_compute_api:os-extended-server-attributes failed with credentials {'is_admin': False, 'user_id': 'f42cad265c4a4c3690e4d8167bb94ed1', 'user_domain_id': 'default', 'system_scope': None, 'domain_id': None, 'project_id': '91fcef492740465db50d0cca926a98eb', 'project_domain_id': 'default', 'roles': ['member', 'reader'], 'is_admin_project': True, 'service_user_id': None, 'service_user_domain_id': None, 'service_project_id': None, 'service_project_domain_id': None, 'service_roles': []} {{(pid=61617) authorize /opt/stack/nova/nova/policy.py:192}}
Jan 19 17:15:45 devstack devstack@n-api.service[61617]: DEBUG nova.policy [None req-6878cecc-fdd0-4753-9128-41376590e1be tempest-ServerActionsV293TestJSON-1424290692 tempest-ServerActionsV293TestJSON-1424290692-project-member] Policy check for os_compute_api:servers:show:host_status failed with credentials {'is_admin': False, 'user_id': 'f42cad265c4a4c3690e4d8167bb94ed1', 'user_domain_id': 'default', 'system_scope': None, 'domain_id': None, 'project_id': '91fcef492740465db50d0cca926a98eb', 'project_domain_id': 'default', 'roles': ['member', 'reader'], 'is_admin_project': True, 'service_user_id': None, 'service_user_domain_id': None, 'service_project_id': None, 'service_project_domain_id': None, 'service_roles': []} {{(pid=61617) authorize /opt/stack/nova/nova/policy.py:192}}
Jan 19 17:15:45 devstack devstack@n-api.service[61617]: DEBUG nova.policy [None req-6878cecc-fdd0-4753-9128-41376590e1be tempest-ServerActionsV293TestJSON-1424290692 tempest-ServerActionsV293TestJSON-1424290692-project-member] Policy check for os_compute_api:servers:show:host_status:unknown-only failed with credentials {'is_admin': False, 'user_id': 'f42cad265c4a4c3690e4d8167bb94ed1', 'user_domain_id': 'default', 'system_scope': None, 'domain_id': None, 'project_id': '91fcef492740465db50d0cca926a98eb', 'project_domain_id': 'default', 'roles': ['member', 'reader'], 'is_admin_project': True, 'service_user_id': None, 'service_user_domain_id': None, 'service_project_id': None, 'service_project_domain_id': None, 'service_roles': []} {{(pid=61617) authorize /opt/stack/nova/nova/policy.py:192}}
Jan 19 17:15:45 devstack devstack@n-api.service[61617]: INFO nova.api.openstack.requestlog [None req-6878cecc-fdd0-4753-9128-41376590e1be tempest-ServerActionsV293TestJSON-1424290692 tempest-ServerActionsV293TestJSON-1424290692-project-member] 192.168.122.199 "GET /compute/v2.1/servers/f1c5c2ac-1ad6-4d0e-9703-df68b661147b" status: 200 len: 1341 microversion: 2.93 time: 0.116224
Jan 19 17:15:45 devstack devstack@n-api.service[61617]: [pid: 61617|app: 0|req: 54/103] 192.168.122.199 () {64 vars in 1378 bytes} [Mon Jan 19 17:15:45 2026] GET /compute/v2.1/servers/f1c5c2ac-1ad6-4d0e-9703-df68b661147b => generated 1341 bytes in 120 msecs (HTTP/1.1 200) 9 headers in 360 bytes (1 switches on core 0)
Jan 19 17:15:46 devstack devstack@n-api.service[61616]: DEBUG nova.api.openstack.wsgi [None req-de253966-0097-460f-846d-3b69cec9407c tempest-VolumesAssistedSnapshotsTest-120735977 tempest-VolumesAssistedSnapshotsTest-120735977-project-member] Calling method '>' {{(pid=61616) _process_stack /opt/stack/nova/nova/api/openstack/wsgi.py:552}}
Jan 19 17:15:46 devstack devstack@n-api.service[61616]: DEBUG nova.compute.api [None req-de253966-0097-460f-846d-3b69cec9407c tempest-VolumesAssistedSnapshotsTest-120735977 tempest-VolumesAssistedSnapshotsTest-120735977-project-member] [instance: df209a38-75c5-4ad0-908d-18b7ec93f021] Fetching instance by UUID {{(pid=61616) get /opt/stack/nova/nova/compute/api.py:3017}}
Jan 19 17:15:46 devstack devstack@n-api.service[61616]: DEBUG oslo_concurrency.lockutils [None req-de253966-0097-460f-846d-3b69cec9407c tempest-VolumesAssistedSnapshotsTest-120735977 tempest-VolumesAssistedSnapshotsTest-120735977-project-member] Acquiring lock "e70fb9c9-2580-4d71-b498-9963cd13c797" by "nova.context.set_target_cell..get_or_set_cached_cell_and_set_connections" {{(pid=61616) inner /opt/stack/data/venv/lib/python3.10/site-packages/oslo_concurrency/lockutils.py:405}}
Jan 19 17:15:46 devstack devstack@n-api.service[61616]: DEBUG oslo_concurrency.lockutils [None req-de253966-0097-460f-846d-3b69cec9407c tempest-VolumesAssistedSnapshotsTest-120735977 tempest-VolumesAssistedSnapshotsTest-120735977-project-member] Lock "e70fb9c9-2580-4d71-b498-9963cd13c797" acquired by "nova.context.set_target_cell..get_or_set_cached_cell_and_set_connections" :: waited 0.000s {{(pid=61616) inner /opt/stack/data/venv/lib/python3.10/site-packages/oslo_concurrency/lockutils.py:410}}
Jan 19 17:15:46 devstack devstack@n-api.service[61616]: DEBUG oslo_concurrency.lockutils [None req-de253966-0097-460f-846d-3b69cec9407c tempest-VolumesAssistedSnapshotsTest-120735977 tempest-VolumesAssistedSnapshotsTest-120735977-project-member] Lock "e70fb9c9-2580-4d71-b498-9963cd13c797" "released" by "nova.context.set_target_cell..get_or_set_cached_cell_and_set_connections" :: held 0.000s {{(pid=61616) inner /opt/stack/data/venv/lib/python3.10/site-packages/oslo_concurrency/lockutils.py:424}}
Jan 19 17:15:46 devstack devstack@n-api.service[61616]: DEBUG oslo_concurrency.lockutils [None req-de253966-0097-460f-846d-3b69cec9407c tempest-VolumesAssistedSnapshotsTest-120735977 tempest-VolumesAssistedSnapshotsTest-120735977-project-member] Acquiring lock "e70fb9c9-2580-4d71-b498-9963cd13c797" by "nova.context.set_target_cell..get_or_set_cached_cell_and_set_connections" {{(pid=61616) inner /opt/stack/data/venv/lib/python3.10/site-packages/oslo_concurrency/lockutils.py:405}}
Jan 19 17:15:46 devstack devstack@n-api.service[61616]: DEBUG oslo_concurrency.lockutils [None req-de253966-0097-460f-846d-3b69cec9407c tempest-VolumesAssistedSnapshotsTest-120735977 tempest-VolumesAssistedSnapshotsTest-120735977-project-member] Lock "e70fb9c9-2580-4d71-b498-9963cd13c797" acquired by "nova.context.set_target_cell..get_or_set_cached_cell_and_set_connections" :: waited 0.000s {{(pid=61616) inner /opt/stack/data/venv/lib/python3.10/site-packages/oslo_concurrency/lockutils.py:410}}
Jan 19 17:15:46 devstack devstack@n-api.service[61616]: DEBUG oslo_concurrency.lockutils [None req-de253966-0097-460f-846d-3b69cec9407c tempest-VolumesAssistedSnapshotsTest-120735977 tempest-VolumesAssistedSnapshotsTest-120735977-project-member] Lock "e70fb9c9-2580-4d71-b498-9963cd13c797" "released" by "nova.context.set_target_cell..get_or_set_cached_cell_and_set_connections" :: held 0.000s {{(pid=61616) inner /opt/stack/data/venv/lib/python3.10/site-packages/oslo_concurrency/lockutils.py:424}}
Jan 19 17:15:46 devstack devstack@n-api.service[61616]: WARNING neutronclient.v2_0.client [None req-de253966-0097-460f-846d-3b69cec9407c tempest-VolumesAssistedSnapshotsTest-120735977 tempest-VolumesAssistedSnapshotsTest-120735977-project-member] The python binding code in neutronclient is deprecated in favor of OpenstackSDK, please use that as this will be removed in a future release.
Jan 19 17:15:46 devstack devstack@n-api.service[61617]: DEBUG nova.api.openstack.wsgi [None req-eca330b3-1581-41e7-a4b8-60b71f89a8fa tempest-VolumesAdminNegativeTest-1812694460 tempest-VolumesAdminNegativeTest-1812694460-project] Action: 'update', calling method: >, body: {"volumeAttachment": {"volumeId": "7c5908f1-9aec-4f1d-aa19-1a1df8e39292"}} {{(pid=61617) _process_stack /opt/stack/nova/nova/api/openstack/wsgi.py:550}}
Jan 19 17:15:46 devstack devstack@n-api.service[61617]: DEBUG nova.compute.api [None req-eca330b3-1581-41e7-a4b8-60b71f89a8fa tempest-VolumesAdminNegativeTest-1812694460 tempest-VolumesAdminNegativeTest-1812694460-project] [instance: 0b849843-5020-4ca3-ad77-916ccbc818ac] Fetching instance by UUID {{(pid=61617) get /opt/stack/nova/nova/compute/api.py:3017}}
Jan 19 17:15:46 devstack devstack@n-api.service[61617]: DEBUG oslo_concurrency.lockutils [None req-eca330b3-1581-41e7-a4b8-60b71f89a8fa tempest-VolumesAdminNegativeTest-1812694460 tempest-VolumesAdminNegativeTest-1812694460-project] Acquiring lock "e70fb9c9-2580-4d71-b498-9963cd13c797" by "nova.context.set_target_cell..get_or_set_cached_cell_and_set_connections" {{(pid=61617) inner /opt/stack/data/venv/lib/python3.10/site-packages/oslo_concurrency/lockutils.py:405}}
Jan 19 17:15:46 devstack devstack@n-api.service[61617]: DEBUG oslo_concurrency.lockutils [None req-eca330b3-1581-41e7-a4b8-60b71f89a8fa tempest-VolumesAdminNegativeTest-1812694460 tempest-VolumesAdminNegativeTest-1812694460-project] Lock "e70fb9c9-2580-4d71-b498-9963cd13c797" acquired by "nova.context.set_target_cell..get_or_set_cached_cell_and_set_connections" :: waited 0.001s {{(pid=61617) inner /opt/stack/data/venv/lib/python3.10/site-packages/oslo_concurrency/lockutils.py:410}}
Jan 19 17:15:46 devstack devstack@n-api.service[61617]: DEBUG oslo_concurrency.lockutils [None req-eca330b3-1581-41e7-a4b8-60b71f89a8fa tempest-VolumesAdminNegativeTest-1812694460 tempest-VolumesAdminNegativeTest-1812694460-project] Lock "e70fb9c9-2580-4d71-b498-9963cd13c797" "released" by "nova.context.set_target_cell..get_or_set_cached_cell_and_set_connections" :: held 0.003s {{(pid=61617) inner /opt/stack/data/venv/lib/python3.10/site-packages/oslo_concurrency/lockutils.py:424}}
Jan 19 17:15:46 devstack devstack@n-api.service[61617]: DEBUG oslo_concurrency.lockutils [None req-eca330b3-1581-41e7-a4b8-60b71f89a8fa tempest-VolumesAdminNegativeTest-1812694460 tempest-VolumesAdminNegativeTest-1812694460-project] Acquiring lock "e70fb9c9-2580-4d71-b498-9963cd13c797" by "nova.context.set_target_cell..get_or_set_cached_cell_and_set_connections" {{(pid=61617) inner /opt/stack/data/venv/lib/python3.10/site-packages/oslo_concurrency/lockutils.py:405}}
Jan 19 17:15:46 devstack devstack@n-api.service[61617]: DEBUG oslo_concurrency.lockutils [None req-eca330b3-1581-41e7-a4b8-60b71f89a8fa tempest-VolumesAdminNegativeTest-1812694460 tempest-VolumesAdminNegativeTest-1812694460-project] Lock "e70fb9c9-2580-4d71-b498-9963cd13c797" acquired by "nova.context.set_target_cell..get_or_set_cached_cell_and_set_connections" :: waited 0.001s {{(pid=61617) inner /opt/stack/data/venv/lib/python3.10/site-packages/oslo_concurrency/lockutils.py:410}}
Jan 19 17:15:46 devstack devstack@n-api.service[61617]: DEBUG oslo_concurrency.lockutils [None req-eca330b3-1581-41e7-a4b8-60b71f89a8fa tempest-VolumesAdminNegativeTest-1812694460 tempest-VolumesAdminNegativeTest-1812694460-project] Lock "e70fb9c9-2580-4d71-b498-9963cd13c797" "released" by "nova.context.set_target_cell..get_or_set_cached_cell_and_set_connections" :: held 0.000s {{(pid=61617) inner /opt/stack/data/venv/lib/python3.10/site-packages/oslo_concurrency/lockutils.py:424}}
Jan 19 17:15:46 devstack devstack@n-api.service[61616]: DEBUG nova.policy [None req-de253966-0097-460f-846d-3b69cec9407c tempest-VolumesAssistedSnapshotsTest-120735977 tempest-VolumesAssistedSnapshotsTest-120735977-project-member] Policy check for os_compute_api:os-extended-server-attributes failed with credentials {'is_admin': False, 'user_id': 'b593cabb8dd4423d99afbd17aa6cc084', 'user_domain_id': 'default', 'system_scope': None, 'domain_id': None, 'project_id': '0334bfa109414ac381724db6ee13c08d', 'project_domain_id': 'default', 'roles': ['member', 'reader'], 'is_admin_project': True, 'service_user_id': None, 'service_user_domain_id': None, 'service_project_id': None, 'service_project_domain_id': None, 'service_roles': []} {{(pid=61616) authorize /opt/stack/nova/nova/policy.py:192}}
Jan 19 17:15:46 devstack devstack@n-api.service[61616]: INFO nova.api.openstack.requestlog [None req-de253966-0097-460f-846d-3b69cec9407c tempest-VolumesAssistedSnapshotsTest-120735977 tempest-VolumesAssistedSnapshotsTest-120735977-project-member] 192.168.122.199 "GET /compute/v2.1/servers/df209a38-75c5-4ad0-908d-18b7ec93f021" status: 200 len: 1386 microversion: 2.1 time: 0.287341
Jan 19 17:15:46 devstack devstack@n-api.service[61616]: [pid: 61616|app: 0|req: 50/104] 192.168.122.199 () {62 vars in 1337 bytes} [Mon Jan 19 17:15:46 2026] GET /compute/v2.1/servers/df209a38-75c5-4ad0-908d-18b7ec93f021 => generated 1386 bytes in 297 msecs (HTTP/1.1 200) 9 headers in 358 bytes (1 switches on core 0)
Jan 19 17:15:46 devstack devstack@n-api.service[61617]: INFO nova.api.openstack.wsgi [None req-eca330b3-1581-41e7-a4b8-60b71f89a8fa tempest-VolumesAdminNegativeTest-1812694460 tempest-VolumesAdminNegativeTest-1812694460-project] HTTP exception thrown: Volume 7ef50f6f-8193-4034-957d-6ee0af471dbb could not be found.
Jan 19 17:15:46 devstack devstack@n-api.service[61617]: DEBUG nova.api.openstack.wsgi [None req-eca330b3-1581-41e7-a4b8-60b71f89a8fa tempest-VolumesAdminNegativeTest-1812694460 tempest-VolumesAdminNegativeTest-1812694460-project] Returning 404 to user: Volume 7ef50f6f-8193-4034-957d-6ee0af471dbb could not be found. {{(pid=61617) __call__ /opt/stack/nova/nova/api/openstack/wsgi.py:909}}
Jan 19 17:15:46 devstack devstack@n-api.service[61617]: INFO nova.api.openstack.requestlog [None req-eca330b3-1581-41e7-a4b8-60b71f89a8fa tempest-VolumesAdminNegativeTest-1812694460 tempest-VolumesAdminNegativeTest-1812694460-project] 192.168.122.199 "PUT /compute/v2.1/servers/0b849843-5020-4ca3-ad77-916ccbc818ac/os-volume_attachments/7ef50f6f-8193-4034-957d-6ee0af471dbb" status: 404 len: 109 microversion: 2.1 time: 0.314678
Jan 19 17:15:46 devstack devstack@n-api.service[61617]: [pid: 61617|app: 0|req: 55/105] 192.168.122.199 () {64 vars in 1534 bytes} [Mon Jan 19 17:15:46 2026] PUT /compute/v2.1/servers/0b849843-5020-4ca3-ad77-916ccbc818ac/os-volume_attachments/7ef50f6f-8193-4034-957d-6ee0af471dbb => generated 109 bytes in 316 msecs (HTTP/1.1 404) 9 headers in 379 bytes (1 switches on core 0)
Jan 19 17:15:47 devstack devstack@n-api.service[61616]: DEBUG nova.api.openstack.wsgi [None req-391674f4-3dcb-4a4b-ad29-b5c74641889e tempest-ServerActionsV293TestJSON-1424290692 tempest-ServerActionsV293TestJSON-1424290692-project-member] Calling method '>' {{(pid=61616) _process_stack /opt/stack/nova/nova/api/openstack/wsgi.py:552}}
Jan 19 17:15:47 devstack devstack@n-api.service[61616]: DEBUG nova.compute.api [None req-391674f4-3dcb-4a4b-ad29-b5c74641889e tempest-ServerActionsV293TestJSON-1424290692 tempest-ServerActionsV293TestJSON-1424290692-project-member] [instance: f1c5c2ac-1ad6-4d0e-9703-df68b661147b] Fetching instance by UUID {{(pid=61616) get /opt/stack/nova/nova/compute/api.py:3017}}
Jan 19 17:15:47 devstack devstack@n-api.service[61616]: DEBUG oslo_concurrency.lockutils [None req-391674f4-3dcb-4a4b-ad29-b5c74641889e tempest-ServerActionsV293TestJSON-1424290692 tempest-ServerActionsV293TestJSON-1424290692-project-member] Acquiring lock "e70fb9c9-2580-4d71-b498-9963cd13c797" by "nova.context.set_target_cell..get_or_set_cached_cell_and_set_connections" {{(pid=61616) inner /opt/stack/data/venv/lib/python3.10/site-packages/oslo_concurrency/lockutils.py:405}}
Jan 19 17:15:47 devstack devstack@n-api.service[61616]: DEBUG oslo_concurrency.lockutils [None req-391674f4-3dcb-4a4b-ad29-b5c74641889e tempest-ServerActionsV293TestJSON-1424290692 tempest-ServerActionsV293TestJSON-1424290692-project-member] Lock "e70fb9c9-2580-4d71-b498-9963cd13c797" acquired by "nova.context.set_target_cell..get_or_set_cached_cell_and_set_connections" :: waited 0.000s {{(pid=61616) inner /opt/stack/data/venv/lib/python3.10/site-packages/oslo_concurrency/lockutils.py:410}}
Jan 19 17:15:47 devstack devstack@n-api.service[61616]: DEBUG oslo_concurrency.lockutils [None req-391674f4-3dcb-4a4b-ad29-b5c74641889e tempest-ServerActionsV293TestJSON-1424290692 tempest-ServerActionsV293TestJSON-1424290692-project-member] Lock "e70fb9c9-2580-4d71-b498-9963cd13c797" "released" by "nova.context.set_target_cell..get_or_set_cached_cell_and_set_connections" :: held 0.000s {{(pid=61616) inner /opt/stack/data/venv/lib/python3.10/site-packages/oslo_concurrency/lockutils.py:424}}
Jan 19 17:15:47 devstack devstack@n-api.service[61616]: DEBUG oslo_concurrency.lockutils [None req-391674f4-3dcb-4a4b-ad29-b5c74641889e tempest-ServerActionsV293TestJSON-1424290692 tempest-ServerActionsV293TestJSON-1424290692-project-member] Acquiring lock "e70fb9c9-2580-4d71-b498-9963cd13c797" by "nova.context.set_target_cell..get_or_set_cached_cell_and_set_connections" {{(pid=61616) inner /opt/stack/data/venv/lib/python3.10/site-packages/oslo_concurrency/lockutils.py:405}}
Jan 19 17:15:47 devstack devstack@n-api.service[61616]: DEBUG oslo_concurrency.lockutils [None req-391674f4-3dcb-4a4b-ad29-b5c74641889e tempest-ServerActionsV293TestJSON-1424290692 tempest-ServerActionsV293TestJSON-1424290692-project-member] Lock "e70fb9c9-2580-4d71-b498-9963cd13c797" acquired by "nova.context.set_target_cell..get_or_set_cached_cell_and_set_connections" :: waited 0.000s {{(pid=61616) inner /opt/stack/data/venv/lib/python3.10/site-packages/oslo_concurrency/lockutils.py:410}}
Jan 19 17:15:47 devstack devstack@n-api.service[61616]: DEBUG oslo_concurrency.lockutils [None req-391674f4-3dcb-4a4b-ad29-b5c74641889e tempest-ServerActionsV293TestJSON-1424290692 tempest-ServerActionsV293TestJSON-1424290692-project-member] Lock "e70fb9c9-2580-4d71-b498-9963cd13c797" "released" by "nova.context.set_target_cell..get_or_set_cached_cell_and_set_connections" :: held 0.000s {{(pid=61616) inner /opt/stack/data/venv/lib/python3.10/site-packages/oslo_concurrency/lockutils.py:424}}
Jan 19 17:15:47 devstack devstack@n-api.service[61616]: WARNING neutronclient.v2_0.client [None req-391674f4-3dcb-4a4b-ad29-b5c74641889e tempest-ServerActionsV293TestJSON-1424290692 tempest-ServerActionsV293TestJSON-1424290692-project-member] The python binding code in neutronclient is deprecated in favor of OpenstackSDK, please use that as this will be removed in a future release.
Jan 19 17:15:47 devstack devstack@n-api.service[61616]: DEBUG nova.policy [None req-391674f4-3dcb-4a4b-ad29-b5c74641889e tempest-ServerActionsV293TestJSON-1424290692 tempest-ServerActionsV293TestJSON-1424290692-project-member] Policy check for os_compute_api:os-extended-server-attributes failed with credentials {'is_admin': False, 'user_id': 'f42cad265c4a4c3690e4d8167bb94ed1', 'user_domain_id': 'default', 'system_scope': None, 'domain_id': None, 'project_id': '91fcef492740465db50d0cca926a98eb', 'project_domain_id': 'default', 'roles': ['member', 'reader'], 'is_admin_project': True, 'service_user_id': None, 'service_user_domain_id': None, 'service_project_id': None, 'service_project_domain_id': None, 'service_roles': []} {{(pid=61616) authorize /opt/stack/nova/nova/policy.py:192}}
Jan 19 17:15:47 devstack devstack@n-api.service[61616]: DEBUG nova.policy [None req-391674f4-3dcb-4a4b-ad29-b5c74641889e tempest-ServerActionsV293TestJSON-1424290692 tempest-ServerActionsV293TestJSON-1424290692-project-member] Policy check for os_compute_api:servers:show:host_status failed with credentials {'is_admin': False, 'user_id': 'f42cad265c4a4c3690e4d8167bb94ed1', 'user_domain_id': 'default', 'system_scope': None, 'domain_id': None, 'project_id': '91fcef492740465db50d0cca926a98eb', 'project_domain_id': 'default', 'roles': ['member', 'reader'], 'is_admin_project': True, 'service_user_id': None, 'service_user_domain_id': None, 'service_project_id': None, 'service_project_domain_id': None, 'service_roles': []} {{(pid=61616) authorize /opt/stack/nova/nova/policy.py:192}}
Jan 19 17:15:47 devstack devstack@n-api.service[61616]: DEBUG nova.policy [None req-391674f4-3dcb-4a4b-ad29-b5c74641889e tempest-ServerActionsV293TestJSON-1424290692 tempest-ServerActionsV293TestJSON-1424290692-project-member] Policy check for os_compute_api:servers:show:host_status:unknown-only failed with credentials {'is_admin': False, 'user_id': 'f42cad265c4a4c3690e4d8167bb94ed1', 'user_domain_id': 'default', 'system_scope': None, 'domain_id': None, 'project_id': '91fcef492740465db50d0cca926a98eb', 'project_domain_id': 'default', 'roles': ['member', 'reader'], 'is_admin_project': True, 'service_user_id': None, 'service_user_domain_id': None, 'service_project_id': None, 'service_project_domain_id': None, 'service_roles': []} {{(pid=61616) authorize /opt/stack/nova/nova/policy.py:192}}
Jan 19 17:15:47 devstack devstack@n-api.service[61616]: INFO nova.api.openstack.requestlog [None req-391674f4-3dcb-4a4b-ad29-b5c74641889e tempest-ServerActionsV293TestJSON-1424290692 tempest-ServerActionsV293TestJSON-1424290692-project-member] 192.168.122.199 "GET /compute/v2.1/servers/f1c5c2ac-1ad6-4d0e-9703-df68b661147b" status: 200 len: 1422 microversion: 2.93 time: 0.120984
Jan 19 17:15:47 devstack devstack@n-api.service[61616]: [pid: 61616|app: 0|req: 51/106] 192.168.122.199 () {64 vars in 1378 bytes} [Mon Jan 19 17:15:47 2026] GET /compute/v2.1/servers/f1c5c2ac-1ad6-4d0e-9703-df68b661147b => generated 1422 bytes in 122 msecs (HTTP/1.1 200) 9 headers in 360 bytes (1 switches on core 0)
Jan 19 17:15:47 devstack devstack@n-api.service[61617]: DEBUG nova.api.openstack.wsgi [None req-867ed023-516b-4184-b8a5-259cc56c5d21 tempest-VolumesAssistedSnapshotsTest-120735977 tempest-VolumesAssistedSnapshotsTest-120735977-project-member] Calling method '>' {{(pid=61617) _process_stack /opt/stack/nova/nova/api/openstack/wsgi.py:552}}
