Jun 04 17:57:02 devstack sudo[93703]: pam_unix(sudo:session): session opened for user root(uid=0) by (uid=1000)
Jun 04 17:57:03 devstack sudo[93699]: pam_unix(sudo:session): session closed for user root
Jun 04 17:57:03 devstack cinder-volume[86574]: DEBUG oslo_concurrency.processutils [None req-ee898a3d-d543-4fe9-a232-563ea015490b tempest-VolumesGetTest-1137214911 None] CMD "/opt/stack/data/venv/bin/python3.12 -m oslo_concurrency.prlimit --as=1073741824 --cpu=60 -- sudo cinder-rootwrap /etc/cinder/rootwrap.conf env LC_ALL=C qemu-img info -f qcow2 --output=json --force-share /opt/stack/data/cinder/mnt/a2e54bbeb939fc4da8709a1619171b6c/volume-5113e635-f152-4e09-a73d-1769b4ae3df6" returned: 0 in 0.961s {{(pid=86574) execute /opt/stack/data/venv/lib/python3.12/site-packages/oslo_concurrency/processutils.py:468}}
Jun 04 17:57:03 devstack cinder-volume[86574]: DEBUG oslo_concurrency.processutils [None req-ee898a3d-d543-4fe9-a232-563ea015490b tempest-VolumesGetTest-1137214911 None] Running cmd (subprocess): sudo cinder-rootwrap /etc/cinder/rootwrap.conf qemu-img create -f qcow2 -o backing_file=/opt/stack/data/cinder/mnt/a2e54bbeb939fc4da8709a1619171b6c/volume-5113e635-f152-4e09-a73d-1769b4ae3df6,backing_fmt=qcow2 /opt/stack/data/cinder/mnt/a2e54bbeb939fc4da8709a1619171b6c/volume-5113e635-f152-4e09-a73d-1769b4ae3df6.9a5d048d-6b44-4ce9-beae-298833b16f3d 1G {{(pid=86574) execute /opt/stack/data/venv/lib/python3.12/site-packages/oslo_concurrency/processutils.py:440}}
Jun 04 17:57:03 devstack sudo[93703]: pam_unix(sudo:session): session closed for user root
Jun 04 17:57:03 devstack cinder-volume[86574]: DEBUG oslo_concurrency.processutils [None req-ae982b09-17dc-48b7-b26e-61511eaccbe7 tempest-AttachVolumeShelveTestJSON-727598449 None] CMD "sudo cinder-rootwrap /etc/cinder/rootwrap.conf rm -f /opt/stack/data/cinder/mnt/a2e54bbeb939fc4da8709a1619171b6c/volume-ceebe2fb-cea8-4b80-8fe1-afa2ed136acc" returned: 0 in 0.713s {{(pid=86574) execute /opt/stack/data/venv/lib/python3.12/site-packages/oslo_concurrency/processutils.py:468}}
Jun 04 17:57:03 devstack sudo[93710]: quobyte : PWD=/ ; USER=root ; COMMAND=/opt/stack/data/venv/bin/cinder-rootwrap /etc/cinder/rootwrap.conf qemu-img create -f qcow2 -o backing_file=/opt/stack/data/cinder/mnt/a2e54bbeb939fc4da8709a1619171b6c/volume-5113e635-f152-4e09-a73d-1769b4ae3df6,backing_fmt=qcow2 /opt/stack/data/cinder/mnt/a2e54bbeb939fc4da8709a1619171b6c/volume-5113e635-f152-4e09-a73d-1769b4ae3df6.9a5d048d-6b44-4ce9-beae-298833b16f3d 1G
Jun 04 17:57:03 devstack sudo[93710]: pam_unix(sudo:session): session opened for user root(uid=0) by (uid=1000)
Jun 04 17:57:03 devstack cinder-volume[86574]: DEBUG cinder.coordination [None req-ae982b09-17dc-48b7-b26e-61511eaccbe7 tempest-AttachVolumeShelveTestJSON-727598449 None] Lock "cinder-quobyte-ceebe2fb-cea8-4b80-8fe1-afa2ed136acc" released by "delete_volume" :: held 2.031s {{(pid=86574) __release /opt/stack/cinder/cinder/coordination.py:152}}
Jun 04 17:57:03 devstack cinder-volume[86574]: DEBUG cinder.quota [None req-ae982b09-17dc-48b7-b26e-61511eaccbe7 tempest-AttachVolumeShelveTestJSON-727598449 None] Created reservations ['b687411e-6ccf-450e-9bd9-af81bc0c66fc', '323ccd30-84cf-4b79-9191-f86c9704b083', '37ba9aa9-c30d-4189-9a9e-be55bbb28eec', 'c8a431aa-e3b2-409a-9cb2-b0f573dc2353'] {{(pid=86574) reserve /opt/stack/cinder/cinder/quota.py:752}}
Jun 04 17:57:03 devstack cinder-volume[86574]: DEBUG oslo_concurrency.lockutils [None req-ae982b09-17dc-48b7-b26e-61511eaccbe7 tempest-AttachVolumeShelveTestJSON-727598449 None] Acquiring lock "quobyte_ensure" by "cinder.volume.drivers.quobyte.QuobyteDriver._ensure_shares_mounted" {{(pid=86574) inner /opt/stack/data/venv/lib/python3.12/site-packages/oslo_concurrency/lockutils.py:506}}
Jun 04 17:57:03 devstack cinder-volume[86574]: DEBUG oslo_concurrency.lockutils [None req-ae982b09-17dc-48b7-b26e-61511eaccbe7 tempest-AttachVolumeShelveTestJSON-727598449 None] Lock "quobyte_ensure" acquired by "cinder.volume.drivers.quobyte.QuobyteDriver._ensure_shares_mounted" :: waited 0.001s {{(pid=86574) inner /opt/stack/data/venv/lib/python3.12/site-packages/oslo_concurrency/lockutils.py:519}}
Jun 04 17:57:03 devstack cinder-volume[86574]: DEBUG cinder.volume.drivers.quobyte [None req-ae982b09-17dc-48b7-b26e-61511eaccbe7 tempest-AttachVolumeShelveTestJSON-727598449 None] Quobyte Volume URL set to: {'osci02.corp.quobyte.com/cinder-vol-2433b322-1cee-49f6-9f76-5e30200613e2': None} {{(pid=86574) _load_shares_config /opt/stack/cinder/cinder/volume/drivers/quobyte.py:617}}
Jun 04 17:57:03 devstack cinder-volume[86574]: DEBUG cinder.volume.drivers.quobyte [None req-ae982b09-17dc-48b7-b26e-61511eaccbe7 tempest-AttachVolumeShelveTestJSON-727598449 None] Available shares ['osci02.corp.quobyte.com/cinder-vol-2433b322-1cee-49f6-9f76-5e30200613e2'] {{(pid=86574) _ensure_shares_mounted /opt/stack/cinder/cinder/volume/drivers/quobyte.py:647}}
Jun 04 17:57:03 devstack cinder-volume[86574]: DEBUG oslo_concurrency.lockutils [None req-ae982b09-17dc-48b7-b26e-61511eaccbe7 tempest-AttachVolumeShelveTestJSON-727598449 None] Lock "quobyte_ensure" "released" by "cinder.volume.drivers.quobyte.QuobyteDriver._ensure_shares_mounted" :: held 0.008s {{(pid=86574) inner /opt/stack/data/venv/lib/python3.12/site-packages/oslo_concurrency/lockutils.py:538}}
Jun 04 17:57:03 devstack cinder-volume[86574]: DEBUG oslo_concurrency.processutils [None req-ae982b09-17dc-48b7-b26e-61511eaccbe7 tempest-AttachVolumeShelveTestJSON-727598449 None] Running cmd (subprocess): sudo cinder-rootwrap /etc/cinder/rootwrap.conf df --portability --block-size 1 /opt/stack/data/cinder/mnt/a2e54bbeb939fc4da8709a1619171b6c {{(pid=86574) execute /opt/stack/data/venv/lib/python3.12/site-packages/oslo_concurrency/processutils.py:440}}
Jun 04 17:57:03 devstack sudo[93712]: quobyte : PWD=/ ; USER=root ; COMMAND=/opt/stack/data/venv/bin/cinder-rootwrap /etc/cinder/rootwrap.conf df --portability --block-size 1 /opt/stack/data/cinder/mnt/a2e54bbeb939fc4da8709a1619171b6c
Jun 04 17:57:03 devstack sudo[93712]: pam_unix(sudo:session): session opened for user root(uid=0) by (uid=1000)
Jun 04 17:57:04 devstack sudo[93712]: pam_unix(sudo:session): session closed for user root
Jun 04 17:57:04 devstack cinder-volume[86574]: DEBUG oslo_concurrency.processutils [None req-ae982b09-17dc-48b7-b26e-61511eaccbe7 tempest-AttachVolumeShelveTestJSON-727598449 None] CMD "sudo cinder-rootwrap /etc/cinder/rootwrap.conf df --portability --block-size 1 /opt/stack/data/cinder/mnt/a2e54bbeb939fc4da8709a1619171b6c" returned: 0 in 0.712s {{(pid=86574) execute /opt/stack/data/venv/lib/python3.12/site-packages/oslo_concurrency/processutils.py:468}}
Jun 04 17:57:04 devstack cinder-volume[86574]: DEBUG cinder.manager [None req-ae982b09-17dc-48b7-b26e-61511eaccbe7 tempest-AttachVolumeShelveTestJSON-727598449 None] Notifying Schedulers of capabilities ... {{(pid=86574) _publish_service_capabilities /opt/stack/cinder/cinder/manager.py:219}}
Jun 04 17:57:04 devstack cinder-volume[86574]: INFO cinder.volume.manager [None req-ae982b09-17dc-48b7-b26e-61511eaccbe7 tempest-AttachVolumeShelveTestJSON-727598449 None] Deleted volume successfully.
Jun 04 17:57:04 devstack cinder-volume[86574]: DEBUG cinder.coordination [None req-ae982b09-17dc-48b7-b26e-61511eaccbe7 tempest-AttachVolumeShelveTestJSON-727598449 None] Lock "cinder-ceebe2fb-cea8-4b80-8fe1-afa2ed136acc-delete_volume" released by "delete_volume" :: held 3.063s {{(pid=86574) __release /opt/stack/cinder/cinder/coordination.py:152}}
Jun 04 17:57:04 devstack sudo[93710]: pam_unix(sudo:session): session closed for user root
Jun 04 17:57:04 devstack cinder-volume[86574]: DEBUG oslo_concurrency.processutils [None req-ee898a3d-d543-4fe9-a232-563ea015490b tempest-VolumesGetTest-1137214911 None] CMD "sudo cinder-rootwrap /etc/cinder/rootwrap.conf qemu-img create -f qcow2 -o backing_file=/opt/stack/data/cinder/mnt/a2e54bbeb939fc4da8709a1619171b6c/volume-5113e635-f152-4e09-a73d-1769b4ae3df6,backing_fmt=qcow2 /opt/stack/data/cinder/mnt/a2e54bbeb939fc4da8709a1619171b6c/volume-5113e635-f152-4e09-a73d-1769b4ae3df6.9a5d048d-6b44-4ce9-beae-298833b16f3d 1G" returned: 0 in 1.001s {{(pid=86574) execute /opt/stack/data/venv/lib/python3.12/site-packages/oslo_concurrency/processutils.py:468}}
Jun 04 17:57:04 devstack cinder-volume[86574]: DEBUG oslo_concurrency.processutils [None req-ee898a3d-d543-4fe9-a232-563ea015490b tempest-VolumesGetTest-1137214911 None] Running cmd (subprocess): sudo cinder-rootwrap /etc/cinder/rootwrap.conf qemu-img rebase -u -b volume-5113e635-f152-4e09-a73d-1769b4ae3df6 -F qcow2 /opt/stack/data/cinder/mnt/a2e54bbeb939fc4da8709a1619171b6c/volume-5113e635-f152-4e09-a73d-1769b4ae3df6.9a5d048d-6b44-4ce9-beae-298833b16f3d {{(pid=86574) execute /opt/stack/data/venv/lib/python3.12/site-packages/oslo_concurrency/processutils.py:440}}
Jun 04 17:57:04 devstack sudo[93718]: quobyte : PWD=/ ; USER=root ; COMMAND=/opt/stack/data/venv/bin/cinder-rootwrap /etc/cinder/rootwrap.conf qemu-img rebase -u -b volume-5113e635-f152-4e09-a73d-1769b4ae3df6 -F qcow2 /opt/stack/data/cinder/mnt/a2e54bbeb939fc4da8709a1619171b6c/volume-5113e635-f152-4e09-a73d-1769b4ae3df6.9a5d048d-6b44-4ce9-beae-298833b16f3d
Jun 04 17:57:04 devstack sudo[93718]: pam_unix(sudo:session): session opened for user root(uid=0) by (uid=1000)
Jun 04 17:57:05 devstack sudo[93718]: pam_unix(sudo:session): session closed for user root
Jun 04 17:57:05 devstack cinder-volume[86574]: DEBUG oslo_concurrency.processutils [None req-ee898a3d-d543-4fe9-a232-563ea015490b tempest-VolumesGetTest-1137214911 None] CMD "sudo cinder-rootwrap /etc/cinder/rootwrap.conf qemu-img rebase -u -b volume-5113e635-f152-4e09-a73d-1769b4ae3df6 -F qcow2 /opt/stack/data/cinder/mnt/a2e54bbeb939fc4da8709a1619171b6c/volume-5113e635-f152-4e09-a73d-1769b4ae3df6.9a5d048d-6b44-4ce9-beae-298833b16f3d" returned: 0 in 0.679s {{(pid=86574) execute /opt/stack/data/venv/lib/python3.12/site-packages/oslo_concurrency/processutils.py:468}}
Jun 04 17:57:05 devstack cinder-volume[86574]: WARNING cinder.volume.drivers.remotefs [None req-ee898a3d-d543-4fe9-a232-563ea015490b tempest-VolumesGetTest-1137214911 None] /opt/stack/data/cinder/mnt/a2e54bbeb939fc4da8709a1619171b6c/volume-5113e635-f152-4e09-a73d-1769b4ae3df6.9a5d048d-6b44-4ce9-beae-298833b16f3d is being set with open permissions: ugo+rw
Jun 04 17:57:05 devstack cinder-volume[86574]: DEBUG oslo_concurrency.processutils [None req-ee898a3d-d543-4fe9-a232-563ea015490b tempest-VolumesGetTest-1137214911 None] Running cmd (subprocess): sudo cinder-rootwrap /etc/cinder/rootwrap.conf chmod ugo+rw /opt/stack/data/cinder/mnt/a2e54bbeb939fc4da8709a1619171b6c/volume-5113e635-f152-4e09-a73d-1769b4ae3df6.9a5d048d-6b44-4ce9-beae-298833b16f3d {{(pid=86574) execute /opt/stack/data/venv/lib/python3.12/site-packages/oslo_concurrency/processutils.py:440}}
Jun 04 17:57:05 devstack sudo[93724]: quobyte : PWD=/ ; USER=root ; COMMAND=/opt/stack/data/venv/bin/cinder-rootwrap /etc/cinder/rootwrap.conf chmod ugo+rw /opt/stack/data/cinder/mnt/a2e54bbeb939fc4da8709a1619171b6c/volume-5113e635-f152-4e09-a73d-1769b4ae3df6.9a5d048d-6b44-4ce9-beae-298833b16f3d
Jun 04 17:57:05 devstack sudo[93724]: pam_unix(sudo:session): session opened for user root(uid=0) by (uid=1000)
Jun 04 17:57:05 devstack cinder-volume[86574]: DEBUG cinder.volume.flows.manager.create_volume [req-c94c1e81-912c-4c6e-8574-72873a857165 req-d834a248-274d-4867-bd4c-bd041dcee320 tempest-VolumesGetTestJSON-1444815272 None] Volume reschedule parameters: True retry: {'num_attempts': 1, 'backends': ['devstack@QuobyteHD#QuobyteHD'], 'hosts': ['devstack@QuobyteHD#QuobyteHD']} {{(pid=86574) get_flow /opt/stack/cinder/cinder/volume/flows/manager/create_volume.py:1395}}
Jun 04 17:57:05 devstack cinder-volume[86574]: DEBUG cinder.volume.manager [req-c94c1e81-912c-4c6e-8574-72873a857165 req-d834a248-274d-4867-bd4c-bd041dcee320 tempest-VolumesGetTestJSON-1444815272 None] Flow 'volume_create_manager' (280e4b34-5b95-482c-bf3f-94dd25729bb6) transitioned into state 'RUNNING' from state 'PENDING' {{(pid=86574) _flow_receiver /opt/stack/data/venv/lib/python3.12/site-packages/taskflow/listeners/logging.py:145}}
Jun 04 17:57:05 devstack cinder-volume[86574]: DEBUG cinder.volume.manager [req-c94c1e81-912c-4c6e-8574-72873a857165 req-d834a248-274d-4867-bd4c-bd041dcee320 tempest-VolumesGetTestJSON-1444815272 None] Task 'cinder.volume.flows.manager.create_volume.ExtractVolumeRefTask;volume:create' (871c80f7-9ef7-49f7-8fff-7cf97a9ddc9a) transitioned into state 'RUNNING' from state 'PENDING' {{(pid=86574) _task_receiver /opt/stack/data/venv/lib/python3.12/site-packages/taskflow/listeners/logging.py:194}}
Jun 04 17:57:05 devstack cinder-volume[86574]: DEBUG cinder.volume.manager [req-c94c1e81-912c-4c6e-8574-72873a857165 req-d834a248-274d-4867-bd4c-bd041dcee320 tempest-VolumesGetTestJSON-1444815272 None] Task 'cinder.volume.flows.manager.create_volume.ExtractVolumeRefTask;volume:create' (871c80f7-9ef7-49f7-8fff-7cf97a9ddc9a) transitioned into state 'SUCCESS' from state 'RUNNING' with result 'Volume(_name_id=None,admin_metadata=,attach_status='detached',availability_zone='nova',bootable=False,cluster=,cluster_name=None,consistencygroup=,consistencygroup_id=None,created_at=2026-06-04T15:57:05Z,deleted=False,deleted_at=None,display_description=None,display_name='tempest-VolumesGetTestJSON-Volume-1837759514',ec2_id=None,encryption_key_id=None,glance_metadata=,group=,group_id=None,host='devstack@QuobyteHD#QuobyteHD',id=860e2ced-d935-4fb3-8381-d18a26387c05,launched_at=None,metadata={Type='work'},migration_status=None,multiattach=False,previous_status=None,project_id='1da8d765ff1a40cdba2559aa79809b5f',provider_auth=None,provider_geometry=None,provider_id=None,provider_location=None,replication_driver_data=None,replication_extended_status=None,replication_status=None,scheduled_at=2026-06-04T15:57:06Z,service_uuid=None,shared_targets=True,size=1,snapshot_id=None,snapshots=,source_volid=None,status='creating',terminated_at=None,updated_at=2026-06-04T15:57:06Z,use_quota=True,user_id='1478081ff81f4ff59ded82f042e3868b',volume_attachment=VolumeAttachmentList,volume_type=VolumeType(8883b066-dfab-456e-9a58-b952b3ba7774),volume_type_id=8883b066-dfab-456e-9a58-b952b3ba7774)' {{(pid=86574) _task_receiver /opt/stack/data/venv/lib/python3.12/site-packages/taskflow/listeners/logging.py:182}}
Jun 04 17:57:05 devstack cinder-volume[86574]: DEBUG cinder.volume.manager [req-c94c1e81-912c-4c6e-8574-72873a857165 req-d834a248-274d-4867-bd4c-bd041dcee320 tempest-VolumesGetTestJSON-1444815272 None] Task 'cinder.volume.flows.manager.create_volume.OnFailureRescheduleTask;volume:create' (3eea5a45-6f7c-4532-a0f9-e905cb2abccd) transitioned into state 'RUNNING' from state 'PENDING' {{(pid=86574) _task_receiver /opt/stack/data/venv/lib/python3.12/site-packages/taskflow/listeners/logging.py:194}}
Jun 04 17:57:05 devstack cinder-volume[86574]: DEBUG cinder.volume.manager [req-c94c1e81-912c-4c6e-8574-72873a857165 req-d834a248-274d-4867-bd4c-bd041dcee320 tempest-VolumesGetTestJSON-1444815272 None] Task 'cinder.volume.flows.manager.create_volume.OnFailureRescheduleTask;volume:create' (3eea5a45-6f7c-4532-a0f9-e905cb2abccd) transitioned into state 'SUCCESS' from state 'RUNNING' with result 'None' {{(pid=86574) _task_receiver /opt/stack/data/venv/lib/python3.12/site-packages/taskflow/listeners/logging.py:182}}
Jun 04 17:57:05 devstack cinder-volume[86574]: DEBUG cinder.volume.manager [req-c94c1e81-912c-4c6e-8574-72873a857165 req-d834a248-274d-4867-bd4c-bd041dcee320 tempest-VolumesGetTestJSON-1444815272 None] Task 'cinder.volume.flows.manager.create_volume.ExtractVolumeSpecTask;volume:create' (badaed0f-739a-4269-96a5-946c2b23ce9f) transitioned into state 'RUNNING' from state 'PENDING' {{(pid=86574) _task_receiver /opt/stack/data/venv/lib/python3.12/site-packages/taskflow/listeners/logging.py:194}}
Jun 04 17:57:05 devstack cinder-volume[86574]: DEBUG cinder.volume.manager [req-c94c1e81-912c-4c6e-8574-72873a857165 req-d834a248-274d-4867-bd4c-bd041dcee320 tempest-VolumesGetTestJSON-1444815272 None] Task 'cinder.volume.flows.manager.create_volume.ExtractVolumeSpecTask;volume:create' (badaed0f-739a-4269-96a5-946c2b23ce9f) transitioned into state 'SUCCESS' from state 'RUNNING' with result '{'status': 'creating', 'type': 'raw', 'volume_id': '860e2ced-d935-4fb3-8381-d18a26387c05', 'volume_name': 'volume-860e2ced-d935-4fb3-8381-d18a26387c05', 'volume_size': 1}' {{(pid=86574) _task_receiver /opt/stack/data/venv/lib/python3.12/site-packages/taskflow/listeners/logging.py:182}}
Jun 04 17:57:05 devstack cinder-volume[86574]: DEBUG cinder.volume.manager [req-c94c1e81-912c-4c6e-8574-72873a857165 req-d834a248-274d-4867-bd4c-bd041dcee320 tempest-VolumesGetTestJSON-1444815272 None] Task 'cinder.volume.flows.manager.create_volume.NotifyVolumeActionTask;volume:create, create.start' (85d2f043-4312-482e-88b2-44c3c32da6b8) transitioned into state 'RUNNING' from state 'PENDING' {{(pid=86574) _task_receiver /opt/stack/data/venv/lib/python3.12/site-packages/taskflow/listeners/logging.py:194}}
Jun 04 17:57:05 devstack cinder-volume[86574]: DEBUG cinder.volume.manager [req-c94c1e81-912c-4c6e-8574-72873a857165 req-d834a248-274d-4867-bd4c-bd041dcee320 tempest-VolumesGetTestJSON-1444815272 None] Task 'cinder.volume.flows.manager.create_volume.NotifyVolumeActionTask;volume:create, create.start' (85d2f043-4312-482e-88b2-44c3c32da6b8) transitioned into state 'SUCCESS' from state 'RUNNING' with result 'None' {{(pid=86574) _task_receiver /opt/stack/data/venv/lib/python3.12/site-packages/taskflow/listeners/logging.py:182}}
Jun 04 17:57:05 devstack cinder-volume[86574]: DEBUG cinder.volume.manager [req-c94c1e81-912c-4c6e-8574-72873a857165 req-d834a248-274d-4867-bd4c-bd041dcee320 tempest-VolumesGetTestJSON-1444815272 None] Task 'cinder.volume.flows.manager.create_volume.CreateVolumeFromSpecTask;volume:create' (c06d7c48-ba4e-4e72-8abf-e3c559338536) transitioned into state 'RUNNING' from state 'PENDING' {{(pid=86574) _task_receiver /opt/stack/data/venv/lib/python3.12/site-packages/taskflow/listeners/logging.py:194}}
Jun 04 17:57:05 devstack cinder-volume[86574]: INFO cinder.volume.flows.manager.create_volume [req-c94c1e81-912c-4c6e-8574-72873a857165 req-d834a248-274d-4867-bd4c-bd041dcee320 tempest-VolumesGetTestJSON-1444815272 None] Volume 860e2ced-d935-4fb3-8381-d18a26387c05: being created as raw with specification: {'status': 'creating', 'volume_name': 'volume-860e2ced-d935-4fb3-8381-d18a26387c05', 'volume_size': 1}
Jun 04 17:57:05 devstack cinder-volume[86574]: DEBUG oslo_concurrency.lockutils [req-c94c1e81-912c-4c6e-8574-72873a857165 req-d834a248-274d-4867-bd4c-bd041dcee320 tempest-VolumesGetTestJSON-1444815272 None] Acquiring lock "quobyte" by "cinder.volume.drivers.quobyte.QuobyteDriver.create_volume" {{(pid=86574) inner /opt/stack/data/venv/lib/python3.12/site-packages/oslo_concurrency/lockutils.py:506}}
Jun 04 17:57:06 devstack sudo[93724]: pam_unix(sudo:session): session closed for user root
Jun 04 17:57:06 devstack cinder-volume[86574]: DEBUG oslo_concurrency.processutils [None req-ee898a3d-d543-4fe9-a232-563ea015490b tempest-VolumesGetTest-1137214911 None] CMD "sudo cinder-rootwrap /etc/cinder/rootwrap.conf chmod ugo+rw /opt/stack/data/cinder/mnt/a2e54bbeb939fc4da8709a1619171b6c/volume-5113e635-f152-4e09-a73d-1769b4ae3df6.9a5d048d-6b44-4ce9-beae-298833b16f3d" returned: 0 in 0.882s {{(pid=86574) execute /opt/stack/data/venv/lib/python3.12/site-packages/oslo_concurrency/processutils.py:468}}
Jun 04 17:57:06 devstack cinder-volume[86574]: DEBUG oslo_concurrency.processutils [None req-ee898a3d-d543-4fe9-a232-563ea015490b tempest-VolumesGetTest-1137214911 None] Running cmd (subprocess): sudo cinder-rootwrap /etc/cinder/rootwrap.conf truncate -s0 /opt/stack/data/cinder/mnt/a2e54bbeb939fc4da8709a1619171b6c/volume-5113e635-f152-4e09-a73d-1769b4ae3df6.info {{(pid=86574) execute /opt/stack/data/venv/lib/python3.12/site-packages/oslo_concurrency/processutils.py:440}}
Jun 04 17:57:06 devstack sudo[93768]: quobyte : PWD=/ ; USER=root ; COMMAND=/opt/stack/data/venv/bin/cinder-rootwrap /etc/cinder/rootwrap.conf truncate -s0 /opt/stack/data/cinder/mnt/a2e54bbeb939fc4da8709a1619171b6c/volume-5113e635-f152-4e09-a73d-1769b4ae3df6.info
Jun 04 17:57:06 devstack sudo[93768]: pam_unix(sudo:session): session opened for user root(uid=0) by (uid=1000)
Jun 04 17:57:06 devstack sudo[93768]: pam_unix(sudo:session): session closed for user root
Jun 04 17:57:06 devstack cinder-volume[86574]: DEBUG oslo_concurrency.processutils [None req-ee898a3d-d543-4fe9-a232-563ea015490b tempest-VolumesGetTest-1137214911 None] CMD "sudo cinder-rootwrap /etc/cinder/rootwrap.conf truncate -s0 /opt/stack/data/cinder/mnt/a2e54bbeb939fc4da8709a1619171b6c/volume-5113e635-f152-4e09-a73d-1769b4ae3df6.info" returned: 0 in 0.695s {{(pid=86574) execute /opt/stack/data/venv/lib/python3.12/site-packages/oslo_concurrency/processutils.py:468}}
Jun 04 17:57:06 devstack cinder-volume[86574]: WARNING cinder.volume.drivers.remotefs [None req-ee898a3d-d543-4fe9-a232-563ea015490b tempest-VolumesGetTest-1137214911 None] /opt/stack/data/cinder/mnt/a2e54bbeb939fc4da8709a1619171b6c/volume-5113e635-f152-4e09-a73d-1769b4ae3df6.info is being set with open permissions: ugo+rw
Jun 04 17:57:06 devstack cinder-volume[86574]: DEBUG oslo_concurrency.processutils [None req-ee898a3d-d543-4fe9-a232-563ea015490b tempest-VolumesGetTest-1137214911 None] Running cmd (subprocess): sudo cinder-rootwrap /etc/cinder/rootwrap.conf chmod ugo+rw /opt/stack/data/cinder/mnt/a2e54bbeb939fc4da8709a1619171b6c/volume-5113e635-f152-4e09-a73d-1769b4ae3df6.info {{(pid=86574) execute /opt/stack/data/venv/lib/python3.12/site-packages/oslo_concurrency/processutils.py:440}}
Jun 04 17:57:06 devstack sudo[93858]: quobyte : PWD=/ ; USER=root ; COMMAND=/opt/stack/data/venv/bin/cinder-rootwrap /etc/cinder/rootwrap.conf chmod ugo+rw /opt/stack/data/cinder/mnt/a2e54bbeb939fc4da8709a1619171b6c/volume-5113e635-f152-4e09-a73d-1769b4ae3df6.info
Jun 04 17:57:06 devstack sudo[93858]: pam_unix(sudo:session): session opened for user root(uid=0) by (uid=1000)
Jun 04 17:57:07 devstack sudo[93858]: pam_unix(sudo:session): session closed for user root
Jun 04 17:57:07 devstack cinder-volume[86574]: DEBUG oslo_concurrency.processutils [None req-ee898a3d-d543-4fe9-a232-563ea015490b tempest-VolumesGetTest-1137214911 None] CMD "sudo cinder-rootwrap /etc/cinder/rootwrap.conf chmod ugo+rw /opt/stack/data/cinder/mnt/a2e54bbeb939fc4da8709a1619171b6c/volume-5113e635-f152-4e09-a73d-1769b4ae3df6.info" returned: 0 in 0.680s {{(pid=86574) execute /opt/stack/data/venv/lib/python3.12/site-packages/oslo_concurrency/processutils.py:468}}
Jun 04 17:57:07 devstack cinder-volume[86574]: DEBUG cinder.coordination [None req-ee898a3d-d543-4fe9-a232-563ea015490b tempest-VolumesGetTest-1137214911 None] Acquiring lock "cinder-quobyte-4b4b9811-3288-4454-9aa6-c42ebe2cb301" by "_copy_volume_from_snapshot" {{(pid=86574) __acquire /opt/stack/cinder/cinder/coordination.py:138}}
Jun 04 17:57:07 devstack cinder-volume[86574]: DEBUG cinder.coordination [None req-ee898a3d-d543-4fe9-a232-563ea015490b tempest-VolumesGetTest-1137214911 None] Lock "cinder-quobyte-4b4b9811-3288-4454-9aa6-c42ebe2cb301" acquired by "_copy_volume_from_snapshot" :: waited 0.017s {{(pid=86574) __acquire /opt/stack/cinder/cinder/coordination.py:141}}
Jun 04 17:57:07 devstack cinder-volume[86574]: DEBUG cinder.volume.drivers.quobyte [None req-ee898a3d-d543-4fe9-a232-563ea015490b tempest-VolumesGetTest-1137214911 None] snapshot: 9a5d048d-6b44-4ce9-beae-298833b16f3d, volume: 4b4b9811-3288-4454-9aa6-c42ebe2cb301, {{(pid=86574) _copy_volume_from_snapshot /opt/stack/cinder/cinder/volume/drivers/quobyte.py:401}}
Jun 04 17:57:07 devstack cinder-volume[86574]: DEBUG oslo_concurrency.lockutils [None req-ee898a3d-d543-4fe9-a232-563ea015490b tempest-VolumesGetTest-1137214911 None] Acquiring lock "quobyte_ensure" by "cinder.volume.drivers.quobyte.QuobyteDriver._ensure_shares_mounted" {{(pid=86574) inner /opt/stack/data/venv/lib/python3.12/site-packages/oslo_concurrency/lockutils.py:506}}
Jun 04 17:57:07 devstack cinder-volume[86574]: DEBUG oslo_concurrency.lockutils [None req-ee898a3d-d543-4fe9-a232-563ea015490b tempest-VolumesGetTest-1137214911 None] Lock "quobyte_ensure" acquired by "cinder.volume.drivers.quobyte.QuobyteDriver._ensure_shares_mounted" :: waited 0.001s {{(pid=86574) inner /opt/stack/data/venv/lib/python3.12/site-packages/oslo_concurrency/lockutils.py:519}}
Jun 04 17:57:07 devstack cinder-volume[86574]: DEBUG cinder.volume.drivers.quobyte [None req-ee898a3d-d543-4fe9-a232-563ea015490b tempest-VolumesGetTest-1137214911 None] Quobyte Volume URL set to: {'osci02.corp.quobyte.com/cinder-vol-2433b322-1cee-49f6-9f76-5e30200613e2': None} {{(pid=86574) _load_shares_config /opt/stack/cinder/cinder/volume/drivers/quobyte.py:617}}
Jun 04 17:57:07 devstack cinder-volume[86574]: DEBUG cinder.volume.drivers.quobyte [None req-ee898a3d-d543-4fe9-a232-563ea015490b tempest-VolumesGetTest-1137214911 None] Available shares ['osci02.corp.quobyte.com/cinder-vol-2433b322-1cee-49f6-9f76-5e30200613e2'] {{(pid=86574) _ensure_shares_mounted /opt/stack/cinder/cinder/volume/drivers/quobyte.py:647}}
Jun 04 17:57:07 devstack cinder-volume[86574]: DEBUG oslo_concurrency.lockutils [None req-ee898a3d-d543-4fe9-a232-563ea015490b tempest-VolumesGetTest-1137214911 None] Lock "quobyte_ensure" "released" by "cinder.volume.drivers.quobyte.QuobyteDriver._ensure_shares_mounted" :: held 0.005s {{(pid=86574) inner /opt/stack/data/venv/lib/python3.12/site-packages/oslo_concurrency/lockutils.py:538}}
Jun 04 17:57:07 devstack cinder-volume[86574]: DEBUG oslo.privsep.daemon [-] privsep: reply[1abfaef2-d831-4e99-a200-eb36f80c4ce5]: (4, 'qcow2') {{(pid=87431) _call_back /opt/stack/data/venv/lib/python3.12/site-packages/oslo_privsep/daemon.py:573}}
Jun 04 17:57:07 devstack cinder-volume[86574]: DEBUG oslo_concurrency.processutils [None req-ee898a3d-d543-4fe9-a232-563ea015490b tempest-VolumesGetTest-1137214911 None] Running cmd (subprocess): /opt/stack/data/venv/bin/python3.12 -m oslo_concurrency.prlimit --as=1073741824 --cpu=60 -- sudo cinder-rootwrap /etc/cinder/rootwrap.conf env LC_ALL=C qemu-img info -f qcow2 --output=json --force-share /opt/stack/data/cinder/mnt/a2e54bbeb939fc4da8709a1619171b6c/volume-5113e635-f152-4e09-a73d-1769b4ae3df6.9a5d048d-6b44-4ce9-beae-298833b16f3d {{(pid=86574) execute /opt/stack/data/venv/lib/python3.12/site-packages/oslo_concurrency/processutils.py:440}}
Jun 04 17:57:07 devstack sudo[93867]: quobyte : PWD=/ ; USER=root ; COMMAND=/opt/stack/data/venv/bin/cinder-rootwrap /etc/cinder/rootwrap.conf env LC_ALL=C qemu-img info -f qcow2 --output=json --force-share /opt/stack/data/cinder/mnt/a2e54bbeb939fc4da8709a1619171b6c/volume-5113e635-f152-4e09-a73d-1769b4ae3df6.9a5d048d-6b44-4ce9-beae-298833b16f3d
Jun 04 17:57:07 devstack sudo[93867]: pam_unix(sudo:session): session opened for user root(uid=0) by (uid=1000)
Jun 04 17:57:08 devstack sudo[93867]: pam_unix(sudo:session): session closed for user root
Jun 04 17:57:08 devstack cinder-volume[86574]: DEBUG oslo_concurrency.processutils [None req-ee898a3d-d543-4fe9-a232-563ea015490b tempest-VolumesGetTest-1137214911 None] CMD "/opt/stack/data/venv/bin/python3.12 -m oslo_concurrency.prlimit --as=1073741824 --cpu=60 -- sudo cinder-rootwrap /etc/cinder/rootwrap.conf env LC_ALL=C qemu-img info -f qcow2 --output=json --force-share /opt/stack/data/cinder/mnt/a2e54bbeb939fc4da8709a1619171b6c/volume-5113e635-f152-4e09-a73d-1769b4ae3df6.9a5d048d-6b44-4ce9-beae-298833b16f3d" returned: 0 in 0.877s {{(pid=86574) execute /opt/stack/data/venv/lib/python3.12/site-packages/oslo_concurrency/processutils.py:468}}
Jun 04 17:57:08 devstack cinder-volume[86574]: DEBUG cinder.volume.drivers.remotefs [None req-ee898a3d-d543-4fe9-a232-563ea015490b tempest-VolumesGetTest-1137214911 None] Fetching qemu-img info with special backing_file_template: (/opt/stack/data/cinder/mnt/[0-9a-f]+/)?(volume-5113e635-f152-4e09-a73d-1769b4ae3df6(.(tmp-snap-)?[0-9a-f-]+)?|volume_from_snapshot_cache/(tmp-snap-)?[0-9a-f-]+(.(child-|parent-)[0-9a-f-]+)?)$ {{(pid=86574) _qemu_img_info_base /opt/stack/cinder/cinder/volume/drivers/remotefs.py:896}}
Jun 04 17:57:08 devstack cinder-volume[86574]: DEBUG cinder.volume.drivers.quobyte [None req-ee898a3d-d543-4fe9-a232-563ea015490b tempest-VolumesGetTest-1137214911 None] will copy from snapshot at /opt/stack/data/cinder/mnt/a2e54bbeb939fc4da8709a1619171b6c/volume-5113e635-f152-4e09-a73d-1769b4ae3df6 {{(pid=86574) _copy_volume_from_snapshot /opt/stack/cinder/cinder/volume/drivers/quobyte.py:420}}
Jun 04 17:57:08 devstack cinder-volume[86574]: DEBUG cinder.volume.drivers.quobyte [None req-ee898a3d-d543-4fe9-a232-563ea015490b tempest-VolumesGetTest-1137214911 None] Creating direct copy from snapshot {{(pid=86574) _copy_volume_from_snapshot /opt/stack/cinder/cinder/volume/drivers/quobyte.py:428}}
Jun 04 17:57:08 devstack cinder-volume[86574]: DEBUG oslo.privsep.daemon [-] privsep: reply[b901339c-6896-49f6-96de-dcd5c9df369a]: (4, 'qcow2') {{(pid=87431) _call_back /opt/stack/data/venv/lib/python3.12/site-packages/oslo_privsep/daemon.py:573}}
Jun 04 17:57:08 devstack cinder-volume[86574]: DEBUG oslo_concurrency.processutils [None req-ee898a3d-d543-4fe9-a232-563ea015490b tempest-VolumesGetTest-1137214911 None] Running cmd (subprocess): /opt/stack/data/venv/bin/python3.12 -m oslo_concurrency.prlimit --as=1073741824 --cpu=60 -- sudo cinder-rootwrap /etc/cinder/rootwrap.conf env LC_ALL=C qemu-img info -f qcow2 --output=json /opt/stack/data/cinder/mnt/a2e54bbeb939fc4da8709a1619171b6c/volume-5113e635-f152-4e09-a73d-1769b4ae3df6 {{(pid=86574) execute /opt/stack/data/venv/lib/python3.12/site-packages/oslo_concurrency/processutils.py:440}}
Jun 04 17:57:08 devstack sudo[93881]: quobyte : PWD=/ ; USER=root ; COMMAND=/opt/stack/data/venv/bin/cinder-rootwrap /etc/cinder/rootwrap.conf env LC_ALL=C qemu-img info -f qcow2 --output=json /opt/stack/data/cinder/mnt/a2e54bbeb939fc4da8709a1619171b6c/volume-5113e635-f152-4e09-a73d-1769b4ae3df6
Jun 04 17:57:08 devstack sudo[93881]: pam_unix(sudo:session): session opened for user root(uid=0) by (uid=1000)
Jun 04 17:57:09 devstack sudo[93881]: pam_unix(sudo:session): session closed for user root
Jun 04 17:57:09 devstack cinder-volume[86574]: DEBUG oslo_concurrency.processutils [None req-ee898a3d-d543-4fe9-a232-563ea015490b tempest-VolumesGetTest-1137214911 None] CMD "/opt/stack/data/venv/bin/python3.12 -m oslo_concurrency.prlimit --as=1073741824 --cpu=60 -- sudo cinder-rootwrap /etc/cinder/rootwrap.conf env LC_ALL=C qemu-img info -f qcow2 --output=json /opt/stack/data/cinder/mnt/a2e54bbeb939fc4da8709a1619171b6c/volume-5113e635-f152-4e09-a73d-1769b4ae3df6" returned: 0 in 1.039s {{(pid=86574) execute /opt/stack/data/venv/lib/python3.12/site-packages/oslo_concurrency/processutils.py:468}}
Jun 04 17:57:09 devstack cinder-volume[86574]: DEBUG cinder.utils [None req-ee898a3d-d543-4fe9-a232-563ea015490b tempest-VolumesGetTest-1137214911 None] Path /opt/stack/data/cinder/mnt/a2e54bbeb939fc4da8709a1619171b6c/volume-4b4b9811-3288-4454-9aa6-c42ebe2cb301 not found in is_blk_device check {{(pid=86574) is_blk_device /opt/stack/cinder/cinder/utils.py:615}}
Jun 04 17:57:09 devstack cinder-volume[86574]: DEBUG oslo_concurrency.processutils [None req-ee898a3d-d543-4fe9-a232-563ea015490b tempest-VolumesGetTest-1137214911 None] Running cmd (subprocess): sudo cinder-rootwrap /etc/cinder/rootwrap.conf qemu-img convert -O qcow2 /opt/stack/data/cinder/mnt/a2e54bbeb939fc4da8709a1619171b6c/volume-5113e635-f152-4e09-a73d-1769b4ae3df6 /opt/stack/data/cinder/mnt/a2e54bbeb939fc4da8709a1619171b6c/volume-4b4b9811-3288-4454-9aa6-c42ebe2cb301 {{(pid=86574) execute /opt/stack/data/venv/lib/python3.12/site-packages/oslo_concurrency/processutils.py:440}}
Jun 04 17:57:09 devstack sudo[94245]: quobyte : PWD=/ ; USER=root ; COMMAND=/opt/stack/data/venv/bin/cinder-rootwrap /etc/cinder/rootwrap.conf qemu-img convert -O qcow2 /opt/stack/data/cinder/mnt/a2e54bbeb939fc4da8709a1619171b6c/volume-5113e635-f152-4e09-a73d-1769b4ae3df6 /opt/stack/data/cinder/mnt/a2e54bbeb939fc4da8709a1619171b6c/volume-4b4b9811-3288-4454-9aa6-c42ebe2cb301
Jun 04 17:57:09 devstack sudo[94245]: pam_unix(sudo:session): session opened for user root(uid=0) by (uid=1000)
Jun 04 17:57:16 devstack cinder-volume[86574]: DEBUG dbcounter [-] [86574] Writing DB stats cinder:SELECT=32,cinder:UPDATE=39,cinder:INSERT=11,cinder:DELETE=1 {{(pid=86574) stat_writer /opt/stack/data/venv/lib/python3.12/site-packages/dbcounter.py:115}}
Jun 04 17:57:16 devstack cinder-volume[86574]: DEBUG dbcounter [-] [86574] Writing DB stats cinder:UPDATE=40,cinder:SELECT=30,cinder:INSERT=9,cinder:DELETE=5 {{(pid=86574) stat_writer /opt/stack/data/venv/lib/python3.12/site-packages/dbcounter.py:115}}
Jun 04 17:57:16 devstack sudo[94245]: pam_unix(sudo:session): session closed for user root
Jun 04 17:57:16 devstack cinder-volume[86574]: DEBUG oslo_concurrency.processutils [None req-ee898a3d-d543-4fe9-a232-563ea015490b tempest-VolumesGetTest-1137214911 None] CMD "sudo cinder-rootwrap /etc/cinder/rootwrap.conf qemu-img convert -O qcow2 /opt/stack/data/cinder/mnt/a2e54bbeb939fc4da8709a1619171b6c/volume-5113e635-f152-4e09-a73d-1769b4ae3df6 /opt/stack/data/cinder/mnt/a2e54bbeb939fc4da8709a1619171b6c/volume-4b4b9811-3288-4454-9aa6-c42ebe2cb301" returned: 0 in 7.525s {{(pid=86574) execute /opt/stack/data/venv/lib/python3.12/site-packages/oslo_concurrency/processutils.py:468}}
Jun 04 17:57:17 devstack cinder-volume[86574]: DEBUG oslo.privsep.daemon [-] privsep: reply[ed8e59a4-ddb8-4e3c-a4f1-fc96823d86cc]: (4, 'qcow2') {{(pid=87431) _call_back /opt/stack/data/venv/lib/python3.12/site-packages/oslo_privsep/daemon.py:573}}
Jun 04 17:57:17 devstack cinder-volume[86574]: DEBUG oslo_concurrency.processutils [None req-ee898a3d-d543-4fe9-a232-563ea015490b tempest-VolumesGetTest-1137214911 None] Running cmd (subprocess): /opt/stack/data/venv/bin/python3.12 -m oslo_concurrency.prlimit --as=1073741824 --cpu=60 -- sudo cinder-rootwrap /etc/cinder/rootwrap.conf env LC_ALL=C qemu-img info -f qcow2 --output=json /opt/stack/data/cinder/mnt/a2e54bbeb939fc4da8709a1619171b6c/volume-5113e635-f152-4e09-a73d-1769b4ae3df6 {{(pid=86574) execute /opt/stack/data/venv/lib/python3.12/site-packages/oslo_concurrency/processutils.py:440}}
Jun 04 17:57:17 devstack sudo[94280]: quobyte : PWD=/ ; USER=root ; COMMAND=/opt/stack/data/venv/bin/cinder-rootwrap /etc/cinder/rootwrap.conf env LC_ALL=C qemu-img info -f qcow2 --output=json /opt/stack/data/cinder/mnt/a2e54bbeb939fc4da8709a1619171b6c/volume-5113e635-f152-4e09-a73d-1769b4ae3df6
Jun 04 17:57:17 devstack sudo[94280]: pam_unix(sudo:session): session opened for user root(uid=0) by (uid=1000)
Jun 04 17:57:18 devstack sudo[94280]: pam_unix(sudo:session): session closed for user root
Jun 04 17:57:18 devstack cinder-volume[86574]: DEBUG oslo_concurrency.processutils [None req-ee898a3d-d543-4fe9-a232-563ea015490b tempest-VolumesGetTest-1137214911 None] CMD "/opt/stack/data/venv/bin/python3.12 -m oslo_concurrency.prlimit --as=1073741824 --cpu=60 -- sudo cinder-rootwrap /etc/cinder/rootwrap.conf env LC_ALL=C qemu-img info -f qcow2 --output=json /opt/stack/data/cinder/mnt/a2e54bbeb939fc4da8709a1619171b6c/volume-5113e635-f152-4e09-a73d-1769b4ae3df6" returned: 0 in 1.048s {{(pid=86574) execute /opt/stack/data/venv/lib/python3.12/site-packages/oslo_concurrency/processutils.py:468}}
Jun 04 17:57:18 devstack cinder-volume[86574]: DEBUG cinder.image.image_utils [None req-ee898a3d-d543-4fe9-a232-563ea015490b tempest-VolumesGetTest-1137214911 None] Image conversion details: src /opt/stack/data/cinder/mnt/a2e54bbeb939fc4da8709a1619171b6c/volume-5113e635-f152-4e09-a73d-1769b4ae3df6, size 1024.00 MB, duration 7.53 sec, destination /opt/stack/data/cinder/mnt/a2e54bbeb939fc4da8709a1619171b6c/volume-4b4b9811-3288-4454-9aa6-c42ebe2cb301 {{(pid=86574) _convert_image /opt/stack/cinder/cinder/image/image_utils.py:536}}
Jun 04 17:57:18 devstack cinder-volume[86574]: INFO cinder.image.image_utils [None req-ee898a3d-d543-4fe9-a232-563ea015490b tempest-VolumesGetTest-1137214911 None] Converted 1024.00 MB image at 136.05 MB/s
Jun 04 17:57:18 devstack cinder-volume[86574]: WARNING cinder.volume.drivers.remotefs [None req-ee898a3d-d543-4fe9-a232-563ea015490b tempest-VolumesGetTest-1137214911 None] /opt/stack/data/cinder/mnt/a2e54bbeb939fc4da8709a1619171b6c/volume-4b4b9811-3288-4454-9aa6-c42ebe2cb301 is being set with open permissions: ugo+rw
Jun 04 17:57:18 devstack cinder-volume[86574]: DEBUG oslo_concurrency.processutils [None req-ee898a3d-d543-4fe9-a232-563ea015490b tempest-VolumesGetTest-1137214911 None] Running cmd (subprocess): sudo cinder-rootwrap /etc/cinder/rootwrap.conf chmod ugo+rw /opt/stack/data/cinder/mnt/a2e54bbeb939fc4da8709a1619171b6c/volume-4b4b9811-3288-4454-9aa6-c42ebe2cb301 {{(pid=86574) execute /opt/stack/data/venv/lib/python3.12/site-packages/oslo_concurrency/processutils.py:440}}
Jun 04 17:57:18 devstack sudo[94285]: quobyte : PWD=/ ; USER=root ; COMMAND=/opt/stack/data/venv/bin/cinder-rootwrap /etc/cinder/rootwrap.conf chmod ugo+rw /opt/stack/data/cinder/mnt/a2e54bbeb939fc4da8709a1619171b6c/volume-4b4b9811-3288-4454-9aa6-c42ebe2cb301
Jun 04 17:57:18 devstack sudo[94285]: pam_unix(sudo:session): session opened for user root(uid=0) by (uid=1000)
Jun 04 17:57:18 devstack sudo[94285]: pam_unix(sudo:session): session closed for user root
Jun 04 17:57:18 devstack cinder-volume[86574]: DEBUG oslo_concurrency.processutils [None req-ee898a3d-d543-4fe9-a232-563ea015490b tempest-VolumesGetTest-1137214911 None] CMD "sudo cinder-rootwrap /etc/cinder/rootwrap.conf chmod ugo+rw /opt/stack/data/cinder/mnt/a2e54bbeb939fc4da8709a1619171b6c/volume-4b4b9811-3288-4454-9aa6-c42ebe2cb301" returned: 0 in 0.611s {{(pid=86574) execute /opt/stack/data/venv/lib/python3.12/site-packages/oslo_concurrency/processutils.py:468}}
Jun 04 17:57:18 devstack cinder-volume[86574]: DEBUG cinder.coordination [None req-ee898a3d-d543-4fe9-a232-563ea015490b tempest-VolumesGetTest-1137214911 None] Lock "cinder-quobyte-4b4b9811-3288-4454-9aa6-c42ebe2cb301" released by "_copy_volume_from_snapshot" :: held 11.199s {{(pid=86574) __release /opt/stack/cinder/cinder/coordination.py:152}}
Jun 04 17:57:18 devstack cinder-volume[86574]: DEBUG cinder.coordination [None req-ee898a3d-d543-4fe9-a232-563ea015490b tempest-VolumesGetTest-1137214911 None] Acquiring lock "cinder-quobyte-9a5d048d-6b44-4ce9-beae-298833b16f3d" by "_delete_snapshot" {{(pid=86574) __acquire /opt/stack/cinder/cinder/coordination.py:138}}
Jun 04 17:57:18 devstack cinder-volume[86574]: DEBUG cinder.coordination [None req-ee898a3d-d543-4fe9-a232-563ea015490b tempest-VolumesGetTest-1137214911 None] Lock "cinder-quobyte-9a5d048d-6b44-4ce9-beae-298833b16f3d" acquired by "_delete_snapshot" :: waited 0.021s {{(pid=86574) __acquire /opt/stack/cinder/cinder/coordination.py:141}}
Jun 04 17:57:18 devstack cinder-volume[86574]: DEBUG cinder.volume.drivers.remotefs [None req-ee898a3d-d543-4fe9-a232-563ea015490b tempest-VolumesGetTest-1137214911 None] Deleting offline snapshot 9a5d048d-6b44-4ce9-beae-298833b16f3d of volume 5113e635-f152-4e09-a73d-1769b4ae3df6 {{(pid=86574) _delete_snapshot /opt/stack/cinder/cinder/volume/drivers/remotefs.py:1288}}
Jun 04 17:57:18 devstack cinder-volume[86574]: DEBUG cinder.volume.drivers.remotefs [None req-ee898a3d-d543-4fe9-a232-563ea015490b tempest-VolumesGetTest-1137214911 None] snapshot_file for this snap is: volume-5113e635-f152-4e09-a73d-1769b4ae3df6.9a5d048d-6b44-4ce9-beae-298833b16f3d {{(pid=86574) _delete_snapshot /opt/stack/cinder/cinder/volume/drivers/remotefs.py:1317}}
Jun 04 17:57:18 devstack cinder-volume[86574]: DEBUG oslo.privsep.daemon [-] privsep: reply[3a677179-f244-4c0a-8ba3-323e2b5cdbc0]: (4, 'qcow2') {{(pid=87431) _call_back /opt/stack/data/venv/lib/python3.12/site-packages/oslo_privsep/daemon.py:573}}
Jun 04 17:57:18 devstack cinder-volume[86574]: DEBUG oslo_concurrency.processutils [None req-ee898a3d-d543-4fe9-a232-563ea015490b tempest-VolumesGetTest-1137214911 None] Running cmd (subprocess): /opt/stack/data/venv/bin/python3.12 -m oslo_concurrency.prlimit --as=1073741824 --cpu=60 -- sudo cinder-rootwrap /etc/cinder/rootwrap.conf env LC_ALL=C qemu-img info -f qcow2 --output=json --force-share /opt/stack/data/cinder/mnt/a2e54bbeb939fc4da8709a1619171b6c/volume-5113e635-f152-4e09-a73d-1769b4ae3df6.9a5d048d-6b44-4ce9-beae-298833b16f3d {{(pid=86574) execute /opt/stack/data/venv/lib/python3.12/site-packages/oslo_concurrency/processutils.py:440}}
Jun 04 17:57:18 devstack sudo[94288]: quobyte : PWD=/ ; USER=root ; COMMAND=/opt/stack/data/venv/bin/cinder-rootwrap /etc/cinder/rootwrap.conf env LC_ALL=C qemu-img info -f qcow2 --output=json --force-share /opt/stack/data/cinder/mnt/a2e54bbeb939fc4da8709a1619171b6c/volume-5113e635-f152-4e09-a73d-1769b4ae3df6.9a5d048d-6b44-4ce9-beae-298833b16f3d
Jun 04 17:57:18 devstack sudo[94288]: pam_unix(sudo:session): session opened for user root(uid=0) by (uid=1000)
Jun 04 17:57:19 devstack sudo[94288]: pam_unix(sudo:session): session closed for user root
Jun 04 17:57:19 devstack cinder-volume[86574]: DEBUG oslo_concurrency.processutils [None req-ee898a3d-d543-4fe9-a232-563ea015490b tempest-VolumesGetTest-1137214911 None] CMD "/opt/stack/data/venv/bin/python3.12 -m oslo_concurrency.prlimit --as=1073741824 --cpu=60 -- sudo cinder-rootwrap /etc/cinder/rootwrap.conf env LC_ALL=C qemu-img info -f qcow2 --output=json --force-share /opt/stack/data/cinder/mnt/a2e54bbeb939fc4da8709a1619171b6c/volume-5113e635-f152-4e09-a73d-1769b4ae3df6.9a5d048d-6b44-4ce9-beae-298833b16f3d" returned: 0 in 0.831s {{(pid=86574) execute /opt/stack/data/venv/lib/python3.12/site-packages/oslo_concurrency/processutils.py:468}}
Jun 04 17:57:19 devstack cinder-volume[86574]: DEBUG cinder.volume.drivers.remotefs [None req-ee898a3d-d543-4fe9-a232-563ea015490b tempest-VolumesGetTest-1137214911 None] Fetching qemu-img info with special backing_file_template: (/opt/stack/data/cinder/mnt/[0-9a-f]+/)?(volume-5113e635-f152-4e09-a73d-1769b4ae3df6(.(tmp-snap-)?[0-9a-f-]+)?|volume_from_snapshot_cache/(tmp-snap-)?[0-9a-f-]+(.(child-|parent-)[0-9a-f-]+)?)$ {{(pid=86574) _qemu_img_info_base /opt/stack/cinder/cinder/volume/drivers/remotefs.py:896}}
Jun 04 17:57:19 devstack cinder-volume[86574]: DEBUG oslo.privsep.daemon [-] privsep: reply[2e54507f-d6f0-4c53-b0d5-d7213f2b340c]: (4, 'qcow2') {{(pid=87431) _call_back /opt/stack/data/venv/lib/python3.12/site-packages/oslo_privsep/daemon.py:573}}
Jun 04 17:57:19 devstack cinder-volume[86574]: DEBUG oslo_concurrency.processutils [None req-ee898a3d-d543-4fe9-a232-563ea015490b tempest-VolumesGetTest-1137214911 None] Running cmd (subprocess): /opt/stack/data/venv/bin/python3.12 -m oslo_concurrency.prlimit --as=1073741824 --cpu=60 -- sudo cinder-rootwrap /etc/cinder/rootwrap.conf env LC_ALL=C qemu-img info -f qcow2 --output=json --force-share /opt/stack/data/cinder/mnt/a2e54bbeb939fc4da8709a1619171b6c/volume-5113e635-f152-4e09-a73d-1769b4ae3df6 {{(pid=86574) execute /opt/stack/data/venv/lib/python3.12/site-packages/oslo_concurrency/processutils.py:440}}
Jun 04 17:57:19 devstack sudo[94300]: quobyte : PWD=/ ; USER=root ; COMMAND=/opt/stack/data/venv/bin/cinder-rootwrap /etc/cinder/rootwrap.conf env LC_ALL=C qemu-img info -f qcow2 --output=json --force-share /opt/stack/data/cinder/mnt/a2e54bbeb939fc4da8709a1619171b6c/volume-5113e635-f152-4e09-a73d-1769b4ae3df6
Jun 04 17:57:19 devstack sudo[94300]: pam_unix(sudo:session): session opened for user root(uid=0) by (uid=1000)
Jun 04 17:57:20 devstack sudo[94300]: pam_unix(sudo:session): session closed for user root
Jun 04 17:57:20 devstack cinder-volume[86574]: DEBUG oslo_concurrency.processutils [None req-ee898a3d-d543-4fe9-a232-563ea015490b tempest-VolumesGetTest-1137214911 None] CMD "/opt/stack/data/venv/bin/python3.12 -m oslo_concurrency.prlimit --as=1073741824 --cpu=60 -- sudo cinder-rootwrap /etc/cinder/rootwrap.conf env LC_ALL=C qemu-img info -f qcow2 --output=json --force-share /opt/stack/data/cinder/mnt/a2e54bbeb939fc4da8709a1619171b6c/volume-5113e635-f152-4e09-a73d-1769b4ae3df6" returned: 0 in 0.862s {{(pid=86574) execute /opt/stack/data/venv/lib/python3.12/site-packages/oslo_concurrency/processutils.py:468}}
Jun 04 17:57:20 devstack cinder-volume[86574]: DEBUG oslo_concurrency.processutils [None req-ee898a3d-d543-4fe9-a232-563ea015490b tempest-VolumesGetTest-1137214911 None] Running cmd (subprocess): sudo cinder-rootwrap /etc/cinder/rootwrap.conf qemu-img commit -d /opt/stack/data/cinder/mnt/a2e54bbeb939fc4da8709a1619171b6c/volume-5113e635-f152-4e09-a73d-1769b4ae3df6.9a5d048d-6b44-4ce9-beae-298833b16f3d {{(pid=86574) execute /opt/stack/data/venv/lib/python3.12/site-packages/oslo_concurrency/processutils.py:440}}
Jun 04 17:57:20 devstack sudo[94306]: quobyte : PWD=/ ; USER=root ; COMMAND=/opt/stack/data/venv/bin/cinder-rootwrap /etc/cinder/rootwrap.conf qemu-img commit -d /opt/stack/data/cinder/mnt/a2e54bbeb939fc4da8709a1619171b6c/volume-5113e635-f152-4e09-a73d-1769b4ae3df6.9a5d048d-6b44-4ce9-beae-298833b16f3d
Jun 04 17:57:20 devstack sudo[94306]: pam_unix(sudo:session): session opened for user root(uid=0) by (uid=1000)
Jun 04 17:57:21 devstack sudo[94306]: pam_unix(sudo:session): session closed for user root
Jun 04 17:57:21 devstack cinder-volume[86574]: DEBUG oslo_concurrency.processutils [None req-ee898a3d-d543-4fe9-a232-563ea015490b tempest-VolumesGetTest-1137214911 None] CMD "sudo cinder-rootwrap /etc/cinder/rootwrap.conf qemu-img commit -d /opt/stack/data/cinder/mnt/a2e54bbeb939fc4da8709a1619171b6c/volume-5113e635-f152-4e09-a73d-1769b4ae3df6.9a5d048d-6b44-4ce9-beae-298833b16f3d" returned: 0 in 0.886s {{(pid=86574) execute /opt/stack/data/venv/lib/python3.12/site-packages/oslo_concurrency/processutils.py:468}}
Jun 04 17:57:21 devstack cinder-volume[86574]: DEBUG oslo_concurrency.processutils [None req-ee898a3d-d543-4fe9-a232-563ea015490b tempest-VolumesGetTest-1137214911 None] Running cmd (subprocess): sudo cinder-rootwrap /etc/cinder/rootwrap.conf rm -f /opt/stack/data/cinder/mnt/a2e54bbeb939fc4da8709a1619171b6c/volume-5113e635-f152-4e09-a73d-1769b4ae3df6.9a5d048d-6b44-4ce9-beae-298833b16f3d {{(pid=86574) execute /opt/stack/data/venv/lib/python3.12/site-packages/oslo_concurrency/processutils.py:440}}
Jun 04 17:57:21 devstack sudo[94311]: quobyte : PWD=/ ; USER=root ; COMMAND=/opt/stack/data/venv/bin/cinder-rootwrap /etc/cinder/rootwrap.conf rm -f /opt/stack/data/cinder/mnt/a2e54bbeb939fc4da8709a1619171b6c/volume-5113e635-f152-4e09-a73d-1769b4ae3df6.9a5d048d-6b44-4ce9-beae-298833b16f3d
Jun 04 17:57:21 devstack sudo[94311]: pam_unix(sudo:session): session opened for user root(uid=0) by (uid=1000)
Jun 04 17:57:22 devstack sudo[94311]: pam_unix(sudo:session): session closed for user root
Jun 04 17:57:22 devstack cinder-volume[86574]: DEBUG oslo_concurrency.processutils [None req-ee898a3d-d543-4fe9-a232-563ea015490b tempest-VolumesGetTest-1137214911 None] CMD "sudo cinder-rootwrap /etc/cinder/rootwrap.conf rm -f /opt/stack/data/cinder/mnt/a2e54bbeb939fc4da8709a1619171b6c/volume-5113e635-f152-4e09-a73d-1769b4ae3df6.9a5d048d-6b44-4ce9-beae-298833b16f3d" returned: 0 in 0.865s {{(pid=86574) execute /opt/stack/data/venv/lib/python3.12/site-packages/oslo_concurrency/processutils.py:468}}
Jun 04 17:57:22 devstack cinder-volume[86574]: DEBUG cinder.coordination [None req-ee898a3d-d543-4fe9-a232-563ea015490b tempest-VolumesGetTest-1137214911 None] Lock "cinder-quobyte-9a5d048d-6b44-4ce9-beae-298833b16f3d" released by "_delete_snapshot" :: held 3.565s {{(pid=86574) __release /opt/stack/cinder/cinder/coordination.py:152}}
Jun 04 17:57:22 devstack cinder-volume[86574]: DEBUG oslo_concurrency.lockutils [None req-ee898a3d-d543-4fe9-a232-563ea015490b tempest-VolumesGetTest-1137214911 None] Lock "quobyte" "released" by "cinder.volume.drivers.quobyte.QuobyteDriver.create_cloned_volume" :: held 19.998s {{(pid=86574) inner /opt/stack/data/venv/lib/python3.12/site-packages/oslo_concurrency/lockutils.py:538}}
Jun 04 17:57:22 devstack cinder-volume[86574]: DEBUG oslo_concurrency.lockutils [req-c94c1e81-912c-4c6e-8574-72873a857165 req-d834a248-274d-4867-bd4c-bd041dcee320 tempest-VolumesGetTestJSON-1444815272 None] Lock "quobyte" acquired by "cinder.volume.drivers.quobyte.QuobyteDriver.create_volume" :: waited 16.582s {{(pid=86574) inner /opt/stack/data/venv/lib/python3.12/site-packages/oslo_concurrency/lockutils.py:519}}
Jun 04 17:57:22 devstack cinder-volume[86574]: DEBUG cinder.volume.drivers.quobyte [req-c94c1e81-912c-4c6e-8574-72873a857165 req-d834a248-274d-4867-bd4c-bd041dcee320 tempest-VolumesGetTestJSON-1444815272 None] ==> create_volume: call "{'self': , 'volume': Volume(_name_id=None,admin_metadata=,attach_status='detached',availability_zone='nova',bootable=False,cluster=,cluster_name=None,consistencygroup=,consistencygroup_id=None,created_at=2026-06-04T15:57:05Z,deleted=False,deleted_at=None,display_description=None,display_name='tempest-VolumesGetTestJSON-Volume-1837759514',ec2_id=None,encryption_key_id=None,glance_metadata=,group=,group_id=None,host='devstack@QuobyteHD#QuobyteHD',id=860e2ced-d935-4fb3-8381-d18a26387c05,launched_at=None,metadata={Type='work'},migration_status=None,multiattach=False,previous_status=None,project_id='1da8d765ff1a40cdba2559aa79809b5f',provider_auth=None,provider_geometry=None,provider_id=None,provider_location=None,replication_driver_data=None,replication_extended_status=None,replication_status=None,scheduled_at=2026-06-04T15:57:06Z,service_uuid=None,shared_targets=True,size=1,snapshot_id=None,snapshots=,source_volid=None,status='creating',terminated_at=None,updated_at=2026-06-04T15:57:06Z,use_quota=True,user_id='1478081ff81f4ff59ded82f042e3868b',volume_attachment=VolumeAttachmentList,volume_type=VolumeType(8883b066-dfab-456e-9a58-b952b3ba7774),volume_type_id=8883b066-dfab-456e-9a58-b952b3ba7774)}" {{(pid=86574) trace_logging_wrapper /opt/stack/cinder/cinder/volume/volume_utils.py:1497}}
