Aug 26 23:11:04 devstack devstack@n-api.service[68724]: DEBUG nova.api.openstack.wsgi_app [None req-c3fed7bb-4074-43c9-bea7-3921c38ac255 None None] keystone_authtoken.memcache_pool_socket_timeout = 3 {{(pid=68724) log_opt_values /opt/stack/data/venv/lib/python3.12/site-packages/oslo_config/cfg.py:3560}}
Aug 26 23:11:04 devstack devstack@n-api.service[68723]: DEBUG nova.api.openstack.wsgi_app [None req-327ae1ff-6303-4eaf-b284-64768e8b4bd3 None None] keystone_authtoken.include_service_catalog = True {{(pid=68723) log_opt_values /opt/stack/data/venv/lib/python3.12/site-packages/oslo_config/cfg.py:3560}}
Aug 26 23:11:04 devstack devstack@n-api.service[68724]: DEBUG nova.api.openstack.wsgi_app [None req-c3fed7bb-4074-43c9-bea7-3921c38ac255 None None] keystone_authtoken.memcache_pool_unused_timeout = 60 {{(pid=68724) log_opt_values /opt/stack/data/venv/lib/python3.12/site-packages/oslo_config/cfg.py:3560}}
Aug 26 23:11:04 devstack devstack@n-api.service[68723]: DEBUG nova.api.openstack.wsgi_app [None req-327ae1ff-6303-4eaf-b284-64768e8b4bd3 None None] keystone_authtoken.insecure = False {{(pid=68723) log_opt_values /opt/stack/data/venv/lib/python3.12/site-packages/oslo_config/cfg.py:3560}}
Aug 26 23:11:04 devstack devstack@n-api.service[68724]: DEBUG nova.api.openstack.wsgi_app [None req-c3fed7bb-4074-43c9-bea7-3921c38ac255 None None] keystone_authtoken.memcache_sasl_enabled = False {{(pid=68724) log_opt_values /opt/stack/data/venv/lib/python3.12/site-packages/oslo_config/cfg.py:3560}}
Aug 26 23:11:04 devstack devstack@n-api.service[68723]: DEBUG nova.api.openstack.wsgi_app [None req-327ae1ff-6303-4eaf-b284-64768e8b4bd3 None None] keystone_authtoken.interface = public {{(pid=68723) log_opt_values /opt/stack/data/venv/lib/python3.12/site-packages/oslo_config/cfg.py:3560}}
Aug 26 23:11:04 devstack devstack@n-api.service[68724]: DEBUG nova.api.openstack.wsgi_app [None req-c3fed7bb-4074-43c9-bea7-3921c38ac255 None None] keystone_authtoken.memcache_secret_key = **** {{(pid=68724) log_opt_values /opt/stack/data/venv/lib/python3.12/site-packages/oslo_config/cfg.py:3560}}
Aug 26 23:11:04 devstack devstack@n-api.service[68723]: DEBUG nova.api.openstack.wsgi_app [None req-327ae1ff-6303-4eaf-b284-64768e8b4bd3 None None] keystone_authtoken.keyfile = None {{(pid=68723) log_opt_values /opt/stack/data/venv/lib/python3.12/site-packages/oslo_config/cfg.py:3560}}
Aug 26 23:11:04 devstack devstack@n-api.service[68724]: DEBUG nova.api.openstack.wsgi_app [None req-c3fed7bb-4074-43c9-bea7-3921c38ac255 None None] keystone_authtoken.memcache_security_strategy = None {{(pid=68724) log_opt_values /opt/stack/data/venv/lib/python3.12/site-packages/oslo_config/cfg.py:3560}}
Aug 26 23:11:04 devstack devstack@n-api.service[68723]: DEBUG nova.api.openstack.wsgi_app [None req-327ae1ff-6303-4eaf-b284-64768e8b4bd3 None None] keystone_authtoken.memcache_password = **** {{(pid=68723) log_opt_values /opt/stack/data/venv/lib/python3.12/site-packages/oslo_config/cfg.py:3560}}
Aug 26 23:11:04 devstack devstack@n-api.service[68724]: DEBUG nova.api.openstack.wsgi_app [None req-c3fed7bb-4074-43c9-bea7-3921c38ac255 None None] keystone_authtoken.memcache_tls_allowed_ciphers = None {{(pid=68724) log_opt_values /opt/stack/data/venv/lib/python3.12/site-packages/oslo_config/cfg.py:3560}}
Aug 26 23:11:04 devstack devstack@n-api.service[68723]: DEBUG nova.api.openstack.wsgi_app [None req-327ae1ff-6303-4eaf-b284-64768e8b4bd3 None None] keystone_authtoken.memcache_pool_conn_get_timeout = 10 {{(pid=68723) log_opt_values /opt/stack/data/venv/lib/python3.12/site-packages/oslo_config/cfg.py:3560}}
Aug 26 23:11:04 devstack devstack@n-api.service[68724]: DEBUG nova.api.openstack.wsgi_app [None req-c3fed7bb-4074-43c9-bea7-3921c38ac255 None None] keystone_authtoken.memcache_tls_cafile = None {{(pid=68724) log_opt_values /opt/stack/data/venv/lib/python3.12/site-packages/oslo_config/cfg.py:3560}}
Aug 26 23:11:04 devstack devstack@n-api.service[68723]: DEBUG nova.api.openstack.wsgi_app [None req-327ae1ff-6303-4eaf-b284-64768e8b4bd3 None None] keystone_authtoken.memcache_pool_dead_retry = 300 {{(pid=68723) log_opt_values /opt/stack/data/venv/lib/python3.12/site-packages/oslo_config/cfg.py:3560}}
Aug 26 23:11:04 devstack devstack@n-api.service[68724]: DEBUG nova.api.openstack.wsgi_app [None req-c3fed7bb-4074-43c9-bea7-3921c38ac255 None None] keystone_authtoken.memcache_tls_certfile = None {{(pid=68724) log_opt_values /opt/stack/data/venv/lib/python3.12/site-packages/oslo_config/cfg.py:3560}}
Aug 26 23:11:04 devstack devstack@n-api.service[68723]: DEBUG nova.api.openstack.wsgi_app [None req-327ae1ff-6303-4eaf-b284-64768e8b4bd3 None None] keystone_authtoken.memcache_pool_maxsize = 10 {{(pid=68723) log_opt_values /opt/stack/data/venv/lib/python3.12/site-packages/oslo_config/cfg.py:3560}}
Aug 26 23:11:04 devstack devstack@n-api.service[68724]: DEBUG nova.api.openstack.wsgi_app [None req-c3fed7bb-4074-43c9-bea7-3921c38ac255 None None] keystone_authtoken.memcache_tls_enabled = False {{(pid=68724) log_opt_values /opt/stack/data/venv/lib/python3.12/site-packages/oslo_config/cfg.py:3560}}
Aug 26 23:11:04 devstack devstack@n-api.service[68723]: DEBUG nova.api.openstack.wsgi_app [None req-327ae1ff-6303-4eaf-b284-64768e8b4bd3 None None] keystone_authtoken.memcache_pool_socket_timeout = 3 {{(pid=68723) log_opt_values /opt/stack/data/venv/lib/python3.12/site-packages/oslo_config/cfg.py:3560}}
Aug 26 23:11:04 devstack devstack@n-api.service[68724]: DEBUG nova.api.openstack.wsgi_app [None req-c3fed7bb-4074-43c9-bea7-3921c38ac255 None None] keystone_authtoken.memcache_tls_keyfile = None {{(pid=68724) log_opt_values /opt/stack/data/venv/lib/python3.12/site-packages/oslo_config/cfg.py:3560}}
Aug 26 23:11:04 devstack devstack@n-api.service[68723]: DEBUG nova.api.openstack.wsgi_app [None req-327ae1ff-6303-4eaf-b284-64768e8b4bd3 None None] keystone_authtoken.memcache_pool_unused_timeout = 60 {{(pid=68723) log_opt_values /opt/stack/data/venv/lib/python3.12/site-packages/oslo_config/cfg.py:3560}}
Aug 26 23:11:04 devstack devstack@n-api.service[68724]: DEBUG nova.api.openstack.wsgi_app [None req-c3fed7bb-4074-43c9-bea7-3921c38ac255 None None] keystone_authtoken.memcache_use_advanced_pool = True {{(pid=68724) log_opt_values /opt/stack/data/venv/lib/python3.12/site-packages/oslo_config/cfg.py:3560}}
Aug 26 23:11:04 devstack devstack@n-api.service[68723]: DEBUG nova.api.openstack.wsgi_app [None req-327ae1ff-6303-4eaf-b284-64768e8b4bd3 None None] keystone_authtoken.memcache_sasl_enabled = False {{(pid=68723) log_opt_values /opt/stack/data/venv/lib/python3.12/site-packages/oslo_config/cfg.py:3560}}
Aug 26 23:11:04 devstack devstack@n-api.service[68724]: DEBUG nova.api.openstack.wsgi_app [None req-c3fed7bb-4074-43c9-bea7-3921c38ac255 None None] keystone_authtoken.memcache_username = None {{(pid=68724) log_opt_values /opt/stack/data/venv/lib/python3.12/site-packages/oslo_config/cfg.py:3560}}
Aug 26 23:11:04 devstack devstack@n-api.service[68723]: DEBUG nova.api.openstack.wsgi_app [None req-327ae1ff-6303-4eaf-b284-64768e8b4bd3 None None] keystone_authtoken.memcache_secret_key = **** {{(pid=68723) log_opt_values /opt/stack/data/venv/lib/python3.12/site-packages/oslo_config/cfg.py:3560}}
Aug 26 23:11:04 devstack devstack@n-api.service[68724]: DEBUG nova.api.openstack.wsgi_app [None req-c3fed7bb-4074-43c9-bea7-3921c38ac255 None None] keystone_authtoken.memcached_servers = ['localhost:11211'] {{(pid=68724) log_opt_values /opt/stack/data/venv/lib/python3.12/site-packages/oslo_config/cfg.py:3560}}
Aug 26 23:11:04 devstack devstack@n-api.service[68723]: DEBUG nova.api.openstack.wsgi_app [None req-327ae1ff-6303-4eaf-b284-64768e8b4bd3 None None] keystone_authtoken.memcache_security_strategy = None {{(pid=68723) log_opt_values /opt/stack/data/venv/lib/python3.12/site-packages/oslo_config/cfg.py:3560}}
Aug 26 23:11:04 devstack devstack@n-api.service[68724]: DEBUG nova.api.openstack.wsgi_app [None req-c3fed7bb-4074-43c9-bea7-3921c38ac255 None None] keystone_authtoken.password = **** {{(pid=68724) log_opt_values /opt/stack/data/venv/lib/python3.12/site-packages/oslo_config/cfg.py:3560}}
Aug 26 23:11:04 devstack devstack@n-api.service[68723]: DEBUG nova.api.openstack.wsgi_app [None req-327ae1ff-6303-4eaf-b284-64768e8b4bd3 None None] keystone_authtoken.memcache_tls_allowed_ciphers = None {{(pid=68723) log_opt_values /opt/stack/data/venv/lib/python3.12/site-packages/oslo_config/cfg.py:3560}}
Aug 26 23:11:04 devstack devstack@n-api.service[68724]: DEBUG nova.api.openstack.wsgi_app [None req-c3fed7bb-4074-43c9-bea7-3921c38ac255 None None] keystone_authtoken.project_domain_id = None {{(pid=68724) log_opt_values /opt/stack/data/venv/lib/python3.12/site-packages/oslo_config/cfg.py:3560}}
Aug 26 23:11:04 devstack devstack@n-api.service[68723]: DEBUG nova.api.openstack.wsgi_app [None req-327ae1ff-6303-4eaf-b284-64768e8b4bd3 None None] keystone_authtoken.memcache_tls_cafile = None {{(pid=68723) log_opt_values /opt/stack/data/venv/lib/python3.12/site-packages/oslo_config/cfg.py:3560}}
Aug 26 23:11:04 devstack devstack@n-api.service[68724]: DEBUG nova.api.openstack.wsgi_app [None req-c3fed7bb-4074-43c9-bea7-3921c38ac255 None None] keystone_authtoken.project_domain_name = Default {{(pid=68724) log_opt_values /opt/stack/data/venv/lib/python3.12/site-packages/oslo_config/cfg.py:3560}}
Aug 26 23:11:04 devstack devstack@n-api.service[68723]: DEBUG nova.api.openstack.wsgi_app [None req-327ae1ff-6303-4eaf-b284-64768e8b4bd3 None None] keystone_authtoken.memcache_tls_certfile = None {{(pid=68723) log_opt_values /opt/stack/data/venv/lib/python3.12/site-packages/oslo_config/cfg.py:3560}}
Aug 26 23:11:04 devstack devstack@n-api.service[68724]: DEBUG nova.api.openstack.wsgi_app [None req-c3fed7bb-4074-43c9-bea7-3921c38ac255 None None] keystone_authtoken.project_id = None {{(pid=68724) log_opt_values /opt/stack/data/venv/lib/python3.12/site-packages/oslo_config/cfg.py:3560}}
Aug 26 23:11:04 devstack devstack@n-api.service[68723]: DEBUG nova.api.openstack.wsgi_app [None req-327ae1ff-6303-4eaf-b284-64768e8b4bd3 None None] keystone_authtoken.memcache_tls_enabled = False {{(pid=68723) log_opt_values /opt/stack/data/venv/lib/python3.12/site-packages/oslo_config/cfg.py:3560}}
Aug 26 23:11:04 devstack devstack@n-api.service[68724]: DEBUG nova.api.openstack.wsgi_app [None req-c3fed7bb-4074-43c9-bea7-3921c38ac255 None None] keystone_authtoken.project_name = service {{(pid=68724) log_opt_values /opt/stack/data/venv/lib/python3.12/site-packages/oslo_config/cfg.py:3560}}
Aug 26 23:11:04 devstack devstack@n-api.service[68723]: DEBUG nova.api.openstack.wsgi_app [None req-327ae1ff-6303-4eaf-b284-64768e8b4bd3 None None] keystone_authtoken.memcache_tls_keyfile = None {{(pid=68723) log_opt_values /opt/stack/data/venv/lib/python3.12/site-packages/oslo_config/cfg.py:3560}}
Aug 26 23:11:04 devstack devstack@n-api.service[68724]: DEBUG nova.api.openstack.wsgi_app [None req-c3fed7bb-4074-43c9-bea7-3921c38ac255 None None] keystone_authtoken.region_name = None {{(pid=68724) log_opt_values /opt/stack/data/venv/lib/python3.12/site-packages/oslo_config/cfg.py:3560}}
Aug 26 23:11:04 devstack devstack@n-api.service[68723]: DEBUG nova.api.openstack.wsgi_app [None req-327ae1ff-6303-4eaf-b284-64768e8b4bd3 None None] keystone_authtoken.memcache_use_advanced_pool = True {{(pid=68723) log_opt_values /opt/stack/data/venv/lib/python3.12/site-packages/oslo_config/cfg.py:3560}}
Aug 26 23:11:04 devstack devstack@n-api.service[68724]: DEBUG nova.api.openstack.wsgi_app [None req-c3fed7bb-4074-43c9-bea7-3921c38ac255 None None] keystone_authtoken.service_token_roles = ['service'] {{(pid=68724) log_opt_values /opt/stack/data/venv/lib/python3.12/site-packages/oslo_config/cfg.py:3560}}
Aug 26 23:11:04 devstack devstack@n-api.service[68723]: DEBUG nova.api.openstack.wsgi_app [None req-327ae1ff-6303-4eaf-b284-64768e8b4bd3 None None] keystone_authtoken.memcache_username = None {{(pid=68723) log_opt_values /opt/stack/data/venv/lib/python3.12/site-packages/oslo_config/cfg.py:3560}}
Aug 26 23:11:04 devstack devstack@n-api.service[68724]: DEBUG nova.api.openstack.wsgi_app [None req-c3fed7bb-4074-43c9-bea7-3921c38ac255 None None] keystone_authtoken.service_token_roles_required = True {{(pid=68724) log_opt_values /opt/stack/data/venv/lib/python3.12/site-packages/oslo_config/cfg.py:3560}}
Aug 26 23:11:04 devstack devstack@n-api.service[68723]: DEBUG nova.api.openstack.wsgi_app [None req-327ae1ff-6303-4eaf-b284-64768e8b4bd3 None None] keystone_authtoken.memcached_servers = ['localhost:11211'] {{(pid=68723) log_opt_values /opt/stack/data/venv/lib/python3.12/site-packages/oslo_config/cfg.py:3560}}
Aug 26 23:11:04 devstack devstack@n-api.service[68724]: DEBUG nova.api.openstack.wsgi_app [None req-c3fed7bb-4074-43c9-bea7-3921c38ac255 None None] keystone_authtoken.service_type = None {{(pid=68724) log_opt_values /opt/stack/data/venv/lib/python3.12/site-packages/oslo_config/cfg.py:3560}}
Aug 26 23:11:04 devstack devstack@n-api.service[68723]: DEBUG nova.api.openstack.wsgi_app [None req-327ae1ff-6303-4eaf-b284-64768e8b4bd3 None None] keystone_authtoken.password = **** {{(pid=68723) log_opt_values /opt/stack/data/venv/lib/python3.12/site-packages/oslo_config/cfg.py:3560}}
Aug 26 23:11:04 devstack devstack@n-api.service[68724]: DEBUG nova.api.openstack.wsgi_app [None req-c3fed7bb-4074-43c9-bea7-3921c38ac255 None None] keystone_authtoken.system_scope = None {{(pid=68724) log_opt_values /opt/stack/data/venv/lib/python3.12/site-packages/oslo_config/cfg.py:3560}}
Aug 26 23:11:04 devstack devstack@n-api.service[68723]: DEBUG nova.api.openstack.wsgi_app [None req-327ae1ff-6303-4eaf-b284-64768e8b4bd3 None None] keystone_authtoken.project_domain_id = None {{(pid=68723) log_opt_values /opt/stack/data/venv/lib/python3.12/site-packages/oslo_config/cfg.py:3560}}
Aug 26 23:11:04 devstack devstack@n-api.service[68724]: DEBUG nova.api.openstack.wsgi_app [None req-c3fed7bb-4074-43c9-bea7-3921c38ac255 None None] keystone_authtoken.token_cache_time = 300 {{(pid=68724) log_opt_values /opt/stack/data/venv/lib/python3.12/site-packages/oslo_config/cfg.py:3560}}
Aug 26 23:11:04 devstack devstack@n-api.service[68723]: DEBUG nova.api.openstack.wsgi_app [None req-327ae1ff-6303-4eaf-b284-64768e8b4bd3 None None] keystone_authtoken.project_domain_name = Default {{(pid=68723) log_opt_values /opt/stack/data/venv/lib/python3.12/site-packages/oslo_config/cfg.py:3560}}
Aug 26 23:11:04 devstack devstack@n-api.service[68724]: DEBUG nova.api.openstack.wsgi_app [None req-c3fed7bb-4074-43c9-bea7-3921c38ac255 None None] keystone_authtoken.trust_id = None {{(pid=68724) log_opt_values /opt/stack/data/venv/lib/python3.12/site-packages/oslo_config/cfg.py:3560}}
Aug 26 23:11:04 devstack devstack@n-api.service[68723]: DEBUG nova.api.openstack.wsgi_app [None req-327ae1ff-6303-4eaf-b284-64768e8b4bd3 None None] keystone_authtoken.project_id = None {{(pid=68723) log_opt_values /opt/stack/data/venv/lib/python3.12/site-packages/oslo_config/cfg.py:3560}}
Aug 26 23:11:04 devstack devstack@n-api.service[68724]: DEBUG nova.api.openstack.wsgi_app [None req-c3fed7bb-4074-43c9-bea7-3921c38ac255 None None] keystone_authtoken.user_domain_id = None {{(pid=68724) log_opt_values /opt/stack/data/venv/lib/python3.12/site-packages/oslo_config/cfg.py:3560}}
Aug 26 23:11:04 devstack devstack@n-api.service[68723]: DEBUG nova.api.openstack.wsgi_app [None req-327ae1ff-6303-4eaf-b284-64768e8b4bd3 None None] keystone_authtoken.project_name = service {{(pid=68723) log_opt_values /opt/stack/data/venv/lib/python3.12/site-packages/oslo_config/cfg.py:3560}}
Aug 26 23:11:04 devstack devstack@n-api.service[68724]: DEBUG nova.api.openstack.wsgi_app [None req-c3fed7bb-4074-43c9-bea7-3921c38ac255 None None] keystone_authtoken.user_domain_name = Default {{(pid=68724) log_opt_values /opt/stack/data/venv/lib/python3.12/site-packages/oslo_config/cfg.py:3560}}
Aug 26 23:11:04 devstack devstack@n-api.service[68723]: DEBUG nova.api.openstack.wsgi_app [None req-327ae1ff-6303-4eaf-b284-64768e8b4bd3 None None] keystone_authtoken.region_name = None {{(pid=68723) log_opt_values /opt/stack/data/venv/lib/python3.12/site-packages/oslo_config/cfg.py:3560}}
Aug 26 23:11:04 devstack devstack@n-api.service[68724]: DEBUG nova.api.openstack.wsgi_app [None req-c3fed7bb-4074-43c9-bea7-3921c38ac255 None None] keystone_authtoken.user_id = None {{(pid=68724) log_opt_values /opt/stack/data/venv/lib/python3.12/site-packages/oslo_config/cfg.py:3560}}
Aug 26 23:11:04 devstack devstack@n-api.service[68723]: DEBUG nova.api.openstack.wsgi_app [None req-327ae1ff-6303-4eaf-b284-64768e8b4bd3 None None] keystone_authtoken.service_token_roles = ['service'] {{(pid=68723) log_opt_values /opt/stack/data/venv/lib/python3.12/site-packages/oslo_config/cfg.py:3560}}
Aug 26 23:11:04 devstack devstack@n-api.service[68724]: DEBUG nova.api.openstack.wsgi_app [None req-c3fed7bb-4074-43c9-bea7-3921c38ac255 None None] keystone_authtoken.username = nova {{(pid=68724) log_opt_values /opt/stack/data/venv/lib/python3.12/site-packages/oslo_config/cfg.py:3560}}
Aug 26 23:11:04 devstack devstack@n-api.service[68723]: DEBUG nova.api.openstack.wsgi_app [None req-327ae1ff-6303-4eaf-b284-64768e8b4bd3 None None] keystone_authtoken.service_token_roles_required = True {{(pid=68723) log_opt_values /opt/stack/data/venv/lib/python3.12/site-packages/oslo_config/cfg.py:3560}}
Aug 26 23:11:04 devstack devstack@n-api.service[68724]: DEBUG nova.api.openstack.wsgi_app [None req-c3fed7bb-4074-43c9-bea7-3921c38ac255 None None] keystone_authtoken.www_authenticate_uri = http://192.168.122.128/identity {{(pid=68724) log_opt_values /opt/stack/data/venv/lib/python3.12/site-packages/oslo_config/cfg.py:3560}}
Aug 26 23:11:04 devstack devstack@n-api.service[68723]: DEBUG nova.api.openstack.wsgi_app [None req-327ae1ff-6303-4eaf-b284-64768e8b4bd3 None None] keystone_authtoken.service_type = None {{(pid=68723) log_opt_values /opt/stack/data/venv/lib/python3.12/site-packages/oslo_config/cfg.py:3560}}
Aug 26 23:11:04 devstack devstack@n-api.service[68724]: DEBUG nova.api.openstack.wsgi_app [None req-c3fed7bb-4074-43c9-bea7-3921c38ac255 None None] ******************************************************************************** {{(pid=68724) log_opt_values /opt/stack/data/venv/lib/python3.12/site-packages/oslo_config/cfg.py:3567}}
Aug 26 23:11:04 devstack devstack@n-api.service[68723]: DEBUG nova.api.openstack.wsgi_app [None req-327ae1ff-6303-4eaf-b284-64768e8b4bd3 None None] keystone_authtoken.system_scope = None {{(pid=68723) log_opt_values /opt/stack/data/venv/lib/python3.12/site-packages/oslo_config/cfg.py:3560}}
Aug 26 23:11:04 devstack devstack@n-api.service[68724]: WSGI app 0 (mountpoint='') ready in 6 seconds on interpreter 0x7f0d05ea4668 pid: 68724 (default app)
Aug 26 23:11:04 devstack devstack@n-api.service[68723]: DEBUG nova.api.openstack.wsgi_app [None req-327ae1ff-6303-4eaf-b284-64768e8b4bd3 None None] keystone_authtoken.token_cache_time = 300 {{(pid=68723) log_opt_values /opt/stack/data/venv/lib/python3.12/site-packages/oslo_config/cfg.py:3560}}
Aug 26 23:11:04 devstack devstack@n-api.service[68723]: DEBUG nova.api.openstack.wsgi_app [None req-327ae1ff-6303-4eaf-b284-64768e8b4bd3 None None] keystone_authtoken.trust_id = None {{(pid=68723) log_opt_values /opt/stack/data/venv/lib/python3.12/site-packages/oslo_config/cfg.py:3560}}
Aug 26 23:11:04 devstack devstack@n-api.service[68723]: DEBUG nova.api.openstack.wsgi_app [None req-327ae1ff-6303-4eaf-b284-64768e8b4bd3 None None] keystone_authtoken.user_domain_id = None {{(pid=68723) log_opt_values /opt/stack/data/venv/lib/python3.12/site-packages/oslo_config/cfg.py:3560}}
Aug 26 23:11:04 devstack devstack@n-api.service[68723]: DEBUG nova.api.openstack.wsgi_app [None req-327ae1ff-6303-4eaf-b284-64768e8b4bd3 None None] keystone_authtoken.user_domain_name = Default {{(pid=68723) log_opt_values /opt/stack/data/venv/lib/python3.12/site-packages/oslo_config/cfg.py:3560}}
Aug 26 23:11:04 devstack devstack@n-api.service[68723]: DEBUG nova.api.openstack.wsgi_app [None req-327ae1ff-6303-4eaf-b284-64768e8b4bd3 None None] keystone_authtoken.user_id = None {{(pid=68723) log_opt_values /opt/stack/data/venv/lib/python3.12/site-packages/oslo_config/cfg.py:3560}}
Aug 26 23:11:04 devstack devstack@n-api.service[68724]: DEBUG nova.api.openstack.wsgi [None req-c3fed7bb-4074-43c9-bea7-3921c38ac255 None None] Calling method '>' {{(pid=68724) _process_stack /opt/stack/nova/nova/api/openstack/wsgi.py:551}}
Aug 26 23:11:04 devstack devstack@n-api.service[68723]: DEBUG nova.api.openstack.wsgi_app [None req-327ae1ff-6303-4eaf-b284-64768e8b4bd3 None None] keystone_authtoken.username = nova {{(pid=68723) log_opt_values /opt/stack/data/venv/lib/python3.12/site-packages/oslo_config/cfg.py:3560}}
Aug 26 23:11:04 devstack devstack@n-api.service[68723]: DEBUG nova.api.openstack.wsgi_app [None req-327ae1ff-6303-4eaf-b284-64768e8b4bd3 None None] keystone_authtoken.www_authenticate_uri = http://192.168.122.128/identity {{(pid=68723) log_opt_values /opt/stack/data/venv/lib/python3.12/site-packages/oslo_config/cfg.py:3560}}
Aug 26 23:11:04 devstack devstack@n-api.service[68723]: DEBUG nova.api.openstack.wsgi_app [None req-327ae1ff-6303-4eaf-b284-64768e8b4bd3 None None] ******************************************************************************** {{(pid=68723) log_opt_values /opt/stack/data/venv/lib/python3.12/site-packages/oslo_config/cfg.py:3567}}
Aug 26 23:11:04 devstack devstack@n-api.service[68723]: WSGI app 0 (mountpoint='') ready in 6 seconds on interpreter 0x7f0d05ea4668 pid: 68723 (default app)
Aug 26 23:11:04 devstack devstack@n-api.service[68724]: INFO nova.api.openstack.requestlog [None req-c3fed7bb-4074-43c9-bea7-3921c38ac255 None None] 192.168.122.128 "GET /compute/v2.1/" status: 200 len: 393 microversion: 2.1 time: 0.005514
Aug 26 23:11:04 devstack devstack@n-api.service[68724]: [pid: 68724|app: 0|req: 1/1] 192.168.122.128 () {50 vars in 791 bytes} [Wed Aug 26 23:11:04 2026] GET /compute/v2.1/ => generated 393 bytes in 7 msecs (HTTP/1.1 200) 9 headers in 357 bytes (1 switches on core 0)
Aug 26 23:11:12 devstack devstack@n-api.service[68723]: DEBUG dbcounter [-] [68723] Writing DB stats nova_api:SELECT=1 {{(pid=68723) stat_writer /opt/stack/data/venv/lib/python3.12/site-packages/dbcounter.py:115}}
Aug 26 23:11:12 devstack devstack@n-api.service[68724]: DEBUG dbcounter [-] [68724] Writing DB stats nova_api:SELECT=1 {{(pid=68724) stat_writer /opt/stack/data/venv/lib/python3.12/site-packages/dbcounter.py:115}}
Aug 26 23:11:12 devstack devstack@n-api.service[68723]: DEBUG dbcounter [-] [68723] Writing DB stats nova_cell1:SELECT=1 {{(pid=68723) stat_writer /opt/stack/data/venv/lib/python3.12/site-packages/dbcounter.py:115}}
Aug 26 23:11:12 devstack devstack@n-api.service[68723]: DEBUG dbcounter [-] [68723] Writing DB stats nova_cell0:SELECT=1 {{(pid=68723) stat_writer /opt/stack/data/venv/lib/python3.12/site-packages/dbcounter.py:115}}
Aug 26 23:11:12 devstack devstack@n-api.service[68724]: DEBUG dbcounter [-] [68724] Writing DB stats nova_cell1:SELECT=1 {{(pid=68724) stat_writer /opt/stack/data/venv/lib/python3.12/site-packages/dbcounter.py:115}}
Aug 26 23:11:12 devstack devstack@n-api.service[68724]: DEBUG dbcounter [-] [68724] Writing DB stats nova_cell0:SELECT=1 {{(pid=68724) stat_writer /opt/stack/data/venv/lib/python3.12/site-packages/dbcounter.py:115}}
Aug 26 23:11:12 devstack devstack@n-api.service[68723]: DEBUG dbcounter [-] [68723] Writing DB stats nova_cell0:SELECT=2,nova_cell0:INSERT=1 {{(pid=68723) stat_writer /opt/stack/data/venv/lib/python3.12/site-packages/dbcounter.py:115}}
Aug 26 23:11:12 devstack devstack@n-api.service[68724]: DEBUG dbcounter [-] [68724] Writing DB stats nova_cell0:SELECT=1 {{(pid=68724) stat_writer /opt/stack/data/venv/lib/python3.12/site-packages/dbcounter.py:115}}
Aug 26 23:13:23 devstack devstack@n-api.service[68723]: DEBUG nova.api.openstack.wsgi [None req-327ae1ff-6303-4eaf-b284-64768e8b4bd3 None None] Calling method '>' {{(pid=68723) _process_stack /opt/stack/nova/nova/api/openstack/wsgi.py:551}}
Aug 26 23:13:23 devstack devstack@n-api.service[68723]: INFO nova.api.openstack.requestlog [None req-327ae1ff-6303-4eaf-b284-64768e8b4bd3 None None] 192.168.122.128 "GET /compute/v2.1" status: 200 len: 393 microversion: 2.1 time: 0.012308
Aug 26 23:13:23 devstack devstack@n-api.service[68723]: [pid: 68723|app: 0|req: 1/2] 192.168.122.128 () {54 vars in 935 bytes} [Wed Aug 26 23:13:23 2026] GET /compute/v2.1 => generated 393 bytes in 16 msecs (HTTP/1.1 200) 9 headers in 357 bytes (1 switches on core 0)
Aug 26 23:13:23 devstack devstack@n-api.service[68724]: DEBUG oslo_concurrency.lockutils [None req-5ff5e92a-71ec-45ca-ae13-816f11eca8f4 admin admin] Acquiring lock "nova-policy-init" {{(pid=68724) lock /opt/stack/data/venv/lib/python3.12/site-packages/oslo_concurrency/lockutils.py:396}}
Aug 26 23:13:23 devstack devstack@n-api.service[68724]: DEBUG oslo_concurrency.lockutils [None req-5ff5e92a-71ec-45ca-ae13-816f11eca8f4 admin admin] Acquired lock "nova-policy-init" {{(pid=68724) lock /opt/stack/data/venv/lib/python3.12/site-packages/oslo_concurrency/lockutils.py:399}}
Aug 26 23:13:23 devstack devstack@n-api.service[68724]: DEBUG oslo_concurrency.lockutils [None req-5ff5e92a-71ec-45ca-ae13-816f11eca8f4 admin admin] Releasing lock "nova-policy-init" {{(pid=68724) lock /opt/stack/data/venv/lib/python3.12/site-packages/oslo_concurrency/lockutils.py:419}}
Aug 26 23:13:23 devstack devstack@n-api.service[68724]: DEBUG nova.api.openstack.wsgi [None req-5ff5e92a-71ec-45ca-ae13-816f11eca8f4 admin admin] Calling method '>' {{(pid=68724) _process_stack /opt/stack/nova/nova/api/openstack/wsgi.py:551}}
Aug 26 23:13:24 devstack devstack@n-api.service[68724]: INFO nova.api.openstack.requestlog [None req-5ff5e92a-71ec-45ca-ae13-816f11eca8f4 admin admin] 192.168.122.128 "GET /compute/v2.1/flavors/detail?is_public=True" status: 200 len: 15 microversion: 2.61 time: 0.612254
Aug 26 23:13:24 devstack devstack@n-api.service[68724]: [pid: 68724|app: 0|req: 2/3] 192.168.122.128 () {60 vars in 1296 bytes} [Wed Aug 26 23:13:23 2026] GET /compute/v2.1/flavors/detail?is_public=True => generated 15 bytes in 614 msecs (HTTP/1.1 200) 9 headers in 358 bytes (1 switches on core 0)
Aug 26 23:13:26 devstack devstack@n-api.service[68723]: DEBUG nova.api.openstack.wsgi [None req-327ae1ff-6303-4eaf-b284-64768e8b4bd3 None None] Calling method '>' {{(pid=68723) _process_stack /opt/stack/nova/nova/api/openstack/wsgi.py:551}}
Aug 26 23:13:26 devstack devstack@n-api.service[68723]: INFO nova.api.openstack.requestlog [None req-327ae1ff-6303-4eaf-b284-64768e8b4bd3 None None] 192.168.122.128 "GET /compute/v2.1" status: 200 len: 393 microversion: 2.1 time: 0.015228
Aug 26 23:13:26 devstack devstack@n-api.service[68723]: [pid: 68723|app: 0|req: 2/4] 192.168.122.128 () {54 vars in 935 bytes} [Wed Aug 26 23:13:26 2026] GET /compute/v2.1 => generated 393 bytes in 17 msecs (HTTP/1.1 200) 9 headers in 357 bytes (1 switches on core 0)
Aug 26 23:13:27 devstack devstack@n-api.service[68724]: DEBUG nova.api.openstack.wsgi [None req-7f67f798-cf85-4ffb-94a3-9df19d59d34f admin admin] Action: 'create', calling method: >, body: {"flavor": {"id": "c1", "name": "cirros256", "vcpus": 1, "OS-FLV-EXT-DATA:ephemeral": 0, "os-flavor-access:is_public": true, "disk": 1, "ram": 256, "swap": 0}} {{(pid=68724) _process_stack /opt/stack/nova/nova/api/openstack/wsgi.py:549}}
Aug 26 23:13:27 devstack devstack@n-api.service[68724]: INFO nova.api.openstack.requestlog [None req-7f67f798-cf85-4ffb-94a3-9df19d59d34f admin admin] 192.168.122.128 "POST /compute/v2.1/flavors" status: 200 len: 415 microversion: 2.61 time: 0.137882
Aug 26 23:13:27 devstack devstack@n-api.service[68724]: [pid: 68724|app: 0|req: 3/5] 192.168.122.128 () {64 vars in 1287 bytes} [Wed Aug 26 23:13:26 2026] POST /compute/v2.1/flavors => generated 415 bytes in 141 msecs (HTTP/1.1 200) 9 headers in 359 bytes (1 switches on core 0)
Aug 26 23:13:27 devstack devstack@n-api.service[68723]: DEBUG oslo_concurrency.lockutils [None req-9f1e15f2-f8f8-4fd1-ae8a-62904cb66eb5 admin admin] Acquiring lock "nova-policy-init" {{(pid=68723) lock /opt/stack/data/venv/lib/python3.12/site-packages/oslo_concurrency/lockutils.py:396}}
Aug 26 23:13:27 devstack devstack@n-api.service[68723]: DEBUG oslo_concurrency.lockutils [None req-9f1e15f2-f8f8-4fd1-ae8a-62904cb66eb5 admin admin] Acquired lock "nova-policy-init" {{(pid=68723) lock /opt/stack/data/venv/lib/python3.12/site-packages/oslo_concurrency/lockutils.py:399}}
Aug 26 23:13:27 devstack devstack@n-api.service[68723]: DEBUG oslo_concurrency.lockutils [None req-9f1e15f2-f8f8-4fd1-ae8a-62904cb66eb5 admin admin] Releasing lock "nova-policy-init" {{(pid=68723) lock /opt/stack/data/venv/lib/python3.12/site-packages/oslo_concurrency/lockutils.py:419}}
Aug 26 23:13:27 devstack devstack@n-api.service[68723]: DEBUG nova.api.openstack.wsgi [None req-9f1e15f2-f8f8-4fd1-ae8a-62904cb66eb5 admin admin] Action: 'create', calling method: >, body: {"extra_specs": {"hw_rng:allowed": "True"}} {{(pid=68723) _process_stack /opt/stack/nova/nova/api/openstack/wsgi.py:549}}
Aug 26 23:13:27 devstack devstack@n-api.service[68723]: INFO nova.api.openstack.requestlog [None req-9f1e15f2-f8f8-4fd1-ae8a-62904cb66eb5 admin admin] 192.168.122.128 "POST /compute/v2.1/flavors/c1/os-extra_specs" status: 200 len: 43 microversion: 2.61 time: 0.443504
Aug 26 23:13:27 devstack devstack@n-api.service[68723]: [pid: 68723|app: 0|req: 3/6] 192.168.122.128 () {64 vars in 1340 bytes} [Wed Aug 26 23:13:27 2026] POST /compute/v2.1/flavors/c1/os-extra_specs => generated 43 bytes in 445 msecs (HTTP/1.1 200) 9 headers in 358 bytes (1 switches on core 0)
Aug 26 23:13:30 devstack devstack@n-api.service[68724]: DEBUG nova.api.openstack.wsgi [None req-7f67f798-cf85-4ffb-94a3-9df19d59d34f admin admin] Calling method '>' {{(pid=68724) _process_stack /opt/stack/nova/nova/api/openstack/wsgi.py:551}}
Aug 26 23:13:30 devstack devstack@n-api.service[68724]: INFO nova.api.openstack.requestlog [None req-7f67f798-cf85-4ffb-94a3-9df19d59d34f admin admin] 192.168.122.128 "GET /compute/v2.1" status: 200 len: 393 microversion: 2.1 time: 0.005364
Aug 26 23:13:30 devstack devstack@n-api.service[68724]: [pid: 68724|app: 0|req: 4/7] 192.168.122.128 () {54 vars in 935 bytes} [Wed Aug 26 23:13:30 2026] GET /compute/v2.1 => generated 393 bytes in 6 msecs (HTTP/1.1 200) 9 headers in 357 bytes (1 switches on core 0)
Aug 26 23:13:30 devstack devstack@n-api.service[68723]: DEBUG nova.api.openstack.wsgi [None req-805abe9a-0aea-472b-aee2-7de668b46705 admin admin] Action: 'create', calling method: >, body: {"flavor": {"vcpus": 1, "ram": 512, "OS-FLV-EXT-DATA:ephemeral": 0, "name": "ds512M", "id": "d1", "disk": 5, "swap": 0, "os-flavor-access:is_public": true}} {{(pid=68723) _process_stack /opt/stack/nova/nova/api/openstack/wsgi.py:549}}
Aug 26 23:13:30 devstack devstack@n-api.service[68723]: INFO nova.api.openstack.requestlog [None req-805abe9a-0aea-472b-aee2-7de668b46705 admin admin] 192.168.122.128 "POST /compute/v2.1/flavors" status: 200 len: 412 microversion: 2.61 time: 0.241379
Aug 26 23:13:30 devstack devstack@n-api.service[68723]: [pid: 68723|app: 0|req: 4/8] 192.168.122.128 () {64 vars in 1287 bytes} [Wed Aug 26 23:13:30 2026] POST /compute/v2.1/flavors => generated 412 bytes in 243 msecs (HTTP/1.1 200) 9 headers in 359 bytes (2 switches on core 0)
Aug 26 23:13:30 devstack devstack@n-api.service[68724]: DEBUG nova.api.openstack.wsgi [None req-c30837db-2125-425e-bc7e-f955765fb666 admin admin] Action: 'create', calling method: >, body: {"extra_specs": {"hw_rng:allowed": "True"}} {{(pid=68724) _process_stack /opt/stack/nova/nova/api/openstack/wsgi.py:549}}
Aug 26 23:13:31 devstack devstack@n-api.service[68724]: INFO nova.api.openstack.requestlog [None req-c30837db-2125-425e-bc7e-f955765fb666 admin admin] 192.168.122.128 "POST /compute/v2.1/flavors/d1/os-extra_specs" status: 200 len: 43 microversion: 2.61 time: 0.085541
Aug 26 23:13:31 devstack devstack@n-api.service[68724]: [pid: 68724|app: 0|req: 5/9] 192.168.122.128 () {64 vars in 1340 bytes} [Wed Aug 26 23:13:30 2026] POST /compute/v2.1/flavors/d1/os-extra_specs => generated 43 bytes in 87 msecs (HTTP/1.1 200) 9 headers in 358 bytes (2 switches on core 0)
Aug 26 23:13:34 devstack devstack@n-api.service[68723]: DEBUG nova.api.openstack.wsgi [None req-805abe9a-0aea-472b-aee2-7de668b46705 admin admin] Calling method '>' {{(pid=68723) _process_stack /opt/stack/nova/nova/api/openstack/wsgi.py:551}}
Aug 26 23:13:34 devstack devstack@n-api.service[68723]: INFO nova.api.openstack.requestlog [None req-805abe9a-0aea-472b-aee2-7de668b46705 admin admin] 192.168.122.128 "GET /compute/v2.1" status: 200 len: 393 microversion: 2.1 time: 0.007256
Aug 26 23:13:34 devstack devstack@n-api.service[68723]: [pid: 68723|app: 0|req: 5/10] 192.168.122.128 () {54 vars in 935 bytes} [Wed Aug 26 23:13:34 2026] GET /compute/v2.1 => generated 393 bytes in 10 msecs (HTTP/1.1 200) 9 headers in 357 bytes (2 switches on core 0)
Aug 26 23:13:34 devstack devstack@n-api.service[68724]: DEBUG nova.api.openstack.wsgi [None req-ef3c86a9-71bd-4065-9dc3-c9634731c7f4 admin admin] Action: 'create', calling method: >, body: {"flavor": {"os-flavor-access:is_public": true, "name": "ds1G", "id": "d2", "swap": 0, "OS-FLV-EXT-DATA:ephemeral": 0, "vcpus": 1, "ram": 1024, "disk": 10}} {{(pid=68724) _process_stack /opt/stack/nova/nova/api/openstack/wsgi.py:549}}
Aug 26 23:13:34 devstack devstack@n-api.service[68724]: INFO nova.api.openstack.requestlog [None req-ef3c86a9-71bd-4065-9dc3-c9634731c7f4 admin admin] 192.168.122.128 "POST /compute/v2.1/flavors" status: 200 len: 412 microversion: 2.61 time: 0.173798
Aug 26 23:13:34 devstack devstack@n-api.service[68724]: [pid: 68724|app: 0|req: 6/11] 192.168.122.128 () {64 vars in 1287 bytes} [Wed Aug 26 23:13:34 2026] POST /compute/v2.1/flavors => generated 412 bytes in 176 msecs (HTTP/1.1 200) 9 headers in 359 bytes (1 switches on core 0)
Aug 26 23:13:34 devstack devstack@n-api.service[68723]: DEBUG nova.api.openstack.wsgi [None req-dbb6d24e-b5ac-465f-9f2b-46fdd6769daa admin admin] Action: 'create', calling method: >, body: {"extra_specs": {"hw_rng:allowed": "True"}} {{(pid=68723) _process_stack /opt/stack/nova/nova/api/openstack/wsgi.py:549}}
Aug 26 23:13:34 devstack devstack@n-api.service[68723]: INFO nova.api.openstack.requestlog [None req-dbb6d24e-b5ac-465f-9f2b-46fdd6769daa admin admin] 192.168.122.128 "POST /compute/v2.1/flavors/d2/os-extra_specs" status: 200 len: 43 microversion: 2.61 time: 0.074428
Aug 26 23:13:34 devstack devstack@n-api.service[68723]: [pid: 68723|app: 0|req: 6/12] 192.168.122.128 () {64 vars in 1340 bytes} [Wed Aug 26 23:13:34 2026] POST /compute/v2.1/flavors/d2/os-extra_specs => generated 43 bytes in 80 msecs (HTTP/1.1 200) 9 headers in 358 bytes (2 switches on core 0)
Aug 26 23:13:38 devstack devstack@n-api.service[68724]: DEBUG nova.api.openstack.wsgi [None req-ef3c86a9-71bd-4065-9dc3-c9634731c7f4 admin admin] Calling method '>' {{(pid=68724) _process_stack /opt/stack/nova/nova/api/openstack/wsgi.py:551}}
Aug 26 23:13:38 devstack devstack@n-api.service[68724]: INFO nova.api.openstack.requestlog [None req-ef3c86a9-71bd-4065-9dc3-c9634731c7f4 admin admin] 192.168.122.128 "GET /compute/v2.1" status: 200 len: 393 microversion: 2.1 time: 0.011370
Aug 26 23:13:38 devstack devstack@n-api.service[68724]: [pid: 68724|app: 0|req: 7/13] 192.168.122.128 () {54 vars in 935 bytes} [Wed Aug 26 23:13:38 2026] GET /compute/v2.1 => generated 393 bytes in 12 msecs (HTTP/1.1 200) 9 headers in 357 bytes (1 switches on core 0)
Aug 26 23:13:38 devstack devstack@n-api.service[68723]: DEBUG nova.api.openstack.wsgi [None req-d7c6c725-adf5-49d0-aae4-59aaa092b5e2 admin admin] Action: 'create', calling method: >, body: {"flavor": {"id": "d3", "disk": 10, "vcpus": 2, "OS-FLV-EXT-DATA:ephemeral": 0, "ram": 2048, "name": "ds2G", "os-flavor-access:is_public": true, "swap": 0}} {{(pid=68723) _process_stack /opt/stack/nova/nova/api/openstack/wsgi.py:549}}
Aug 26 23:13:38 devstack devstack@n-api.service[68723]: INFO nova.api.openstack.requestlog [None req-d7c6c725-adf5-49d0-aae4-59aaa092b5e2 admin admin] 192.168.122.128 "POST /compute/v2.1/flavors" status: 200 len: 412 microversion: 2.61 time: 0.201922
Aug 26 23:13:38 devstack devstack@n-api.service[68723]: [pid: 68723|app: 0|req: 7/14] 192.168.122.128 () {64 vars in 1287 bytes} [Wed Aug 26 23:13:38 2026] POST /compute/v2.1/flavors => generated 412 bytes in 203 msecs (HTTP/1.1 200) 9 headers in 359 bytes (1 switches on core 0)
Aug 26 23:13:38 devstack devstack@n-api.service[68724]: DEBUG nova.api.openstack.wsgi [None req-192653f0-daf5-4e17-9bb3-f7403016d6f9 admin admin] Action: 'create', calling method: >, body: {"extra_specs": {"hw_rng:allowed": "True"}} {{(pid=68724) _process_stack /opt/stack/nova/nova/api/openstack/wsgi.py:549}}
Aug 26 23:13:38 devstack devstack@n-api.service[68724]: INFO nova.api.openstack.requestlog [None req-192653f0-daf5-4e17-9bb3-f7403016d6f9 admin admin] 192.168.122.128 "POST /compute/v2.1/flavors/d3/os-extra_specs" status: 200 len: 43 microversion: 2.61 time: 0.077673
Aug 26 23:13:38 devstack devstack@n-api.service[68724]: [pid: 68724|app: 0|req: 8/15] 192.168.122.128 () {64 vars in 1340 bytes} [Wed Aug 26 23:13:38 2026] POST /compute/v2.1/flavors/d3/os-extra_specs => generated 43 bytes in 79 msecs (HTTP/1.1 200) 9 headers in 358 bytes (2 switches on core 0)
Aug 26 23:13:41 devstack devstack@n-api.service[68723]: DEBUG nova.api.openstack.wsgi [None req-d7c6c725-adf5-49d0-aae4-59aaa092b5e2 admin admin] Calling method '>' {{(pid=68723) _process_stack /opt/stack/nova/nova/api/openstack/wsgi.py:551}}
Aug 26 23:13:41 devstack devstack@n-api.service[68723]: INFO nova.api.openstack.requestlog [None req-d7c6c725-adf5-49d0-aae4-59aaa092b5e2 admin admin] 192.168.122.128 "GET /compute/v2.1" status: 200 len: 393 microversion: 2.1 time: 0.008858
Aug 26 23:13:41 devstack devstack@n-api.service[68723]: [pid: 68723|app: 0|req: 8/16] 192.168.122.128 () {54 vars in 935 bytes} [Wed Aug 26 23:13:41 2026] GET /compute/v2.1 => generated 393 bytes in 10 msecs (HTTP/1.1 200) 9 headers in 357 bytes (1 switches on core 0)
Aug 26 23:13:41 devstack devstack@n-api.service[68724]: DEBUG nova.api.openstack.wsgi [None req-5be62a37-2d56-4a40-9c57-c2681337103a admin admin] Action: 'create', calling method: >, body: {"flavor": {"ram": 4096, "swap": 0, "OS-FLV-EXT-DATA:ephemeral": 0, "os-flavor-access:is_public": true, "disk": 20, "name": "ds4G", "id": "d4", "vcpus": 4}} {{(pid=68724) _process_stack /opt/stack/nova/nova/api/openstack/wsgi.py:549}}
Aug 26 23:13:41 devstack devstack@n-api.service[68724]: INFO nova.api.openstack.requestlog [None req-5be62a37-2d56-4a40-9c57-c2681337103a admin admin] 192.168.122.128 "POST /compute/v2.1/flavors" status: 200 len: 412 microversion: 2.61 time: 0.091173
Aug 26 23:13:41 devstack devstack@n-api.service[68724]: [pid: 68724|app: 0|req: 9/17] 192.168.122.128 () {64 vars in 1287 bytes} [Wed Aug 26 23:13:41 2026] POST /compute/v2.1/flavors => generated 412 bytes in 92 msecs (HTTP/1.1 200) 9 headers in 359 bytes (1 switches on core 0)
Aug 26 23:13:41 devstack devstack@n-api.service[68723]: DEBUG nova.api.openstack.wsgi [None req-57551a7f-c229-4238-8dfd-aad84f7cfa1f admin admin] Action: 'create', calling method: >, body: {"extra_specs": {"hw_rng:allowed": "True"}} {{(pid=68723) _process_stack /opt/stack/nova/nova/api/openstack/wsgi.py:549}}
Aug 26 23:13:41 devstack devstack@n-api.service[68723]: INFO nova.api.openstack.requestlog [None req-57551a7f-c229-4238-8dfd-aad84f7cfa1f admin admin] 192.168.122.128 "POST /compute/v2.1/flavors/d4/os-extra_specs" status: 200 len: 43 microversion: 2.61 time: 0.036077
Aug 26 23:13:41 devstack devstack@n-api.service[68723]: [pid: 68723|app: 0|req: 9/18] 192.168.122.128 () {64 vars in 1340 bytes} [Wed Aug 26 23:13:41 2026] POST /compute/v2.1/flavors/d4/os-extra_specs => generated 43 bytes in 37 msecs (HTTP/1.1 200) 9 headers in 358 bytes (1 switches on core 0)
Aug 26 23:13:45 devstack devstack@n-api.service[68724]: DEBUG nova.api.openstack.wsgi [None req-5be62a37-2d56-4a40-9c57-c2681337103a admin admin] Calling method '>' {{(pid=68724) _process_stack /opt/stack/nova/nova/api/openstack/wsgi.py:551}}
Aug 26 23:13:45 devstack devstack@n-api.service[68724]: INFO nova.api.openstack.requestlog [None req-5be62a37-2d56-4a40-9c57-c2681337103a admin admin] 192.168.122.128 "GET /compute/v2.1" status: 200 len: 393 microversion: 2.1 time: 0.009665
Aug 26 23:13:45 devstack devstack@n-api.service[68724]: [pid: 68724|app: 0|req: 10/19] 192.168.122.128 () {54 vars in 935 bytes} [Wed Aug 26 23:13:45 2026] GET /compute/v2.1 => generated 393 bytes in 11 msecs (HTTP/1.1 200) 9 headers in 357 bytes (2 switches on core 0)
Aug 26 23:13:45 devstack devstack@n-api.service[68723]: DEBUG nova.api.openstack.wsgi [None req-6bf51d5c-e54d-45e2-ad0d-746c1e023fce admin admin] Calling method '>' {{(pid=68723) _process_stack /opt/stack/nova/nova/api/openstack/wsgi.py:551}}
Aug 26 23:13:45 devstack devstack@n-api.service[68723]: INFO nova.api.openstack.requestlog [None req-6bf51d5c-e54d-45e2-ad0d-746c1e023fce admin admin] 192.168.122.128 "GET /compute/v2.1/flavors/detail?is_public=True" status: 200 len: 2146 microversion: 2.61 time: 0.092028
Aug 26 23:13:45 devstack devstack@n-api.service[68723]: [pid: 68723|app: 0|req: 10/20] 192.168.122.128 () {60 vars in 1296 bytes} [Wed Aug 26 23:13:45 2026] GET /compute/v2.1/flavors/detail?is_public=True => generated 2146 bytes in 94 msecs (HTTP/1.1 200) 9 headers in 360 bytes (1 switches on core 0)
Aug 26 23:13:48 devstack devstack@n-api.service[68724]: DEBUG nova.api.openstack.wsgi [None req-5be62a37-2d56-4a40-9c57-c2681337103a admin admin] Calling method '>' {{(pid=68724) _process_stack /opt/stack/nova/nova/api/openstack/wsgi.py:551}}
Aug 26 23:13:48 devstack devstack@n-api.service[68724]: INFO nova.api.openstack.requestlog [None req-5be62a37-2d56-4a40-9c57-c2681337103a admin admin] 192.168.122.128 "GET /compute/v2.1" status: 200 len: 393 microversion: 2.1 time: 0.007811
Aug 26 23:13:48 devstack devstack@n-api.service[68724]: [pid: 68724|app: 0|req: 11/21] 192.168.122.128 () {54 vars in 935 bytes} [Wed Aug 26 23:13:48 2026] GET /compute/v2.1 => generated 393 bytes in 10 msecs (HTTP/1.1 200) 9 headers in 357 bytes (1 switches on core 0)
Aug 26 23:13:48 devstack devstack@n-api.service[68723]: DEBUG nova.api.openstack.wsgi [None req-eaecc416-e73b-4c80-876d-532ff857710b admin admin] Action: 'create', calling method: >, body: {"flavor": {"name": "m1.tiny", "id": "1", "OS-FLV-EXT-DATA:ephemeral": 0, "os-flavor-access:is_public": true, "ram": 512, "disk": 1, "vcpus": 1, "swap": 0}} {{(pid=68723) _process_stack /opt/stack/nova/nova/api/openstack/wsgi.py:549}}
Aug 26 23:13:48 devstack devstack@n-api.service[68723]: INFO nova.api.openstack.requestlog [None req-eaecc416-e73b-4c80-876d-532ff857710b admin admin] 192.168.122.128 "POST /compute/v2.1/flavors" status: 200 len: 410 microversion: 2.61 time: 0.091095
Aug 26 23:13:48 devstack devstack@n-api.service[68723]: [pid: 68723|app: 0|req: 11/22] 192.168.122.128 () {64 vars in 1287 bytes} [Wed Aug 26 23:13:48 2026] POST /compute/v2.1/flavors => generated 410 bytes in 92 msecs (HTTP/1.1 200) 9 headers in 359 bytes (1 switches on core 0)
Aug 26 23:13:48 devstack devstack@n-api.service[68724]: DEBUG nova.api.openstack.wsgi [None req-b04acad7-9be1-49fe-90c0-e817c912ecb7 admin admin] Action: 'create', calling method: >, body: {"extra_specs": {"hw_rng:allowed": "True"}} {{(pid=68724) _process_stack /opt/stack/nova/nova/api/openstack/wsgi.py:549}}
Aug 26 23:13:48 devstack devstack@n-api.service[68724]: INFO nova.api.openstack.requestlog [None req-b04acad7-9be1-49fe-90c0-e817c912ecb7 admin admin] 192.168.122.128 "POST /compute/v2.1/flavors/1/os-extra_specs" status: 200 len: 43 microversion: 2.61 time: 0.036865
Aug 26 23:13:48 devstack devstack@n-api.service[68724]: [pid: 68724|app: 0|req: 12/23] 192.168.122.128 () {64 vars in 1337 bytes} [Wed Aug 26 23:13:48 2026] POST /compute/v2.1/flavors/1/os-extra_specs => generated 43 bytes in 38 msecs (HTTP/1.1 200) 9 headers in 358 bytes (1 switches on core 0)
Aug 26 23:13:51 devstack devstack@n-api.service[68723]: DEBUG nova.api.openstack.wsgi [None req-eaecc416-e73b-4c80-876d-532ff857710b admin admin] Calling method '>' {{(pid=68723) _process_stack /opt/stack/nova/nova/api/openstack/wsgi.py:551}}
Aug 26 23:13:51 devstack devstack@n-api.service[68723]: INFO nova.api.openstack.requestlog [None req-eaecc416-e73b-4c80-876d-532ff857710b admin admin] 192.168.122.128 "GET /compute/v2.1" status: 200 len: 393 microversion: 2.1 time: 0.007894
Aug 26 23:13:51 devstack devstack@n-api.service[68723]: [pid: 68723|app: 0|req: 12/24] 192.168.122.128 () {54 vars in 935 bytes} [Wed Aug 26 23:13:51 2026] GET /compute/v2.1 => generated 393 bytes in 9 msecs (HTTP/1.1 200) 9 headers in 357 bytes (1 switches on core 0)
Aug 26 23:13:51 devstack devstack@n-api.service[68724]: DEBUG nova.api.openstack.wsgi [None req-996dfcae-557a-4e83-aa2b-2dda8cd02f58 admin admin] Action: 'create', calling method: >, body: {"flavor": {"id": "2", "swap": 0, "OS-FLV-EXT-DATA:ephemeral": 0, "os-flavor-access:is_public": true, "ram": 2048, "name": "m1.small", "vcpus": 1, "disk": 20}} {{(pid=68724) _process_stack /opt/stack/nova/nova/api/openstack/wsgi.py:549}}
Aug 26 23:13:51 devstack devstack@n-api.service[68724]: INFO nova.api.openstack.requestlog [None req-996dfcae-557a-4e83-aa2b-2dda8cd02f58 admin admin] 192.168.122.128 "POST /compute/v2.1/flavors" status: 200 len: 413 microversion: 2.61 time: 0.104578
Aug 26 23:13:51 devstack devstack@n-api.service[68724]: [pid: 68724|app: 0|req: 13/25] 192.168.122.128 () {64 vars in 1287 bytes} [Wed Aug 26 23:13:51 2026] POST /compute/v2.1/flavors => generated 413 bytes in 106 msecs (HTTP/1.1 200) 9 headers in 359 bytes (1 switches on core 0)
Aug 26 23:13:51 devstack devstack@n-api.service[68723]: DEBUG nova.api.openstack.wsgi [None req-0cf242c7-0988-4e57-84ee-f1420e3a8cdd admin admin] Action: 'create', calling method: >, body: {"extra_specs": {"hw_rng:allowed": "True"}} {{(pid=68723) _process_stack /opt/stack/nova/nova/api/openstack/wsgi.py:549}}
Aug 26 23:13:51 devstack devstack@n-api.service[68723]: INFO nova.api.openstack.requestlog [None req-0cf242c7-0988-4e57-84ee-f1420e3a8cdd admin admin] 192.168.122.128 "POST /compute/v2.1/flavors/2/os-extra_specs" status: 200 len: 43 microversion: 2.61 time: 0.039470
Aug 26 23:13:51 devstack devstack@n-api.service[68723]: [pid: 68723|app: 0|req: 13/26] 192.168.122.128 () {64 vars in 1337 bytes} [Wed Aug 26 23:13:51 2026] POST /compute/v2.1/flavors/2/os-extra_specs => generated 43 bytes in 41 msecs (HTTP/1.1 200) 9 headers in 358 bytes (1 switches on core 0)
Aug 26 23:13:54 devstack devstack@n-api.service[68724]: DEBUG nova.api.openstack.wsgi [None req-996dfcae-557a-4e83-aa2b-2dda8cd02f58 admin admin] Calling method '>' {{(pid=68724) _process_stack /opt/stack/nova/nova/api/openstack/wsgi.py:551}}
Aug 26 23:13:54 devstack devstack@n-api.service[68724]: INFO nova.api.openstack.requestlog [None req-996dfcae-557a-4e83-aa2b-2dda8cd02f58 admin admin] 192.168.122.128 "GET /compute/v2.1" status: 200 len: 393 microversion: 2.1 time: 0.006171
Aug 26 23:13:54 devstack devstack@n-api.service[68724]: [pid: 68724|app: 0|req: 14/27] 192.168.122.128 () {54 vars in 935 bytes} [Wed Aug 26 23:13:54 2026] GET /compute/v2.1 => generated 393 bytes in 7 msecs (HTTP/1.1 200) 9 headers in 357 bytes (1 switches on core 0)
Aug 26 23:13:54 devstack devstack@n-api.service[68723]: DEBUG nova.api.openstack.wsgi [None req-636eac73-fbda-4e50-b6aa-d9eacb32e173 admin admin] Action: 'create', calling method: >, body: {"flavor": {"OS-FLV-EXT-DATA:ephemeral": 0, "disk": 40, "id": "3", "name": "m1.medium", "swap": 0, "vcpus": 2, "os-flavor-access:is_public": true, "ram": 4096}} {{(pid=68723) _process_stack /opt/stack/nova/nova/api/openstack/wsgi.py:549}}
Aug 26 23:13:54 devstack devstack@n-api.service[68723]: INFO nova.api.openstack.requestlog [None req-636eac73-fbda-4e50-b6aa-d9eacb32e173 admin admin] 192.168.122.128 "POST /compute/v2.1/flavors" status: 200 len: 414 microversion: 2.61 time: 0.086091
Aug 26 23:13:54 devstack devstack@n-api.service[68723]: [pid: 68723|app: 0|req: 14/28] 192.168.122.128 () {64 vars in 1287 bytes} [Wed Aug 26 23:13:54 2026] POST /compute/v2.1/flavors => generated 414 bytes in 88 msecs (HTTP/1.1 200) 9 headers in 359 bytes (1 switches on core 0)
Aug 26 23:13:54 devstack devstack@n-api.service[68724]: DEBUG nova.api.openstack.wsgi [None req-5c4baa64-0de6-45ce-a5ce-b807fc1ed545 admin admin] Action: 'create', calling method: >, body: {"extra_specs": {"hw_rng:allowed": "True"}} {{(pid=68724) _process_stack /opt/stack/nova/nova/api/openstack/wsgi.py:549}}
Aug 26 23:13:54 devstack devstack@n-api.service[68724]: INFO nova.api.openstack.requestlog [None req-5c4baa64-0de6-45ce-a5ce-b807fc1ed545 admin admin] 192.168.122.128 "POST /compute/v2.1/flavors/3/os-extra_specs" status: 200 len: 43 microversion: 2.61 time: 0.036644
Aug 26 23:13:54 devstack devstack@n-api.service[68724]: [pid: 68724|app: 0|req: 15/29] 192.168.122.128 () {64 vars in 1337 bytes} [Wed Aug 26 23:13:54 2026] POST /compute/v2.1/flavors/3/os-extra_specs => generated 43 bytes in 38 msecs (HTTP/1.1 200) 9 headers in 358 bytes (1 switches on core 0)
Aug 26 23:13:57 devstack devstack@n-api.service[68723]: DEBUG nova.api.openstack.wsgi [None req-636eac73-fbda-4e50-b6aa-d9eacb32e173 admin admin] Calling method '>' {{(pid=68723) _process_stack /opt/stack/nova/nova/api/openstack/wsgi.py:551}}
Aug 26 23:13:57 devstack devstack@n-api.service[68723]: INFO nova.api.openstack.requestlog [None req-636eac73-fbda-4e50-b6aa-d9eacb32e173 admin admin] 192.168.122.128 "GET /compute/v2.1" status: 200 len: 393 microversion: 2.1 time: 0.006771
